[INFO] cloning repository https://github.com/Worldotank1287/Rusty_AES
[INFO] running `Command { std: "git" "-c" "credential.helper=" "-c" "credential.helper=/workspace/cargo-home/bin/git-credential-null" "clone" "--bare" "https://github.com/Worldotank1287/Rusty_AES" "/workspace/cache/git-repos/https%3A%2F%2Fgithub.com%2FWorldotank1287%2FRusty_AES", kill_on_drop: false }`
[INFO] [stderr] Cloning into bare repository '/workspace/cache/git-repos/https%3A%2F%2Fgithub.com%2FWorldotank1287%2FRusty_AES'...
[INFO] running `Command { std: "git" "rev-parse" "HEAD", kill_on_drop: false }`
[INFO] [stdout] 3c6dcef3f01be20826943e6c9eb9bf343f93cb62
[INFO] testing Worldotank1287/Rusty_AES against 1.69.0 for beta-1.70-1
[INFO] running `Command { std: "git" "clone" "/workspace/cache/git-repos/https%3A%2F%2Fgithub.com%2FWorldotank1287%2FRusty_AES" "/workspace/builds/worker-5-tc1/source", kill_on_drop: false }`
[INFO] [stderr] Cloning into '/workspace/builds/worker-5-tc1/source'...
[INFO] [stderr] done.
[INFO] validating manifest of git repo https://github.com/Worldotank1287/Rusty_AES on toolchain 1.69.0
[INFO] running `Command { std: CARGO_HOME="/workspace/cargo-home" RUSTUP_HOME="/workspace/rustup-home" "/workspace/cargo-home/bin/cargo" "+1.69.0" "metadata" "--manifest-path" "Cargo.toml" "--no-deps", kill_on_drop: false }`
[INFO] started tweaking git repo https://github.com/Worldotank1287/Rusty_AES
[INFO] finished tweaking git repo https://github.com/Worldotank1287/Rusty_AES
[INFO] tweaked toml for git repo https://github.com/Worldotank1287/Rusty_AES written to /workspace/builds/worker-5-tc1/source/Cargo.toml
[INFO] crate git repo https://github.com/Worldotank1287/Rusty_AES already has a lockfile, it will not be regenerated
[INFO] running `Command { std: CARGO_HOME="/workspace/cargo-home" RUSTUP_HOME="/workspace/rustup-home" "/workspace/cargo-home/bin/cargo" "+1.69.0" "fetch" "--manifest-path" "Cargo.toml", kill_on_drop: false }`
[INFO] running `Command { std: "docker" "create" "-v" "/var/lib/crater-agent-workspace/builds/worker-5-tc1/target:/opt/rustwide/target:rw,Z" "-v" "/var/lib/crater-agent-workspace/builds/worker-5-tc1/source:/opt/rustwide/workdir:ro,Z" "-v" "/var/lib/crater-agent-workspace/cargo-home:/opt/rustwide/cargo-home:ro,Z" "-v" "/var/lib/crater-agent-workspace/rustup-home:/opt/rustwide/rustup-home:ro,Z" "-e" "SOURCE_DIR=/opt/rustwide/workdir" "-e" "CARGO_TARGET_DIR=/opt/rustwide/target" "-e" "CARGO_HOME=/opt/rustwide/cargo-home" "-e" "RUSTUP_HOME=/opt/rustwide/rustup-home" "-w" "/opt/rustwide/workdir" "-m" "1610612736" "--user" "0:0" "--network" "none" "ghcr.io/rust-lang/crates-build-env/linux@sha256:5ff2268d62e97bff2cde7d5815dd6ed5b47097566f13b8d0ca110b04b60e07ed" "/opt/rustwide/cargo-home/bin/cargo" "+1.69.0" "metadata" "--no-deps" "--format-version=1", kill_on_drop: false }`
[INFO] [stdout] 629949ea23b626648a83ade8c0d82fbe76435bac4843df775449438afb189b3b
[INFO] running `Command { std: "docker" "start" "-a" "629949ea23b626648a83ade8c0d82fbe76435bac4843df775449438afb189b3b", kill_on_drop: false }`
[INFO] running `Command { std: "docker" "inspect" "629949ea23b626648a83ade8c0d82fbe76435bac4843df775449438afb189b3b", kill_on_drop: false }`
[INFO] running `Command { std: "docker" "rm" "-f" "629949ea23b626648a83ade8c0d82fbe76435bac4843df775449438afb189b3b", kill_on_drop: false }`
[INFO] [stdout] 629949ea23b626648a83ade8c0d82fbe76435bac4843df775449438afb189b3b
[INFO] running `Command { std: "docker" "create" "-v" "/var/lib/crater-agent-workspace/builds/worker-5-tc1/target:/opt/rustwide/target:rw,Z" "-v" "/var/lib/crater-agent-workspace/builds/worker-5-tc1/source:/opt/rustwide/workdir:ro,Z" "-v" "/var/lib/crater-agent-workspace/cargo-home:/opt/rustwide/cargo-home:ro,Z" "-v" "/var/lib/crater-agent-workspace/rustup-home:/opt/rustwide/rustup-home:ro,Z" "-e" "SOURCE_DIR=/opt/rustwide/workdir" "-e" "CARGO_TARGET_DIR=/opt/rustwide/target" "-e" "CARGO_INCREMENTAL=0" "-e" "RUST_BACKTRACE=full" "-e" "RUSTFLAGS=--cap-lints=warn" "-e" "RUSTDOCFLAGS=--cap-lints=warn" "-e" "CARGO_HOME=/opt/rustwide/cargo-home" "-e" "RUSTUP_HOME=/opt/rustwide/rustup-home" "-w" "/opt/rustwide/workdir" "-m" "1610612736" "--user" "0:0" "--network" "none" "ghcr.io/rust-lang/crates-build-env/linux@sha256:5ff2268d62e97bff2cde7d5815dd6ed5b47097566f13b8d0ca110b04b60e07ed" "/opt/rustwide/cargo-home/bin/cargo" "+1.69.0" "build" "--frozen" "--message-format=json", kill_on_drop: false }`
[INFO] [stdout] 3d9624c5f2b479b82d1d034134b31de3f01c5e07ff04bc2a1c5d28a2e3b36028
[INFO] running `Command { std: "docker" "start" "-a" "3d9624c5f2b479b82d1d034134b31de3f01c5e07ff04bc2a1c5d28a2e3b36028", kill_on_drop: false }`
[INFO] [stderr]    Compiling libc v0.2.112
[INFO] [stderr]    Compiling ppv-lite86 v0.2.16
[INFO] [stderr]    Compiling getrandom v0.2.3
[INFO] [stderr]    Compiling rand_core v0.6.3
[INFO] [stderr]    Compiling rand_chacha v0.3.1
[INFO] [stderr]    Compiling rand v0.8.4
[INFO] [stderr]    Compiling AES_test v0.1.0 (/opt/rustwide/workdir)
[INFO] [stdout] error[E0308]: mismatched types
[INFO] [stdout]   --> src/common.rs:23:53
[INFO] [stdout]    |
[INFO] [stdout] 23 | pub fn KeyExpansion(key: Vec<u8>, w: &mut Vec<u32>, Rcon: Vec<u8>){
[INFO] [stdout]    |                                                     ^^^^  ------- expected due to this
[INFO] [stdout]    |                                                     |
[INFO] [stdout]    |                                                     expected `Vec<u8>`, found `[u32; 16]`
[INFO] [stdout]    |                                                     `Rcon` is interpreted as a constant, not a new binding
[INFO] [stdout]    |                                                     help: introduce a new binding instead: `other_rcon`
[INFO] [stdout]    |
[INFO] [stdout]   ::: src/constants.rs:43:1
[INFO] [stdout]    |
[INFO] [stdout] 43 | pub const Rcon: [u32; 16] = [
[INFO] [stdout]    | ------------------------- constant defined here
[INFO] [stdout]    |
[INFO] [stdout]    = note: expected struct `Vec<u8>`
[INFO] [stdout]                found array `[u32; 16]`
[INFO] [stdout] 
[INFO] [stdout] 
[INFO] [stdout] error[E0308]: mismatched types
[INFO] [stdout]   --> src/common.rs:35:27
[INFO] [stdout]    |
[INFO] [stdout] 35 |                 tmp[v] ^= Rcon[(i/Nk) as usize];
[INFO] [stdout]    |                           ^^^^^^^^^^^^^^^^^^^^^ expected `u8`, found `u32`
[INFO] [stdout] 
[INFO] [stdout] 
[INFO] [stdout] error[E0277]: no implementation for `u8 ^= u32`
[INFO] [stdout]   --> src/common.rs:35:24
[INFO] [stdout]    |
[INFO] [stdout] 35 |                 tmp[v] ^= Rcon[(i/Nk) as usize];
[INFO] [stdout]    |                        ^^ no implementation for `u8 ^= u32`
[INFO] [stdout]    |
[INFO] [stdout]    = help: the trait `BitXorAssign<u32>` is not implemented for `u8`
[INFO] [stdout]    = help: the following other types implement trait `BitXorAssign<Rhs>`:
[INFO] [stdout]              <u8 as BitXorAssign<&u8>>
[INFO] [stdout]              <u8 as BitXorAssign>
[INFO] [stdout] 
[INFO] [stdout] 
[INFO] [stdout] error: aborting due to 3 previous errors
[INFO] [stdout] 
[INFO] [stdout] 
[INFO] [stdout] Some errors have detailed explanations: E0277, E0308.
[INFO] [stdout] 
[INFO] [stdout] For more information about an error, try `rustc --explain E0277`.
[INFO] [stdout] 
[INFO] [stderr] error: could not compile `AES_test` due to 4 previous errors
[INFO] running `Command { std: "docker" "inspect" "3d9624c5f2b479b82d1d034134b31de3f01c5e07ff04bc2a1c5d28a2e3b36028", kill_on_drop: false }`
[INFO] running `Command { std: "docker" "rm" "-f" "3d9624c5f2b479b82d1d034134b31de3f01c5e07ff04bc2a1c5d28a2e3b36028", kill_on_drop: false }`
[INFO] [stdout] 3d9624c5f2b479b82d1d034134b31de3f01c5e07ff04bc2a1c5d28a2e3b36028
