[INFO] cloning repository https://github.com/WilliamVenner/gmsv_downloadugc
[INFO] running `Command { std: "git" "-c" "credential.helper=" "-c" "credential.helper=/workspace/cargo-home/bin/git-credential-null" "clone" "--bare" "https://github.com/WilliamVenner/gmsv_downloadugc" "/workspace/cache/git-repos/https%3A%2F%2Fgithub.com%2FWilliamVenner%2Fgmsv_downloadugc", kill_on_drop: false }`
[INFO] [stderr] Cloning into bare repository '/workspace/cache/git-repos/https%3A%2F%2Fgithub.com%2FWilliamVenner%2Fgmsv_downloadugc'...
[INFO] running `Command { std: "git" "rev-parse" "HEAD", kill_on_drop: false }`
[INFO] [stdout] fd442d7e8191ba7ba62dd2d1768e05941c228559
[INFO] testing WilliamVenner/gmsv_downloadugc against 1.69.0 for beta-1.70-1
[INFO] running `Command { std: "git" "clone" "/workspace/cache/git-repos/https%3A%2F%2Fgithub.com%2FWilliamVenner%2Fgmsv_downloadugc" "/workspace/builds/worker-3-tc1/source", kill_on_drop: false }`
[INFO] [stderr] Cloning into '/workspace/builds/worker-3-tc1/source'...
[INFO] [stderr] done.
[INFO] validating manifest of git repo https://github.com/WilliamVenner/gmsv_downloadugc on toolchain 1.69.0
[INFO] running `Command { std: CARGO_HOME="/workspace/cargo-home" RUSTUP_HOME="/workspace/rustup-home" "/workspace/cargo-home/bin/cargo" "+1.69.0" "metadata" "--manifest-path" "Cargo.toml" "--no-deps", kill_on_drop: false }`
[INFO] removed /workspace/builds/worker-3-tc1/source/rust-toolchain.toml
[INFO] started tweaking git repo https://github.com/WilliamVenner/gmsv_downloadugc
[INFO] finished tweaking git repo https://github.com/WilliamVenner/gmsv_downloadugc
[INFO] tweaked toml for git repo https://github.com/WilliamVenner/gmsv_downloadugc written to /workspace/builds/worker-3-tc1/source/Cargo.toml
[INFO] crate git repo https://github.com/WilliamVenner/gmsv_downloadugc already has a lockfile, it will not be regenerated
[INFO] running `Command { std: CARGO_HOME="/workspace/cargo-home" RUSTUP_HOME="/workspace/rustup-home" "/workspace/cargo-home/bin/cargo" "+1.69.0" "fetch" "--manifest-path" "Cargo.toml", kill_on_drop: false }`
[INFO] [stderr]  Downloading crates ...
[INFO] [stderr]   Downloaded gmod-macros v2.0.1
[INFO] [stderr]   Downloaded libloading v0.7.2
[INFO] [stderr]   Downloaded cstr v0.2.9
[INFO] [stderr]   Downloaded open v2.1.1
[INFO] [stderr]   Downloaded gmod v15.0.0
[INFO] [stderr]   Downloaded gmod-lzma v1.0.1
[INFO] [stderr]   Downloaded build_cfg_shared v1.1.0
[INFO] [stderr]   Downloaded build_cfg v1.1.0
[INFO] [stderr]   Downloaded build_cfg_macros v1.1.0
[INFO] running `Command { std: "docker" "create" "-v" "/var/lib/crater-agent-workspace/builds/worker-3-tc1/target:/opt/rustwide/target:rw,Z" "-v" "/var/lib/crater-agent-workspace/builds/worker-3-tc1/source:/opt/rustwide/workdir:ro,Z" "-v" "/var/lib/crater-agent-workspace/cargo-home:/opt/rustwide/cargo-home:ro,Z" "-v" "/var/lib/crater-agent-workspace/rustup-home:/opt/rustwide/rustup-home:ro,Z" "-e" "SOURCE_DIR=/opt/rustwide/workdir" "-e" "CARGO_TARGET_DIR=/opt/rustwide/target" "-e" "CARGO_HOME=/opt/rustwide/cargo-home" "-e" "RUSTUP_HOME=/opt/rustwide/rustup-home" "-w" "/opt/rustwide/workdir" "-m" "1610612736" "--user" "0:0" "--network" "none" "ghcr.io/rust-lang/crates-build-env/linux@sha256:5ff2268d62e97bff2cde7d5815dd6ed5b47097566f13b8d0ca110b04b60e07ed" "/opt/rustwide/cargo-home/bin/cargo" "+1.69.0" "metadata" "--no-deps" "--format-version=1", kill_on_drop: false }`
[INFO] [stdout] 1dd0e0d18989d24c06f8100d66351b56ca3bc401b457b1405242d9651e9d2ad1
[INFO] running `Command { std: "docker" "start" "-a" "1dd0e0d18989d24c06f8100d66351b56ca3bc401b457b1405242d9651e9d2ad1", kill_on_drop: false }`
[INFO] running `Command { std: "docker" "inspect" "1dd0e0d18989d24c06f8100d66351b56ca3bc401b457b1405242d9651e9d2ad1", kill_on_drop: false }`
[INFO] running `Command { std: "docker" "rm" "-f" "1dd0e0d18989d24c06f8100d66351b56ca3bc401b457b1405242d9651e9d2ad1", kill_on_drop: false }`
[INFO] [stdout] 1dd0e0d18989d24c06f8100d66351b56ca3bc401b457b1405242d9651e9d2ad1
[INFO] running `Command { std: "docker" "create" "-v" "/var/lib/crater-agent-workspace/builds/worker-3-tc1/target:/opt/rustwide/target:rw,Z" "-v" "/var/lib/crater-agent-workspace/builds/worker-3-tc1/source:/opt/rustwide/workdir:ro,Z" "-v" "/var/lib/crater-agent-workspace/cargo-home:/opt/rustwide/cargo-home:ro,Z" "-v" "/var/lib/crater-agent-workspace/rustup-home:/opt/rustwide/rustup-home:ro,Z" "-e" "SOURCE_DIR=/opt/rustwide/workdir" "-e" "CARGO_TARGET_DIR=/opt/rustwide/target" "-e" "CARGO_INCREMENTAL=0" "-e" "RUST_BACKTRACE=full" "-e" "RUSTFLAGS=--cap-lints=warn" "-e" "RUSTDOCFLAGS=--cap-lints=warn" "-e" "CARGO_HOME=/opt/rustwide/cargo-home" "-e" "RUSTUP_HOME=/opt/rustwide/rustup-home" "-w" "/opt/rustwide/workdir" "-m" "1610612736" "--user" "0:0" "--network" "none" "ghcr.io/rust-lang/crates-build-env/linux@sha256:5ff2268d62e97bff2cde7d5815dd6ed5b47097566f13b8d0ca110b04b60e07ed" "/opt/rustwide/cargo-home/bin/cargo" "+1.69.0" "build" "--frozen" "--message-format=json", kill_on_drop: false }`
[INFO] [stdout] ca803f28a506a2609533ab6185f2776ed192afff6e99c83fc5acb365e34b306e
[INFO] running `Command { std: "docker" "start" "-a" "ca803f28a506a2609533ab6185f2776ed192afff6e99c83fc5acb365e34b306e", kill_on_drop: false }`
[INFO] [stderr]    Compiling proc-macro2 v1.0.36
[INFO] [stderr]    Compiling unicode-xid v0.2.2
[INFO] [stderr]    Compiling syn v1.0.85
[INFO] [stderr]    Compiling libc v0.2.112
[INFO] [stderr]    Compiling memchr v2.4.1
[INFO] [stderr]    Compiling version_check v0.9.4
[INFO] [stderr]    Compiling glob v0.3.0
[INFO] [stderr]    Compiling convert_case v0.4.0
[INFO] [stderr]    Compiling log v0.4.14
[INFO] [stderr]    Compiling minimal-lexical v0.2.1
[INFO] [stderr]    Compiling unicode-width v0.1.9
[INFO] [stderr]    Compiling regex-syntax v0.6.25
[INFO] [stderr]    Compiling strsim v0.8.0
[INFO] [stderr]    Compiling termcolor v1.1.2
[INFO] [stderr]    Compiling vec_map v0.8.2
[INFO] [stderr]    Compiling libloading v0.7.2
[INFO] [stderr]    Compiling textwrap v0.11.0
[INFO] [stderr]    Compiling either v1.6.1
[INFO] [stderr]    Compiling ansi_term v0.12.1
[INFO] [stderr]    Compiling bindgen v0.59.2
[INFO] [stderr]    Compiling humantime v2.1.0
[INFO] [stderr]    Compiling peeking_take_while v0.1.2
[INFO] [stderr]    Compiling shlex v1.1.0
[INFO] [stderr]    Compiling lazycell v1.3.0
[INFO] [stderr]    Compiling nom v7.1.0
[INFO] [stderr]    Compiling rustc-hash v1.1.0
[INFO] [stderr]    Compiling cc v1.0.72
[INFO] [stderr]    Compiling clang-sys v1.3.0
[INFO] [stderr]    Compiling quote v1.0.14
[INFO] [stderr]    Compiling aho-corasick v0.7.18
[INFO] [stderr]    Compiling atty v0.2.14
[INFO] [stderr]    Compiling which v4.2.2
[INFO] [stderr]    Compiling num_cpus v1.13.1
[INFO] [stderr]    Compiling cstr v0.2.9
[INFO] [stderr]    Compiling gmod-lzma v1.0.1
[INFO] [stderr]    Compiling clap v2.34.0
[INFO] [stderr]    Compiling regex v1.5.4
[INFO] [stderr]    Compiling cexpr v0.6.0
[INFO] [stderr]    Compiling env_logger v0.9.0
[INFO] [stderr]    Compiling derive_more v0.99.17
[INFO] [stderr]    Compiling thiserror-impl v1.0.30
[INFO] [stderr]    Compiling gmod-macros v2.0.1
[INFO] [stderr]    Compiling gmod v15.0.0
[INFO] [stdout] error[E0554]: `#![feature]` may not be used on the stable release channel
[INFO] [stdout]  --> /opt/rustwide/cargo-home/registry/src/github.com-1ecc6299db9ec823/gmod-15.0.0/src/lib.rs:3:1
[INFO] [stdout]   |
[INFO] [stdout] 3 | #![feature(c_unwind)]
[INFO] [stdout]   | ^^^^^^^^^^^^^^^^^^^^^
[INFO] [stdout] 
[INFO] [stdout] 
[INFO] [stdout] error[E0554]: `#![feature]` may not be used on the stable release channel
[INFO] [stdout]  --> /opt/rustwide/cargo-home/registry/src/github.com-1ecc6299db9ec823/gmod-15.0.0/src/lib.rs:4:1
[INFO] [stdout]   |
[INFO] [stdout] 4 | #![feature(thread_id_value)]
[INFO] [stdout]   | ^^^^^^^^^^^^^^^^^^^^^^^^^^^^
[INFO] [stdout] 
[INFO] [stdout] 
[INFO] [stdout] error[E0554]: `#![feature]` may not be used on the stable release channel
[INFO] [stdout]  --> /opt/rustwide/cargo-home/registry/src/github.com-1ecc6299db9ec823/gmod-15.0.0/src/lib.rs:4:12
[INFO] [stdout]   |
[INFO] [stdout] 4 | #![feature(thread_id_value)]
[INFO] [stdout]   |            ^^^^^^^^^^^^^^^
[INFO] [stdout] 
[INFO] [stdout] 
[INFO] [stdout] error: aborting due to 3 previous errors
[INFO] [stdout] 
[INFO] [stdout] 
[INFO] [stdout] For more information about this error, try `rustc --explain E0554`.
[INFO] [stdout] 
[INFO] [stderr] error: could not compile `gmod` due to 4 previous errors
[INFO] [stderr] warning: build failed, waiting for other jobs to finish...
[INFO] running `Command { std: "docker" "inspect" "ca803f28a506a2609533ab6185f2776ed192afff6e99c83fc5acb365e34b306e", kill_on_drop: false }`
[INFO] running `Command { std: "docker" "rm" "-f" "ca803f28a506a2609533ab6185f2776ed192afff6e99c83fc5acb365e34b306e", kill_on_drop: false }`
[INFO] [stdout] ca803f28a506a2609533ab6185f2776ed192afff6e99c83fc5acb365e34b306e
