[INFO] cloning repository https://github.com/WilliamVenner/gm_microoptimisation_war_crime
[INFO] running `Command { std: "git" "-c" "credential.helper=" "-c" "credential.helper=/workspace/cargo-home/bin/git-credential-null" "clone" "--bare" "https://github.com/WilliamVenner/gm_microoptimisation_war_crime" "/workspace/cache/git-repos/https%3A%2F%2Fgithub.com%2FWilliamVenner%2Fgm_microoptimisation_war_crime", kill_on_drop: false }`
[INFO] [stderr] Cloning into bare repository '/workspace/cache/git-repos/https%3A%2F%2Fgithub.com%2FWilliamVenner%2Fgm_microoptimisation_war_crime'...
[INFO] running `Command { std: "git" "rev-parse" "HEAD", kill_on_drop: false }`
[INFO] [stdout] 310507c03068e374a5cb97873dbdba0b4b70a6dc
[INFO] testing WilliamVenner/gm_microoptimisation_war_crime against beta-2023-04-20 for beta-1.70-1
[INFO] running `Command { std: "git" "clone" "/workspace/cache/git-repos/https%3A%2F%2Fgithub.com%2FWilliamVenner%2Fgm_microoptimisation_war_crime" "/workspace/builds/worker-7-tc2/source", kill_on_drop: false }`
[INFO] [stderr] Cloning into '/workspace/builds/worker-7-tc2/source'...
[INFO] [stderr] done.
[INFO] validating manifest of git repo https://github.com/WilliamVenner/gm_microoptimisation_war_crime on toolchain beta-2023-04-20
[INFO] running `Command { std: CARGO_HOME="/workspace/cargo-home" RUSTUP_HOME="/workspace/rustup-home" "/workspace/cargo-home/bin/cargo" "+beta-2023-04-20" "metadata" "--manifest-path" "Cargo.toml" "--no-deps", kill_on_drop: false }`
[INFO] removed /workspace/builds/worker-7-tc2/source/rust-toolchain.toml
[INFO] started tweaking git repo https://github.com/WilliamVenner/gm_microoptimisation_war_crime
[INFO] finished tweaking git repo https://github.com/WilliamVenner/gm_microoptimisation_war_crime
[INFO] tweaked toml for git repo https://github.com/WilliamVenner/gm_microoptimisation_war_crime written to /workspace/builds/worker-7-tc2/source/Cargo.toml
[INFO] crate git repo https://github.com/WilliamVenner/gm_microoptimisation_war_crime already has a lockfile, it will not be regenerated
[INFO] running `Command { std: CARGO_HOME="/workspace/cargo-home" RUSTUP_HOME="/workspace/rustup-home" "/workspace/cargo-home/bin/cargo" "+beta-2023-04-20" "fetch" "--manifest-path" "Cargo.toml", kill_on_drop: false }`
[INFO] [stderr]     Updating crates.io index
[INFO] [stderr]  Downloading crates ...
[INFO] [stderr]   Downloaded gmod-macros v2.0.1
[INFO] [stderr]   Downloaded mmap-fixed v0.1.5
[INFO] [stderr]   Downloaded syn_squash v0.1.0
[INFO] [stderr]   Downloaded null_fn v0.1.1
[INFO] [stderr]   Downloaded pcre2 v0.2.3
[INFO] [stderr]   Downloaded cstr v0.2.9
[INFO] [stderr]   Downloaded scratch v1.0.1
[INFO] [stderr]   Downloaded cfg_table v1.0.0
[INFO] [stderr]   Downloaded libudis86-sys v0.2.1
[INFO] [stderr]   Downloaded cxx v1.0.63
[INFO] [stderr]   Downloaded cxxbridge-macro v1.0.63
[INFO] [stderr]   Downloaded cxx-build v1.0.63
[INFO] [stderr]   Downloaded slice-pool v0.4.1
[INFO] [stderr]   Downloaded cxxbridge-flags v1.0.63
[INFO] [stderr]   Downloaded link-cplusplus v1.0.6
[INFO] [stderr]   Downloaded fn_type_alias v0.1.0
[INFO] [stderr]   Downloaded gmserverplugin v2.0.1
[INFO] [stderr]   Downloaded magic_static_macro v3.0.0
[INFO] [stderr]   Downloaded magic_static v3.0.1
[INFO] [stderr]   Downloaded detour v0.8.1
[INFO] [stderr]   Downloaded fn_abi v2.0.1
[INFO] [stderr]   Downloaded fn_has_this v0.1.1
[INFO] [stderr]   Downloaded skidscan-macros v0.1.2
[INFO] [stderr]   Downloaded skidscan v2.0.0
[INFO] [stderr]   Downloaded gmod v14.0.2
[INFO] [stderr]   Downloaded pcre2-sys v0.2.5
[INFO] running `Command { std: "docker" "create" "-v" "/var/lib/crater-agent-workspace/builds/worker-7-tc2/target:/opt/rustwide/target:rw,Z" "-v" "/var/lib/crater-agent-workspace/builds/worker-7-tc2/source:/opt/rustwide/workdir:ro,Z" "-v" "/var/lib/crater-agent-workspace/cargo-home:/opt/rustwide/cargo-home:ro,Z" "-v" "/var/lib/crater-agent-workspace/rustup-home:/opt/rustwide/rustup-home:ro,Z" "-e" "SOURCE_DIR=/opt/rustwide/workdir" "-e" "CARGO_TARGET_DIR=/opt/rustwide/target" "-e" "CARGO_HOME=/opt/rustwide/cargo-home" "-e" "RUSTUP_HOME=/opt/rustwide/rustup-home" "-w" "/opt/rustwide/workdir" "-m" "1610612736" "--user" "0:0" "--network" "none" "ghcr.io/rust-lang/crates-build-env/linux@sha256:5ff2268d62e97bff2cde7d5815dd6ed5b47097566f13b8d0ca110b04b60e07ed" "/opt/rustwide/cargo-home/bin/cargo" "+beta-2023-04-20" "metadata" "--no-deps" "--format-version=1", kill_on_drop: false }`
[INFO] [stdout] bc92d7c8ef76581e78561850428be375b2589682074a3ec26a89c32eacbda1b5
[INFO] running `Command { std: "docker" "start" "-a" "bc92d7c8ef76581e78561850428be375b2589682074a3ec26a89c32eacbda1b5", kill_on_drop: false }`
[INFO] running `Command { std: "docker" "inspect" "bc92d7c8ef76581e78561850428be375b2589682074a3ec26a89c32eacbda1b5", kill_on_drop: false }`
[INFO] running `Command { std: "docker" "rm" "-f" "bc92d7c8ef76581e78561850428be375b2589682074a3ec26a89c32eacbda1b5", kill_on_drop: false }`
[INFO] [stdout] bc92d7c8ef76581e78561850428be375b2589682074a3ec26a89c32eacbda1b5
[INFO] running `Command { std: "docker" "create" "-v" "/var/lib/crater-agent-workspace/builds/worker-7-tc2/target:/opt/rustwide/target:rw,Z" "-v" "/var/lib/crater-agent-workspace/builds/worker-7-tc2/source:/opt/rustwide/workdir:ro,Z" "-v" "/var/lib/crater-agent-workspace/cargo-home:/opt/rustwide/cargo-home:ro,Z" "-v" "/var/lib/crater-agent-workspace/rustup-home:/opt/rustwide/rustup-home:ro,Z" "-e" "SOURCE_DIR=/opt/rustwide/workdir" "-e" "CARGO_TARGET_DIR=/opt/rustwide/target" "-e" "CARGO_INCREMENTAL=0" "-e" "RUST_BACKTRACE=full" "-e" "RUSTFLAGS=--cap-lints=warn" "-e" "RUSTDOCFLAGS=--cap-lints=warn" "-e" "CARGO_HOME=/opt/rustwide/cargo-home" "-e" "RUSTUP_HOME=/opt/rustwide/rustup-home" "-w" "/opt/rustwide/workdir" "-m" "1610612736" "--user" "0:0" "--network" "none" "ghcr.io/rust-lang/crates-build-env/linux@sha256:5ff2268d62e97bff2cde7d5815dd6ed5b47097566f13b8d0ca110b04b60e07ed" "/opt/rustwide/cargo-home/bin/cargo" "+beta-2023-04-20" "build" "--frozen" "--message-format=json", kill_on_drop: false }`
[INFO] [stdout] 373a6b0646007013ed0a1c297fe8bc795f62c187e114274410d4f4532596284e
[INFO] running `Command { std: "docker" "start" "-a" "373a6b0646007013ed0a1c297fe8bc795f62c187e114274410d4f4532596284e", kill_on_drop: false }`
[INFO] [stderr]    Compiling libc v0.2.112
[INFO] [stderr]    Compiling proc-macro2 v1.0.36
[INFO] [stderr]    Compiling unicode-xid v0.2.2
[INFO] [stderr]    Compiling syn v1.0.84
[INFO] [stderr]    Compiling serde v1.0.133
[INFO] [stderr]    Compiling typenum v1.15.0
[INFO] [stderr]    Compiling once_cell v1.9.0
[INFO] [stderr]    Compiling scratch v1.0.1
[INFO] [stderr]    Compiling termcolor v1.1.2
[INFO] [stderr]    Compiling unicode-width v0.1.9
[INFO] [stderr]    Compiling cxxbridge-flags v1.0.63
[INFO] [stderr]    Compiling syn_squash v0.1.0
[INFO] [stderr]    Compiling pkg-config v0.3.24
[INFO] [stderr]    Compiling generic-array v0.14.4
[INFO] [stderr]    Compiling slice-pool v0.4.1
[INFO] [stderr]    Compiling log v0.4.14
[INFO] [stderr]    Compiling libloading v0.7.2
[INFO] [stderr]    Compiling cfg_table v1.0.0
[INFO] [stderr]    Compiling thread_local v1.1.3
[INFO] [stderr]    Compiling codespan-reporting v0.11.1
[INFO] [stderr]    Compiling quote v1.0.14
[INFO] [stderr]    Compiling jobserver v0.1.24
[INFO] [stderr]    Compiling mmap-fixed v0.1.5
[INFO] [stderr]    Compiling region v2.2.0
[INFO] [stderr]    Compiling cstr v0.2.9
[INFO] [stderr]    Compiling cc v1.0.72
[INFO] [stderr]    Compiling link-cplusplus v1.0.6
[INFO] [stderr]    Compiling libudis86-sys v0.2.1
[INFO] [stderr]    Compiling pcre2-sys v0.2.5
[INFO] [stderr]    Compiling cxx v1.0.63
[INFO] [stderr]    Compiling pcre2 v0.2.3
[INFO] [stderr]    Compiling detour v0.8.1
[INFO] [stdout] error[E0554]: `#![feature]` may not be used on the beta release channel
[INFO] [stdout]  --> /opt/rustwide/cargo-home/registry/src/index.crates.io-6f17d22bba15001f/detour-0.8.1/src/lib.rs:4:3
[INFO] [stdout]   |
[INFO] [stdout] 4 |   feature(const_fn_trait_bound, unboxed_closures, abi_thiscall)
[INFO] [stdout]   |   ^^^^^^^^^^^^^^^^^^^^^^^^^^^^^^^^^^^^^^^^^^^^^^^^^^^^^^^^^^^^^
[INFO] [stdout]   |
[INFO] [stdout]   = help: the feature `const_fn_trait_bound` has been stable since `1.61.0` and no longer requires an attribute to enable
[INFO] [stdout] 
[INFO] [stdout] 
[INFO] [stdout] error[E0059]: type parameter to bare `Fn` trait must be a tuple
[INFO] [stdout]    --> /opt/rustwide/cargo-home/registry/src/index.crates.io-6f17d22bba15001f/detour-0.8.1/src/detours/statik.rs:106:8
[INFO] [stdout]     |
[INFO] [stdout] 106 |     D: Fn<T::Arguments, Output = T::Output> + Send + 'static,
[INFO] [stdout]     |        ^^^^^^^^^^^^^^^^^^^^^^^^^^^^^^^^^^^^ the trait `Tuple` is not implemented for `<T as Function>::Arguments`
[INFO] [stdout]     |
[INFO] [stdout] note: required by a bound in `Fn`
[INFO] [stdout]    --> /rustc/1b7dd2252b99671ce5d1cb9664c5f8636329436d/library/core/src/ops/function.rs:76:1
[INFO] [stdout] help: consider further restricting the associated type
[INFO] [stdout]     |
[INFO] [stdout] 106 |     D: Fn<T::Arguments, Output = T::Output> + Send + 'static, <T as Function>::Arguments: Tuple
[INFO] [stdout]     |                                                             ~~~~~~~~~~~~~~~~~~~~~~~~~~~~~~~~~~~
[INFO] [stdout] 
[INFO] [stdout] 
[INFO] [stdout] error[E0059]: type parameter to bare `Fn` trait must be a tuple
[INFO] [stdout]    --> /opt/rustwide/cargo-home/registry/src/index.crates.io-6f17d22bba15001f/detour-0.8.1/src/detours/statik.rs:157:8
[INFO] [stdout]     |
[INFO] [stdout] 157 |     C: Fn<T::Arguments, Output = T::Output> + Send + 'static,
[INFO] [stdout]     |        ^^^^^^^^^^^^^^^^^^^^^^^^^^^^^^^^^^^^ the trait `Tuple` is not implemented for `<T as Function>::Arguments`
[INFO] [stdout]     |
[INFO] [stdout] note: required by a bound in `Fn`
[INFO] [stdout]    --> /rustc/1b7dd2252b99671ce5d1cb9664c5f8636329436d/library/core/src/ops/function.rs:76:1
[INFO] [stdout] help: consider further restricting the associated type
[INFO] [stdout]     |
[INFO] [stdout] 157 |     C: Fn<T::Arguments, Output = T::Output> + Send + 'static, <T as Function>::Arguments: Tuple
[INFO] [stdout]     |                                                             ~~~~~~~~~~~~~~~~~~~~~~~~~~~~~~~~~~~
[INFO] [stdout] 
[INFO] [stdout] 
[INFO] [stdout] error: aborting due to 3 previous errors
[INFO] [stdout] 
[INFO] [stdout] 
[INFO] [stdout] Some errors have detailed explanations: E0059, E0554.
[INFO] [stdout] 
[INFO] [stdout] For more information about an error, try `rustc --explain E0059`.
[INFO] [stdout] 
[INFO] [stderr] error: could not compile `detour` (lib) due to 4 previous errors
[INFO] [stderr] warning: build failed, waiting for other jobs to finish...
[INFO] running `Command { std: "docker" "inspect" "373a6b0646007013ed0a1c297fe8bc795f62c187e114274410d4f4532596284e", kill_on_drop: false }`
[INFO] running `Command { std: "docker" "rm" "-f" "373a6b0646007013ed0a1c297fe8bc795f62c187e114274410d4f4532596284e", kill_on_drop: false }`
[INFO] [stdout] 373a6b0646007013ed0a1c297fe8bc795f62c187e114274410d4f4532596284e
