[INFO] cloning repository https://github.com/White-Green/raspi-pico-rs-template
[INFO] running `Command { std: "git" "-c" "credential.helper=" "-c" "credential.helper=/workspace/cargo-home/bin/git-credential-null" "clone" "--bare" "https://github.com/White-Green/raspi-pico-rs-template" "/workspace/cache/git-repos/https%3A%2F%2Fgithub.com%2FWhite-Green%2Fraspi-pico-rs-template", kill_on_drop: false }`
[INFO] [stderr] Cloning into bare repository '/workspace/cache/git-repos/https%3A%2F%2Fgithub.com%2FWhite-Green%2Fraspi-pico-rs-template'...
[INFO] running `Command { std: "git" "rev-parse" "HEAD", kill_on_drop: false }`
[INFO] [stdout] eca34ced8e56ca3274573f083591a24121884a40
[INFO] testing White-Green/raspi-pico-rs-template against beta-2023-04-20 for beta-1.70-1
[INFO] running `Command { std: "git" "clone" "/workspace/cache/git-repos/https%3A%2F%2Fgithub.com%2FWhite-Green%2Fraspi-pico-rs-template" "/workspace/builds/worker-6-tc2/source", kill_on_drop: false }`
[INFO] [stderr] Cloning into '/workspace/builds/worker-6-tc2/source'...
[INFO] [stderr] done.
[INFO] validating manifest of git repo https://github.com/White-Green/raspi-pico-rs-template on toolchain beta-2023-04-20
[INFO] running `Command { std: CARGO_HOME="/workspace/cargo-home" RUSTUP_HOME="/workspace/rustup-home" "/workspace/cargo-home/bin/cargo" "+beta-2023-04-20" "metadata" "--manifest-path" "Cargo.toml" "--no-deps", kill_on_drop: false }`
[INFO] removed /workspace/builds/worker-6-tc2/source/.cargo/config
[INFO] started tweaking git repo https://github.com/White-Green/raspi-pico-rs-template
[INFO] finished tweaking git repo https://github.com/White-Green/raspi-pico-rs-template
[INFO] tweaked toml for git repo https://github.com/White-Green/raspi-pico-rs-template written to /workspace/builds/worker-6-tc2/source/Cargo.toml
[INFO] crate git repo https://github.com/White-Green/raspi-pico-rs-template already has a lockfile, it will not be regenerated
[INFO] running `Command { std: CARGO_HOME="/workspace/cargo-home" RUSTUP_HOME="/workspace/rustup-home" "/workspace/cargo-home/bin/cargo" "+beta-2023-04-20" "fetch" "--manifest-path" "Cargo.toml", kill_on_drop: false }`
[INFO] [stderr]     Updating crates.io index
[INFO] [stderr]  Downloading crates ...
[INFO] [stderr]   Downloaded clang v1.0.3
[INFO] [stderr]   Downloaded clang-sys v1.1.0
[INFO] [stderr]   Downloaded guess_host_triple v0.1.2
[INFO] running `Command { std: "docker" "create" "-v" "/var/lib/crater-agent-workspace/builds/worker-6-tc2/target:/opt/rustwide/target:rw,Z" "-v" "/var/lib/crater-agent-workspace/builds/worker-6-tc2/source:/opt/rustwide/workdir:ro,Z" "-v" "/var/lib/crater-agent-workspace/cargo-home:/opt/rustwide/cargo-home:ro,Z" "-v" "/var/lib/crater-agent-workspace/rustup-home:/opt/rustwide/rustup-home:ro,Z" "-e" "SOURCE_DIR=/opt/rustwide/workdir" "-e" "CARGO_TARGET_DIR=/opt/rustwide/target" "-e" "CARGO_HOME=/opt/rustwide/cargo-home" "-e" "RUSTUP_HOME=/opt/rustwide/rustup-home" "-w" "/opt/rustwide/workdir" "-m" "1610612736" "--user" "0:0" "--network" "none" "ghcr.io/rust-lang/crates-build-env/linux@sha256:5ff2268d62e97bff2cde7d5815dd6ed5b47097566f13b8d0ca110b04b60e07ed" "/opt/rustwide/cargo-home/bin/cargo" "+beta-2023-04-20" "metadata" "--no-deps" "--format-version=1", kill_on_drop: false }`
[INFO] [stdout] dbeb24d1e98622c2414d87eb74892220fa8c0926d6ad4bb3da35bdab30dc05a9
[INFO] running `Command { std: "docker" "start" "-a" "dbeb24d1e98622c2414d87eb74892220fa8c0926d6ad4bb3da35bdab30dc05a9", kill_on_drop: false }`
[INFO] running `Command { std: "docker" "inspect" "dbeb24d1e98622c2414d87eb74892220fa8c0926d6ad4bb3da35bdab30dc05a9", kill_on_drop: false }`
[INFO] running `Command { std: "docker" "rm" "-f" "dbeb24d1e98622c2414d87eb74892220fa8c0926d6ad4bb3da35bdab30dc05a9", kill_on_drop: false }`
[INFO] [stdout] dbeb24d1e98622c2414d87eb74892220fa8c0926d6ad4bb3da35bdab30dc05a9
[INFO] running `Command { std: "docker" "create" "-v" "/var/lib/crater-agent-workspace/builds/worker-6-tc2/target:/opt/rustwide/target:rw,Z" "-v" "/var/lib/crater-agent-workspace/builds/worker-6-tc2/source:/opt/rustwide/workdir:ro,Z" "-v" "/var/lib/crater-agent-workspace/cargo-home:/opt/rustwide/cargo-home:ro,Z" "-v" "/var/lib/crater-agent-workspace/rustup-home:/opt/rustwide/rustup-home:ro,Z" "-e" "SOURCE_DIR=/opt/rustwide/workdir" "-e" "CARGO_TARGET_DIR=/opt/rustwide/target" "-e" "CARGO_INCREMENTAL=0" "-e" "RUST_BACKTRACE=full" "-e" "RUSTFLAGS=--cap-lints=warn" "-e" "RUSTDOCFLAGS=--cap-lints=warn" "-e" "CARGO_HOME=/opt/rustwide/cargo-home" "-e" "RUSTUP_HOME=/opt/rustwide/rustup-home" "-w" "/opt/rustwide/workdir" "-m" "1610612736" "--user" "0:0" "--network" "none" "ghcr.io/rust-lang/crates-build-env/linux@sha256:5ff2268d62e97bff2cde7d5815dd6ed5b47097566f13b8d0ca110b04b60e07ed" "/opt/rustwide/cargo-home/bin/cargo" "+beta-2023-04-20" "build" "--frozen" "--message-format=json", kill_on_drop: false }`
[INFO] [stdout] c29c74952aff1b17a24e51742f4fe7d8ef314e1c5d7bc99108930189ba45d0ac
[INFO] running `Command { std: "docker" "start" "-a" "c29c74952aff1b17a24e51742f4fe7d8ef314e1c5d7bc99108930189ba45d0ac", kill_on_drop: false }`
[INFO] [stderr]    Compiling libc v0.2.86
[INFO] [stderr]    Compiling memchr v2.3.4
[INFO] [stderr]    Compiling cfg-if v1.0.0
[INFO] [stderr]    Compiling glob v0.3.0
[INFO] [stderr]    Compiling proc-macro2 v1.0.24
[INFO] [stderr]    Compiling log v0.4.14
[INFO] [stderr]    Compiling nom v5.1.2
[INFO] [stderr]    Compiling once_cell v1.5.2
[INFO] [stderr]    Compiling bitflags v1.2.1
[INFO] [stderr]    Compiling unicode-width v0.1.8
[INFO] [stderr]    Compiling thread_local v1.1.3
[INFO] [stderr]    Compiling libloading v0.6.7
[INFO] [stderr]    Compiling regex-syntax v0.6.22
[INFO] [stderr]    Compiling textwrap v0.11.0
[INFO] [stderr]    Compiling clang-sys v1.1.0
[INFO] [stderr]    Compiling vec_map v0.8.2
[INFO] [stderr]    Compiling ansi_term v0.11.0
[INFO] [stderr]    Compiling aho-corasick v0.7.15
[INFO] [stderr]    Compiling strsim v0.8.0
[INFO] [stderr]    Compiling humantime v2.1.0
[INFO] [stderr]    Compiling atty v0.2.14
[INFO] [stderr]    Compiling termcolor v1.1.2
[INFO] [stderr]    Compiling bindgen v0.56.0
[INFO] [stderr]    Compiling clap v2.33.3
[INFO] [stderr]    Compiling errno v0.2.7
[INFO] [stderr]    Compiling which v3.1.1
[INFO] [stderr]    Compiling quote v1.0.8
[INFO] [stderr]    Compiling lazy_static v1.4.0
[INFO] [stderr]    Compiling cc v1.0.66
[INFO] [stderr]    Compiling peeking_take_while v0.1.2
[INFO] [stderr]    Compiling lazycell v1.3.0
[INFO] [stderr]    Compiling shlex v0.1.1
[INFO] [stderr]    Compiling rustc-hash v1.1.0
[INFO] [stderr]    Compiling clang v1.0.3
[INFO] [stderr]    Compiling guess_host_triple v0.1.2
[INFO] [stderr]    Compiling cty v0.2.1
[INFO] [stderr]    Compiling regex v1.4.3
[INFO] [stderr]    Compiling cmake v0.1.45
[INFO] [stderr]    Compiling cexpr v0.4.0
[INFO] [stderr]    Compiling env_logger v0.8.3
[INFO] [stderr]    Compiling raspi_pico_sdk_sys v0.1.0 (https://github.com/White-Green/raspi-pico-sdk-rs?branch=main#207582fd)
[INFO] [stderr] error: failed to run custom build command for `raspi_pico_sdk_sys v0.1.0 (https://github.com/White-Green/raspi-pico-sdk-rs?branch=main#207582fd)`
[INFO] [stderr] note: To improve backtraces for build dependencies, set the CARGO_PROFILE_DEV_BUILD_OVERRIDE_DEBUG=true environment variable to enable debug information generation.
[INFO] [stderr] 
[INFO] [stderr] Caused by:
[INFO] [stderr]   process didn't exit successfully: `/opt/rustwide/target/debug/build/raspi_pico_sdk_sys-bcb53ea4805199c5/build-script-build` (exit status: 101)
[INFO] [stderr]   --- stdout
[INFO] [stderr]   cargo:rerun-if-changed=cmake_depend/CMakeLists.txt
[INFO] [stderr]   cargo:rerun-if-changed=cmake_pico/CMakeLists.txt
[INFO] [stderr]   cargo:rerun-if-changed=cmake_pico/entry.c
[INFO] [stderr]   cargo:rerun-if-changed=src/lib.rs
[INFO] [stderr]   cargo:rerun-if-changed=build.rs
[INFO] [stderr]   running: cd "/opt/rustwide/target/debug/build/raspi_pico_sdk_sys-e088b1e4fc6a27cc/out/build" && CMAKE_PREFIX_PATH="" "cmake" "/opt/rustwide/cargo-home/git/checkouts/raspi-pico-sdk-rs-850e275791388e4c/207582f/sys/cmake_pico" "-DENTRY_POINT=/opt/rustwide/target/debug/build/raspi_pico_sdk_sys-e088b1e4fc6a27cc/out/entry.c" "-DCMAKE_INSTALL_PREFIX=/opt/rustwide/target/debug/build/raspi_pico_sdk_sys-e088b1e4fc6a27cc/out" "-DCMAKE_C_FLAGS= -ffunction-sections -fdata-sections -fPIC -m64" "-DCMAKE_C_COMPILER=/usr/bin/cc" "-DCMAKE_CXX_FLAGS= -ffunction-sections -fdata-sections -fPIC -m64" "-DCMAKE_CXX_COMPILER=/usr/bin/c++" "-DCMAKE_ASM_FLAGS= -ffunction-sections -fdata-sections -fPIC -m64" "-DCMAKE_ASM_COMPILER=/usr/bin/cc" "-DCMAKE_BUILD_TYPE=Debug"
[INFO] [stderr]   -- Configuring incomplete, errors occurred!
[INFO] [stderr] 
[INFO] [stderr]   --- stderr
[INFO] [stderr]   Downloading Raspberry Pi Pico SDK
[INFO] [stderr]   [ 11%] Creating directories for 'pico_sdk-populate'
[INFO] [stderr]   [ 22%] Performing download step (git clone) for 'pico_sdk-populate'
[INFO] [stderr]   Cloning into 'pico_sdk-src'...
[INFO] [stderr]   fatal: unable to access 'https://github.com/raspberrypi/pico-sdk/': Could not resolve host: github.com
[INFO] [stderr]   Cloning into 'pico_sdk-src'...
[INFO] [stderr]   fatal: unable to access 'https://github.com/raspberrypi/pico-sdk/': Could not resolve host: github.com
[INFO] [stderr]   Cloning into 'pico_sdk-src'...
[INFO] [stderr]   fatal: unable to access 'https://github.com/raspberrypi/pico-sdk/': Could not resolve host: github.com
[INFO] [stderr]   -- Had to git clone more than once:
[INFO] [stderr]             3 times.
[INFO] [stderr]   CMake Error at pico_sdk-subbuild/pico_sdk-populate-prefix/tmp/pico_sdk-populate-gitclone.cmake:31 (message):
[INFO] [stderr]     Failed to clone repository: 'https://github.com/raspberrypi/pico-sdk'
[INFO] [stderr] 
[INFO] [stderr] 
[INFO] [stderr]   gmake[2]: *** [CMakeFiles/pico_sdk-populate.dir/build.make:102: pico_sdk-populate-prefix/src/pico_sdk-populate-stamp/pico_sdk-populate-download] Error 1
[INFO] [stderr]   gmake[1]: *** [CMakeFiles/Makefile2:83: CMakeFiles/pico_sdk-populate.dir/all] Error 2
[INFO] [stderr]   gmake: *** [Makefile:91: all] Error 2
[INFO] [stderr] 
[INFO] [stderr]   CMake Error at /usr/share/cmake-3.22/Modules/FetchContent.cmake:1087 (message):
[INFO] [stderr]     Build step for pico_sdk failed: 2
[INFO] [stderr]   Call Stack (most recent call first):
[INFO] [stderr]     /usr/share/cmake-3.22/Modules/FetchContent.cmake:1216:EVAL:2 (__FetchContent_directPopulate)
[INFO] [stderr]     /usr/share/cmake-3.22/Modules/FetchContent.cmake:1216 (cmake_language)
[INFO] [stderr]     pico_sdk_import.cmake:39 (FetchContent_Populate)
[INFO] [stderr]     CMakeLists.txt:4 (include)
[INFO] [stderr] 
[INFO] [stderr] 
[INFO] [stderr]   thread 'main' panicked at '
[INFO] [stderr]   command did not execute successfully, got: exit status: 1
[INFO] [stderr] 
[INFO] [stderr]   build script failed, must exit now', /opt/rustwide/cargo-home/registry/src/index.crates.io-6f17d22bba15001f/cmake-0.1.45/src/lib.rs:894:5
[INFO] [stderr]   stack backtrace:
[INFO] [stderr]      0:     0x55a5a906bc0a - std::backtrace_rs::backtrace::libunwind::trace::h2f05d0192276a8f6
[INFO] [stderr]                                  at /rustc/1b7dd2252b99671ce5d1cb9664c5f8636329436d/library/std/src/../../backtrace/src/backtrace/libunwind.rs:93:5
[INFO] [stderr]      1:     0x55a5a906bc0a - std::backtrace_rs::backtrace::trace_unsynchronized::hedc23dff7a1af150
[INFO] [stderr]                                  at /rustc/1b7dd2252b99671ce5d1cb9664c5f8636329436d/library/std/src/../../backtrace/src/backtrace/mod.rs:66:5
[INFO] [stderr]      2:     0x55a5a906bc0a - std::sys_common::backtrace::_print_fmt::h17541ef7592f3ce2
[INFO] [stderr]                                  at /rustc/1b7dd2252b99671ce5d1cb9664c5f8636329436d/library/std/src/sys_common/backtrace.rs:65:5
[INFO] [stderr]      3:     0x55a5a906bc0a - <std::sys_common::backtrace::_print::DisplayBacktrace as core::fmt::Display>::fmt::h20f75df5ab0c0792
[INFO] [stderr]                                  at /rustc/1b7dd2252b99671ce5d1cb9664c5f8636329436d/library/std/src/sys_common/backtrace.rs:44:22
[INFO] [stderr]      4:     0x55a5a9091eff - core::fmt::write::h78109e6f466b3af6
[INFO] [stderr]                                  at /rustc/1b7dd2252b99671ce5d1cb9664c5f8636329436d/library/core/src/fmt/mod.rs:1254:17
[INFO] [stderr]      5:     0x55a5a90687b5 - std::io::Write::write_fmt::hc59e1b02dd273c8a
[INFO] [stderr]                                  at /rustc/1b7dd2252b99671ce5d1cb9664c5f8636329436d/library/std/src/io/mod.rs:1698:15
[INFO] [stderr]      6:     0x55a5a906b9d5 - std::sys_common::backtrace::_print::h8dac57a9f8fbf9a5
[INFO] [stderr]                                  at /rustc/1b7dd2252b99671ce5d1cb9664c5f8636329436d/library/std/src/sys_common/backtrace.rs:47:5
[INFO] [stderr]      7:     0x55a5a906b9d5 - std::sys_common::backtrace::print::hf9ecbf41d1aa712f
[INFO] [stderr]                                  at /rustc/1b7dd2252b99671ce5d1cb9664c5f8636329436d/library/std/src/sys_common/backtrace.rs:34:9
[INFO] [stderr]      8:     0x55a5a906d29e - std::panicking::default_hook::{{closure}}::h04c07acfc84ca028
[INFO] [stderr]                                  at /rustc/1b7dd2252b99671ce5d1cb9664c5f8636329436d/library/std/src/panicking.rs:269:22
[INFO] [stderr]      9:     0x55a5a906d045 - std::panicking::default_hook::h01f6bb23e1eceb2c
[INFO] [stderr]                                  at /rustc/1b7dd2252b99671ce5d1cb9664c5f8636329436d/library/std/src/panicking.rs:288:9
[INFO] [stderr]     10:     0x55a5a906d7fe - std::panicking::rust_panic_with_hook::h2bb3722bbaf2f6df
[INFO] [stderr]                                  at /rustc/1b7dd2252b99671ce5d1cb9664c5f8636329436d/library/std/src/panicking.rs:691:13
[INFO] [stderr]     11:     0x55a5a906d6f9 - std::panicking::begin_panic_handler::{{closure}}::h91bc7f36a4be011b
[INFO] [stderr]                                  at /rustc/1b7dd2252b99671ce5d1cb9664c5f8636329436d/library/std/src/panicking.rs:582:13
[INFO] [stderr]     12:     0x55a5a906c076 - std::sys_common::backtrace::__rust_end_short_backtrace::h8b3d3717114f9e59
[INFO] [stderr]                                  at /rustc/1b7dd2252b99671ce5d1cb9664c5f8636329436d/library/std/src/sys_common/backtrace.rs:150:18
[INFO] [stderr]     13:     0x55a5a906d452 - rust_begin_unwind
[INFO] [stderr]                                  at /rustc/1b7dd2252b99671ce5d1cb9664c5f8636329436d/library/std/src/panicking.rs:578:5
[INFO] [stderr]     14:     0x55a5a8c1c153 - core::panicking::panic_fmt::hfd368e3fbdabea26
[INFO] [stderr]                                  at /rustc/1b7dd2252b99671ce5d1cb9664c5f8636329436d/library/core/src/panicking.rs:67:14
[INFO] [stderr]     15:     0x55a5a8f2ddbf - cmake::fail::h337eff22279e2d39
[INFO] [stderr]     16:     0x55a5a8f2d823 - cmake::run::h91dfe08a499eb7fb
[INFO] [stderr]     17:     0x55a5a8f2a760 - cmake::Config::build::h1887032633b1da04
[INFO] [stderr]     18:     0x55a5a8c1d672 - build_script_build::main::hfaef731d1f880b92
[INFO] [stderr]     19:     0x55a5a8c23f33 - core::ops::function::FnOnce::call_once::h5960ee1495b8183d
[INFO] [stderr]     20:     0x55a5a8c27a56 - std::sys_common::backtrace::__rust_begin_short_backtrace::h9cc7592c34279bf3
[INFO] [stderr]     21:     0x55a5a8c22be9 - std::rt::lang_start::{{closure}}::had0ad938df4a54ce
[INFO] [stderr]     22:     0x55a5a9063dde - core::ops::function::impls::<impl core::ops::function::FnOnce<A> for &F>::call_once::h2eb19b8ce4148df4
[INFO] [stderr]                                  at /rustc/1b7dd2252b99671ce5d1cb9664c5f8636329436d/library/core/src/ops/function.rs:287:13
[INFO] [stderr]     23:     0x55a5a9063dde - std::panicking::try::do_call::h2e900feff5d504c5
[INFO] [stderr]                                  at /rustc/1b7dd2252b99671ce5d1cb9664c5f8636329436d/library/std/src/panicking.rs:485:40
[INFO] [stderr]     24:     0x55a5a9063dde - std::panicking::try::h8854836cb85aa9f2
[INFO] [stderr]                                  at /rustc/1b7dd2252b99671ce5d1cb9664c5f8636329436d/library/std/src/panicking.rs:449:19
[INFO] [stderr]     25:     0x55a5a9063dde - std::panic::catch_unwind::h706025dd4c48f64b
[INFO] [stderr]                                  at /rustc/1b7dd2252b99671ce5d1cb9664c5f8636329436d/library/std/src/panic.rs:140:14
[INFO] [stderr]     26:     0x55a5a9063dde - std::rt::lang_start_internal::{{closure}}::h7be5b97f4a07a91a
[INFO] [stderr]                                  at /rustc/1b7dd2252b99671ce5d1cb9664c5f8636329436d/library/std/src/rt.rs:148:48
[INFO] [stderr]     27:     0x55a5a9063dde - std::panicking::try::do_call::h59847e9d0a176965
[INFO] [stderr]                                  at /rustc/1b7dd2252b99671ce5d1cb9664c5f8636329436d/library/std/src/panicking.rs:485:40
[INFO] [stderr]     28:     0x55a5a9063dde - std::panicking::try::h399a918ba8522823
[INFO] [stderr]                                  at /rustc/1b7dd2252b99671ce5d1cb9664c5f8636329436d/library/std/src/panicking.rs:449:19
[INFO] [stderr]     29:     0x55a5a9063dde - std::panic::catch_unwind::hca7ca6c55b2a2e26
[INFO] [stderr]                                  at /rustc/1b7dd2252b99671ce5d1cb9664c5f8636329436d/library/std/src/panic.rs:140:14
[INFO] [stderr]     30:     0x55a5a9063dde - std::rt::lang_start_internal::h2c807a81560459eb
[INFO] [stderr]                                  at /rustc/1b7dd2252b99671ce5d1cb9664c5f8636329436d/library/std/src/rt.rs:148:20
[INFO] [stderr]     31:     0x55a5a8c22bc7 - std::rt::lang_start::h8d6e9b8f5ed531ff
[INFO] [stderr]     32:     0x55a5a8c212f5 - main
[INFO] [stderr]     33:     0x7fbad3ef5d90 - <unknown>
[INFO] [stderr]     34:     0x7fbad3ef5e40 - __libc_start_main
[INFO] [stderr]     35:     0x55a5a8c1c8d5 - _start
[INFO] [stderr]     36:                0x0 - <unknown>
[INFO] running `Command { std: "docker" "inspect" "c29c74952aff1b17a24e51742f4fe7d8ef314e1c5d7bc99108930189ba45d0ac", kill_on_drop: false }`
[INFO] running `Command { std: "docker" "rm" "-f" "c29c74952aff1b17a24e51742f4fe7d8ef314e1c5d7bc99108930189ba45d0ac", kill_on_drop: false }`
[INFO] [stdout] c29c74952aff1b17a24e51742f4fe7d8ef314e1c5d7bc99108930189ba45d0ac
