[INFO] cloning repository https://github.com/Whazor/model_checker
[INFO] running `Command { std: "git" "-c" "credential.helper=" "-c" "credential.helper=/workspace/cargo-home/bin/git-credential-null" "clone" "--bare" "https://github.com/Whazor/model_checker" "/workspace/cache/git-repos/https%3A%2F%2Fgithub.com%2FWhazor%2Fmodel_checker", kill_on_drop: false }`
[INFO] [stderr] Cloning into bare repository '/workspace/cache/git-repos/https%3A%2F%2Fgithub.com%2FWhazor%2Fmodel_checker'...
[INFO] running `Command { std: "git" "rev-parse" "HEAD", kill_on_drop: false }`
[INFO] [stdout] 06314d0de90dd54fbda0603da0745a240d37f07a
[INFO] testing Whazor/model_checker against 1.69.0 for beta-1.70-1
[INFO] running `Command { std: "git" "clone" "/workspace/cache/git-repos/https%3A%2F%2Fgithub.com%2FWhazor%2Fmodel_checker" "/workspace/builds/worker-4-tc1/source", kill_on_drop: false }`
[INFO] [stderr] Cloning into '/workspace/builds/worker-4-tc1/source'...
[INFO] [stderr] done.
[INFO] validating manifest of git repo https://github.com/Whazor/model_checker on toolchain 1.69.0
[INFO] running `Command { std: CARGO_HOME="/workspace/cargo-home" RUSTUP_HOME="/workspace/rustup-home" "/workspace/cargo-home/bin/cargo" "+1.69.0" "metadata" "--manifest-path" "Cargo.toml" "--no-deps", kill_on_drop: false }`
[INFO] started tweaking git repo https://github.com/Whazor/model_checker
[INFO] finished tweaking git repo https://github.com/Whazor/model_checker
[INFO] tweaked toml for git repo https://github.com/Whazor/model_checker written to /workspace/builds/worker-4-tc1/source/Cargo.toml
[INFO] crate git repo https://github.com/Whazor/model_checker already has a lockfile, it will not be regenerated
[INFO] running `Command { std: CARGO_HOME="/workspace/cargo-home" RUSTUP_HOME="/workspace/rustup-home" "/workspace/cargo-home/bin/cargo" "+1.69.0" "fetch" "--manifest-path" "Cargo.toml", kill_on_drop: false }`
[INFO] [stderr]     Updating git repository `https://github.com/kkawakam/rustyline`
[INFO] [stderr]  Downloading crates ...
[INFO] [stderr]   Downloaded num-complex v0.1.36
[INFO] [stderr]   Downloaded rustc-serialize v0.3.22
[INFO] [stderr]   Downloaded libc v0.2.20
[INFO] [stderr]   Downloaded smallvec v0.1.8
[INFO] [stderr]   Downloaded bufstream v0.1.2
[INFO] [stderr]   Downloaded thread-id v3.0.0
[INFO] [stderr]   Downloaded encode_unicode v0.1.3
[INFO] [stderr]   Downloaded num-integer v0.1.33
[INFO] [stderr]   Downloaded num v0.1.37
[INFO] [stderr]   Downloaded bit-vec v0.4.3
[INFO] [stderr]   Downloaded aho-corasick v0.6.2
[INFO] [stderr]   Downloaded regex v0.2.1
[INFO] [stderr]   Downloaded num-bigint v0.1.37
[INFO] [stderr]   Downloaded num-rational v0.1.36
[INFO] [stderr]   Downloaded boolean_expression v0.3.0
[INFO] [stderr]   Downloaded peg v0.5.1
[INFO] [stderr]   Downloaded peg-syntax-ext v0.5.0
[INFO] running `Command { std: "docker" "create" "-v" "/var/lib/crater-agent-workspace/builds/worker-4-tc1/target:/opt/rustwide/target:rw,Z" "-v" "/var/lib/crater-agent-workspace/builds/worker-4-tc1/source:/opt/rustwide/workdir:ro,Z" "-v" "/var/lib/crater-agent-workspace/cargo-home:/opt/rustwide/cargo-home:ro,Z" "-v" "/var/lib/crater-agent-workspace/rustup-home:/opt/rustwide/rustup-home:ro,Z" "-e" "SOURCE_DIR=/opt/rustwide/workdir" "-e" "CARGO_TARGET_DIR=/opt/rustwide/target" "-e" "CARGO_HOME=/opt/rustwide/cargo-home" "-e" "RUSTUP_HOME=/opt/rustwide/rustup-home" "-w" "/opt/rustwide/workdir" "-m" "1610612736" "--user" "0:0" "--network" "none" "ghcr.io/rust-lang/crates-build-env/linux@sha256:5ff2268d62e97bff2cde7d5815dd6ed5b47097566f13b8d0ca110b04b60e07ed" "/opt/rustwide/cargo-home/bin/cargo" "+1.69.0" "metadata" "--no-deps" "--format-version=1", kill_on_drop: false }`
[INFO] [stdout] 4b21e328b3c2596ae904b0e7fa2f306ee10eb33adbc61c0a793749000183fb70
[INFO] running `Command { std: "docker" "start" "-a" "4b21e328b3c2596ae904b0e7fa2f306ee10eb33adbc61c0a793749000183fb70", kill_on_drop: false }`
[INFO] running `Command { std: "docker" "inspect" "4b21e328b3c2596ae904b0e7fa2f306ee10eb33adbc61c0a793749000183fb70", kill_on_drop: false }`
[INFO] running `Command { std: "docker" "rm" "-f" "4b21e328b3c2596ae904b0e7fa2f306ee10eb33adbc61c0a793749000183fb70", kill_on_drop: false }`
[INFO] [stdout] 4b21e328b3c2596ae904b0e7fa2f306ee10eb33adbc61c0a793749000183fb70
[INFO] running `Command { std: "docker" "create" "-v" "/var/lib/crater-agent-workspace/builds/worker-4-tc1/target:/opt/rustwide/target:rw,Z" "-v" "/var/lib/crater-agent-workspace/builds/worker-4-tc1/source:/opt/rustwide/workdir:ro,Z" "-v" "/var/lib/crater-agent-workspace/cargo-home:/opt/rustwide/cargo-home:ro,Z" "-v" "/var/lib/crater-agent-workspace/rustup-home:/opt/rustwide/rustup-home:ro,Z" "-e" "SOURCE_DIR=/opt/rustwide/workdir" "-e" "CARGO_TARGET_DIR=/opt/rustwide/target" "-e" "CARGO_INCREMENTAL=0" "-e" "RUST_BACKTRACE=full" "-e" "RUSTFLAGS=--cap-lints=warn" "-e" "RUSTDOCFLAGS=--cap-lints=warn" "-e" "CARGO_HOME=/opt/rustwide/cargo-home" "-e" "RUSTUP_HOME=/opt/rustwide/rustup-home" "-w" "/opt/rustwide/workdir" "-m" "1610612736" "--user" "0:0" "--network" "none" "ghcr.io/rust-lang/crates-build-env/linux@sha256:5ff2268d62e97bff2cde7d5815dd6ed5b47097566f13b8d0ca110b04b60e07ed" "/opt/rustwide/cargo-home/bin/cargo" "+1.69.0" "build" "--frozen" "--message-format=json", kill_on_drop: false }`
[INFO] [stdout] 77d074d9d445b53d2965d7126b6d67328e05b28833a17d2a264671f9a8d2d56c
[INFO] running `Command { std: "docker" "start" "-a" "77d074d9d445b53d2965d7126b6d67328e05b28833a17d2a264671f9a8d2d56c", kill_on_drop: false }`
[INFO] [stderr]    Compiling libc v0.2.20
[INFO] [stderr]    Compiling num-traits v0.1.37
[INFO] [stderr]    Compiling semver v0.1.20
[INFO] [stderr]    Compiling void v1.0.2
[INFO] [stderr]    Compiling rustc-serialize v0.3.22
[INFO] [stderr]    Compiling quote v0.3.12
[INFO] [stderr]    Compiling cfg-if v0.1.0
[INFO] [stderr]    Compiling bitflags v0.4.0
[INFO] [stderr]    Compiling smallvec v0.1.8
[INFO] [stderr]    Compiling bit-vec v0.4.3
[INFO] [stderr]    Compiling rustc_version v0.1.7
[INFO] [stderr]    Compiling rand v0.3.15
[INFO] [stderr]    Compiling thread-id v3.0.0
[INFO] [stderr]    Compiling memchr v1.0.1
[INFO] [stderr]    Compiling unreachable v0.1.1
[INFO] [stderr]    Compiling peg v0.5.1
[INFO] [stderr]    Compiling aho-corasick v0.6.2
[INFO] [stderr]    Compiling num-integer v0.1.33
[INFO] [stderr]    Compiling thread_local v0.3.3
[INFO] [stderr]    Compiling nix v0.7.0
[INFO] [stderr]    Compiling encode_unicode v0.1.3
[INFO] [stderr]    Compiling num-iter v0.1.33
[INFO] [stderr]    Compiling itertools v0.4.19
[INFO] [stderr]    Compiling unicode-width v0.1.4
[INFO] [stderr]    Compiling utf8-ranges v1.0.0
[INFO] [stderr]    Compiling regex-syntax v0.4.0
[INFO] [stderr]    Compiling bit-set v0.4.0
[INFO] [stderr]    Compiling bufstream v0.1.2
[INFO] [stderr]    Compiling boolean_expression v0.3.0
[INFO] [stderr]    Compiling peg-syntax-ext v0.5.0
[INFO] [stdout] error[E0557]: feature has been removed
[INFO] [stdout]  --> /opt/rustwide/cargo-home/registry/src/github.com-1ecc6299db9ec823/peg-syntax-ext-0.5.0/lib.rs:1:12
[INFO] [stdout]   |
[INFO] [stdout] 1 | #![feature(plugin_registrar, quote, rustc_private, box_patterns)]
[INFO] [stdout]   |            ^^^^^^^^^^^^^^^^ feature has been removed
[INFO] [stdout]   |
[INFO] [stdout]   = note: a __rustc_plugin_registrar symbol must now be defined instead
[INFO] [stdout] 
[INFO] [stdout] 
[INFO] [stdout] error[E0557]: feature has been removed
[INFO] [stdout]  --> /opt/rustwide/cargo-home/registry/src/github.com-1ecc6299db9ec823/peg-syntax-ext-0.5.0/lib.rs:1:30
[INFO] [stdout]   |
[INFO] [stdout] 1 | #![feature(plugin_registrar, quote, rustc_private, box_patterns)]
[INFO] [stdout]   |                              ^^^^^ feature has been removed
[INFO] [stdout] 
[INFO] [stdout] 
[INFO] [stdout] error[E0463]: can't find crate for `rustc_plugin`
[INFO] [stdout]  --> /opt/rustwide/cargo-home/registry/src/github.com-1ecc6299db9ec823/peg-syntax-ext-0.5.0/lib.rs:2:1
[INFO] [stdout]   |
[INFO] [stdout] 2 | extern crate rustc_plugin;
[INFO] [stdout]   | ^^^^^^^^^^^^^^^^^^^^^^^^^^ can't find crate
[INFO] [stdout]   |
[INFO] [stdout]   = help: maybe you need to install the missing components with: `rustup component add rust-src rustc-dev llvm-tools-preview`
[INFO] [stdout] 
[INFO] [stdout] 
[INFO] [stdout] error[E0463]: can't find crate for `syntax`
[INFO] [stdout]  --> /opt/rustwide/cargo-home/registry/src/github.com-1ecc6299db9ec823/peg-syntax-ext-0.5.0/lib.rs:3:14
[INFO] [stdout]   |
[INFO] [stdout] 3 | #[macro_use] pub extern crate syntax;
[INFO] [stdout]   |              ^^^^^^^^^^^^^^^^^^^^^^^^ can't find crate
[INFO] [stdout] 
[INFO] [stdout] 
[INFO] [stdout] error[E0463]: can't find crate for `syntax_pos`
[INFO] [stdout]  --> /opt/rustwide/cargo-home/registry/src/github.com-1ecc6299db9ec823/peg-syntax-ext-0.5.0/lib.rs:4:14
[INFO] [stdout]   |
[INFO] [stdout] 4 | #[macro_use] extern crate syntax_pos;
[INFO] [stdout]   |              ^^^^^^^^^^^^^^^^^^^^^^^^ can't find crate
[INFO] [stdout] 
[INFO] [stdout] 
[INFO] [stdout] error[E0463]: can't find crate for `rustc_errors`
[INFO] [stdout]  --> /opt/rustwide/cargo-home/registry/src/github.com-1ecc6299db9ec823/peg-syntax-ext-0.5.0/lib.rs:5:1
[INFO] [stdout]   |
[INFO] [stdout] 5 | extern crate rustc_errors as errors;
[INFO] [stdout]   | ^^^^^^^^^^^^^^^^^^^^^^^^^^^^^^^^^^^^ can't find crate
[INFO] [stdout]   |
[INFO] [stdout]   = help: maybe you need to install the missing components with: `rustup component add rust-src rustc-dev llvm-tools-preview`
[INFO] [stdout] 
[INFO] [stdout] 
[INFO] [stdout] error: cannot find attribute `plugin_registrar` in this scope
[INFO] [stdout]   --> /opt/rustwide/cargo-home/registry/src/github.com-1ecc6299db9ec823/peg-syntax-ext-0.5.0/lib.rs:23:3
[INFO] [stdout]    |
[INFO] [stdout] 23 | #[plugin_registrar]
[INFO] [stdout]    |   ^^^^^^^^^^^^^^^^
[INFO] [stdout]    |
[INFO] [stdout]    = note: `plugin_registrar` is in scope, but it is a function, not an attribute
[INFO] [stdout] 
[INFO] [stdout] 
[INFO] [stdout] error: cannot find macro `panictry` in this scope
[INFO] [stdout]   --> /opt/rustwide/cargo-home/registry/src/github.com-1ecc6299db9ec823/peg-syntax-ext-0.5.0/lib.rs:72:15
[INFO] [stdout]    |
[INFO] [stdout] 72 |     let tts = panictry!(p.parse_all_token_trees());
[INFO] [stdout]    |               ^^^^^^^^
[INFO] [stdout] 
[INFO] [stdout] 
[INFO] [stdout] error: cannot find macro `quote_item` in this scope
[INFO] [stdout]   --> /opt/rustwide/cargo-home/registry/src/github.com-1ecc6299db9ec823/peg-syntax-ext-0.5.0/lib.rs:74:18
[INFO] [stdout]    |
[INFO] [stdout] 74 |     let module = quote_item! { cx,
[INFO] [stdout]    |                  ^^^^^^^^^^
[INFO] [stdout] 
[INFO] [stdout] 
[INFO] [stdout] error: cannot find macro `panictry` in this scope
[INFO] [stdout]   --> /opt/rustwide/cargo-home/registry/src/github.com-1ecc6299db9ec823/peg-syntax-ext-0.5.0/lib.rs:89:39
[INFO] [stdout]    |
[INFO] [stdout] 89 |     let arg = cx.expander().fold_expr(panictry!(parser.parse_expr()));
[INFO] [stdout]    |                                       ^^^^^^^^
[INFO] [stdout] 
[INFO] [stdout] 
[INFO] [stdout] error[E0554]: `#![feature]` may not be used on the stable release channel
[INFO] [stdout]  --> /opt/rustwide/cargo-home/registry/src/github.com-1ecc6299db9ec823/peg-syntax-ext-0.5.0/lib.rs:1:1
[INFO] [stdout]   |
[INFO] [stdout] 1 | #![feature(plugin_registrar, quote, rustc_private, box_patterns)]
[INFO] [stdout]   | ^^^^^^^^^^^^^^^^^^^^^^^^^^^^^^^^^^^^^^^^^^^^^^^^^^^^^^^^^^^^^^^^^
[INFO] [stdout] 
[INFO] [stdout] 
[INFO] [stdout] error: aborting due to 11 previous errors
[INFO] [stdout] 
[INFO] [stdout] 
[INFO] [stderr] error: could not compile `peg-syntax-ext` due to 12 previous errors
[INFO] [stdout] Some errors have detailed explanations: E0463, E0554, E0557.
[INFO] [stdout] 
[INFO] [stderr] warning: build failed, waiting for other jobs to finish...
[INFO] [stdout] For more information about an error, try `rustc --explain E0463`.
[INFO] [stdout] 
[INFO] running `Command { std: "docker" "inspect" "77d074d9d445b53d2965d7126b6d67328e05b28833a17d2a264671f9a8d2d56c", kill_on_drop: false }`
[INFO] running `Command { std: "docker" "rm" "-f" "77d074d9d445b53d2965d7126b6d67328e05b28833a17d2a264671f9a8d2d56c", kill_on_drop: false }`
[INFO] [stdout] 77d074d9d445b53d2965d7126b6d67328e05b28833a17d2a264671f9a8d2d56c
