[INFO] cloning repository https://github.com/VentGrey/GodiRust
[INFO] running `Command { std: "git" "-c" "credential.helper=" "-c" "credential.helper=/workspace/cargo-home/bin/git-credential-null" "clone" "--bare" "https://github.com/VentGrey/GodiRust" "/workspace/cache/git-repos/https%3A%2F%2Fgithub.com%2FVentGrey%2FGodiRust", kill_on_drop: false }`
[INFO] [stderr] Cloning into bare repository '/workspace/cache/git-repos/https%3A%2F%2Fgithub.com%2FVentGrey%2FGodiRust'...
[INFO] running `Command { std: "git" "rev-parse" "HEAD", kill_on_drop: false }`
[INFO] [stdout] 01e2cc43ecc5b21f250c09eae89a25684f18326d
[INFO] testing VentGrey/GodiRust against beta-2023-04-20 for beta-1.70-1
[INFO] running `Command { std: "git" "clone" "/workspace/cache/git-repos/https%3A%2F%2Fgithub.com%2FVentGrey%2FGodiRust" "/workspace/builds/worker-7-tc2/source", kill_on_drop: false }`
[INFO] [stderr] Cloning into '/workspace/builds/worker-7-tc2/source'...
[INFO] [stderr] done.
[INFO] validating manifest of git repo https://github.com/VentGrey/GodiRust on toolchain beta-2023-04-20
[INFO] running `Command { std: CARGO_HOME="/workspace/cargo-home" RUSTUP_HOME="/workspace/rustup-home" "/workspace/cargo-home/bin/cargo" "+beta-2023-04-20" "metadata" "--manifest-path" "Cargo.toml" "--no-deps", kill_on_drop: false }`
[INFO] started tweaking git repo https://github.com/VentGrey/GodiRust
[INFO] finished tweaking git repo https://github.com/VentGrey/GodiRust
[INFO] tweaked toml for git repo https://github.com/VentGrey/GodiRust written to /workspace/builds/worker-7-tc2/source/Cargo.toml
[INFO] crate git repo https://github.com/VentGrey/GodiRust already has a lockfile, it will not be regenerated
[INFO] running `Command { std: CARGO_HOME="/workspace/cargo-home" RUSTUP_HOME="/workspace/rustup-home" "/workspace/cargo-home/bin/cargo" "+beta-2023-04-20" "fetch" "--manifest-path" "Cargo.toml", kill_on_drop: false }`
[INFO] running `Command { std: "docker" "create" "-v" "/var/lib/crater-agent-workspace/builds/worker-7-tc2/target:/opt/rustwide/target:rw,Z" "-v" "/var/lib/crater-agent-workspace/builds/worker-7-tc2/source:/opt/rustwide/workdir:ro,Z" "-v" "/var/lib/crater-agent-workspace/cargo-home:/opt/rustwide/cargo-home:ro,Z" "-v" "/var/lib/crater-agent-workspace/rustup-home:/opt/rustwide/rustup-home:ro,Z" "-e" "SOURCE_DIR=/opt/rustwide/workdir" "-e" "CARGO_TARGET_DIR=/opt/rustwide/target" "-e" "CARGO_HOME=/opt/rustwide/cargo-home" "-e" "RUSTUP_HOME=/opt/rustwide/rustup-home" "-w" "/opt/rustwide/workdir" "-m" "1610612736" "--user" "0:0" "--network" "none" "ghcr.io/rust-lang/crates-build-env/linux@sha256:5ff2268d62e97bff2cde7d5815dd6ed5b47097566f13b8d0ca110b04b60e07ed" "/opt/rustwide/cargo-home/bin/cargo" "+beta-2023-04-20" "metadata" "--no-deps" "--format-version=1", kill_on_drop: false }`
[INFO] [stdout] 02c5d7e2a03d441294d815d891f10499dc780b528dce45e8e9788f9841f95b40
[INFO] running `Command { std: "docker" "start" "-a" "02c5d7e2a03d441294d815d891f10499dc780b528dce45e8e9788f9841f95b40", kill_on_drop: false }`
[INFO] running `Command { std: "docker" "inspect" "02c5d7e2a03d441294d815d891f10499dc780b528dce45e8e9788f9841f95b40", kill_on_drop: false }`
[INFO] running `Command { std: "docker" "rm" "-f" "02c5d7e2a03d441294d815d891f10499dc780b528dce45e8e9788f9841f95b40", kill_on_drop: false }`
[INFO] [stdout] 02c5d7e2a03d441294d815d891f10499dc780b528dce45e8e9788f9841f95b40
[INFO] running `Command { std: "docker" "create" "-v" "/var/lib/crater-agent-workspace/builds/worker-7-tc2/target:/opt/rustwide/target:rw,Z" "-v" "/var/lib/crater-agent-workspace/builds/worker-7-tc2/source:/opt/rustwide/workdir:ro,Z" "-v" "/var/lib/crater-agent-workspace/cargo-home:/opt/rustwide/cargo-home:ro,Z" "-v" "/var/lib/crater-agent-workspace/rustup-home:/opt/rustwide/rustup-home:ro,Z" "-e" "SOURCE_DIR=/opt/rustwide/workdir" "-e" "CARGO_TARGET_DIR=/opt/rustwide/target" "-e" "CARGO_INCREMENTAL=0" "-e" "RUST_BACKTRACE=full" "-e" "RUSTFLAGS=--cap-lints=warn" "-e" "RUSTDOCFLAGS=--cap-lints=warn" "-e" "CARGO_HOME=/opt/rustwide/cargo-home" "-e" "RUSTUP_HOME=/opt/rustwide/rustup-home" "-w" "/opt/rustwide/workdir" "-m" "1610612736" "--user" "0:0" "--network" "none" "ghcr.io/rust-lang/crates-build-env/linux@sha256:5ff2268d62e97bff2cde7d5815dd6ed5b47097566f13b8d0ca110b04b60e07ed" "/opt/rustwide/cargo-home/bin/cargo" "+beta-2023-04-20" "build" "--frozen" "--message-format=json", kill_on_drop: false }`
[INFO] [stdout] ed8375f34f50caa65ebe855eb49e6d8179af3026c456ac5015a221c898a04c89
[INFO] running `Command { std: "docker" "start" "-a" "ed8375f34f50caa65ebe855eb49e6d8179af3026c456ac5015a221c898a04c89", kill_on_drop: false }`
[INFO] [stderr]    Compiling ABCRust v0.1.0 (/opt/rustwide/workdir)
[INFO] [stdout] warning: type `cliente` should have an upper camel case name
[INFO] [stdout]   --> src/main.rs:14:8
[INFO] [stdout]    |
[INFO] [stdout] 14 | struct cliente {
[INFO] [stdout]    |        ^^^^^^^ help: convert the identifier to upper camel case (notice the capitalization): `Cliente`
[INFO] [stdout]    |
[INFO] [stdout]    = note: `#[warn(non_camel_case_types)]` on by default
[INFO] [stdout] 
[INFO] [stdout] 
[INFO] [stdout] error[E0425]: cannot find function `borrar` in this scope
[INFO] [stdout]   --> src/main.rs:42:18
[INFO] [stdout]    |
[INFO] [stdout] 42 |             2 => borrar(),
[INFO] [stdout]    |                  ^^^^^^ not found in this scope
[INFO] [stdout] 
[INFO] [stdout] 
[INFO] [stdout] error[E0425]: cannot find function `mostrar` in this scope
[INFO] [stdout]   --> src/main.rs:43:18
[INFO] [stdout]    |
[INFO] [stdout] 43 |             3 => mostrar(),
[INFO] [stdout]    |                  ^^^^^^^ not found in this scope
[INFO] [stdout] 
[INFO] [stdout] 
[INFO] [stderr] error: could not compile `ABCRust` (bin "ABCRust") due to 7 previous errors; 1 warning emitted
[INFO] [stdout] error[E0425]: cannot find function `buscar` in this scope
[INFO] [stdout]   --> src/main.rs:44:18
[INFO] [stdout]    |
[INFO] [stdout] 44 |             4 => buscar(),
[INFO] [stdout]    |                  ^^^^^^ not found in this scope
[INFO] [stdout] 
[INFO] [stdout] 
[INFO] [stdout] error[E0425]: cannot find function `guardar` in this scope
[INFO] [stdout]   --> src/main.rs:45:18
[INFO] [stdout]    |
[INFO] [stdout] 45 |             5 => guardar(),
[INFO] [stdout]    |                  ^^^^^^^ not found in this scope
[INFO] [stdout] 
[INFO] [stdout] 
[INFO] [stdout] error[E0425]: cannot find function `cargar` in this scope
[INFO] [stdout]   --> src/main.rs:46:18
[INFO] [stdout]    |
[INFO] [stdout] 46 |             6 => cargar(),
[INFO] [stdout]    |                  ^^^^^^ not found in this scope
[INFO] [stdout] 
[INFO] [stdout] 
[INFO] [stdout] error[E0425]: cannot find function `ordenar` in this scope
[INFO] [stdout]   --> src/main.rs:47:18
[INFO] [stdout]    |
[INFO] [stdout] 47 |             7 => ordenar(),
[INFO] [stdout]    |                  ^^^^^^^ not found in this scope
[INFO] [stdout] 
[INFO] [stdout] 
[INFO] [stdout] error: aborting due to 6 previous errors; 1 warning emitted
[INFO] [stdout] 
[INFO] [stdout] 
[INFO] [stdout] For more information about this error, try `rustc --explain E0425`.
[INFO] [stdout] 
[INFO] running `Command { std: "docker" "inspect" "ed8375f34f50caa65ebe855eb49e6d8179af3026c456ac5015a221c898a04c89", kill_on_drop: false }`
[INFO] running `Command { std: "docker" "rm" "-f" "ed8375f34f50caa65ebe855eb49e6d8179af3026c456ac5015a221c898a04c89", kill_on_drop: false }`
[INFO] [stdout] ed8375f34f50caa65ebe855eb49e6d8179af3026c456ac5015a221c898a04c89
