[INFO] cloning repository https://github.com/Valtis/Frontend
[INFO] running `Command { std: "git" "-c" "credential.helper=" "-c" "credential.helper=/workspace/cargo-home/bin/git-credential-null" "clone" "--bare" "https://github.com/Valtis/Frontend" "/workspace/cache/git-repos/https%3A%2F%2Fgithub.com%2FValtis%2FFrontend", kill_on_drop: false }`
[INFO] [stderr] Cloning into bare repository '/workspace/cache/git-repos/https%3A%2F%2Fgithub.com%2FValtis%2FFrontend'...
[INFO] running `Command { std: "git" "rev-parse" "HEAD", kill_on_drop: false }`
[INFO] [stdout] 4aa01d44abb702b54eff68beddac3713402e725a
[INFO] testing Valtis/Frontend against beta-2023-04-20 for beta-1.70-1
[INFO] running `Command { std: "git" "clone" "/workspace/cache/git-repos/https%3A%2F%2Fgithub.com%2FValtis%2FFrontend" "/workspace/builds/worker-3-tc2/source", kill_on_drop: false }`
[INFO] [stderr] Cloning into '/workspace/builds/worker-3-tc2/source'...
[INFO] [stderr] done.
[INFO] validating manifest of git repo https://github.com/Valtis/Frontend on toolchain beta-2023-04-20
[INFO] running `Command { std: CARGO_HOME="/workspace/cargo-home" RUSTUP_HOME="/workspace/rustup-home" "/workspace/cargo-home/bin/cargo" "+beta-2023-04-20" "metadata" "--manifest-path" "Cargo.toml" "--no-deps", kill_on_drop: false }`
[INFO] started tweaking git repo https://github.com/Valtis/Frontend
[INFO] finished tweaking git repo https://github.com/Valtis/Frontend
[INFO] tweaked toml for git repo https://github.com/Valtis/Frontend written to /workspace/builds/worker-3-tc2/source/Cargo.toml
[INFO] crate git repo https://github.com/Valtis/Frontend already has a lockfile, it will not be regenerated
[INFO] running `Command { std: CARGO_HOME="/workspace/cargo-home" RUSTUP_HOME="/workspace/rustup-home" "/workspace/cargo-home/bin/cargo" "+beta-2023-04-20" "fetch" "--manifest-path" "Cargo.toml", kill_on_drop: false }`
[INFO] running `Command { std: "docker" "create" "-v" "/var/lib/crater-agent-workspace/builds/worker-3-tc2/target:/opt/rustwide/target:rw,Z" "-v" "/var/lib/crater-agent-workspace/builds/worker-3-tc2/source:/opt/rustwide/workdir:ro,Z" "-v" "/var/lib/crater-agent-workspace/cargo-home:/opt/rustwide/cargo-home:ro,Z" "-v" "/var/lib/crater-agent-workspace/rustup-home:/opt/rustwide/rustup-home:ro,Z" "-e" "SOURCE_DIR=/opt/rustwide/workdir" "-e" "CARGO_TARGET_DIR=/opt/rustwide/target" "-e" "CARGO_HOME=/opt/rustwide/cargo-home" "-e" "RUSTUP_HOME=/opt/rustwide/rustup-home" "-w" "/opt/rustwide/workdir" "-m" "1610612736" "--user" "0:0" "--network" "none" "ghcr.io/rust-lang/crates-build-env/linux@sha256:5ff2268d62e97bff2cde7d5815dd6ed5b47097566f13b8d0ca110b04b60e07ed" "/opt/rustwide/cargo-home/bin/cargo" "+beta-2023-04-20" "metadata" "--no-deps" "--format-version=1", kill_on_drop: false }`
[INFO] [stdout] 1dd448ada46a61e7504a67e78158bdd10840f3f5a33c7e62ffa6427b46fac275
[INFO] running `Command { std: "docker" "start" "-a" "1dd448ada46a61e7504a67e78158bdd10840f3f5a33c7e62ffa6427b46fac275", kill_on_drop: false }`
[INFO] running `Command { std: "docker" "inspect" "1dd448ada46a61e7504a67e78158bdd10840f3f5a33c7e62ffa6427b46fac275", kill_on_drop: false }`
[INFO] running `Command { std: "docker" "rm" "-f" "1dd448ada46a61e7504a67e78158bdd10840f3f5a33c7e62ffa6427b46fac275", kill_on_drop: false }`
[INFO] [stdout] 1dd448ada46a61e7504a67e78158bdd10840f3f5a33c7e62ffa6427b46fac275
[INFO] running `Command { std: "docker" "create" "-v" "/var/lib/crater-agent-workspace/builds/worker-3-tc2/target:/opt/rustwide/target:rw,Z" "-v" "/var/lib/crater-agent-workspace/builds/worker-3-tc2/source:/opt/rustwide/workdir:ro,Z" "-v" "/var/lib/crater-agent-workspace/cargo-home:/opt/rustwide/cargo-home:ro,Z" "-v" "/var/lib/crater-agent-workspace/rustup-home:/opt/rustwide/rustup-home:ro,Z" "-e" "SOURCE_DIR=/opt/rustwide/workdir" "-e" "CARGO_TARGET_DIR=/opt/rustwide/target" "-e" "CARGO_INCREMENTAL=0" "-e" "RUST_BACKTRACE=full" "-e" "RUSTFLAGS=--cap-lints=warn" "-e" "RUSTDOCFLAGS=--cap-lints=warn" "-e" "CARGO_HOME=/opt/rustwide/cargo-home" "-e" "RUSTUP_HOME=/opt/rustwide/rustup-home" "-w" "/opt/rustwide/workdir" "-m" "1610612736" "--user" "0:0" "--network" "none" "ghcr.io/rust-lang/crates-build-env/linux@sha256:5ff2268d62e97bff2cde7d5815dd6ed5b47097566f13b8d0ca110b04b60e07ed" "/opt/rustwide/cargo-home/bin/cargo" "+beta-2023-04-20" "build" "--frozen" "--message-format=json", kill_on_drop: false }`
[INFO] [stdout] d8a37391f3484f555116553abac7e88db6a8da7d5f76edac340778d81240481a
[INFO] running `Command { std: "docker" "start" "-a" "d8a37391f3484f555116553abac7e88db6a8da7d5f76edac340778d81240481a", kill_on_drop: false }`
[INFO] [stderr]    Compiling compiler v0.0.1 (/opt/rustwide/workdir)
[INFO] [stdout] error: expected parameter name, found `:`
[INFO] [stdout]    --> src/parser/mod.rs:656:25
[INFO] [stdout]     |
[INFO] [stdout] 656 |     let factor_err =  |&: parser:&mut Parser, token:&SyntaxToken| -> bool {
[INFO] [stdout]     |                         ^ expected parameter name
[INFO] [stdout] 
[INFO] [stdout] 
[INFO] [stdout] error[E0432]: unresolved import `std::num::Float`
[INFO] [stdout]  --> src/token/mod.rs:1:5
[INFO] [stdout]   |
[INFO] [stdout] 1 | use std::num::Float;
[INFO] [stdout]   |     ^^^^^^^^^^^^^^^ no `Float` in `num`
[INFO] [stdout] 
[INFO] [stdout] 
[INFO] [stdout] error: cannot find derive macro `Show` in this scope
[INFO] [stdout]  --> src/token/mod.rs:3:25
[INFO] [stdout]   |
[INFO] [stdout] 3 | #[derive(Eq, PartialEq, Show, Copy)]
[INFO] [stdout]   |                         ^^^^
[INFO] [stdout] 
[INFO] [stdout] 
[INFO] [stdout] error: cannot find derive macro `Show` in this scope
[INFO] [stdout]   --> src/token/mod.rs:76:21
[INFO] [stdout]    |
[INFO] [stdout] 76 | #[derive(PartialEq, Show, Copy)]
[INFO] [stdout]    |                     ^^^^
[INFO] [stdout] 
[INFO] [stdout] 
[INFO] [stdout] error: cannot find derive macro `Show` in this scope
[INFO] [stdout]    --> src/token/mod.rs:138:10
[INFO] [stdout]     |
[INFO] [stdout] 138 | #[derive(Show, Copy)]
[INFO] [stdout]     |          ^^^^
[INFO] [stdout] 
[INFO] [stdout] 
[INFO] [stdout] error[E0405]: cannot find trait `String` in module `fmt`
[INFO] [stdout]   --> src/token/mod.rs:37:11
[INFO] [stdout]    |
[INFO] [stdout] 37 | impl fmt::String for TokenType {
[INFO] [stdout]    |           ^^^^^^ not found in `fmt`
[INFO] [stdout] 
[INFO] [stdout] 
[INFO] [stdout] error[E0433]: failed to resolve: could not find `String` in `fmt`
[INFO] [stdout]   --> src/token/mod.rs:39:10
[INFO] [stdout]    |
[INFO] [stdout] 39 |     fmt::String::fmt(
[INFO] [stdout]    |          ^^^^^^ could not find `String` in `fmt`
[INFO] [stdout]    |
[INFO] [stdout] help: consider importing this struct
[INFO] [stdout]    |
[INFO] [stdout] 1  + use std::string::String;
[INFO] [stdout]    |
[INFO] [stdout] help: if you import `String`, refer to it directly
[INFO] [stdout]    |
[INFO] [stdout] 39 -     fmt::String::fmt(
[INFO] [stdout] 39 +     String::fmt(
[INFO] [stdout]    |
[INFO] [stdout] 
[INFO] [stdout] 
[INFO] [stdout] error[E0405]: cannot find trait `String` in module `fmt`
[INFO] [stdout]    --> src/token/mod.rs:104:11
[INFO] [stdout]     |
[INFO] [stdout] 104 | impl fmt::String for TokenSubType {
[INFO] [stdout]     |           ^^^^^^ not found in `fmt`
[INFO] [stdout] 
[INFO] [stdout] 
[INFO] [stdout] warning: use of deprecated macro `try`: use the `?` operator instead
[INFO] [stdout]    --> src/lexer/mod.rs:403:24
[INFO] [stdout]     |
[INFO] [stdout] 403 |             value.push(try!(self.handle_escape_sequence()));
[INFO] [stdout]     |                        ^^^
[INFO] [stdout]     |
[INFO] [stdout]     = note: `#[warn(deprecated)]` on by default
[INFO] [stdout] 
[INFO] [stdout] 
[INFO] [stdout] warning: unnecessary parentheses around `match` scrutinee expression
[INFO] [stdout]    --> src/parser/mod.rs:264:15
[INFO] [stdout]     |
[INFO] [stdout] 264 |         match (token.t_type) {
[INFO] [stdout]     |               ^            ^
[INFO] [stdout]     |
[INFO] [stdout]     = note: `#[warn(unused_parens)]` on by default
[INFO] [stdout] help: remove these parentheses
[INFO] [stdout]     |
[INFO] [stdout] 264 -         match (token.t_type) {
[INFO] [stdout] 264 +         match token.t_type {
[INFO] [stdout]     |
[INFO] [stdout] 
[INFO] [stdout] 
[INFO] [stdout] warning: unnecessary parentheses around `match` scrutinee expression
[INFO] [stdout]    --> src/parser/mod.rs:603:17
[INFO] [stdout]     |
[INFO] [stdout] 603 |           match (token.t_subtype) {
[INFO] [stdout]     |                 ^               ^
[INFO] [stdout]     |
[INFO] [stdout] help: remove these parentheses
[INFO] [stdout]     |
[INFO] [stdout] 603 -           match (token.t_subtype) {
[INFO] [stdout] 603 +           match token.t_subtype {
[INFO] [stdout]     |
[INFO] [stdout] 
[INFO] [stdout] 
[INFO] [stdout] error[E0107]: struct takes 1 generic argument but 2 generic arguments were supplied
[INFO] [stdout]   --> src/lexer/mod.rs:50:15
[INFO] [stdout]    |
[INFO] [stdout] 50 |   iter: iter::Peekable<char, str::Chars<'a>>,
[INFO] [stdout]    |               ^^^^^^^^       -------------- help: remove this generic argument
[INFO] [stdout]    |               |
[INFO] [stdout]    |               expected 1 generic argument
[INFO] [stdout] 
[INFO] [stdout] 
[INFO] [stdout] error: aborting due to 9 previous errors; 3 warnings emitted
[INFO] [stdout] 
[INFO] [stdout] 
[INFO] [stdout] Some errors have detailed explanations: E0107, E0405, E0432, E0433.
[INFO] [stdout] 
[INFO] [stdout] For more information about an error, try `rustc --explain E0107`.
[INFO] [stdout] 
[INFO] [stderr] error: could not compile `compiler` (lib) due to 10 previous errors; 3 warnings emitted
[INFO] running `Command { std: "docker" "inspect" "d8a37391f3484f555116553abac7e88db6a8da7d5f76edac340778d81240481a", kill_on_drop: false }`
[INFO] running `Command { std: "docker" "rm" "-f" "d8a37391f3484f555116553abac7e88db6a8da7d5f76edac340778d81240481a", kill_on_drop: false }`
[INFO] [stdout] d8a37391f3484f555116553abac7e88db6a8da7d5f76edac340778d81240481a
