[INFO] cloning repository https://github.com/VITESGroup/vites-chain
[INFO] running `Command { std: "git" "-c" "credential.helper=" "-c" "credential.helper=/workspace/cargo-home/bin/git-credential-null" "clone" "--bare" "https://github.com/VITESGroup/vites-chain" "/workspace/cache/git-repos/https%3A%2F%2Fgithub.com%2FVITESGroup%2Fvites-chain", kill_on_drop: false }`
[INFO] [stderr] Cloning into bare repository '/workspace/cache/git-repos/https%3A%2F%2Fgithub.com%2FVITESGroup%2Fvites-chain'...
[INFO] running `Command { std: "git" "rev-parse" "HEAD", kill_on_drop: false }`
[INFO] [stdout] a7f141219c18115db08df11c91acb16d2df005b3
[INFO] testing VITESGroup/vites-chain against beta-2023-04-20 for beta-1.70-1
[INFO] running `Command { std: "git" "clone" "/workspace/cache/git-repos/https%3A%2F%2Fgithub.com%2FVITESGroup%2Fvites-chain" "/workspace/builds/worker-5-tc2/source", kill_on_drop: false }`
[INFO] [stderr] Cloning into '/workspace/builds/worker-5-tc2/source'...
[INFO] [stderr] done.
[INFO] validating manifest of git repo https://github.com/VITESGroup/vites-chain on toolchain beta-2023-04-20
[INFO] running `Command { std: CARGO_HOME="/workspace/cargo-home" RUSTUP_HOME="/workspace/rustup-home" "/workspace/cargo-home/bin/cargo" "+beta-2023-04-20" "metadata" "--manifest-path" "Cargo.toml" "--no-deps", kill_on_drop: false }`
[INFO] started tweaking git repo https://github.com/VITESGroup/vites-chain
[INFO] finished tweaking git repo https://github.com/VITESGroup/vites-chain
[INFO] tweaked toml for git repo https://github.com/VITESGroup/vites-chain written to /workspace/builds/worker-5-tc2/source/Cargo.toml
[INFO] crate git repo https://github.com/VITESGroup/vites-chain already has a lockfile, it will not be regenerated
[INFO] running `Command { std: CARGO_HOME="/workspace/cargo-home" RUSTUP_HOME="/workspace/rustup-home" "/workspace/cargo-home/bin/cargo" "+beta-2023-04-20" "fetch" "--manifest-path" "Cargo.toml", kill_on_drop: false }`
[INFO] [stderr]     Updating crates.io index
[INFO] [stderr]  Downloading crates ...
[INFO] [stderr]   Downloaded uuid v0.4.0
[INFO] [stderr]   Downloaded lib3h_zombie_actor v0.0.42
[INFO] [stderr]   Downloaded nanoid v0.2.0
[INFO] [stderr]   Downloaded shrinkwraprs v0.3.0
[INFO] [stderr]   Downloaded url2 v0.0.4
[INFO] [stderr]   Downloaded tracing-futures v0.2.2
[INFO] [stderr]   Downloaded tar v0.4.26
[INFO] [stderr]   Downloaded tracing-subscriber v0.2.3
[INFO] [stderr]   Downloaded dns-lookup v1.0.1
[INFO] [stderr]   Downloaded pin-project-internal v0.4.25
[INFO] [stderr]   Downloaded mustache v0.9.0
[INFO] [stderr]   Downloaded wasmer-runtime-core v0.13.1
[INFO] [stderr]   Downloaded jsonrpc-lite v0.5.0
[INFO] [stderr]   Downloaded js-sys v0.3.25
[INFO] [stderr]   Downloaded pickledb v0.4.0
[INFO] [stderr]   Downloaded ws v0.8.0
[INFO] [stderr]   Downloaded shrust v0.0.7
[INFO] [stderr]   Downloaded ignore v0.4.6
[INFO] [stderr]   Downloaded proc-macro-hack-impl v0.4.2
[INFO] [stderr]   Downloaded rkv v0.10.4
[INFO] [stderr]   Downloaded holochain_tracing v0.0.24
[INFO] [stderr]   Downloaded proc-macro-hack v0.4.2
[INFO] [stderr]   Downloaded newrelic-sys v0.2.0
[INFO] [stderr]   Downloaded treediff v3.0.2
[INFO] [stderr]   Downloaded rust_sodium_holochain_fork v0.10.2
[INFO] [stderr]   Downloaded openssl-src v111.11.0+1.1.1h
[INFO] [stderr]   Downloaded jsonrpc-http-server v14.0.6
[INFO] [stderr]   Downloaded wabt-sys v0.5.4
[INFO] [stderr]   Downloaded vte v0.3.3
[INFO] [stderr]   Downloaded rpassword v2.1.0
[INFO] [stderr]   Downloaded detach v0.0.19
[INFO] [stderr]   Downloaded cranelift-codegen v0.52.0
[INFO] [stderr]   Downloaded reqwest v0.9.11
[INFO] [stderr]   Downloaded lmdb-rkv v0.14.0
[INFO] [stderr]   Downloaded unwrap v1.2.1
[INFO] [stderr]   Downloaded flate2 v1.0.12
[INFO] [stderr]   Downloaded snowflake v1.3.0
[INFO] [stderr]   Downloaded mashup-impl v0.1.12
[INFO] [stderr]   Downloaded holochain_persistence_pickle v0.0.18
[INFO] [stderr]   Downloaded groupable v0.2.0
[INFO] [stderr]   Downloaded nickel v0.11.0
[INFO] [stderr]   Downloaded directories v1.0.2
[INFO] [stderr]   Downloaded sized-chunks v0.5.3
[INFO] [stderr]   Downloaded http_req v0.2.1
[INFO] [stderr]   Downloaded podio v0.1.7
[INFO] [stderr]   Downloaded detach v0.0.42
[INFO] [stderr]   Downloaded rustracing v0.2.1
[INFO] [stderr]   Downloaded thrift_codec v0.1.1
[INFO] [stderr]   Downloaded trackable_derive v0.1.3
[INFO] [stderr]   Downloaded clokwerk v0.1.0
[INFO] [stderr]   Downloaded holochain_persistence_lmdb v0.0.18
[INFO] [stderr]   Downloaded holochain_persistence_mem v0.0.18
[INFO] [stderr]   Downloaded serde-bench v0.0.7
[INFO] [stderr]   Downloaded jsonrpc-core v14.0.1
[INFO] [stderr]   Downloaded strip-ansi-escapes v0.1.0
[INFO] [stderr]   Downloaded futures-channel-preview v0.3.0-alpha.17
[INFO] [stderr]   Downloaded hcid v0.0.6
[INFO] [stderr]   Downloaded zeroize_derive v0.9.3
[INFO] [stderr]   Downloaded holochain_persistence_file v0.0.18
[INFO] [stderr]   Downloaded wasmer-win-exception-handler v0.13.1
[INFO] [stderr]   Downloaded wasmer-clif-backend v0.13.1
[INFO] [stderr]   Downloaded wasmer-runtime v0.13.1
[INFO] [stderr]   Downloaded toml v0.5.0
[INFO] [stderr]   Downloaded lib3h_mdns v0.0.42
[INFO] [stderr]   Downloaded reed-solomon v0.2.1
[INFO] [stderr]   Downloaded prometheus v0.7.0
[INFO] [stderr]   Downloaded backtrace v0.3.27
[INFO] [stderr]   Downloaded unwrap_to v0.1.0
[INFO] [stderr]   Downloaded cranelift-native v0.52.0
[INFO] [stderr]   Downloaded cranelift-codegen-meta v0.52.0
[INFO] [stderr]   Downloaded cranelift-codegen-shared v0.52.0
[INFO] [stderr]   Downloaded cranelift-entity v0.52.0
[INFO] [stderr]   Downloaded wasmer-clif-fork-frontend v0.52.0
[INFO] [stderr]   Downloaded wasmer-clif-fork-wasm v0.52.0
[INFO] [stderr]   Downloaded jsonrpc-ws-server v14.0.6
[INFO] [stderr]   Downloaded wabt v0.7.4
[INFO] [stderr]   Downloaded colored v1.7.0
[INFO] [stderr]   Downloaded holochain_logging v0.0.7
[INFO] [stderr]   Downloaded rusoto_logs v0.40.0
[INFO] [stderr]   Downloaded hyper v0.12.25
[INFO] [stderr]   Downloaded rusoto_core v0.40.0
[INFO] [stderr]   Downloaded streaming-stats v0.2.2
[INFO] [stderr]   Downloaded holochain_tracing_macros v0.0.24
[INFO] [stderr]   Downloaded im v14.0.0
[INFO] [stderr]   Downloaded wasm-bindgen-macro-support v0.2.48
[INFO] [stderr]   Downloaded wasm-bindgen-macro v0.2.48
[INFO] [stderr]   Downloaded wasm-bindgen-shared v0.2.48
[INFO] [stderr]   Downloaded wasm-bindgen-backend v0.2.48
[INFO] [stderr]   Downloaded web-sys v0.3.25
[INFO] [stderr]   Downloaded rcgen v0.8.0
[INFO] [stderr]   Downloaded zeroize v0.10.1
[INFO] [stderr]   Downloaded capnp v0.10.0
[INFO] [stderr]   Downloaded lib3h_p2p_protocol v0.0.42
[INFO] [stderr]   Downloaded futures-executor-preview v0.3.0-alpha.17
[INFO] [stderr]   Downloaded futures-preview v0.3.0-alpha.17
[INFO] [stderr]   Downloaded futures-io-preview v0.3.0-alpha.17
[INFO] [stderr]   Downloaded futures-core-preview v0.3.0-alpha.17
[INFO] [stderr]   Downloaded futures-sink-preview v0.3.0-alpha.17
[INFO] [stderr]   Downloaded newrelic v0.2.2
[INFO] [stderr]   Downloaded holochain_json_api v0.0.23
[INFO] [stderr]   Downloaded holochain_json_derive v0.0.23
[INFO] [stderr]   Downloaded num-bigint v0.2.2
[INFO] [stderr]   Downloaded rust-base58 v0.0.4
[INFO] [stderr]   Downloaded shrinkwraprs v0.2.1
[INFO] [stderr]   Downloaded holochain_persistence_api v0.0.18
[INFO] [stderr]   Downloaded rmp v0.8.7
[INFO] [stderr]   Downloaded url_serde v0.2.0
[INFO] [stderr]   Downloaded lib3h_protocol v0.0.42
[INFO] [stderr]   Downloaded zeroize v0.9.2
[INFO] [stderr]   Downloaded opentelemetry v0.2.0
[INFO] [stderr]   Downloaded serde_json v1.0.47
[INFO] [stderr]   Downloaded serde_test v1.0.104
[INFO] [stderr]   Downloaded rust_sodium_holochain_fork-sys v0.10.4
[INFO] [stderr]   Downloaded lib3h_sodium v0.0.42
[INFO] [stderr]   Downloaded integer-encoding v1.1.5
[INFO] [stderr]   Downloaded thrift v0.13.0
[INFO] [stderr]   Downloaded opentelemetry-jaeger v0.1.0
[INFO] [stderr]   Downloaded trackable v0.2.23
[INFO] [stderr]   Downloaded rustracing_jaeger v0.2.1
[INFO] [stderr]   Downloaded sharded-slab v0.0.8
[INFO] [stderr]   Downloaded pin-project-lite v0.1.10
[INFO] [stderr]   Downloaded mashup v0.1.12
[INFO] [stderr]   Downloaded json-patch v0.2.2
[INFO] [stderr]   Downloaded cranelift-bforest v0.52.0
[INFO] [stderr]   Downloaded target-lexicon v0.9.0
[INFO] [stderr]   Downloaded wasmparser v0.45.2
[INFO] [stderr]   Downloaded jsonrpc-server-utils v14.0.5
[INFO] [stderr]   Downloaded tokio-process v0.2.5
[INFO] [stderr]   Downloaded rusoto_credential v0.40.0
[INFO] [stderr]   Downloaded rusoto_sts v0.40.0
[INFO] [stderr]   Downloaded wasm-bindgen v0.2.48
[INFO] [stderr]   Downloaded wasm-bindgen-webidl v0.2.48
[INFO] [stderr]   Downloaded yasna v0.3.1
[INFO] [stderr]   Downloaded lib3h v0.0.42
[INFO] [stderr]   Downloaded futures-util-preview v0.3.0-alpha.17
[INFO] [stderr]   Downloaded lib3h_crypto_api v0.0.42
[INFO] [stderr]   Downloaded regex v1.1.2
[INFO] [stderr]   Downloaded pin-project v0.4.25
[INFO] running `Command { std: "docker" "create" "-v" "/var/lib/crater-agent-workspace/builds/worker-5-tc2/target:/opt/rustwide/target:rw,Z" "-v" "/var/lib/crater-agent-workspace/builds/worker-5-tc2/source:/opt/rustwide/workdir:ro,Z" "-v" "/var/lib/crater-agent-workspace/cargo-home:/opt/rustwide/cargo-home:ro,Z" "-v" "/var/lib/crater-agent-workspace/rustup-home:/opt/rustwide/rustup-home:ro,Z" "-e" "SOURCE_DIR=/opt/rustwide/workdir" "-e" "CARGO_TARGET_DIR=/opt/rustwide/target" "-e" "CARGO_HOME=/opt/rustwide/cargo-home" "-e" "RUSTUP_HOME=/opt/rustwide/rustup-home" "-w" "/opt/rustwide/workdir" "-m" "1610612736" "--user" "0:0" "--network" "none" "ghcr.io/rust-lang/crates-build-env/linux@sha256:5ff2268d62e97bff2cde7d5815dd6ed5b47097566f13b8d0ca110b04b60e07ed" "/opt/rustwide/cargo-home/bin/cargo" "+beta-2023-04-20" "metadata" "--no-deps" "--format-version=1", kill_on_drop: false }`
[INFO] [stdout] 6fd87d643ddff3aab65473790afc8c4608ef54bd6433d0eb65992fd6816caafa
[INFO] running `Command { std: "docker" "start" "-a" "6fd87d643ddff3aab65473790afc8c4608ef54bd6433d0eb65992fd6816caafa", kill_on_drop: false }`
[INFO] running `Command { std: "docker" "inspect" "6fd87d643ddff3aab65473790afc8c4608ef54bd6433d0eb65992fd6816caafa", kill_on_drop: false }`
[INFO] running `Command { std: "docker" "rm" "-f" "6fd87d643ddff3aab65473790afc8c4608ef54bd6433d0eb65992fd6816caafa", kill_on_drop: false }`
[INFO] [stdout] 6fd87d643ddff3aab65473790afc8c4608ef54bd6433d0eb65992fd6816caafa
[INFO] running `Command { std: "docker" "create" "-v" "/var/lib/crater-agent-workspace/builds/worker-5-tc2/target:/opt/rustwide/target:rw,Z" "-v" "/var/lib/crater-agent-workspace/builds/worker-5-tc2/source:/opt/rustwide/workdir:ro,Z" "-v" "/var/lib/crater-agent-workspace/cargo-home:/opt/rustwide/cargo-home:ro,Z" "-v" "/var/lib/crater-agent-workspace/rustup-home:/opt/rustwide/rustup-home:ro,Z" "-e" "SOURCE_DIR=/opt/rustwide/workdir" "-e" "CARGO_TARGET_DIR=/opt/rustwide/target" "-e" "CARGO_INCREMENTAL=0" "-e" "RUST_BACKTRACE=full" "-e" "RUSTFLAGS=--cap-lints=warn" "-e" "RUSTDOCFLAGS=--cap-lints=warn" "-e" "CARGO_HOME=/opt/rustwide/cargo-home" "-e" "RUSTUP_HOME=/opt/rustwide/rustup-home" "-w" "/opt/rustwide/workdir" "-m" "1610612736" "--user" "0:0" "--network" "none" "ghcr.io/rust-lang/crates-build-env/linux@sha256:5ff2268d62e97bff2cde7d5815dd6ed5b47097566f13b8d0ca110b04b60e07ed" "/opt/rustwide/cargo-home/bin/cargo" "+beta-2023-04-20" "build" "--frozen" "--message-format=json", kill_on_drop: false }`
[INFO] [stdout] 083e655d734e29f52e92f75af645e08e7ebe087ed30b36731f983881b70f6d0f
[INFO] running `Command { std: "docker" "start" "-a" "083e655d734e29f52e92f75af645e08e7ebe087ed30b36731f983881b70f6d0f", kill_on_drop: false }`
[INFO] [stderr]    Compiling proc-macro2 v1.0.24
[INFO] [stderr]    Compiling unicode-xid v0.2.1
[INFO] [stderr]    Compiling syn v1.0.42
[INFO] [stderr]    Compiling libc v0.2.66
[INFO] [stderr]    Compiling serde v1.0.104
[INFO] [stderr]    Compiling cfg-if v0.1.10
[INFO] [stderr]    Compiling lazy_static v1.4.0
[INFO] [stderr]    Compiling autocfg v1.0.1
[INFO] [stderr]    Compiling byteorder v1.3.2
[INFO] [stderr]    Compiling log v0.4.8
[INFO] [stderr]    Compiling autocfg v0.1.7
[INFO] [stderr]    Compiling cc v1.0.60
[INFO] [stderr]    Compiling maybe-uninit v2.0.0
[INFO] [stderr]    Compiling semver-parser v0.7.0
[INFO] [stderr]    Compiling memchr v2.3.3
[INFO] [stderr]    Compiling num-traits v0.2.6
[INFO] [stderr]    Compiling bitflags v1.2.1
[INFO] [stderr]    Compiling quote v1.0.3
[INFO] [stderr]    Compiling typenum v1.12.0
[INFO] [stderr]    Compiling smallvec v0.6.13
[INFO] [stderr]    Compiling slab v0.4.2
[INFO] [stderr]    Compiling itoa v0.4.6
[INFO] [stderr]    Compiling indexmap v1.6.0
[INFO] [stderr]    Compiling hashbrown v0.9.1
[INFO] [stderr]    Compiling regex-syntax v0.6.18
[INFO] [stderr]    Compiling num_cpus v1.11.1
[INFO] [stderr]    Compiling time v0.1.42
[INFO] [stderr]    Compiling ryu v1.0.5
[INFO] [stderr]    Compiling num-integer v0.1.41
[INFO] [stderr]    Compiling scopeguard v1.1.0
[INFO] [stderr]    Compiling regex v1.1.2
[INFO] [stderr]    Compiling rand_core v0.4.2
[INFO] [stderr]    Compiling aho-corasick v0.6.10
[INFO] [stderr]    Compiling thread_local v0.3.6
[INFO] [stderr]    Compiling utf8-ranges v1.0.4
[INFO] [stderr]    Compiling unicode-xid v0.1.0
[INFO] [stderr]    Compiling rand_core v0.3.1
[INFO] [stderr]    Compiling crossbeam-utils v0.7.2
[INFO] [stderr]    Compiling proc-macro2 v0.4.27
[INFO] [stderr]    Compiling iovec v0.1.4
[INFO] [stderr]    Compiling fnv v1.0.7
[INFO] [stderr]    Compiling getrandom v0.1.15
[INFO] [stderr]    Compiling fake-simd v0.1.2
[INFO] [stderr]    Compiling arrayref v0.3.5
[INFO] [stderr]    Compiling pkg-config v0.3.18
[INFO] [stderr]    Compiling lock_api v0.3.4
[INFO] [stderr]    Compiling syn v0.15.31
[INFO] [stderr]    Compiling rand_core v0.5.1
[INFO] [stderr]    Compiling futures v0.1.29
[INFO] [stderr]    Compiling bytes v0.4.12
[INFO] [stderr]    Compiling ppv-lite86 v0.2.9
[INFO] [stderr]    Compiling either v1.6.1
[INFO] [stderr]    Compiling quote v0.6.11
[INFO] [stderr]    Compiling rand_chacha v0.2.2
[INFO] [stderr]    Compiling generic-array v0.9.0
[INFO] [stderr]    Compiling tinyvec v0.3.4
[INFO] [stderr]    Compiling matches v0.1.8
[INFO] [stderr]    Compiling unicode-normalization v0.1.13
[INFO] [stderr]    Compiling unicode-bidi v0.3.4
[INFO] [stderr]    Compiling rand v0.7.3
[INFO] [stderr]    Compiling digest v0.7.6
[INFO] [stderr]    Compiling net2 v0.2.33
[INFO] [stderr]    Compiling byte-tools v0.2.0
[INFO] [stderr]    Compiling block-buffer v0.3.3
[INFO] [stderr]    Compiling crossbeam-utils v0.6.6
[INFO] [stderr]    Compiling backtrace-sys v0.1.37
[INFO] [stderr]    Compiling sha2 v0.7.1
[INFO] [stderr]    Compiling memoffset v0.5.6
[INFO] [stderr]    Compiling backtrace v0.3.27
[INFO] [stderr]    Compiling crossbeam-epoch v0.8.2
[INFO] [stderr]    Compiling openssl-src v111.11.0+1.1.1h
[INFO] [stderr]    Compiling rustc-demangle v0.1.16
[INFO] [stderr]    Compiling tokio-executor v0.1.10
[INFO] [stderr]    Compiling openssl-sys v0.9.58
[INFO] [stderr]    Compiling percent-encoding v1.0.1
[INFO] [stderr]    Compiling crossbeam-deque v0.7.3
[INFO] [stderr]    Compiling proc-macro2 v0.2.3
[INFO] [stderr]    Compiling pin-project-internal v0.4.25
[INFO] [stderr]    Compiling pin-utils v0.1.0
[INFO] [stderr]    Compiling crossbeam-channel v0.3.8
[INFO] [stderr]    Compiling quote v0.4.2
[INFO] [stderr]    Compiling syn v0.12.15
[INFO] [stderr]    Compiling itertools v0.7.11
[INFO] [stderr]    Compiling rand_pcg v0.1.2
[INFO] [stderr]    Compiling rand_chacha v0.1.1
[INFO] [stderr]    Compiling foreign-types-shared v0.1.1
[INFO] [stderr]    Compiling openssl v0.10.25
[INFO] [stderr]    Compiling futures-core-preview v0.3.0-alpha.17
[INFO] [stderr]    Compiling httparse v1.3.4
[INFO] [stderr]    Compiling futures-sink-preview v0.3.0-alpha.17
[INFO] [stderr]    Compiling foreign-types v0.3.2
[INFO] [stderr]    Compiling tokio-sync v0.1.8
[INFO] [stderr]    Compiling rand v0.6.5
[INFO] [stderr]    Compiling smallvec v1.4.2
[INFO] [stderr]    Compiling num-bigint v0.2.2
[INFO] [stderr]    Compiling crunchy v0.2.2
[INFO] [stderr]    Compiling native-tls v0.2.3
[INFO] [stderr]    Compiling futures-channel-preview v0.3.0-alpha.17
[INFO] [stderr]    Compiling rand_xorshift v0.1.1
[INFO] [stderr]    Compiling rand_isaac v0.1.1
[INFO] [stderr]    Compiling rand_hc v0.1.0
[INFO] [stderr]    Compiling serde_derive v1.0.104
[INFO] [stderr]    Compiling rand v0.5.6
[INFO] [stderr]    Compiling rand_jitter v0.1.4
[INFO] [stderr]    Compiling shrinkwraprs v0.2.1
[INFO] [stderr]    Compiling rand_os v0.1.3
[INFO] [stderr]    Compiling num-iter v0.1.39
[INFO] [stderr]    Compiling futures-io-preview v0.3.0-alpha.17
[INFO] [stderr]    Compiling openssl-probe v0.1.2
[INFO] [stderr]    Compiling num-rational v0.2.1
[INFO] [stderr]    Compiling num-complex v0.2.1
[INFO] [stderr]    Compiling futures-util-preview v0.3.0-alpha.17
[INFO] [stderr]    Compiling idna v0.1.5
[INFO] [stderr]    Compiling generic-array v0.12.3
[INFO] [stderr]    Compiling base64 v0.10.1
[INFO] [stderr]    Compiling version_check v0.9.2
[INFO] [stderr]    Compiling quick-error v1.2.3
[INFO] [stderr]    Compiling url v1.7.2
[INFO] [stderr]    Compiling pin-project v0.4.25
[INFO] [stderr]    Compiling futures-executor-preview v0.3.0-alpha.17
[INFO] [stderr]    Compiling tiny-keccak v1.5.0
[INFO] [stderr]    Compiling sha1 v0.5.0
[INFO] [stderr]    Compiling reed-solomon v0.2.1
[INFO] [stderr]    Compiling holochain_json_api v0.0.23
[INFO] [stderr]    Compiling hcid v0.0.6
[INFO] [stderr]    Compiling multihash v0.8.0
[INFO] [stderr]    Compiling num v0.2.0
[INFO] [stderr]    Compiling futures-preview v0.3.0-alpha.17
[INFO] [stderr]    Compiling crossbeam-queue v0.2.3
[INFO] [stderr]    Compiling holochain_persistence_api v0.0.18
[INFO] [stderr]    Compiling ansi_term v0.11.0
[INFO] [stderr]    Compiling objekt v0.1.2
[INFO] [stderr]    Compiling rust-base58 v0.0.4
[INFO] [stderr]    Compiling http v0.1.21
[INFO] [stderr]    Compiling rand v0.4.6
[INFO] [stderr]    Compiling spin v0.5.2
[INFO] [stderr]    Compiling digest v0.8.1
[INFO] [stderr]    Compiling tokio-timer v0.2.13
[INFO] [stderr]    Compiling tokio-current-thread v0.1.7
[INFO] [stderr]    Compiling idna v0.2.0
[INFO] [stderr]    Compiling regex-automata v0.1.9
[INFO] [stderr]    Compiling atty v0.2.14
[INFO] [stderr]    Compiling crc32fast v1.2.0
[INFO] [stderr]    Compiling percent-encoding v2.1.0
[INFO] [stderr]    Compiling tracing-core v0.1.10
[INFO] [stderr]    Compiling constant_time_eq v0.1.5
[INFO] [stderr]    Compiling protobuf v2.14.0
[INFO] [stderr]    Compiling adler32 v1.2.0
[INFO] [stderr]    Compiling trackable_derive v0.1.3
[INFO] [stderr]    Compiling synstructure v0.10.2
[INFO] [stderr]    Compiling string v0.2.1
[INFO] [stderr]    Compiling ordered-float v1.1.0
[INFO] [stderr]    Compiling try-lock v0.2.3
[INFO] [stderr]    Compiling prometheus v0.7.0
[INFO] [stderr]    Compiling byte-tools v0.3.1
[INFO] [stderr]    Compiling futures-core v0.3.5
[INFO] [stderr]    Compiling proc-macro-nested v0.1.6
[INFO] [stderr]    Compiling block-padding v0.1.5
[INFO] [stderr]    Compiling trackable v0.2.23
[INFO] [stderr]    Compiling futures-cpupool v0.1.8
[INFO] [stderr]    Compiling itertools v0.8.2
[INFO] [stderr]    Compiling bzip2-sys v0.1.9+1.0.8
[INFO] [stderr]    Compiling zeroize_derive v0.9.3
[INFO] [stderr]    Compiling colored v1.7.0
[INFO] [stderr]    Compiling futures-sink v0.3.5
[INFO] [stderr]    Compiling stable_deref_trait v1.2.0
[INFO] [stderr]    Compiling arc-swap v0.4.7
[INFO] [stderr]    Compiling once_cell v1.4.1
[INFO] [stderr]    Compiling proc-macro-hack v0.5.18
[INFO] [stderr]    Compiling shrinkwraprs v0.3.0
[INFO] [stderr]    Compiling signal-hook-registry v1.2.1
[INFO] [stderr]    Compiling futures-task v0.3.5
[INFO] [stderr]    Compiling zeroize v0.9.2
[INFO] [stderr]    Compiling futures-channel v0.3.5
[INFO] [stderr]    Compiling block-buffer v0.7.3
[INFO] [stderr]    Compiling tracing-attributes v0.1.11
[INFO] [stderr]    Compiling threadpool v1.7.1
[INFO] [stderr]    Compiling hostname v0.1.5
[INFO] [stderr]    Compiling unicode-width v0.1.8
[INFO] [stderr]    Compiling futures-io v0.3.5
[INFO] [stderr]    Compiling futures-macro v0.3.5
[INFO] [stderr]    Compiling proc-macro-hack-impl v0.4.2
[INFO] [stderr]    Compiling opaque-debug v0.2.3
[INFO] [stderr]    Compiling integer-encoding v1.1.5
[INFO] [stderr]    Compiling rustracing v0.2.1
[INFO] [stderr]    Compiling proc-macro-hack v0.4.2
[INFO] [stderr]    Compiling thrift_codec v0.1.1
[INFO] [stderr]    Compiling miniz_oxide v0.3.7
[INFO] [stderr]    Compiling tracing v0.1.13
[INFO] [stderr]    Compiling futures-util v0.3.5
[INFO] [stderr]    Compiling matchers v0.0.1
[INFO] [stderr]    Compiling humantime v1.3.0
[INFO] [stderr]    Compiling dirs v1.0.5
[INFO] [stderr]    Compiling sharded-slab v0.0.8
[INFO] [stderr]    Compiling termcolor v1.1.0
[INFO] [stderr]    Compiling semver v0.9.0
[INFO] [stderr]    Compiling chrono v0.4.6
[INFO] [stderr]    Compiling rustc_version v0.2.3
[INFO] [stderr]    Compiling mio v0.6.22
[INFO] [stderr]    Compiling serde_json v1.0.47
[INFO] [stderr]    Compiling parking_lot_core v0.6.2
[INFO] [stderr]    Compiling parking_lot v0.9.0
[INFO] [stderr]    Compiling tokio-io v0.1.13
[INFO] [stderr]    Compiling mio-uds v0.6.7
[INFO] [stderr]    Compiling uuid v0.7.1
[INFO] [stderr]    Compiling bincode v1.3.1
[INFO] [stderr]    Compiling tokio-codec v0.1.2
[INFO] [stderr]    Compiling tokio-threadpool v0.1.18
[INFO] [stderr]    Compiling tokio-reactor v0.1.12
[INFO] [stderr]    Compiling url v2.1.0
[INFO] [stderr]    Compiling tokio-uds v0.2.7
[INFO] [stderr]    Compiling tokio-udp v0.1.6
[INFO] [stderr]    Compiling holochain_json_derive v0.0.23
[INFO] [stderr]    Compiling tokio-fs v0.1.7
[INFO] [stderr]    Compiling tokio-tcp v0.1.4
[INFO] [stderr]    Compiling h2 v0.1.26
[INFO] [stderr]    Compiling tokio v0.1.22
[INFO] [stdout] error[E0432]: unresolved import `std::option::NoneError`
[INFO] [stdout]   --> /opt/rustwide/cargo-home/registry/src/index.crates.io-6f17d22bba15001f/holochain_json_api-0.0.23/src/error/mod.rs:12:5
[INFO] [stdout]    |
[INFO] [stdout] 12 |     option::NoneError,
[INFO] [stdout]    |     ^^^^^^^^^^^^^^^^^ no `NoneError` in `option`
[INFO] [stdout] 
[INFO] [stdout] 
[INFO] [stdout] error[E0554]: `#![feature]` may not be used on the beta release channel
[INFO] [stdout]  --> /opt/rustwide/cargo-home/registry/src/index.crates.io-6f17d22bba15001f/holochain_json_api-0.0.23/src/lib.rs:4:1
[INFO] [stdout]   |
[INFO] [stdout] 4 | #![feature(try_trait)]
[INFO] [stdout]   | ^^^^^^^^^^^^^^^^^^^^^^
[INFO] [stdout] 
[INFO] [stdout] 
[INFO] [stdout] error[E0554]: `#![feature]` may not be used on the beta release channel
[INFO] [stdout]  --> /opt/rustwide/cargo-home/registry/src/index.crates.io-6f17d22bba15001f/holochain_json_api-0.0.23/src/lib.rs:5:1
[INFO] [stdout]   |
[INFO] [stdout] 5 | #![feature(never_type)]
[INFO] [stdout]   | ^^^^^^^^^^^^^^^^^^^^^^^
[INFO] [stdout] 
[INFO] [stdout] 
[INFO] [stdout] error[E0554]: `#![feature]` may not be used on the beta release channel
[INFO] [stdout]  --> /opt/rustwide/cargo-home/registry/src/index.crates.io-6f17d22bba15001f/holochain_json_api-0.0.23/src/lib.rs:4:12
[INFO] [stdout]   |
[INFO] [stdout] 4 | #![feature(try_trait)]
[INFO] [stdout]   |            ^^^^^^^^^
[INFO] [stdout] 
[INFO] [stdout] 
[INFO] [stdout] error[E0635]: unknown feature `try_trait`
[INFO] [stdout]  --> /opt/rustwide/cargo-home/registry/src/index.crates.io-6f17d22bba15001f/holochain_json_api-0.0.23/src/lib.rs:4:12
[INFO] [stdout]   |
[INFO] [stdout] 4 | #![feature(try_trait)]
[INFO] [stdout]   |            ^^^^^^^^^
[INFO] [stdout] 
[INFO] [stdout] 
[INFO] [stderr]    Compiling want v0.0.6
[INFO] [stderr]    Compiling toml v0.5.0
[INFO] [stdout] error: aborting due to 5 previous errors
[INFO] [stdout] 
[INFO] [stdout] 
[INFO] [stdout] Some errors have detailed explanations: E0432, E0554, E0635.
[INFO] [stdout] 
[INFO] [stdout] For more information about an error, try `rustc --explain E0432`.
[INFO] [stdout] 
[INFO] [stderr] error: could not compile `holochain_json_api` (lib) due to 6 previous errors
[INFO] [stderr] warning: build failed, waiting for other jobs to finish...
[INFO] running `Command { std: "docker" "inspect" "083e655d734e29f52e92f75af645e08e7ebe087ed30b36731f983881b70f6d0f", kill_on_drop: false }`
[INFO] running `Command { std: "docker" "rm" "-f" "083e655d734e29f52e92f75af645e08e7ebe087ed30b36731f983881b70f6d0f", kill_on_drop: false }`
[INFO] [stdout] 083e655d734e29f52e92f75af645e08e7ebe087ed30b36731f983881b70f6d0f
