[INFO] cloning repository https://github.com/TyberiusPrime/stm32f103_k2k
[INFO] running `Command { std: "git" "-c" "credential.helper=" "-c" "credential.helper=/workspace/cargo-home/bin/git-credential-null" "clone" "--bare" "https://github.com/TyberiusPrime/stm32f103_k2k" "/workspace/cache/git-repos/https%3A%2F%2Fgithub.com%2FTyberiusPrime%2Fstm32f103_k2k", kill_on_drop: false }`
[INFO] [stderr] Cloning into bare repository '/workspace/cache/git-repos/https%3A%2F%2Fgithub.com%2FTyberiusPrime%2Fstm32f103_k2k'...
[INFO] running `Command { std: "git" "rev-parse" "HEAD", kill_on_drop: false }`
[INFO] [stdout] 75ea0e1ea6a79801357daf2a815c308391873540
[INFO] testing TyberiusPrime/stm32f103_k2k against 1.69.0 for beta-1.70-1
[INFO] running `Command { std: "git" "clone" "/workspace/cache/git-repos/https%3A%2F%2Fgithub.com%2FTyberiusPrime%2Fstm32f103_k2k" "/workspace/builds/worker-2-tc1/source", kill_on_drop: false }`
[INFO] [stderr] Cloning into '/workspace/builds/worker-2-tc1/source'...
[INFO] [stderr] done.
[INFO] validating manifest of git repo https://github.com/TyberiusPrime/stm32f103_k2k on toolchain 1.69.0
[INFO] running `Command { std: CARGO_HOME="/workspace/cargo-home" RUSTUP_HOME="/workspace/rustup-home" "/workspace/cargo-home/bin/cargo" "+1.69.0" "metadata" "--manifest-path" "Cargo.toml" "--no-deps", kill_on_drop: false }`
[INFO] removed /workspace/builds/worker-2-tc1/source/.cargo/config
[INFO] removed /workspace/builds/worker-2-tc1/source/rust-toolchain
[INFO] started tweaking git repo https://github.com/TyberiusPrime/stm32f103_k2k
[INFO] finished tweaking git repo https://github.com/TyberiusPrime/stm32f103_k2k
[INFO] tweaked toml for git repo https://github.com/TyberiusPrime/stm32f103_k2k written to /workspace/builds/worker-2-tc1/source/Cargo.toml
[INFO] crate git repo https://github.com/TyberiusPrime/stm32f103_k2k already has a lockfile, it will not be regenerated
[INFO] running `Command { std: CARGO_HOME="/workspace/cargo-home" RUSTUP_HOME="/workspace/rustup-home" "/workspace/cargo-home/bin/cargo" "+1.69.0" "fetch" "--manifest-path" "Cargo.toml", kill_on_drop: false }`
[INFO] [stderr]     Updating git repository `https://github.com/TyberiusPrime/KeyToKey.git`
[INFO] [stderr]     Updating git repository `https://github.com/servo/smallbitvec`
[INFO] [stderr]  Downloading crates ...
[INFO] [stderr]   Downloaded as-slice v0.1.2
[INFO] [stderr]   Downloaded owned-singleton v0.1.0
[INFO] [stderr]   Downloaded owned-singleton-macros v0.1.0
[INFO] [stderr]   Downloaded cortex-m v0.5.10
[INFO] [stderr]   Downloaded cortex-m v0.1.8
[INFO] [stderr]   Downloaded volatile-register v0.1.2
[INFO] [stderr]   Downloaded linked_list_allocator v0.6.6
[INFO] [stderr]   Downloaded alloc-cortex-m v0.3.5
[INFO] [stderr]   Downloaded cortex-m-rtfm-macros v0.4.3
[INFO] [stderr]   Downloaded cortex-m-rtfm v0.4.3
[INFO] [stderr]   Downloaded no-std-compat v0.1.1
[INFO] [stderr]   Downloaded heapless v0.4.4
[INFO] [stderr]   Downloaded usb-device v0.2.4
[INFO] [stderr]   Downloaded num_enum v0.3.1
[INFO] [stderr]   Downloaded debouncing v0.1.0
[INFO] [stderr]   Downloaded stm32-usbd v0.3.1
[INFO] [stderr]   Downloaded stm32f1xx-hal v0.3.0
[INFO] [stderr]   Downloaded stm32f1 v0.7.1
[INFO] running `Command { std: "docker" "create" "-v" "/var/lib/crater-agent-workspace/builds/worker-2-tc1/target:/opt/rustwide/target:rw,Z" "-v" "/var/lib/crater-agent-workspace/builds/worker-2-tc1/source:/opt/rustwide/workdir:ro,Z" "-v" "/var/lib/crater-agent-workspace/cargo-home:/opt/rustwide/cargo-home:ro,Z" "-v" "/var/lib/crater-agent-workspace/rustup-home:/opt/rustwide/rustup-home:ro,Z" "-e" "SOURCE_DIR=/opt/rustwide/workdir" "-e" "CARGO_TARGET_DIR=/opt/rustwide/target" "-e" "CARGO_HOME=/opt/rustwide/cargo-home" "-e" "RUSTUP_HOME=/opt/rustwide/rustup-home" "-w" "/opt/rustwide/workdir" "-m" "1610612736" "--user" "0:0" "--network" "none" "ghcr.io/rust-lang/crates-build-env/linux@sha256:5ff2268d62e97bff2cde7d5815dd6ed5b47097566f13b8d0ca110b04b60e07ed" "/opt/rustwide/cargo-home/bin/cargo" "+1.69.0" "metadata" "--no-deps" "--format-version=1", kill_on_drop: false }`
[INFO] [stdout] e8c34535f088d575c92ca701fea59b2a71abbb5f31d9a29ec44b78bc316a06f0
[INFO] running `Command { std: "docker" "start" "-a" "e8c34535f088d575c92ca701fea59b2a71abbb5f31d9a29ec44b78bc316a06f0", kill_on_drop: false }`
[INFO] running `Command { std: "docker" "inspect" "e8c34535f088d575c92ca701fea59b2a71abbb5f31d9a29ec44b78bc316a06f0", kill_on_drop: false }`
[INFO] running `Command { std: "docker" "rm" "-f" "e8c34535f088d575c92ca701fea59b2a71abbb5f31d9a29ec44b78bc316a06f0", kill_on_drop: false }`
[INFO] [stdout] e8c34535f088d575c92ca701fea59b2a71abbb5f31d9a29ec44b78bc316a06f0
[INFO] running `Command { std: "docker" "create" "-v" "/var/lib/crater-agent-workspace/builds/worker-2-tc1/target:/opt/rustwide/target:rw,Z" "-v" "/var/lib/crater-agent-workspace/builds/worker-2-tc1/source:/opt/rustwide/workdir:ro,Z" "-v" "/var/lib/crater-agent-workspace/cargo-home:/opt/rustwide/cargo-home:ro,Z" "-v" "/var/lib/crater-agent-workspace/rustup-home:/opt/rustwide/rustup-home:ro,Z" "-e" "SOURCE_DIR=/opt/rustwide/workdir" "-e" "CARGO_TARGET_DIR=/opt/rustwide/target" "-e" "CARGO_INCREMENTAL=0" "-e" "RUST_BACKTRACE=full" "-e" "RUSTFLAGS=--cap-lints=warn" "-e" "RUSTDOCFLAGS=--cap-lints=warn" "-e" "CARGO_HOME=/opt/rustwide/cargo-home" "-e" "RUSTUP_HOME=/opt/rustwide/rustup-home" "-w" "/opt/rustwide/workdir" "-m" "1610612736" "--user" "0:0" "--network" "none" "ghcr.io/rust-lang/crates-build-env/linux@sha256:5ff2268d62e97bff2cde7d5815dd6ed5b47097566f13b8d0ca110b04b60e07ed" "/opt/rustwide/cargo-home/bin/cargo" "+1.69.0" "build" "--frozen" "--message-format=json", kill_on_drop: false }`
[INFO] [stdout] 83c7660d80cd655c3b988c21c7ae35b373670c281c89b4e44490cf618ff802bf
[INFO] running `Command { std: "docker" "start" "-a" "83c7660d80cd655c3b988c21c7ae35b373670c281c89b4e44490cf618ff802bf", kill_on_drop: false }`
[INFO] [stderr]    Compiling typenum v1.11.2
[INFO] [stderr]    Compiling semver-parser v0.7.0
[INFO] [stderr]    Compiling stable_deref_trait v1.1.1
[INFO] [stderr]    Compiling cortex-m v0.6.2
[INFO] [stderr]    Compiling proc-macro2 v1.0.8
[INFO] [stderr]    Compiling proc-macro2 v0.4.30
[INFO] [stderr]    Compiling unicode-xid v0.2.0
[INFO] [stderr]    Compiling unicode-xid v0.1.0
[INFO] [stderr]    Compiling syn v1.0.14
[INFO] [stderr]    Compiling vcell v0.1.2
[INFO] [stderr]    Compiling semver v0.9.0
[INFO] [stderr]    Compiling syn v0.15.44
[INFO] [stderr]    Compiling rustc_version v0.2.3
[INFO] [stderr]    Compiling volatile-register v0.2.0
[INFO] [stderr]    Compiling byteorder v1.3.4
[INFO] [stderr]    Compiling cortex-m-rt v0.6.12
[INFO] [stderr]    Compiling rand_core v0.4.2
[INFO] [stderr]    Compiling bare-metal v0.2.5
[INFO] [stderr]    Compiling r0 v0.2.2
[INFO] [stderr]    Compiling rand_core v0.3.1
[INFO] [stderr]    Compiling cast v0.2.3
[INFO] [stderr]    Compiling stm32f1 v0.7.1
[INFO] [stderr]    Compiling rand v0.5.6
[INFO] [stderr]    Compiling quote v1.0.2
[INFO] [stderr]    Compiling quote v0.6.13
[INFO] [stderr]    Compiling generic-array v0.12.3
[INFO] [stderr]    Compiling generic-array v0.13.2
[INFO] [stderr]    Compiling heapless v0.4.4
[INFO] [stderr]    Compiling hash32 v0.1.1
[INFO] [stderr]    Compiling generic-array v0.11.1
[INFO] [stderr]    Compiling cortex-m v0.5.10
[INFO] [stderr]    Compiling as-slice v0.1.2
[INFO] [stderr]    Compiling void v1.0.2
[INFO] [stderr]    Compiling nb v0.1.2
[INFO] [stderr]    Compiling aligned v0.2.0
[INFO] [stderr]    Compiling embedded-hal v0.2.3
[INFO] [stderr]    Compiling cortex-m-semihosting v0.3.5
[INFO] [stderr]    Compiling volatile-register v0.1.2
[INFO] [stderr]    Compiling spin v0.5.2
[INFO] [stderr]    Compiling aligned v0.3.2
[INFO] [stderr]    Compiling cortex-m-rtfm v0.4.3
[INFO] [stderr]    Compiling no-std-compat v0.1.1
[INFO] [stderr]    Compiling lazy_static v1.4.0
[INFO] [stdout] error[E0433]: failed to resolve: could not find `prelude` in `__alloc`
[INFO] [stdout]    --> /opt/rustwide/cargo-home/registry/src/github.com-1ecc6299db9ec823/no-std-compat-0.1.1/src/generated.rs:123:52
[INFO] [stdout]     |
[INFO] [stdout] 123 |         #[cfg(feature = "alloc")] pub use __alloc::prelude::v1::*;
[INFO] [stdout]     |                                                    ^^^^^^^ could not find `prelude` in `__alloc`
[INFO] [stdout] 
[INFO] [stdout] 
[INFO] [stdout] error[E0432]: unresolved import `__core::raw`
[INFO] [stdout]    --> /opt/rustwide/cargo-home/registry/src/github.com-1ecc6299db9ec823/no-std-compat-0.1.1/src/generated.rs:133:21
[INFO] [stdout]     |
[INFO] [stdout] 133 |     pub use __core::raw::*;
[INFO] [stdout]     |                     ^^^ could not find `raw` in `__core`
[INFO] [stdout] 
[INFO] [stdout] 
[INFO] [stdout] error[E0603]: module `raw_vec` is private
[INFO] [stdout]    --> /opt/rustwide/cargo-home/registry/src/github.com-1ecc6299db9ec823/no-std-compat-0.1.1/src/generated.rs:136:48
[INFO] [stdout]     |
[INFO] [stdout] 136 |     #[cfg(feature = "alloc")] pub use __alloc::raw_vec::*;
[INFO] [stdout]     |                                                ^^^^^^^ private module
[INFO] [stdout]     |
[INFO] [stdout] note: the module `raw_vec` is defined here
[INFO] [stdout]    --> /rustc/84c898d65adf2f39a5a98507f1fe0ce10a2b8dbc/library/alloc/src/lib.rs:222:1
[INFO] [stdout] 
[INFO] [stdout] 
[INFO] [stdout] error[E0554]: `#![feature]` may not be used on the stable release channel
[INFO] [stdout]  --> /opt/rustwide/cargo-home/registry/src/github.com-1ecc6299db9ec823/no-std-compat-0.1.1/src/lib.rs:1:51
[INFO] [stdout]   |
[INFO] [stdout] 1 | #![cfg_attr(not(feature = "std"), no_std, feature(fixed_size_array, core_intrinsics, core_panic_info, core_panic, raw, unicode_internals))]
[INFO] [stdout]   |                                                   ^^^^^^^^^^^^^^^^
[INFO] [stdout] 
[INFO] [stdout] 
[INFO] [stdout] error[E0554]: `#![feature]` may not be used on the stable release channel
[INFO] [stdout]  --> /opt/rustwide/cargo-home/registry/src/github.com-1ecc6299db9ec823/no-std-compat-0.1.1/src/lib.rs:1:69
[INFO] [stdout]   |
[INFO] [stdout] 1 | #![cfg_attr(not(feature = "std"), no_std, feature(fixed_size_array, core_intrinsics, core_panic_info, core_panic, raw, unicode_internals))]
[INFO] [stdout]   |                                                                     ^^^^^^^^^^^^^^^
[INFO] [stdout] 
[INFO] [stdout] 
[INFO] [stdout] error[E0554]: `#![feature]` may not be used on the stable release channel
[INFO] [stdout]  --> /opt/rustwide/cargo-home/registry/src/github.com-1ecc6299db9ec823/no-std-compat-0.1.1/src/lib.rs:1:86
[INFO] [stdout]   |
[INFO] [stdout] 1 | #![cfg_attr(not(feature = "std"), no_std, feature(fixed_size_array, core_intrinsics, core_panic_info, core_panic, raw, unicode_internals))]
[INFO] [stdout]   |                                                                                      ^^^^^^^^^^^^^^^
[INFO] [stdout] 
[INFO] [stdout] 
[INFO] [stdout] error[E0554]: `#![feature]` may not be used on the stable release channel
[INFO] [stdout]  --> /opt/rustwide/cargo-home/registry/src/github.com-1ecc6299db9ec823/no-std-compat-0.1.1/src/lib.rs:1:103
[INFO] [stdout]   |
[INFO] [stdout] 1 | #![cfg_attr(not(feature = "std"), no_std, feature(fixed_size_array, core_intrinsics, core_panic_info, core_panic, raw, unicode_internals))]
[INFO] [stdout]   |                                                                                                       ^^^^^^^^^^
[INFO] [stdout] 
[INFO] [stdout] 
[INFO] [stdout] error[E0554]: `#![feature]` may not be used on the stable release channel
[INFO] [stdout]  --> /opt/rustwide/cargo-home/registry/src/github.com-1ecc6299db9ec823/no-std-compat-0.1.1/src/lib.rs:1:115
[INFO] [stdout]   |
[INFO] [stdout] 1 | #![cfg_attr(not(feature = "std"), no_std, feature(fixed_size_array, core_intrinsics, core_panic_info, core_panic, raw, unicode_internals))]
[INFO] [stdout]   |                                                                                                                   ^^^
[INFO] [stdout] 
[INFO] [stdout] 
[INFO] [stdout] error[E0554]: `#![feature]` may not be used on the stable release channel
[INFO] [stdout]  --> /opt/rustwide/cargo-home/registry/src/github.com-1ecc6299db9ec823/no-std-compat-0.1.1/src/lib.rs:1:120
[INFO] [stdout]   |
[INFO] [stdout] 1 | #![cfg_attr(not(feature = "std"), no_std, feature(fixed_size_array, core_intrinsics, core_panic_info, core_panic, raw, unicode_internals))]
[INFO] [stdout]   |                                                                                                                        ^^^^^^^^^^^^^^^^^
[INFO] [stdout] 
[INFO] [stdout] 
[INFO] [stdout] error[E0554]: `#![feature]` may not be used on the stable release channel
[INFO] [stdout]  --> /opt/rustwide/cargo-home/registry/src/github.com-1ecc6299db9ec823/no-std-compat-0.1.1/src/lib.rs:2:67
[INFO] [stdout]   |
[INFO] [stdout] 2 | #![cfg_attr(all(not(feature = "std"), feature = "alloc"), feature(alloc_prelude, raw_vec_internals))]
[INFO] [stdout]   |                                                                   ^^^^^^^^^^^^^
[INFO] [stdout] 
[INFO] [stdout] 
[INFO] [stdout] error[E0554]: `#![feature]` may not be used on the stable release channel
[INFO] [stdout]  --> /opt/rustwide/cargo-home/registry/src/github.com-1ecc6299db9ec823/no-std-compat-0.1.1/src/lib.rs:2:82
[INFO] [stdout]   |
[INFO] [stdout] 2 | #![cfg_attr(all(not(feature = "std"), feature = "alloc"), feature(alloc_prelude, raw_vec_internals))]
[INFO] [stdout]   |                                                                                  ^^^^^^^^^^^^^^^^^
[INFO] [stdout] 
[INFO] [stdout] 
[INFO] [stdout] error[E0635]: unknown feature `fixed_size_array`
[INFO] [stdout]  --> /opt/rustwide/cargo-home/registry/src/github.com-1ecc6299db9ec823/no-std-compat-0.1.1/src/lib.rs:1:51
[INFO] [stdout]   |
[INFO] [stdout] 1 | #![cfg_attr(not(feature = "std"), no_std, feature(fixed_size_array, core_intrinsics, core_panic_info, core_panic, raw, unicode_internals))]
[INFO] [stdout]   |                                                   ^^^^^^^^^^^^^^^^
[INFO] [stdout] 
[INFO] [stdout] 
[INFO] [stdout] error[E0635]: unknown feature `alloc_prelude`
[INFO] [stdout]  --> /opt/rustwide/cargo-home/registry/src/github.com-1ecc6299db9ec823/no-std-compat-0.1.1/src/lib.rs:2:67
[INFO] [stdout]   |
[INFO] [stdout] 2 | #![cfg_attr(all(not(feature = "std"), feature = "alloc"), feature(alloc_prelude, raw_vec_internals))]
[INFO] [stdout]   |                                                                   ^^^^^^^^^^^^^
[INFO] [stdout] 
[INFO] [stdout] 
[INFO] [stdout] error[E0635]: unknown feature `raw`
[INFO] [stdout]  --> /opt/rustwide/cargo-home/registry/src/github.com-1ecc6299db9ec823/no-std-compat-0.1.1/src/lib.rs:1:115
[INFO] [stdout]   |
[INFO] [stdout] 1 | #![cfg_attr(not(feature = "std"), no_std, feature(fixed_size_array, core_intrinsics, core_panic_info, core_panic, raw, unicode_internals))]
[INFO] [stdout]   |                                                                                                                   ^^^
[INFO] [stdout] 
[INFO] [stdout] 
[INFO] [stdout] error: aborting due to 14 previous errors
[INFO] [stdout] 
[INFO] [stdout] 
[INFO] [stdout] Some errors have detailed explanations: E0432, E0433, E0554, E0603, E0635.
[INFO] [stdout] 
[INFO] [stdout] For more information about an error, try `rustc --explain E0432`.
[INFO] [stdout] 
[INFO] [stderr] error: could not compile `no-std-compat` due to 15 previous errors
[INFO] [stderr] warning: build failed, waiting for other jobs to finish...
[INFO] running `Command { std: "docker" "inspect" "83c7660d80cd655c3b988c21c7ae35b373670c281c89b4e44490cf618ff802bf", kill_on_drop: false }`
[INFO] running `Command { std: "docker" "rm" "-f" "83c7660d80cd655c3b988c21c7ae35b373670c281c89b4e44490cf618ff802bf", kill_on_drop: false }`
[INFO] [stdout] 83c7660d80cd655c3b988c21c7ae35b373670c281c89b4e44490cf618ff802bf
