[INFO] cloning repository https://github.com/Turakar/audition-dates
[INFO] running `Command { std: "git" "-c" "credential.helper=" "-c" "credential.helper=/workspace/cargo-home/bin/git-credential-null" "clone" "--bare" "https://github.com/Turakar/audition-dates" "/workspace/cache/git-repos/https%3A%2F%2Fgithub.com%2FTurakar%2Faudition-dates", kill_on_drop: false }`
[INFO] [stderr] Cloning into bare repository '/workspace/cache/git-repos/https%3A%2F%2Fgithub.com%2FTurakar%2Faudition-dates'...
[INFO] running `Command { std: "git" "rev-parse" "HEAD", kill_on_drop: false }`
[INFO] [stdout] 647ffd5c78aa8fdc134d3bdabe0f271ee1edcbd4
[INFO] testing Turakar/audition-dates against beta-2023-04-20 for beta-1.70-1
[INFO] running `Command { std: "git" "clone" "/workspace/cache/git-repos/https%3A%2F%2Fgithub.com%2FTurakar%2Faudition-dates" "/workspace/builds/worker-7-tc2/source", kill_on_drop: false }`
[INFO] [stderr] Cloning into '/workspace/builds/worker-7-tc2/source'...
[INFO] [stderr] done.
[INFO] validating manifest of git repo https://github.com/Turakar/audition-dates on toolchain beta-2023-04-20
[INFO] running `Command { std: CARGO_HOME="/workspace/cargo-home" RUSTUP_HOME="/workspace/rustup-home" "/workspace/cargo-home/bin/cargo" "+beta-2023-04-20" "metadata" "--manifest-path" "Cargo.toml" "--no-deps", kill_on_drop: false }`
[INFO] started tweaking git repo https://github.com/Turakar/audition-dates
[INFO] finished tweaking git repo https://github.com/Turakar/audition-dates
[INFO] tweaked toml for git repo https://github.com/Turakar/audition-dates written to /workspace/builds/worker-7-tc2/source/Cargo.toml
[INFO] crate git repo https://github.com/Turakar/audition-dates already has a lockfile, it will not be regenerated
[INFO] running `Command { std: CARGO_HOME="/workspace/cargo-home" RUSTUP_HOME="/workspace/rustup-home" "/workspace/cargo-home/bin/cargo" "+beta-2023-04-20" "fetch" "--manifest-path" "Cargo.toml", kill_on_drop: false }`
[INFO] [stderr]     Updating crates.io index
[INFO] [stderr]  Downloading crates ...
[INFO] [stderr]   Downloaded lazy-regex v2.4.1
[INFO] [stderr]   Downloaded rocket_dyn_templates v0.1.0-rc.2
[INFO] [stderr]   Downloaded derive_deref v1.1.1
[INFO] [stderr]   Downloaded argon2 v0.4.1
[INFO] [stderr]   Downloaded rocket_db_pools_codegen v0.1.0-rc.2
[INFO] [stderr]   Downloaded rocket_db_pools v0.1.0-rc.2
[INFO] [stderr]   Downloaded unic-langid-macros v0.9.1
[INFO] [stderr]   Downloaded map-macro v0.2.5
[INFO] [stderr]   Downloaded fluent-template-macros v0.8.0
[INFO] [stderr]   Downloaded fluent-templates v0.8.0
[INFO] [stderr]   Downloaded unic-langid-macros-impl v0.9.1
[INFO] [stderr]   Downloaded quoted_printable v0.4.7
[INFO] running `Command { std: "docker" "create" "-v" "/var/lib/crater-agent-workspace/builds/worker-7-tc2/target:/opt/rustwide/target:rw,Z" "-v" "/var/lib/crater-agent-workspace/builds/worker-7-tc2/source:/opt/rustwide/workdir:ro,Z" "-v" "/var/lib/crater-agent-workspace/cargo-home:/opt/rustwide/cargo-home:ro,Z" "-v" "/var/lib/crater-agent-workspace/rustup-home:/opt/rustwide/rustup-home:ro,Z" "-e" "SOURCE_DIR=/opt/rustwide/workdir" "-e" "CARGO_TARGET_DIR=/opt/rustwide/target" "-e" "CARGO_HOME=/opt/rustwide/cargo-home" "-e" "RUSTUP_HOME=/opt/rustwide/rustup-home" "-w" "/opt/rustwide/workdir" "-m" "1610612736" "--user" "0:0" "--network" "none" "ghcr.io/rust-lang/crates-build-env/linux@sha256:5ff2268d62e97bff2cde7d5815dd6ed5b47097566f13b8d0ca110b04b60e07ed" "/opt/rustwide/cargo-home/bin/cargo" "+beta-2023-04-20" "metadata" "--no-deps" "--format-version=1", kill_on_drop: false }`
[INFO] [stdout] 575b503836344b5e0aecb87d063b99bfecd9cc70ed2e1541b1fb4d9319f1779f
[INFO] running `Command { std: "docker" "start" "-a" "575b503836344b5e0aecb87d063b99bfecd9cc70ed2e1541b1fb4d9319f1779f", kill_on_drop: false }`
[INFO] running `Command { std: "docker" "inspect" "575b503836344b5e0aecb87d063b99bfecd9cc70ed2e1541b1fb4d9319f1779f", kill_on_drop: false }`
[INFO] running `Command { std: "docker" "rm" "-f" "575b503836344b5e0aecb87d063b99bfecd9cc70ed2e1541b1fb4d9319f1779f", kill_on_drop: false }`
[INFO] [stdout] 575b503836344b5e0aecb87d063b99bfecd9cc70ed2e1541b1fb4d9319f1779f
[INFO] running `Command { std: "docker" "create" "-v" "/var/lib/crater-agent-workspace/builds/worker-7-tc2/target:/opt/rustwide/target:rw,Z" "-v" "/var/lib/crater-agent-workspace/builds/worker-7-tc2/source:/opt/rustwide/workdir:ro,Z" "-v" "/var/lib/crater-agent-workspace/cargo-home:/opt/rustwide/cargo-home:ro,Z" "-v" "/var/lib/crater-agent-workspace/rustup-home:/opt/rustwide/rustup-home:ro,Z" "-e" "SOURCE_DIR=/opt/rustwide/workdir" "-e" "CARGO_TARGET_DIR=/opt/rustwide/target" "-e" "CARGO_INCREMENTAL=0" "-e" "RUST_BACKTRACE=full" "-e" "RUSTFLAGS=--cap-lints=warn" "-e" "RUSTDOCFLAGS=--cap-lints=warn" "-e" "CARGO_HOME=/opt/rustwide/cargo-home" "-e" "RUSTUP_HOME=/opt/rustwide/rustup-home" "-w" "/opt/rustwide/workdir" "-m" "1610612736" "--user" "0:0" "--network" "none" "ghcr.io/rust-lang/crates-build-env/linux@sha256:5ff2268d62e97bff2cde7d5815dd6ed5b47097566f13b8d0ca110b04b60e07ed" "/opt/rustwide/cargo-home/bin/cargo" "+beta-2023-04-20" "build" "--frozen" "--message-format=json", kill_on_drop: false }`
[INFO] [stdout] 2a1ab8c1d123e9bebf4bce2a6cf10c664b61d2db2f89d451b27d9816790aa922
[INFO] running `Command { std: "docker" "start" "-a" "2a1ab8c1d123e9bebf4bce2a6cf10c664b61d2db2f89d451b27d9816790aa922", kill_on_drop: false }`
[INFO] [stderr]     Blocking waiting for file lock on package cache
[INFO] [stderr]    Compiling libc v0.2.139
[INFO] [stderr]    Compiling proc-macro2 v1.0.51
[INFO] [stderr]    Compiling quote v1.0.23
[INFO] [stderr]    Compiling unicode-ident v1.0.6
[INFO] [stderr]    Compiling syn v1.0.107
[INFO] [stderr]    Compiling version_check v0.9.4
[INFO] [stderr]    Compiling autocfg v1.1.0
[INFO] [stderr]    Compiling memchr v2.5.0
[INFO] [stderr]    Compiling once_cell v1.17.1
[INFO] [stderr]    Compiling serde_derive v1.0.152
[INFO] [stderr]    Compiling typenum v1.16.0
[INFO] [stderr]    Compiling pin-project-lite v0.2.9
[INFO] [stderr]    Compiling log v0.4.17
[INFO] [stderr]    Compiling futures-core v0.3.26
[INFO] [stderr]    Compiling bytes v1.4.0
[INFO] [stderr]    Compiling cc v1.0.79
[INFO] [stderr]    Compiling serde v1.0.152
[INFO] [stderr]    Compiling subtle v2.4.1
[INFO] [stderr]    Compiling itoa v1.0.5
[INFO] [stderr]    Compiling ppv-lite86 v0.2.17
[INFO] [stderr]    Compiling futures-channel v0.3.26
[INFO] [stderr]    Compiling generic-array v0.14.6
[INFO] [stderr]    Compiling bitflags v1.3.2
[INFO] [stderr]    Compiling fnv v1.0.7
[INFO] [stderr]    Compiling pin-utils v0.1.0
[INFO] [stderr]    Compiling slab v0.4.7
[INFO] [stderr]    Compiling cpufeatures v0.2.5
[INFO] [stderr]    Compiling smallvec v1.10.0
[INFO] [stderr]    Compiling lock_api v0.4.9
[INFO] [stderr]    Compiling tokio v1.25.0
[INFO] [stderr]    Compiling uncased v0.9.7
[INFO] [stderr]    Compiling regex-syntax v0.6.28
[INFO] [stderr]    Compiling thiserror v1.0.38
[INFO] [stderr]    Compiling scopeguard v1.1.0
[INFO] [stderr]    Compiling percent-encoding v2.2.0
[INFO] [stderr]    Compiling num-traits v0.2.15
[INFO] [stderr]    Compiling proc-macro2-diagnostics v0.9.1
[INFO] [stderr]    Compiling aho-corasick v0.7.20
[INFO] [stderr]    Compiling futures-task v0.3.26
[INFO] [stderr]    Compiling spin v0.5.2
[INFO] [stderr]    Compiling getrandom v0.2.8
[INFO] [stderr]    Compiling num_cpus v1.15.0
[INFO] [stderr]    Compiling socket2 v0.4.7
[INFO] [stderr]    Compiling signal-hook-registry v1.4.1
[INFO] [stderr]    Compiling rand_core v0.6.4
[INFO] [stderr]    Compiling ring v0.16.20
[INFO] [stderr]    Compiling mio v0.8.6
[INFO] [stderr]    Compiling futures-sink v0.3.26
[INFO] [stderr]    Compiling untrusted v0.7.1
[INFO] [stderr]    Compiling yansi v0.5.1
[INFO] [stderr]    Compiling rand_chacha v0.3.1
[INFO] [stderr]    Compiling futures-util v0.3.26
[INFO] [stderr]    Compiling hashbrown v0.12.3
[INFO] [stderr]    Compiling rand v0.8.5
[INFO] [stderr]    Compiling num-integer v0.1.45
[INFO] [stderr]    Compiling siphasher v0.3.10
[INFO] [stderr]    Compiling futures-io v0.3.26
[INFO] [stderr]    Compiling crypto-common v0.1.6
[INFO] [stderr]    Compiling block-buffer v0.10.3
[INFO] [stderr]    Compiling inout v0.1.3
[INFO] [stderr]    Compiling digest v0.10.6
[INFO] [stderr]    Compiling tracing-core v0.1.30
[INFO] [stderr]    Compiling serde_json v1.0.93
[INFO] [stderr]    Compiling cipher v0.4.3
[INFO] [stderr]    Compiling universal-hash v0.5.0
[INFO] [stderr]    Compiling http v0.2.8
[INFO] [stderr]    Compiling ryu v1.0.12
[INFO] [stderr]    Compiling iana-time-zone v0.1.53
[INFO] [stderr]    Compiling base64 v0.13.1
[INFO] [stderr]    Compiling proc-macro-hack v0.5.20+deprecated
[INFO] [stderr]    Compiling httparse v1.8.0
[INFO] [stderr]    Compiling hmac v0.12.1
[INFO] [stderr]    Compiling sha2 v0.10.6
[INFO] [stderr]    Compiling tinyvec_macros v0.1.1
[INFO] [stderr]    Compiling hkdf v0.12.3
[INFO] [stderr]    Compiling tinyvec v1.6.0
[INFO] [stderr]    Compiling polyval v0.6.0
[INFO] [stderr]    Compiling tracing v0.1.37
[INFO] [stderr]    Compiling regex v1.7.1
[INFO] [stderr]    Compiling phf_shared v0.11.1
[INFO] [stderr]    Compiling indexmap v1.9.2
[INFO] [stderr]    Compiling time-core v0.1.0
[INFO] [stderr]    Compiling try-lock v0.2.4
[INFO] [stderr]    Compiling ghash v0.5.0
[INFO] [stderr]    Compiling time-macros v0.2.6
[INFO] [stderr]    Compiling aes v0.8.2
[INFO] [stderr]    Compiling ctr v0.9.2
[INFO] [stderr]    Compiling aead v0.5.1
[INFO] [stderr]    Compiling bstr v1.2.0
[INFO] [stderr]    Compiling cookie v0.16.2
[INFO] [stderr]    Compiling ahash v0.7.6
[INFO] [stderr]    Compiling pkg-config v0.3.26
[INFO] [stderr]    Compiling unicode-normalization v0.1.22
[INFO] [stderr]    Compiling parking_lot_core v0.8.6
[INFO] [stderr]    Compiling same-file v1.0.6
[INFO] [stderr]    Compiling minimal-lexical v0.2.1
[INFO] [stderr]    Compiling httpdate v1.0.2
[INFO] [stderr]    Compiling unicode-bidi v0.3.10
[INFO] [stderr]    Compiling walkdir v2.3.2
[INFO] [stderr]    Compiling nom v7.1.3
[INFO] [stderr]    Compiling aes-gcm v0.10.1
[INFO] [stderr]    Compiling openssl-sys v0.9.80
[INFO] [stderr]    Compiling http-body v0.4.5
[INFO] [stderr]    Compiling webpki v0.21.4
[INFO] [stderr]    Compiling sct v0.6.1
[INFO] [stderr]    Compiling time v0.3.17
[INFO] [stderr]    Compiling phf_generator v0.11.1
[INFO] [stderr]    Compiling time v0.1.45
[INFO] [stderr]    Compiling instant v0.1.12
[INFO] [stderr]    Compiling base64 v0.20.0
[INFO] [stderr]    Compiling crossbeam-utils v0.8.14
[INFO] [stderr]    Compiling inlinable_string v0.1.15
[INFO] [stderr]    Compiling ref-cast v1.0.14
[INFO] [stderr]    Compiling tower-service v0.3.2
[INFO] [stderr]    Compiling phf_codegen v0.11.1
[INFO] [stderr]    Compiling idna v0.3.0
[INFO] [stderr]    Compiling parse-zoneinfo v0.3.0
[INFO] [stderr]    Compiling phf v0.11.1
[INFO] [stderr]    Compiling spin v0.9.5
[INFO] [stderr]    Compiling thread_local v1.1.7
[INFO] [stderr]    Compiling paste v1.0.11
[INFO] [stderr]    Compiling unicode_categories v0.1.1
[INFO] [stderr]    Compiling unicode-segmentation v1.10.1
[INFO] [stderr]    Compiling crossbeam-queue v0.3.8
[INFO] [stderr]    Compiling ucd-trie v0.1.5
[INFO] [stderr]    Compiling chrono-tz-build v0.0.3
[INFO] [stderr]    Compiling hashbrown v0.11.2
[INFO] [stderr]    Compiling parking_lot v0.11.2
[INFO] [stderr]    Compiling devise_core v0.3.1
[INFO] [stderr]    Compiling heck v0.4.1
[INFO] [stderr]    Compiling rustls v0.19.1
[INFO] [stderr]    Compiling want v0.3.0
[INFO] [stderr]    Compiling dirs-sys v0.3.7
[INFO] [stderr]    Compiling form_urlencoded v1.1.0
[INFO] [stderr]    Compiling stable-pattern v0.1.0
[INFO] [stderr]    Compiling crc-catalog v1.1.1
[INFO] [stderr]    Compiling async-trait v0.1.64
[INFO] [stderr]    Compiling unic-common v0.9.0
[INFO] [stderr]    Compiling state v0.5.3
[INFO] [stderr]    Compiling parking_lot_core v0.9.7
[INFO] [stderr]    Compiling unic-char-range v0.9.0
[INFO] [stderr]    Compiling unic-ucd-version v0.9.0
[INFO] [stderr]    Compiling unic-char-property v0.9.0
[INFO] [stderr]    Compiling url v2.3.1
[INFO] [stderr]    Compiling crc v2.1.0
[INFO] [stderr]    Compiling futures v0.3.26
[INFO] [stderr]    Compiling dirs v4.0.0
[INFO] [stderr]    Compiling hyper v0.14.24
[INFO] [stderr]    Compiling hashlink v0.7.0
[INFO] [stderr]    Compiling futures-intrusive v0.4.2
[INFO] [stderr]    Compiling webpki-roots v0.21.1
[INFO] [stderr]    Compiling stringprep v0.1.2
[INFO] [stderr]    Compiling globset v0.4.10
[INFO] [stderr]    Compiling atoi v0.4.0
[INFO] [stderr]    Compiling sha-1 v0.10.1
[INFO] [stderr]    Compiling md-5 v0.10.5
[INFO] [stderr]    Compiling atomic v0.5.1
[INFO] [stderr]    Compiling multer v2.0.4
[INFO] [stderr]    Compiling figment v0.10.8
[INFO] [stderr]    Compiling chrono-tz v0.6.3
[INFO] [stderr]    Compiling event-listener v2.5.3
[INFO] [stderr]    Compiling fastrand v1.9.0
[INFO] [stderr]    Compiling byteorder v1.4.3
[INFO] [stderr]    Compiling mime v0.3.16
[INFO] [stderr]    Compiling openssl v0.10.45
[INFO] [stderr]    Compiling foreign-types-shared v0.1.1
[INFO] [stderr]    Compiling whoami v1.3.0
[INFO] [stderr]    Compiling rustc-hash v1.1.0
[INFO] [stderr]    Compiling foreign-types v0.3.2
[INFO] [stderr]    Compiling type-map v0.4.0
[INFO] [stderr]    Compiling net2 v0.2.38
[INFO] [stderr]    Compiling ignore v0.4.20
[INFO] [stderr]    Compiling unic-ucd-segment v0.9.0
[INFO] [stderr]    Compiling tokio-stream v0.1.11
[INFO] [stderr]    Compiling tokio-rustls v0.22.0
[INFO] [stderr]    Compiling sqlx-rt v0.5.13
[INFO] [stderr]    Compiling chrono v0.4.23
[INFO] [stderr]    Compiling iovec v0.1.4
[INFO] [stderr]    Compiling rocket v0.5.0-rc.2
[INFO] [stderr]    Compiling encoding_rs v0.8.32
[INFO] [stderr]    Compiling remove_dir_all v0.5.3
[INFO] [stderr]    Compiling native-tls v0.2.11
[INFO] [stderr]    Compiling deunicode v0.4.3
[INFO] [stderr]    Compiling glob v0.3.1
[INFO] [stderr]    Compiling doc-comment v0.3.3
[INFO] [stderr]    Compiling unicode-xid v0.2.4
[INFO] [stderr]    Compiling thiserror-impl v1.0.38
[INFO] [stderr]    Compiling tokio-macros v1.8.2
[INFO] [stderr]    Compiling displaydoc v0.2.3
[INFO] [stderr]    Compiling futures-macro v0.3.26
[INFO] [stderr]    Compiling pear_codegen v0.2.3
[INFO] [stderr]    Compiling ref-cast-impl v1.0.14
[INFO] [stderr]    Compiling devise_codegen v0.3.1
[INFO] [stderr]    Compiling openssl-macros v0.1.0
[INFO] [stderr]    Compiling async-stream-impl v0.3.3
[INFO] [stderr]    Compiling tinystr v0.7.1
[INFO] [stderr]    Compiling unic-langid-impl v0.9.1
[INFO] [stderr]    Compiling slug v0.1.4
[INFO] [stderr]    Compiling tempfile v3.3.0
[INFO] [stderr]    Compiling async-stream v0.3.3
[INFO] [stderr]    Compiling mio v0.6.23
[INFO] [stderr]    Compiling pear v0.2.3
[INFO] [stderr]    Compiling globwalk v0.8.1
[INFO] [stderr]    Compiling devise v0.3.1
[INFO] [stderr]    Compiling unic-segment v0.9.0
[INFO] [stderr]    Compiling parking_lot v0.12.1
[INFO] [stderr]    Compiling unic-langid-macros-impl v0.9.1
[INFO] [stderr]    Compiling inotify-sys v0.1.5
[INFO] [stderr]    Compiling atty v0.2.14
[INFO] [stderr]    Compiling lazycell v1.3.0
[INFO] [stderr]    Compiling openssl-probe v0.1.5
[INFO] [stderr]    Compiling pest v2.5.5
[INFO] [stderr]    Compiling fluent-syntax v0.11.0
[INFO] [stderr]    Compiling dotenv v0.15.0
[INFO] [stderr]    Compiling humansize v1.1.1
[INFO] [stderr]    Compiling binascii v0.1.4
[INFO] [stderr]    Compiling self_cell v0.10.2
[INFO] [stderr]    Compiling mio-extras v2.0.6
[INFO] [stderr]    Compiling inotify v0.7.1
[INFO] [stderr]    Compiling unic-langid v0.9.1
[INFO] [stderr]    Compiling snafu-derive v0.7.4
[INFO] [stderr]    Compiling flume v0.10.14
[INFO] [stderr]    Compiling filetime v0.2.20
[INFO] [stderr]    Compiling anyhow v1.0.69
[INFO] [stderr]    Compiling base64 v0.21.0
[INFO] [stderr]    Compiling unic-langid-macros v0.9.1
[INFO] [stderr]    Compiling match_cfg v0.1.0
[INFO] [stderr]    Compiling base64ct v1.5.3
[INFO] [stderr]    Compiling hostname v0.3.1
[INFO] [stderr]    Compiling intl-memoizer v0.5.1
[INFO] [stderr]    Compiling intl_pluralrules v7.0.2
[INFO] [stderr]    Compiling fluent-langneg v0.13.0
[INFO] [stderr]    Compiling email-encoding v0.2.0
[INFO] [stderr]    Compiling password-hash v0.4.2
[INFO] [stderr]    Compiling notify v4.0.17
[INFO] [stderr]    Compiling rocket_db_pools_codegen v0.1.0-rc.2
[INFO] [stderr]    Compiling lazy-regex-proc_macros v2.4.1
[INFO] [stderr]    Compiling pest_meta v2.5.5
[INFO] [stderr]    Compiling fluent-bundle v0.15.2
[INFO] [stderr]    Compiling blake2 v0.10.6
[INFO] [stderr]    Compiling audition-dates v0.1.0 (/opt/rustwide/workdir)
[INFO] [stderr]    Compiling arc-swap v1.6.0
[INFO] [stderr]    Compiling email_address v0.2.4
[INFO] [stderr]    Compiling fluent v0.16.0
[INFO] [stderr]    Compiling quoted_printable v0.4.7
[INFO] [stderr]    Compiling pest_generator v2.5.5
[INFO] [stderr]    Compiling normpath v0.3.2
[INFO] [stderr]    Compiling argon2 v0.4.1
[INFO] [stderr]    Compiling futures-executor v0.3.26
[INFO] [stderr]    Compiling fluent-template-macros v0.8.0
[INFO] [stderr]    Compiling tokio-util v0.7.7
[INFO] [stderr]    Compiling tokio-native-tls v0.3.1
[INFO] [stderr]    Compiling lazy-regex v2.4.1
[INFO] [stderr]    Compiling derive_deref v1.1.1
[INFO] [stderr]    Compiling accept-language v2.0.0
[INFO] [stderr]    Compiling map-macro v0.2.5
[INFO] [stderr]    Compiling lettre v0.10.2
[INFO] [stderr]    Compiling pest_derive v2.5.5
[INFO] [stderr]    Compiling snafu v0.7.4
[INFO] [stderr]    Compiling either v1.8.1
[INFO] [stderr]    Compiling toml v0.5.11
[INFO] [stderr]    Compiling ubyte v0.10.3
[INFO] [stderr]    Compiling itertools v0.10.5
[INFO] [stderr]    Compiling rocket_http v0.5.0-rc.2
[INFO] [stderr]    Compiling h2 v0.3.15
[INFO] [stderr]    Compiling sqlformat v0.1.8
[INFO] [stderr]    Compiling sqlx-core v0.5.13
[INFO] [stderr]    Compiling rocket_codegen v0.5.0-rc.2
[INFO] [stderr]    Compiling tera v1.17.1
[INFO] [stderr]    Compiling fluent-templates v0.8.0
[INFO] [stderr]    Compiling sqlx-macros v0.5.13
[INFO] [stderr]    Compiling rocket_dyn_templates v0.1.0-rc.2
[INFO] [stderr]    Compiling sqlx v0.5.13
[INFO] [stderr]    Compiling rocket_db_pools v0.1.0-rc.2
[INFO] [stdout] error: `DATABASE_URL` must be set, or `cargo sqlx prepare` must have been run and sqlx-data.json must exist, to use query macros
[INFO] [stdout]   --> src/admin.rs:69:24
[INFO] [stdout]    |
[INFO] [stdout] 69 |     let display_name = sqlx::query!("select display_name from admins where id = $1", &admin.id)
[INFO] [stdout]    |                        ^^^^^^^^^^^^^^^^^^^^^^^^^^^^^^^^^^^^^^^^^^^^^^^^^^^^^^^^^^^^^^^^^^^^^^^^
[INFO] [stdout]    |
[INFO] [stdout]    = note: this error originates in the macro `$crate::sqlx_macros::expand_query` which comes from the expansion of the macro `sqlx::query` (in Nightly builds, run with -Z macro-backtrace for more info)
[INFO] [stdout] 
[INFO] [stdout] 
[INFO] [stdout] error: `DATABASE_URL` must be set, or `cargo sqlx prepare` must have been run and sqlx-data.json must exist, to use query macros
[INFO] [stdout]   --> src/admin.rs:81:29
[INFO] [stdout]    |
[INFO] [stdout] 81 |               let now = match sqlx::query_scalar!(
[INFO] [stdout]    |  _____________________________^
[INFO] [stdout] 82 | |                 "select min(from_date) from dates where from_date >= now()"
[INFO] [stdout] 83 | |             )
[INFO] [stdout]    | |_____________^
[INFO] [stdout]    |
[INFO] [stdout]    = note: this error originates in the macro `$crate::sqlx_macros::expand_query` which comes from the expansion of the macro `sqlx::query_scalar` (in Nightly builds, run with -Z macro-backtrace for more info)
[INFO] [stdout] 
[INFO] [stdout] 
[INFO] [stdout] error: `DATABASE_URL` must be set, or `cargo sqlx prepare` must have been run and sqlx-data.json must exist, to use query macros
[INFO] [stdout]   --> src/admin.rs:93:48
[INFO] [stdout]    |
[INFO] [stdout] 93 |       let available_days: Vec<DateTime<Local>> = sqlx::query!(
[INFO] [stdout]    |  ________________________________________________^
[INFO] [stdout] 94 | |         r#"select distinct date_trunc('day', from_date) as "day!" from dates order by "day!" asc"#
[INFO] [stdout] 95 | |     )
[INFO] [stdout]    | |_____^
[INFO] [stdout]    |
[INFO] [stdout]    = note: this error originates in the macro `$crate::sqlx_macros::expand_query` which comes from the expansion of the macro `sqlx::query` (in Nightly builds, run with -Z macro-backtrace for more info)
[INFO] [stdout] 
[INFO] [stdout] 
[INFO] [stdout] error: `DATABASE_URL` must be set, or `cargo sqlx prepare` must have been run and sqlx-data.json must exist, to use query macros
[INFO] [stdout]    --> src/admin.rs:101:36
[INFO] [stdout]     |
[INFO] [stdout] 101 |       let dates: Vec<BookableDate> = sqlx::query!(
[INFO] [stdout]     |  ____________________________________^
[INFO] [stdout] 102 | |         r#"select
[INFO] [stdout] 103 | |         dates.id as dates_id,
[INFO] [stdout] 104 | |         from_date,
[INFO] [stdout] ...   |
[INFO] [stdout] 125 | |         &lang
[INFO] [stdout] 126 | |     )
[INFO] [stdout]     | |_____^
[INFO] [stdout]     |
[INFO] [stdout]     = note: this error originates in the macro `$crate::sqlx_macros::expand_query` which comes from the expansion of the macro `sqlx::query` (in Nightly builds, run with -Z macro-backtrace for more info)
[INFO] [stdout] 
[INFO] [stdout] 
[INFO] [stdout] error: `DATABASE_URL` must be set, or `cargo sqlx prepare` must have been run and sqlx-data.json must exist, to use query macros
[INFO] [stdout]    --> src/admin.rs:191:13
[INFO] [stdout]     |
[INFO] [stdout] 191 |             sqlx::query!("select email, lang from bookings where date_id = $1", &date)
[INFO] [stdout]     |             ^^^^^^^^^^^^^^^^^^^^^^^^^^^^^^^^^^^^^^^^^^^^^^^^^^^^^^^^^^^^^^^^^^^^^^^^^^
[INFO] [stdout]     |
[INFO] [stdout]     = note: this error originates in the macro `$crate::sqlx_macros::expand_query` which comes from the expansion of the macro `sqlx::query` (in Nightly builds, run with -Z macro-backtrace for more info)
[INFO] [stdout] 
[INFO] [stdout] 
[INFO] [stdout] error: `DATABASE_URL` must be set, or `cargo sqlx prepare` must have been run and sqlx-data.json must exist, to use query macros
[INFO] [stdout]    --> src/admin.rs:214:9
[INFO] [stdout]     |
[INFO] [stdout] 214 |         sqlx::query!("delete from dates where id = $1", &date)
[INFO] [stdout]     |         ^^^^^^^^^^^^^^^^^^^^^^^^^^^^^^^^^^^^^^^^^^^^^^^^^^^^^^
[INFO] [stdout]     |
[INFO] [stdout]     = note: this error originates in the macro `$crate::sqlx_macros::expand_query` which comes from the expansion of the macro `sqlx::query` (in Nightly builds, run with -Z macro-backtrace for more info)
[INFO] [stdout] 
[INFO] [stdout] 
[INFO] [stdout] error: `DATABASE_URL` must be set, or `cargo sqlx prepare` must have been run and sqlx-data.json must exist, to use query macros
[INFO] [stdout]    --> src/admin.rs:228:30
[INFO] [stdout]     |
[INFO] [stdout] 228 |     let rooms: Vec<String> = sqlx::query!("select room_number from rooms order by room_number asc")
[INFO] [stdout]     |                              ^^^^^^^^^^^^^^^^^^^^^^^^^^^^^^^^^^^^^^^^^^^^^^^^^^^^^^^^^^^^^^^^^^^^^^
[INFO] [stdout]     |
[INFO] [stdout]     = note: this error originates in the macro `$crate::sqlx_macros::expand_query` which comes from the expansion of the macro `sqlx::query` (in Nightly builds, run with -Z macro-backtrace for more info)
[INFO] [stdout] 
[INFO] [stdout] 
[INFO] [stdout] error: `DATABASE_URL` must be set, or `cargo sqlx prepare` must have been run and sqlx-data.json must exist, to use query macros
[INFO] [stdout]    --> src/admin.rs:301:13
[INFO] [stdout]     |
[INFO] [stdout] 301 |             sqlx::query!("select room_number from rooms order by room_number asc")
[INFO] [stdout]     |             ^^^^^^^^^^^^^^^^^^^^^^^^^^^^^^^^^^^^^^^^^^^^^^^^^^^^^^^^^^^^^^^^^^^^^^
[INFO] [stdout]     |
[INFO] [stdout]     = note: this error originates in the macro `$crate::sqlx_macros::expand_query` which comes from the expansion of the macro `sqlx::query` (in Nightly builds, run with -Z macro-backtrace for more info)
[INFO] [stdout] 
[INFO] [stdout] 
[INFO] [stdout] error: `DATABASE_URL` must be set, or `cargo sqlx prepare` must have been run and sqlx-data.json must exist, to use query macros
[INFO] [stdout]    --> src/admin.rs:387:9
[INFO] [stdout]     |
[INFO] [stdout] 387 | /         sqlx::query!(
[INFO] [stdout] 388 | |             "insert into dates (from_date, to_date, room_id, date_type) values ($1, $2, $3, $4)",
[INFO] [stdout] 389 | |             &from_date,
[INFO] [stdout] 390 | |             &to_date,
[INFO] [stdout] 391 | |             &room_id,
[INFO] [stdout] 392 | |             &date_type.value,
[INFO] [stdout] 393 | |         )
[INFO] [stdout]     | |_________^
[INFO] [stdout]     |
[INFO] [stdout]     = note: this error originates in the macro `$crate::sqlx_macros::expand_query` which comes from the expansion of the macro `sqlx::query` (in Nightly builds, run with -Z macro-backtrace for more info)
[INFO] [stdout] 
[INFO] [stdout] 
[INFO] [stdout] error: `DATABASE_URL` must be set, or `cargo sqlx prepare` must have been run and sqlx-data.json must exist, to use query macros
[INFO] [stdout]    --> src/admin.rs:411:28
[INFO] [stdout]     |
[INFO] [stdout] 411 |     let rooms: Vec<Room> = sqlx::query_as!(Room, "select id, room_number from rooms")
[INFO] [stdout]     |                            ^^^^^^^^^^^^^^^^^^^^^^^^^^^^^^^^^^^^^^^^^^^^^^^^^^^^^^^^^^
[INFO] [stdout]     |
[INFO] [stdout]     = note: this error originates in the macro `$crate::sqlx_macros::expand_query` which comes from the expansion of the macro `sqlx::query_as` (in Nightly builds, run with -Z macro-backtrace for more info)
[INFO] [stdout] 
[INFO] [stdout] 
[INFO] [stdout] error: `DATABASE_URL` must be set, or `cargo sqlx prepare` must have been run and sqlx-data.json must exist, to use query macros
[INFO] [stdout]    --> src/admin.rs:442:9
[INFO] [stdout]     |
[INFO] [stdout] 442 |         sqlx::query!("insert into rooms (room_number) values ($1)", &room_number)
[INFO] [stdout]     |         ^^^^^^^^^^^^^^^^^^^^^^^^^^^^^^^^^^^^^^^^^^^^^^^^^^^^^^^^^^^^^^^^^^^^^^^^^
[INFO] [stdout]     |
[INFO] [stdout]     = note: this error originates in the macro `$crate::sqlx_macros::expand_query` which comes from the expansion of the macro `sqlx::query` (in Nightly builds, run with -Z macro-backtrace for more info)
[INFO] [stdout] 
[INFO] [stdout] 
[INFO] [stdout] error: `DATABASE_URL` must be set, or `cargo sqlx prepare` must have been run and sqlx-data.json must exist, to use query macros
[INFO] [stdout]    --> src/admin.rs:453:9
[INFO] [stdout]     |
[INFO] [stdout] 453 |         sqlx::query!("delete from rooms where id = $1", &id)
[INFO] [stdout]     |         ^^^^^^^^^^^^^^^^^^^^^^^^^^^^^^^^^^^^^^^^^^^^^^^^^^^^
[INFO] [stdout]     |
[INFO] [stdout]     = note: this error originates in the macro `$crate::sqlx_macros::expand_query` which comes from the expansion of the macro `sqlx::query` (in Nightly builds, run with -Z macro-backtrace for more info)
[INFO] [stdout] 
[INFO] [stdout] 
[INFO] [stdout] error: `DATABASE_URL` must be set, or `cargo sqlx prepare` must have been run and sqlx-data.json must exist, to use query macros
[INFO] [stdout]    --> src/admin.rs:467:28
[INFO] [stdout]     |
[INFO] [stdout] 467 |     let rooms: Vec<Room> = sqlx::query_as!(Room, "select id, room_number from rooms")
[INFO] [stdout]     |                            ^^^^^^^^^^^^^^^^^^^^^^^^^^^^^^^^^^^^^^^^^^^^^^^^^^^^^^^^^^
[INFO] [stdout]     |
[INFO] [stdout]     = note: this error originates in the macro `$crate::sqlx_macros::expand_query` which comes from the expansion of the macro `sqlx::query_as` (in Nightly builds, run with -Z macro-backtrace for more info)
[INFO] [stdout] 
[INFO] [stdout] 
[INFO] [stdout] error: `DATABASE_URL` must be set, or `cargo sqlx prepare` must have been run and sqlx-data.json must exist, to use query macros
[INFO] [stdout]    --> src/admin.rs:498:25
[INFO] [stdout]     |
[INFO] [stdout] 498 |       let announcements = sqlx::query_as!(
[INFO] [stdout]     |  _________________________^
[INFO] [stdout] 499 | |         Announcement,
[INFO] [stdout] 500 | |         r#"select lang::text as "lang!", position::text as "position!", description as "description!", content as "content!"
[INFO] [stdout] 501 | |         from announcements
[INFO] [stdout] 502 | |         order by position, lang"#
[INFO] [stdout] 503 | |     ).fetch_all(&mut *db).await?;
[INFO] [stdout]     | |_____^
[INFO] [stdout]     |
[INFO] [stdout]     = note: this error originates in the macro `$crate::sqlx_macros::expand_query` which comes from the expansion of the macro `sqlx::query_as` (in Nightly builds, run with -Z macro-backtrace for more info)
[INFO] [stdout] 
[INFO] [stdout] 
[INFO] [stdout] error: `DATABASE_URL` must be set, or `cargo sqlx prepare` must have been run and sqlx-data.json must exist, to use query macros
[INFO] [stdout]    --> src/admin.rs:521:13
[INFO] [stdout]     |
[INFO] [stdout] 521 | /             sqlx::query!(
[INFO] [stdout] 522 | |                 "update announcements set content = $1 \
[INFO] [stdout] 523 | |                 where position = ($2::text)::announcement_position and lang = ($3::text)::language",
[INFO] [stdout] 524 | |                 &c,
[INFO] [stdout] 525 | |                 &p,
[INFO] [stdout] 526 | |                 &l,
[INFO] [stdout] 527 | |             )
[INFO] [stdout]     | |_____________^
[INFO] [stdout]     |
[INFO] [stdout]     = note: this error originates in the macro `$crate::sqlx_macros::expand_query` which comes from the expansion of the macro `sqlx::query` (in Nightly builds, run with -Z macro-backtrace for more info)
[INFO] [stdout] 
[INFO] [stdout] 
[INFO] [stdout] error: `DATABASE_URL` must be set, or `cargo sqlx prepare` must have been run and sqlx-data.json must exist, to use query macros
[INFO] [stdout]   --> src/auth.rs:78:8
[INFO] [stdout]    |
[INFO] [stdout] 78 |     Ok(sqlx::query!("select id from admins")
[INFO] [stdout]    |        ^^^^^^^^^^^^^^^^^^^^^^^^^^^^^^^^^^^^^
[INFO] [stdout]    |
[INFO] [stdout]    = note: this error originates in the macro `$crate::sqlx_macros::expand_query` which comes from the expansion of the macro `sqlx::query` (in Nightly builds, run with -Z macro-backtrace for more info)
[INFO] [stdout] 
[INFO] [stdout] 
[INFO] [stdout] error: `DATABASE_URL` must be set, or `cargo sqlx prepare` must have been run and sqlx-data.json must exist, to use query macros
[INFO] [stdout]    --> src/auth.rs:106:8
[INFO] [stdout]     |
[INFO] [stdout] 106 |     if sqlx::query!("select email from admins where email = $1", &email)
[INFO] [stdout]     |        ^^^^^^^^^^^^^^^^^^^^^^^^^^^^^^^^^^^^^^^^^^^^^^^^^^^^^^^^^^^^^^^^^
[INFO] [stdout]     |
[INFO] [stdout]     = note: this error originates in the macro `$crate::sqlx_macros::expand_query` which comes from the expansion of the macro `sqlx::query` (in Nightly builds, run with -Z macro-backtrace for more info)
[INFO] [stdout] 
[INFO] [stdout] 
[INFO] [stdout] error: `DATABASE_URL` must be set, or `cargo sqlx prepare` must have been run and sqlx-data.json must exist, to use query macros
[INFO] [stdout]    --> src/auth.rs:123:23
[INFO] [stdout]     |
[INFO] [stdout] 123 |     let token = match sqlx::query!("select token from invites where email = $1", &email)
[INFO] [stdout]     |                       ^^^^^^^^^^^^^^^^^^^^^^^^^^^^^^^^^^^^^^^^^^^^^^^^^^^^^^^^^^^^^^^^^^
[INFO] [stdout]     |
[INFO] [stdout]     = note: this error originates in the macro `$crate::sqlx_macros::expand_query` which comes from the expansion of the macro `sqlx::query` (in Nightly builds, run with -Z macro-backtrace for more info)
[INFO] [stdout] 
[INFO] [stdout] 
[INFO] [stdout] error: `DATABASE_URL` must be set, or `cargo sqlx prepare` must have been run and sqlx-data.json must exist, to use query macros
[INFO] [stdout]    --> src/auth.rs:128:13
[INFO] [stdout]     |
[INFO] [stdout] 128 | /             sqlx::query!(
[INFO] [stdout] 129 | |                 "update invites set created = now() where email = $1",
[INFO] [stdout] 130 | |                 &email
[INFO] [stdout] 131 | |             )
[INFO] [stdout]     | |_____________^
[INFO] [stdout]     |
[INFO] [stdout]     = note: this error originates in the macro `$crate::sqlx_macros::expand_query` which comes from the expansion of the macro `sqlx::query` (in Nightly builds, run with -Z macro-backtrace for more info)
[INFO] [stdout] 
[INFO] [stdout] 
[INFO] [stdout] error: `DATABASE_URL` must be set, or `cargo sqlx prepare` must have been run and sqlx-data.json must exist, to use query macros
[INFO] [stdout]    --> src/auth.rs:137:13
[INFO] [stdout]     |
[INFO] [stdout] 137 | /             sqlx::query!(
[INFO] [stdout] 138 | |                 "insert into invites (token, email, created) values (DEFAULT, $1, now()) returning token",
[INFO] [stdout] 139 | |                 &email,
[INFO] [stdout] 140 | |             )
[INFO] [stdout]     | |_____________^
[INFO] [stdout]     |
[INFO] [stdout]     = note: this error originates in the macro `$crate::sqlx_macros::expand_query` which comes from the expansion of the macro `sqlx::query` (in Nightly builds, run with -Z macro-backtrace for more info)
[INFO] [stdout] 
[INFO] [stdout] 
[INFO] [stdout] error: `DATABASE_URL` must be set, or `cargo sqlx prepare` must have been run and sqlx-data.json must exist, to use query macros
[INFO] [stdout]    --> src/auth.rs:195:11
[INFO] [stdout]     |
[INFO] [stdout] 195 |     match sqlx::query!("select email from invites where token = $1", &token)
[INFO] [stdout]     |           ^^^^^^^^^^^^^^^^^^^^^^^^^^^^^^^^^^^^^^^^^^^^^^^^^^^^^^^^^^^^^^^^^^
[INFO] [stdout]     |
[INFO] [stdout]     = note: this error originates in the macro `$crate::sqlx_macros::expand_query` which comes from the expansion of the macro `sqlx::query` (in Nightly builds, run with -Z macro-backtrace for more info)
[INFO] [stdout] 
[INFO] [stdout] 
[INFO] [stdout] error: `DATABASE_URL` must be set, or `cargo sqlx prepare` must have been run and sqlx-data.json must exist, to use query macros
[INFO] [stdout]    --> src/auth.rs:236:25
[INFO] [stdout]     |
[INFO] [stdout] 236 |     let rows_affected = sqlx::query!("delete from invites where token = $1", &token)
[INFO] [stdout]     |                         ^^^^^^^^^^^^^^^^^^^^^^^^^^^^^^^^^^^^^^^^^^^^^^^^^^^^^^^^^^^^
[INFO] [stdout]     |
[INFO] [stdout]     = note: this error originates in the macro `$crate::sqlx_macros::expand_query` which comes from the expansion of the macro `sqlx::query` (in Nightly builds, run with -Z macro-backtrace for more info)
[INFO] [stdout] 
[INFO] [stdout] 
[INFO] [stdout] error: `DATABASE_URL` must be set, or `cargo sqlx prepare` must have been run and sqlx-data.json must exist, to use query macros
[INFO] [stdout]    --> src/auth.rs:253:5
[INFO] [stdout]     |
[INFO] [stdout] 253 | /     sqlx::query!(
[INFO] [stdout] 254 | |         "insert into admins (display_name, email, password) values ($1, $2, $3)",
[INFO] [stdout] 255 | |         &display_name,
[INFO] [stdout] 256 | |         &email,
[INFO] [stdout] 257 | |         hash_password(&password)?
[INFO] [stdout] 258 | |     )
[INFO] [stdout]     | |_____^
[INFO] [stdout]     |
[INFO] [stdout]     = note: this error originates in the macro `$crate::sqlx_macros::expand_query` which comes from the expansion of the macro `sqlx::query` (in Nightly builds, run with -Z macro-backtrace for more info)
[INFO] [stdout] 
[INFO] [stdout] 
[INFO] [stdout] error: `DATABASE_URL` must be set, or `cargo sqlx prepare` must have been run and sqlx-data.json must exist, to use query macros
[INFO] [stdout]    --> src/auth.rs:326:11
[INFO] [stdout]     |
[INFO] [stdout] 326 |     match sqlx::query!("select id, password from admins where email = $1", &email)
[INFO] [stdout]     |           ^^^^^^^^^^^^^^^^^^^^^^^^^^^^^^^^^^^^^^^^^^^^^^^^^^^^^^^^^^^^^^^^^^^^^^^^
[INFO] [stdout]     |
[INFO] [stdout]     = note: this error originates in the macro `$crate::sqlx_macros::expand_query` which comes from the expansion of the macro `sqlx::query` (in Nightly builds, run with -Z macro-backtrace for more info)
[INFO] [stdout] 
[INFO] [stdout] 
[INFO] [stdout] error: `DATABASE_URL` must be set, or `cargo sqlx prepare` must have been run and sqlx-data.json must exist, to use query macros
[INFO] [stdout]    --> src/auth.rs:331:13
[INFO] [stdout]     |
[INFO] [stdout] 331 | /             sqlx::query!(
[INFO] [stdout] 332 | |                 "update admins set last_login = now() where id = $1",
[INFO] [stdout] 333 | |                 &record.id
[INFO] [stdout] 334 | |             )
[INFO] [stdout]     | |_____________^
[INFO] [stdout]     |
[INFO] [stdout]     = note: this error originates in the macro `$crate::sqlx_macros::expand_query` which comes from the expansion of the macro `sqlx::query` (in Nightly builds, run with -Z macro-backtrace for more info)
[INFO] [stdout] 
[INFO] [stdout] 
[INFO] [stdout] error: `DATABASE_URL` must be set, or `cargo sqlx prepare` must have been run and sqlx-data.json must exist, to use query macros
[INFO] [stdout]    --> src/auth.rs:411:20
[INFO] [stdout]     |
[INFO] [stdout] 411 |     let admin_id = sqlx::query!("select id from admins where email = $1", &email,)
[INFO] [stdout]     |                    ^^^^^^^^^^^^^^^^^^^^^^^^^^^^^^^^^^^^^^^^^^^^^^^^^^^^^^^^^^^^^^^
[INFO] [stdout]     |
[INFO] [stdout]     = note: this error originates in the macro `$crate::sqlx_macros::expand_query` which comes from the expansion of the macro `sqlx::query` (in Nightly builds, run with -Z macro-backtrace for more info)
[INFO] [stdout] 
[INFO] [stdout] 
[INFO] [stdout] error: `DATABASE_URL` must be set, or `cargo sqlx prepare` must have been run and sqlx-data.json must exist, to use query macros
[INFO] [stdout]    --> src/auth.rs:417:21
[INFO] [stdout]     |
[INFO] [stdout] 417 |           let token = sqlx::query!(
[INFO] [stdout]     |  _____________________^
[INFO] [stdout] 418 | |             "insert into password_resets (admin_id) values ($1) returning token",
[INFO] [stdout] 419 | |             &admin_id,
[INFO] [stdout] 420 | |         )
[INFO] [stdout]     | |_________^
[INFO] [stdout]     |
[INFO] [stdout]     = note: this error originates in the macro `$crate::sqlx_macros::expand_query` which comes from the expansion of the macro `sqlx::query` (in Nightly builds, run with -Z macro-backtrace for more info)
[INFO] [stdout] 
[INFO] [stdout] 
[INFO] [stdout] error: `DATABASE_URL` must be set, or `cargo sqlx prepare` must have been run and sqlx-data.json must exist, to use query macros
[INFO] [stdout]    --> src/auth.rs:489:14
[INFO] [stdout]     |
[INFO] [stdout] 489 |       let id = sqlx::query!(
[INFO] [stdout]     |  ______________^
[INFO] [stdout] 490 | |         "delete from password_resets where token = $1 returning admin_id",
[INFO] [stdout] 491 | |         &token,
[INFO] [stdout] 492 | |     )
[INFO] [stdout]     | |_____^
[INFO] [stdout]     |
[INFO] [stdout]     = note: this error originates in the macro `$crate::sqlx_macros::expand_query` which comes from the expansion of the macro `sqlx::query` (in Nightly builds, run with -Z macro-backtrace for more info)
[INFO] [stdout] 
[INFO] [stdout] 
[INFO] [stdout] error: `DATABASE_URL` must be set, or `cargo sqlx prepare` must have been run and sqlx-data.json must exist, to use query macros
[INFO] [stdout]    --> src/auth.rs:499:25
[INFO] [stdout]     |
[INFO] [stdout] 499 |               let email = sqlx::query!(
[INFO] [stdout]     |  _________________________^
[INFO] [stdout] 500 | |                 "update admins set password = $1 where id = $2 returning email",
[INFO] [stdout] 501 | |                 &hash_password(password)?,
[INFO] [stdout] 502 | |                 &id,
[INFO] [stdout] 503 | |             )
[INFO] [stdout]     | |_____________^
[INFO] [stdout]     |
[INFO] [stdout]     = note: this error originates in the macro `$crate::sqlx_macros::expand_query` which comes from the expansion of the macro `sqlx::query` (in Nightly builds, run with -Z macro-backtrace for more info)
[INFO] [stdout] 
[INFO] [stdout] 
[INFO] [stdout] error: `DATABASE_URL` must be set, or `cargo sqlx prepare` must have been run and sqlx-data.json must exist, to use query macros
[INFO] [stdout]   --> src/mail.rs:76:53
[INFO] [stdout]    |
[INFO] [stdout] 76 |       let recipients: Vec<(String, String, String)> = sqlx::query!(
[INFO] [stdout]    |  _____________________________________________________^
[INFO] [stdout] 77 | |         r#"select email, lang, token
[INFO] [stdout] 78 | |         from waiting_list
[INFO] [stdout] 79 | |         where date_type = $1"#,
[INFO] [stdout] 80 | |         &date_type
[INFO] [stdout] 81 | |     )
[INFO] [stdout]    | |_____^
[INFO] [stdout]    |
[INFO] [stdout]    = note: this error originates in the macro `$crate::sqlx_macros::expand_query` which comes from the expansion of the macro `sqlx::query` (in Nightly builds, run with -Z macro-backtrace for more info)
[INFO] [stdout] 
[INFO] [stdout] 
[INFO] [stdout] error: `DATABASE_URL` must be set, or `cargo sqlx prepare` must have been run and sqlx-data.json must exist, to use query macros
[INFO] [stdout]   --> src/model/date_type.rs:35:28
[INFO] [stdout]    |
[INFO] [stdout] 35 |           let display_name = sqlx::query_scalar!(
[INFO] [stdout]    |  ____________________________^
[INFO] [stdout] 36 | |             r#"select display_name
[INFO] [stdout] 37 | |             from date_types_translations
[INFO] [stdout] 38 | |             where date_type = $1 and lang = $2"#,
[INFO] [stdout] 39 | |             &value,
[INFO] [stdout] 40 | |             &lang
[INFO] [stdout] 41 | |         )
[INFO] [stdout]    | |_________^
[INFO] [stdout]    |
[INFO] [stdout]    = note: this error originates in the macro `$crate::sqlx_macros::expand_query` which comes from the expansion of the macro `sqlx::query_scalar` (in Nightly builds, run with -Z macro-backtrace for more info)
[INFO] [stdout] 
[INFO] [stdout] 
[INFO] [stdout] error: `DATABASE_URL` must be set, or `cargo sqlx prepare` must have been run and sqlx-data.json must exist, to use query macros
[INFO] [stdout]   --> src/model/date_type.rs:51:12
[INFO] [stdout]    |
[INFO] [stdout] 51 |           Ok(sqlx::query!(
[INFO] [stdout]    |  ____________^
[INFO] [stdout] 52 | |             r#"select id, display_name
[INFO] [stdout] 53 | |             from date_types
[INFO] [stdout] 54 | |             join date_types_translations on date_types.id = date_types_translations.date_type
[INFO] [stdout] 55 | |             where lang = $1"#,
[INFO] [stdout] 56 | |             &lang
[INFO] [stdout] 57 | |         )
[INFO] [stdout]    | |_________^
[INFO] [stdout]    |
[INFO] [stdout]    = note: this error originates in the macro `$crate::sqlx_macros::expand_query` which comes from the expansion of the macro `sqlx::query` (in Nightly builds, run with -Z macro-backtrace for more info)
[INFO] [stdout] 
[INFO] [stdout] 
[INFO] [stdout] error: `DATABASE_URL` must be set, or `cargo sqlx prepare` must have been run and sqlx-data.json must exist, to use query macros
[INFO] [stdout]   --> src/model/date_type.rs:74:12
[INFO] [stdout]    |
[INFO] [stdout] 74 |           Ok(sqlx::query!(
[INFO] [stdout]    |  ____________^
[INFO] [stdout] 75 | |             "select value, display_name \
[INFO] [stdout] 76 | |         from voices \
[INFO] [stdout] 77 | |         join voices_translations on voices.id = voices_translations.voice \
[INFO] [stdout] ...  |
[INFO] [stdout] 83 | |             &self.value,
[INFO] [stdout] 84 | |         )
[INFO] [stdout]    | |_________^
[INFO] [stdout]    |
[INFO] [stdout]    = note: this error originates in the macro `$crate::sqlx_macros::expand_query` which comes from the expansion of the macro `sqlx::query` (in Nightly builds, run with -Z macro-backtrace for more info)
[INFO] [stdout] 
[INFO] [stdout] 
[INFO] [stdout] error: `DATABASE_URL` must be set, or `cargo sqlx prepare` must have been run and sqlx-data.json must exist, to use query macros
[INFO] [stdout]    --> src/model/date_type.rs:125:27
[INFO] [stdout]     |
[INFO] [stdout] 125 |               Some(lang) => sqlx::query!(
[INFO] [stdout]     |  ___________________________^
[INFO] [stdout] 126 | |                 "select dates.id as id, from_date, to_date, room_number, dates.date_type, display_name \
[INFO] [stdout] 127 | |                     from dates \
[INFO] [stdout] 128 | |                     join rooms on rooms.id = dates.room_id \
[INFO] [stdout] ...   |
[INFO] [stdout] 136 | |                 &lang,
[INFO] [stdout] 137 | |             )
[INFO] [stdout]     | |_____________^
[INFO] [stdout]     |
[INFO] [stdout]     = note: this error originates in the macro `$crate::sqlx_macros::expand_query` which comes from the expansion of the macro `sqlx::query` (in Nightly builds, run with -Z macro-backtrace for more info)
[INFO] [stdout] 
[INFO] [stdout] 
[INFO] [stdout] error: `DATABASE_URL` must be set, or `cargo sqlx prepare` must have been run and sqlx-data.json must exist, to use query macros
[INFO] [stdout]    --> src/model/date_type.rs:153:21
[INFO] [stdout]     |
[INFO] [stdout] 153 |               None => sqlx::query!(
[INFO] [stdout]     |  _____________________^
[INFO] [stdout] 154 | |                 "select dates.id as id, from_date, to_date, room_number, dates.date_type \
[INFO] [stdout] 155 | |                     from dates \
[INFO] [stdout] 156 | |                     join rooms on rooms.id = dates.room_id \
[INFO] [stdout] ...   |
[INFO] [stdout] 161 | |                 &date_type,
[INFO] [stdout] 162 | |             )
[INFO] [stdout]     | |_____________^
[INFO] [stdout]     |
[INFO] [stdout]     = note: this error originates in the macro `$crate::sqlx_macros::expand_query` which comes from the expansion of the macro `sqlx::query` (in Nightly builds, run with -Z macro-backtrace for more info)
[INFO] [stdout] 
[INFO] [stdout] 
[INFO] [stdout] error: `DATABASE_URL` must be set, or `cargo sqlx prepare` must have been run and sqlx-data.json must exist, to use query macros
[INFO] [stdout]    --> src/model/date_type.rs:223:25
[INFO] [stdout]     |
[INFO] [stdout] 223 |         let date_type = sqlx::query_scalar!("select date_type from dates where id = $1", &id)
[INFO] [stdout]     |                         ^^^^^^^^^^^^^^^^^^^^^^^^^^^^^^^^^^^^^^^^^^^^^^^^^^^^^^^^^^^^^^^^^^^^^
[INFO] [stdout]     |
[INFO] [stdout]     = note: this error originates in the macro `$crate::sqlx_macros::expand_query` which comes from the expansion of the macro `sqlx::query_scalar` (in Nightly builds, run with -Z macro-backtrace for more info)
[INFO] [stdout] 
[INFO] [stdout] 
[INFO] [stdout] error: `DATABASE_URL` must be set, or `cargo sqlx prepare` must have been run and sqlx-data.json must exist, to use query macros
[INFO] [stdout]   --> src/model/mod.rs:32:19
[INFO] [stdout]    |
[INFO] [stdout] 32 |     let room_id = sqlx::query!("select id from rooms where room_number = $1", &room)
[INFO] [stdout]    |                   ^^^^^^^^^^^^^^^^^^^^^^^^^^^^^^^^^^^^^^^^^^^^^^^^^^^^^^^^^^^^^^^^^^
[INFO] [stdout]    |
[INFO] [stdout]    = note: this error originates in the macro `$crate::sqlx_macros::expand_query` which comes from the expansion of the macro `sqlx::query` (in Nightly builds, run with -Z macro-backtrace for more info)
[INFO] [stdout] 
[INFO] [stdout] 
[INFO] [stdout] error: `DATABASE_URL` must be set, or `cargo sqlx prepare` must have been run and sqlx-data.json must exist, to use query macros
[INFO] [stdout]   --> src/model/mod.rs:54:19
[INFO] [stdout]    |
[INFO] [stdout] 54 |       let content = sqlx::query_scalar!(
[INFO] [stdout]    |  ___________________^
[INFO] [stdout] 55 | |         r#"select content from announcements
[INFO] [stdout] 56 | |         where position = ($1::text)::announcement_position and lang = ($2::text)::language"#,
[INFO] [stdout] 57 | |         &position,
[INFO] [stdout] 58 | |         &lang,
[INFO] [stdout] 59 | |     )
[INFO] [stdout]    | |_____^
[INFO] [stdout]    |
[INFO] [stdout]    = note: this error originates in the macro `$crate::sqlx_macros::expand_query` which comes from the expansion of the macro `sqlx::query_scalar` (in Nightly builds, run with -Z macro-backtrace for more info)
[INFO] [stdout] 
[INFO] [stdout] 
[INFO] [stdout] error: `DATABASE_URL` must be set, or `cargo sqlx prepare` must have been run and sqlx-data.json must exist, to use query macros
[INFO] [stdout]   --> src/model/mod.rs:88:27
[INFO] [stdout]    |
[INFO] [stdout] 88 |               let entered = sqlx::query_scalar!(
[INFO] [stdout]    |  ___________________________^
[INFO] [stdout] 89 | |                 r#"select entered from waiting_list where token = $1"#,
[INFO] [stdout] 90 | |                 &token
[INFO] [stdout] 91 | |             )
[INFO] [stdout]    | |_____________^
[INFO] [stdout]    |
[INFO] [stdout]    = note: this error originates in the macro `$crate::sqlx_macros::expand_query` which comes from the expansion of the macro `sqlx::query_scalar` (in Nightly builds, run with -Z macro-backtrace for more info)
[INFO] [stdout] 
[INFO] [stdout] 
[INFO] [stdout] error: `DATABASE_URL` must be set, or `cargo sqlx prepare` must have been run and sqlx-data.json must exist, to use query macros
[INFO] [stdout]    --> src/model/mod.rs:111:13
[INFO] [stdout]     |
[INFO] [stdout] 111 |             sqlx::query_scalar!(r#"select email from waiting_list where token = $1"#, &token)
[INFO] [stdout]     |             ^^^^^^^^^^^^^^^^^^^^^^^^^^^^^^^^^^^^^^^^^^^^^^^^^^^^^^^^^^^^^^^^^^^^^^^^^^^^^^^^^
[INFO] [stdout]     |
[INFO] [stdout]     = note: this error originates in the macro `$crate::sqlx_macros::expand_query` which comes from the expansion of the macro `sqlx::query_scalar` (in Nightly builds, run with -Z macro-backtrace for more info)
[INFO] [stdout] 
[INFO] [stdout] 
[INFO] [stdout] error: `DATABASE_URL` must be set, or `cargo sqlx prepare` must have been run and sqlx-data.json must exist, to use query macros
[INFO] [stdout]    --> src/user.rs:200:25
[INFO] [stdout]     |
[INFO] [stdout] 200 |               let token = sqlx::query_scalar!(
[INFO] [stdout]     |  _________________________^
[INFO] [stdout] 201 | |                 "insert into bookings (date_id, email, person_name, notes, voice, lang) \
[INFO] [stdout] 202 | |             values ($1, $2, $3, $4, (select id from voices where value = $5 and date_type = $6 and position = 'booking'), $7) \
[INFO] [stdout] 203 | |             returning token",
[INFO] [stdout] ...   |
[INFO] [stdout] 210 | |                 &lang,
[INFO] [stdout] 211 | |             )
[INFO] [stdout]     | |_____________^
[INFO] [stdout]     |
[INFO] [stdout]     = note: this error originates in the macro `$crate::sqlx_macros::expand_query` which comes from the expansion of the macro `sqlx::query_scalar` (in Nightly builds, run with -Z macro-backtrace for more info)
[INFO] [stdout] 
[INFO] [stdout] 
[INFO] [stdout] error: `DATABASE_URL` must be set, or `cargo sqlx prepare` must have been run and sqlx-data.json must exist, to use query macros
[INFO] [stdout]    --> src/user.rs:215:13
[INFO] [stdout]     |
[INFO] [stdout] 215 | /             sqlx::query!(
[INFO] [stdout] 216 | |                 r#"delete from waiting_list
[INFO] [stdout] 217 | |                 where email = $1
[INFO] [stdout] 218 | |                 and date_type = $2"#,
[INFO] [stdout] 219 | |                 &email,
[INFO] [stdout] 220 | |                 &date.date_type.value
[INFO] [stdout] 221 | |             )
[INFO] [stdout]     | |_____________^
[INFO] [stdout]     |
[INFO] [stdout]     = note: this error originates in the macro `$crate::sqlx_macros::expand_query` which comes from the expansion of the macro `sqlx::query` (in Nightly builds, run with -Z macro-backtrace for more info)
[INFO] [stdout] 
[INFO] [stdout] 
[INFO] [stdout] error: `DATABASE_URL` must be set, or `cargo sqlx prepare` must have been run and sqlx-data.json must exist, to use query macros
[INFO] [stdout]    --> src/user.rs:282:18
[INFO] [stdout]     |
[INFO] [stdout] 282 |       let record = sqlx::query!(
[INFO] [stdout]     |  __________________^
[INFO] [stdout] 283 | |         r#"select from_date < now() as "too_late!", date_type
[INFO] [stdout] 284 | |         from dates
[INFO] [stdout] 285 | |         join bookings on dates.id = bookings.date_id
[INFO] [stdout] 286 | |         where bookings.token = $1"#,
[INFO] [stdout] 287 | |         &token
[INFO] [stdout] 288 | |     )
[INFO] [stdout]     | |_____^
[INFO] [stdout]     |
[INFO] [stdout]     = note: this error originates in the macro `$crate::sqlx_macros::expand_query` which comes from the expansion of the macro `sqlx::query` (in Nightly builds, run with -Z macro-backtrace for more info)
[INFO] [stdout] 
[INFO] [stdout] 
[INFO] [stdout] error: `DATABASE_URL` must be set, or `cargo sqlx prepare` must have been run and sqlx-data.json must exist, to use query macros
[INFO] [stdout]    --> src/user.rs:299:13
[INFO] [stdout]     |
[INFO] [stdout] 299 |             sqlx::query!("delete from bookings where token = $1", &token)
[INFO] [stdout]     |             ^^^^^^^^^^^^^^^^^^^^^^^^^^^^^^^^^^^^^^^^^^^^^^^^^^^^^^^^^^^^^
[INFO] [stdout]     |
[INFO] [stdout]     = note: this error originates in the macro `$crate::sqlx_macros::expand_query` which comes from the expansion of the macro `sqlx::query` (in Nightly builds, run with -Z macro-backtrace for more info)
[INFO] [stdout] 
[INFO] [stdout] 
[INFO] [stdout] error: `DATABASE_URL` must be set, or `cargo sqlx prepare` must have been run and sqlx-data.json must exist, to use query macros
[INFO] [stdout]    --> src/user.rs:331:17
[INFO] [stdout]     |
[INFO] [stdout] 331 |       let token = sqlx::query_scalar!(
[INFO] [stdout]     |  _________________^
[INFO] [stdout] 332 | |         r#"insert into waiting_list (date_type, email, lang)
[INFO] [stdout] 333 | |         values  ($1, $2, $3)
[INFO] [stdout] 334 | |         on conflict do nothing
[INFO] [stdout] ...   |
[INFO] [stdout] 338 | |         &lang
[INFO] [stdout] 339 | |     )
[INFO] [stdout]     | |_____^
[INFO] [stdout]     |
[INFO] [stdout]     = note: this error originates in the macro `$crate::sqlx_macros::expand_query` which comes from the expansion of the macro `sqlx::query_scalar` (in Nightly builds, run with -Z macro-backtrace for more info)
[INFO] [stdout] 
[INFO] [stdout] 
[INFO] [stdout] error: `DATABASE_URL` must be set, or `cargo sqlx prepare` must have been run and sqlx-data.json must exist, to use query macros
[INFO] [stdout]    --> src/user.rs:345:13
[INFO] [stdout]     |
[INFO] [stdout] 345 | /             sqlx::query_scalar!(
[INFO] [stdout] 346 | |                 "select token from waiting_list where date_type = $1 and email = $2",
[INFO] [stdout] 347 | |                 &date_type,
[INFO] [stdout] 348 | |                 &email
[INFO] [stdout] 349 | |             )
[INFO] [stdout]     | |_____________^
[INFO] [stdout]     |
[INFO] [stdout]     = note: this error originates in the macro `$crate::sqlx_macros::expand_query` which comes from the expansion of the macro `sqlx::query_scalar` (in Nightly builds, run with -Z macro-backtrace for more info)
[INFO] [stdout] 
[INFO] [stdout] 
[INFO] [stdout] error: `DATABASE_URL` must be set, or `cargo sqlx prepare` must have been run and sqlx-data.json must exist, to use query macros
[INFO] [stdout]    --> src/user.rs:390:21
[INFO] [stdout]     |
[INFO] [stdout] 390 |       let date_type = sqlx::query_scalar!(
[INFO] [stdout]     |  _____________________^
[INFO] [stdout] 391 | |         r#"select display_name
[INFO] [stdout] 392 | |         from date_types_translations
[INFO] [stdout] 393 | |         join waiting_list on waiting_list.date_type = date_types_translations.date_type
[INFO] [stdout] ...   |
[INFO] [stdout] 397 | |         &lang,
[INFO] [stdout] 398 | |     )
[INFO] [stdout]     | |_____^
[INFO] [stdout]     |
[INFO] [stdout]     = note: this error originates in the macro `$crate::sqlx_macros::expand_query` which comes from the expansion of the macro `sqlx::query_scalar` (in Nightly builds, run with -Z macro-backtrace for more info)
[INFO] [stdout] 
[INFO] [stdout] 
[INFO] [stdout] error: `DATABASE_URL` must be set, or `cargo sqlx prepare` must have been run and sqlx-data.json must exist, to use query macros
[INFO] [stdout]    --> src/user.rs:414:5
[INFO] [stdout]     |
[INFO] [stdout] 414 | /     sqlx::query!(
[INFO] [stdout] 415 | |         r#"delete from waiting_list
[INFO] [stdout] 416 | |         where token = $1"#,
[INFO] [stdout] 417 | |         &token
[INFO] [stdout] 418 | |     )
[INFO] [stdout]     | |_____^
[INFO] [stdout]     |
[INFO] [stdout]     = note: this error originates in the macro `$crate::sqlx_macros::expand_query` which comes from the expansion of the macro `sqlx::query` (in Nightly builds, run with -Z macro-backtrace for more info)
[INFO] [stdout] 
[INFO] [stdout] 
[INFO] [stdout] error[E0277]: the size for values of type `str` cannot be known at compilation time
[INFO] [stdout]    --> src/admin.rs:198:10
[INFO] [stdout]     |
[INFO] [stdout] 198 |     for (email, lang) in emails {
[INFO] [stdout]     |          ^^^^^ doesn't have a size known at compile-time
[INFO] [stdout]     |
[INFO] [stdout]     = help: the trait `Sized` is not implemented for `str`
[INFO] [stdout]     = note: all local variables must have a statically known size
[INFO] [stdout]     = help: unsized locals are gated as an unstable feature
[INFO] [stdout] 
[INFO] [stdout] 
[INFO] [stdout] error[E0277]: the size for values of type `str` cannot be known at compilation time
[INFO] [stdout]    --> src/admin.rs:190:9
[INFO] [stdout]     |
[INFO] [stdout] 190 | /         emails.extend(
[INFO] [stdout] 191 | |             sqlx::query!("select email, lang from bookings where date_id = $1", &date)
[INFO] [stdout] 192 | |                 .fetch_all(&mut *db)
[INFO] [stdout] 193 | |                 .await?
[INFO] [stdout] 194 | |                 .into_iter()
[INFO] [stdout] 195 | |                 .map(|record| (record.email, record.lang)),
[INFO] [stdout] 196 | |         );
[INFO] [stdout]     | |_________^ doesn't have a size known at compile-time
[INFO] [stdout]     |
[INFO] [stdout]     = help: the trait `Sized` is not implemented for `str`
[INFO] [stdout]     = note: only the last element of a tuple may have a dynamically sized type
[INFO] [stdout] 
[INFO] [stdout] 
[INFO] [stdout] error[E0277]: the size for values of type `str` cannot be known at compilation time
[INFO] [stdout]    --> src/admin.rs:188:22
[INFO] [stdout]     |
[INFO] [stdout] 188 |     let mut emails = Vec::new();
[INFO] [stdout]     |                      ^^^^^^^^ doesn't have a size known at compile-time
[INFO] [stdout]     |
[INFO] [stdout]     = help: the trait `Sized` is not implemented for `str`
[INFO] [stdout]     = note: only the last element of a tuple may have a dynamically sized type
[INFO] [stdout] 
[INFO] [stdout] 
[INFO] [stdout] error[E0277]: the size for values of type `str` cannot be known at compilation time
[INFO] [stdout]    --> src/admin.rs:198:26
[INFO] [stdout]     |
[INFO] [stdout] 198 |     for (email, lang) in emails {
[INFO] [stdout]     |                          ^^^^^^ doesn't have a size known at compile-time
[INFO] [stdout]     |
[INFO] [stdout]     = help: the trait `Sized` is not implemented for `str`
[INFO] [stdout]     = note: only the last element of a tuple may have a dynamically sized type
[INFO] [stdout] 
[INFO] [stdout] 
[INFO] [stdout] error[E0277]: the size for values of type `str` cannot be known at compilation time
[INFO] [stdout]    --> src/admin.rs:198:17
[INFO] [stdout]     |
[INFO] [stdout] 198 |     for (email, lang) in emails {
[INFO] [stdout]     |                 ^^^^ doesn't have a size known at compile-time
[INFO] [stdout]     |
[INFO] [stdout]     = help: the trait `Sized` is not implemented for `str`
[INFO] [stdout]     = note: all local variables must have a statically known size
[INFO] [stdout]     = help: unsized locals are gated as an unstable feature
[INFO] [stdout] 
[INFO] [stdout] 
[INFO] [stdout] error[E0277]: the size for values of type `str` cannot be known at compilation time
[INFO] [stdout]    --> src/admin.rs:198:5
[INFO] [stdout]     |
[INFO] [stdout] 198 | /     for (email, lang) in emails {
[INFO] [stdout] 199 | |         let explanation = explanations[&lang];
[INFO] [stdout] 200 | |         if !explanation.is_empty() {
[INFO] [stdout] 201 | |             send_mail(
[INFO] [stdout] ...   |
[INFO] [stdout] 211 | |         }
[INFO] [stdout] 212 | |     }
[INFO] [stdout]     | |_____^ doesn't have a size known at compile-time
[INFO] [stdout]     |
[INFO] [stdout]     = help: within `(str, str)`, the trait `Sized` is not implemented for `str`
[INFO] [stdout]     = note: required because it appears within the type `(str, str)`
[INFO] [stdout] note: required by a bound in `std::prelude::v1::None`
[INFO] [stdout]    --> /rustc/1b7dd2252b99671ce5d1cb9664c5f8636329436d/library/core/src/option.rs:568:5
[INFO] [stdout] 
[INFO] [stdout] 
[INFO] [stdout] error[E0277]: the size for values of type `str` cannot be known at compilation time
[INFO] [stdout]    --> src/model/date_type.rs:223:13
[INFO] [stdout]     |
[INFO] [stdout] 223 |         let date_type = sqlx::query_scalar!("select date_type from dates where id = $1", &id)
[INFO] [stdout]     |             ^^^^^^^^^ doesn't have a size known at compile-time
[INFO] [stdout]     |
[INFO] [stdout]     = help: the trait `Sized` is not implemented for `str`
[INFO] [stdout]     = note: all local variables must have a statically known size
[INFO] [stdout]     = help: unsized locals are gated as an unstable feature
[INFO] [stdout] 
[INFO] [stdout] 
[INFO] [stdout] error[E0277]: the size for values of type `str` cannot be known at compilation time
[INFO] [stdout]    --> src/model/date_type.rs:223:25
[INFO] [stdout]     |
[INFO] [stdout] 223 |           let date_type = sqlx::query_scalar!("select date_type from dates where id = $1", &id)
[INFO] [stdout]     |  _________________________^
[INFO] [stdout] 224 | |             .fetch_one(&mut **db)
[INFO] [stdout] 225 | |             .await?;
[INFO] [stdout]     | |___________________^ doesn't have a size known at compile-time
[INFO] [stdout]     |
[INFO] [stdout]     = help: the trait `Sized` is not implemented for `str`
[INFO] [stdout]     = note: all local variables must have a statically known size
[INFO] [stdout]     = help: unsized locals are gated as an unstable feature
[INFO] [stdout] 
[INFO] [stdout] 
[INFO] [stdout] error[E0277]: the size for values of type `str` cannot be known at compilation time
[INFO] [stdout]    --> src/model/date_type.rs:225:19
[INFO] [stdout]     |
[INFO] [stdout] 225 |             .await?;
[INFO] [stdout]     |                   ^ doesn't have a size known at compile-time
[INFO] [stdout]     |
[INFO] [stdout]     = help: the trait `Sized` is not implemented for `str`
[INFO] [stdout] note: required by a bound in `std::ops::ControlFlow::Break`
[INFO] [stdout]    --> /rustc/1b7dd2252b99671ce5d1cb9664c5f8636329436d/library/core/src/ops/control_flow.rs:93:5
[INFO] [stdout] 
[INFO] [stdout] 
[INFO] [stdout] error[E0277]: the size for values of type `str` cannot be known at compilation time
[INFO] [stdout]    --> src/user.rs:298:22
[INFO] [stdout]     |
[INFO] [stdout] 298 |         Some((false, date_type)) => {
[INFO] [stdout]     |                      ^^^^^^^^^ doesn't have a size known at compile-time
[INFO] [stdout]     |
[INFO] [stdout]     = help: the trait `Sized` is not implemented for `str`
[INFO] [stdout]     = note: all local variables must have a statically known size
[INFO] [stdout]     = help: unsized locals are gated as an unstable feature
[INFO] [stdout] 
[INFO] [stdout] 
[INFO] [stdout] error[E0277]: the size for values of type `str` cannot be known at compilation time
[INFO] [stdout]    --> src/user.rs:294:9
[INFO] [stdout]     |
[INFO] [stdout] 294 |         Some((true, _)) => Ok(Template::render(
[INFO] [stdout]     |         ^^^^^^^^^^^^^^^ doesn't have a size known at compile-time
[INFO] [stdout]     |
[INFO] [stdout]     = help: within `(bool, str)`, the trait `Sized` is not implemented for `str`
[INFO] [stdout]     = note: required because it appears within the type `(bool, str)`
[INFO] [stdout] note: required by a bound in `std::prelude::v1::Some`
[INFO] [stdout]    --> /rustc/1b7dd2252b99671ce5d1cb9664c5f8636329436d/library/core/src/option.rs:572:5
[INFO] [stdout] 
[INFO] [stdout] 
[INFO] [stdout] error[E0277]: the size for values of type `str` cannot be known at compilation time
[INFO] [stdout]    --> src/user.rs:308:9
[INFO] [stdout]     |
[INFO] [stdout] 308 |         None => Ok(Template::render(
[INFO] [stdout]     |         ^^^^ doesn't have a size known at compile-time
[INFO] [stdout]     |
[INFO] [stdout]     = help: within `(bool, str)`, the trait `Sized` is not implemented for `str`
[INFO] [stdout]     = note: required because it appears within the type `(bool, str)`
[INFO] [stdout] note: required by a bound in `std::prelude::v1::None`
[INFO] [stdout]    --> /rustc/1b7dd2252b99671ce5d1cb9664c5f8636329436d/library/core/src/option.rs:568:5
[INFO] [stdout] 
[INFO] [stdout] 
[INFO] [stdout] error[E0277]: the size for values of type `str` cannot be known at compilation time
[INFO] [stdout]    --> src/user.rs:282:18
[INFO] [stdout]     |
[INFO] [stdout] 282 |       let record = sqlx::query!(
[INFO] [stdout]     |  __________________^
[INFO] [stdout] 283 | |         r#"select from_date < now() as "too_late!", date_type
[INFO] [stdout] 284 | |         from dates
[INFO] [stdout] 285 | |         join bookings on dates.id = bookings.date_id
[INFO] [stdout] ...   |
[INFO] [stdout] 290 | |     .fetch_optional(&mut *db)
[INFO] [stdout] 291 | |     .await?;
[INFO] [stdout]     | |___________^ doesn't have a size known at compile-time
[INFO] [stdout]     |
[INFO] [stdout]     = help: within `(bool, str)`, the trait `Sized` is not implemented for `str`
[INFO] [stdout]     = note: required because it appears within the type `(bool, str)`
[INFO] [stdout] note: required by a bound in `std::option::Option`
[INFO] [stdout]    --> /rustc/1b7dd2252b99671ce5d1cb9664c5f8636329436d/library/core/src/option.rs:564:1
[INFO] [stdout] 
[INFO] [stdout] 
[INFO] [stdout] warning: unused import: `futures::TryStreamExt`
[INFO] [stdout]  --> src/mail.rs:4:5
[INFO] [stdout]   |
[INFO] [stdout] 4 | use futures::TryStreamExt;
[INFO] [stdout]   |     ^^^^^^^^^^^^^^^^^^^^^
[INFO] [stdout]   |
[INFO] [stdout]   = note: `#[warn(unused_imports)]` on by default
[INFO] [stdout] 
[INFO] [stdout] 
[INFO] [stdout] error: aborting due to 61 previous errors; 1 warning emitted
[INFO] [stdout] 
[INFO] [stdout] 
[INFO] [stdout] For more information about this error, try `rustc --explain E0277`.
[INFO] [stdout] 
[INFO] [stderr] error: could not compile `audition-dates` (bin "audition-dates") due to 62 previous errors; 1 warning emitted
[INFO] running `Command { std: "docker" "inspect" "2a1ab8c1d123e9bebf4bce2a6cf10c664b61d2db2f89d451b27d9816790aa922", kill_on_drop: false }`
[INFO] running `Command { std: "docker" "rm" "-f" "2a1ab8c1d123e9bebf4bce2a6cf10c664b61d2db2f89d451b27d9816790aa922", kill_on_drop: false }`
[INFO] [stdout] 2a1ab8c1d123e9bebf4bce2a6cf10c664b61d2db2f89d451b27d9816790aa922
