[INFO] cloning repository https://github.com/TianLangStudio/rust_cms
[INFO] running `Command { std: "git" "-c" "credential.helper=" "-c" "credential.helper=/workspace/cargo-home/bin/git-credential-null" "clone" "--bare" "https://github.com/TianLangStudio/rust_cms" "/workspace/cache/git-repos/https%3A%2F%2Fgithub.com%2FTianLangStudio%2Frust_cms", kill_on_drop: false }`
[INFO] [stderr] Cloning into bare repository '/workspace/cache/git-repos/https%3A%2F%2Fgithub.com%2FTianLangStudio%2Frust_cms'...
[INFO] running `Command { std: "git" "rev-parse" "HEAD", kill_on_drop: false }`
[INFO] [stdout] 482bd241c5268a8ceb7f7164258356d8835215a8
[INFO] testing TianLangStudio/rust_cms against 1.69.0 for beta-1.70-1
[INFO] running `Command { std: "git" "clone" "/workspace/cache/git-repos/https%3A%2F%2Fgithub.com%2FTianLangStudio%2Frust_cms" "/workspace/builds/worker-5-tc1/source", kill_on_drop: false }`
[INFO] [stderr] Cloning into '/workspace/builds/worker-5-tc1/source'...
[INFO] [stderr] done.
[INFO] validating manifest of git repo https://github.com/TianLangStudio/rust_cms on toolchain 1.69.0
[INFO] running `Command { std: CARGO_HOME="/workspace/cargo-home" RUSTUP_HOME="/workspace/rustup-home" "/workspace/cargo-home/bin/cargo" "+1.69.0" "metadata" "--manifest-path" "Cargo.toml" "--no-deps", kill_on_drop: false }`
[INFO] started tweaking git repo https://github.com/TianLangStudio/rust_cms
[INFO] finished tweaking git repo https://github.com/TianLangStudio/rust_cms
[INFO] tweaked toml for git repo https://github.com/TianLangStudio/rust_cms written to /workspace/builds/worker-5-tc1/source/Cargo.toml
[INFO] crate git repo https://github.com/TianLangStudio/rust_cms already has a lockfile, it will not be regenerated
[INFO] running `Command { std: CARGO_HOME="/workspace/cargo-home" RUSTUP_HOME="/workspace/rustup-home" "/workspace/cargo-home/bin/cargo" "+1.69.0" "fetch" "--manifest-path" "Cargo.toml", kill_on_drop: false }`
[INFO] [stderr]  Downloading crates ...
[INFO] [stderr]   Downloaded actix-identity v0.4.0
[INFO] [stderr]   Downloaded actix-session v0.6.2
[INFO] running `Command { std: "docker" "create" "-v" "/var/lib/crater-agent-workspace/builds/worker-5-tc1/target:/opt/rustwide/target:rw,Z" "-v" "/var/lib/crater-agent-workspace/builds/worker-5-tc1/source:/opt/rustwide/workdir:ro,Z" "-v" "/var/lib/crater-agent-workspace/cargo-home:/opt/rustwide/cargo-home:ro,Z" "-v" "/var/lib/crater-agent-workspace/rustup-home:/opt/rustwide/rustup-home:ro,Z" "-e" "SOURCE_DIR=/opt/rustwide/workdir" "-e" "CARGO_TARGET_DIR=/opt/rustwide/target" "-e" "CARGO_HOME=/opt/rustwide/cargo-home" "-e" "RUSTUP_HOME=/opt/rustwide/rustup-home" "-w" "/opt/rustwide/workdir" "-m" "1610612736" "--user" "0:0" "--network" "none" "ghcr.io/rust-lang/crates-build-env/linux@sha256:5ff2268d62e97bff2cde7d5815dd6ed5b47097566f13b8d0ca110b04b60e07ed" "/opt/rustwide/cargo-home/bin/cargo" "+1.69.0" "metadata" "--no-deps" "--format-version=1", kill_on_drop: false }`
[INFO] [stdout] f5eed8183a2dfa8dcc8e5fb1f7839deb9898d17dabf1ab95fb09392f1ad2f1ab
[INFO] running `Command { std: "docker" "start" "-a" "f5eed8183a2dfa8dcc8e5fb1f7839deb9898d17dabf1ab95fb09392f1ad2f1ab", kill_on_drop: false }`
[INFO] running `Command { std: "docker" "inspect" "f5eed8183a2dfa8dcc8e5fb1f7839deb9898d17dabf1ab95fb09392f1ad2f1ab", kill_on_drop: false }`
[INFO] running `Command { std: "docker" "rm" "-f" "f5eed8183a2dfa8dcc8e5fb1f7839deb9898d17dabf1ab95fb09392f1ad2f1ab", kill_on_drop: false }`
[INFO] [stdout] f5eed8183a2dfa8dcc8e5fb1f7839deb9898d17dabf1ab95fb09392f1ad2f1ab
[INFO] running `Command { std: "docker" "create" "-v" "/var/lib/crater-agent-workspace/builds/worker-5-tc1/target:/opt/rustwide/target:rw,Z" "-v" "/var/lib/crater-agent-workspace/builds/worker-5-tc1/source:/opt/rustwide/workdir:ro,Z" "-v" "/var/lib/crater-agent-workspace/cargo-home:/opt/rustwide/cargo-home:ro,Z" "-v" "/var/lib/crater-agent-workspace/rustup-home:/opt/rustwide/rustup-home:ro,Z" "-e" "SOURCE_DIR=/opt/rustwide/workdir" "-e" "CARGO_TARGET_DIR=/opt/rustwide/target" "-e" "CARGO_INCREMENTAL=0" "-e" "RUST_BACKTRACE=full" "-e" "RUSTFLAGS=--cap-lints=warn" "-e" "RUSTDOCFLAGS=--cap-lints=warn" "-e" "CARGO_HOME=/opt/rustwide/cargo-home" "-e" "RUSTUP_HOME=/opt/rustwide/rustup-home" "-w" "/opt/rustwide/workdir" "-m" "1610612736" "--user" "0:0" "--network" "none" "ghcr.io/rust-lang/crates-build-env/linux@sha256:5ff2268d62e97bff2cde7d5815dd6ed5b47097566f13b8d0ca110b04b60e07ed" "/opt/rustwide/cargo-home/bin/cargo" "+1.69.0" "build" "--frozen" "--message-format=json", kill_on_drop: false }`
[INFO] [stdout] d43caaff70dd8c549843510323f5e305380163e784637e561eb43d3c6db0215a
[INFO] running `Command { std: "docker" "start" "-a" "d43caaff70dd8c549843510323f5e305380163e784637e561eb43d3c6db0215a", kill_on_drop: false }`
[INFO] [stderr]    Compiling libc v0.2.141
[INFO] [stderr]    Compiling cfg-if v1.0.0
[INFO] [stderr]    Compiling proc-macro2 v1.0.56
[INFO] [stderr]    Compiling unicode-ident v1.0.8
[INFO] [stderr]    Compiling quote v1.0.26
[INFO] [stderr]    Compiling serde_derive v1.0.159
[INFO] [stderr]    Compiling serde v1.0.159
[INFO] [stderr]    Compiling syn v1.0.109
[INFO] [stderr]    Compiling once_cell v1.17.1
[INFO] [stderr]    Compiling memchr v2.5.0
[INFO] [stderr]    Compiling value-bag v1.0.0-alpha.9
[INFO] [stderr]    Compiling log v0.4.17
[INFO] [stderr]    Compiling pin-project-lite v0.2.9
[INFO] [stderr]    Compiling typenum v1.16.0
[INFO] [stderr]    Compiling futures-core v0.3.28
[INFO] [stderr]    Compiling generic-array v0.14.7
[INFO] [stderr]    Compiling lock_api v0.4.9
[INFO] [stderr]    Compiling parking_lot_core v0.9.7
[INFO] [stderr]    Compiling smallvec v1.10.0
[INFO] [stderr]    Compiling slab v0.4.8
[INFO] [stderr]    Compiling syn v2.0.13
[INFO] [stderr]    Compiling bytes v1.4.0
[INFO] [stderr]    Compiling futures-io v0.3.28
[INFO] [stderr]    Compiling aho-corasick v0.7.20
[INFO] [stderr]    Compiling subtle v2.4.1
[INFO] [stderr]    Compiling itoa v1.0.6
[INFO] [stderr]    Compiling getrandom v0.2.8
[INFO] [stderr]    Compiling jobserver v0.1.26
[INFO] [stderr]    Compiling rand_core v0.6.4
[INFO] [stderr]    Compiling cc v1.0.79
[INFO] [stderr]    Compiling socket2 v0.4.9
[INFO] [stderr]    Compiling regex-syntax v0.6.29
[INFO] [stderr]    Compiling crypto-common v0.1.6
[INFO] [stderr]    Compiling parking_lot v0.12.1
[INFO] [stderr]    Compiling ahash v0.7.6
[INFO] [stderr]    Compiling pkg-config v0.3.26
[INFO] [stderr]    Compiling futures-sink v0.3.28
[INFO] [stderr]    Compiling ppv-lite86 v0.2.17
[INFO] [stderr]    Compiling tokio v1.27.0
[INFO] [stderr]    Compiling ring v0.16.20
[INFO] [stderr]    Compiling rand_chacha v0.3.1
[INFO] [stderr]    Compiling signal-hook-registry v1.4.1
[INFO] [stderr]    Compiling tracing-core v0.1.30
[INFO] [stderr]    Compiling futures-task v0.3.28
[INFO] [stderr]    Compiling rand v0.8.5
[INFO] [stderr]    Compiling futures-channel v0.3.28
[INFO] [stderr]    Compiling regex v1.7.3
[INFO] [stderr]    Compiling hashbrown v0.12.3
[INFO] [stderr]    Compiling block-buffer v0.10.4
[INFO] [stderr]    Compiling spin v0.5.2
[INFO] [stderr]    Compiling cpufeatures v0.2.6
[INFO] [stderr]    Compiling futures-util v0.3.28
[INFO] [stderr]    Compiling untrusted v0.7.1
[INFO] [stderr]    Compiling digest v0.10.6
[INFO] [stderr]    Compiling percent-encoding v2.2.0
[INFO] [stderr]    Compiling zstd-sys v2.0.8+zstd.1.5.5
[INFO] [stderr]    Compiling indexmap v1.9.3
[INFO] [stderr]    Compiling paste v1.0.12
[INFO] [stderr]    Compiling ryu v1.0.13
[INFO] [stderr]    Compiling inout v0.1.3
[INFO] [stderr]    Compiling futures-macro v0.3.28
[INFO] [stderr]    Compiling num-traits v0.2.15
[INFO] [stderr]    Compiling thiserror v1.0.40
[INFO] [stderr]    Compiling local-waker v0.1.3
[INFO] [stderr]    Compiling tinyvec_macros v0.1.1
[INFO] [stderr]    Compiling rustls v0.20.8
[INFO] [stderr]    Compiling serde_json v1.0.95
[INFO] [stderr]    Compiling tinyvec v1.6.0
[INFO] [stderr]    Compiling ctor v0.1.26
[INFO] [stderr]    Compiling webpki v0.22.0
[INFO] [stderr]    Compiling sct v0.7.0
[INFO] [stderr]    Compiling cipher v0.4.4
[INFO] [stderr]    Compiling thiserror-impl v1.0.40
[INFO] [stderr]    Compiling http v0.2.9
[INFO] [stderr]    Compiling universal-hash v0.5.0
[INFO] [stderr]    Compiling uncased v0.9.7
[INFO] [stderr]    Compiling crc32fast v1.3.2
[INFO] [stderr]    Compiling zstd-safe v6.0.5+zstd.1.5.4
[INFO] [stderr]    Compiling opaque-debug v0.3.0
[INFO] [stderr]    Compiling alloc-no-stdlib v2.0.4
[INFO] [stderr]    Compiling polyval v0.6.0
[INFO] [stderr]    Compiling actix-service v2.0.2
[INFO] [stderr]    Compiling alloc-stdlib v0.2.2
[INFO] [stderr]    Compiling unicode-normalization v0.1.22
[INFO] [stderr]    Compiling actix-utils v3.0.1
[INFO] [stderr]    Compiling form_urlencoded v1.1.0
[INFO] [stderr]    Compiling bytestring v1.3.0
[INFO] [stderr]    Compiling ahash v0.8.3
[INFO] [stderr]    Compiling adler v1.0.2
[INFO] [stderr]    Compiling httparse v1.8.0
[INFO] [stderr]    Compiling time-core v0.1.0
[INFO] [stderr]    Compiling unicode-bidi v0.3.13
[INFO] [stderr]    Compiling miniz_oxide v0.6.2
[INFO] [stderr]    Compiling time-macros v0.2.8
[INFO] [stderr]    Compiling ghash v0.5.0
[INFO] [stderr]    Compiling brotli-decompressor v2.3.4
[INFO] [stderr]    Compiling idna v0.3.0
[INFO] [stderr]    Compiling aes v0.8.2
[INFO] [stderr]    Compiling ctr v0.9.2
[INFO] [stderr]    Compiling webpki-roots v0.22.6
[INFO] [stderr]    Compiling hmac v0.12.1
[INFO] [stderr]    Compiling aead v0.5.2
[INFO] [stderr]    Compiling num-integer v0.1.45
[INFO] [stderr]    Compiling cookie v0.16.2
[INFO] [stderr]    Compiling siphasher v0.3.10
[INFO] [stderr]    Compiling ucd-trie v0.1.5
[INFO] [stderr]    Compiling base64 v0.21.0
[INFO] [stderr]    Compiling crossbeam-utils v0.8.15
[INFO] [stderr]    Compiling mime v0.3.17
[INFO] [stderr]    Compiling convert_case v0.4.0
[INFO] [stderr]    Compiling pest v2.5.7
[INFO] [stderr]    Compiling phf_shared v0.10.0
[INFO] [stderr]    Compiling aes-gcm v0.10.1
[INFO] [stderr]    Compiling derive_more v0.99.17
[INFO] [stderr]    Compiling time v0.3.20
[INFO] [stderr]    Compiling brotli v3.3.4
[INFO] [stderr]    Compiling hkdf v0.12.3
[INFO] [stderr]    Compiling url v2.3.1
[INFO] [stderr]    Compiling flate2 v1.0.25
[INFO] [stderr]    Compiling local-channel v0.1.3
[INFO] [stderr]    Compiling sha1 v0.10.5
[INFO] [stderr]    Compiling sha2 v0.10.6
[INFO] [stderr]    Compiling num_cpus v1.15.0
[INFO] [stderr]    Compiling encoding_rs v0.8.32
[INFO] [stderr]    Compiling httpdate v1.0.2
[INFO] [stderr]    Compiling base64 v0.20.0
[INFO] [stderr]    Compiling language-tags v0.3.2
[INFO] [stderr]    Compiling pest_meta v2.5.7
[INFO] [stderr]    Compiling mio v0.8.6
[INFO] [stderr]    Compiling tracing v0.1.37
[INFO] [stderr]    Compiling actix-router v0.5.1
[INFO] [stderr]    Compiling serde_urlencoded v0.7.1
[INFO] [stderr]    Compiling actix-macros v0.2.3
[INFO] [stderr]    Compiling actix-web-codegen v4.2.0
[INFO] [stderr]    Compiling time v0.1.45
[INFO] [stderr]    Compiling proc-macro-error-attr v1.0.4
[INFO] [stderr]    Compiling event-listener v2.5.3
[INFO] [stderr]    Compiling iana-time-zone v0.1.56
[INFO] [stderr]    Compiling chrono v0.4.24
[INFO] [stderr]    Compiling concurrent-queue v2.1.0
[INFO] [stderr]    Compiling pest_generator v2.5.7
[INFO] [stderr]    Compiling phf_generator v0.10.0
[INFO] [stderr]    Compiling proc-macro-error v1.0.4
[INFO] [stderr]    Compiling waker-fn v1.1.0
[INFO] [stderr]    Compiling async-trait v0.1.68
[INFO] [stderr]    Compiling anyhow v1.0.70
[INFO] [stderr]    Compiling parking v2.0.0
[INFO] [stderr]    Compiling io-lifetimes v1.0.10
[INFO] [stderr]    Compiling linked-hash-map v0.5.6
[INFO] [stderr]    Compiling fastrand v1.9.0
[INFO] [stderr]    Compiling yaml-rust v0.4.5
[INFO] [stderr]    Compiling pest_derive v2.5.7
[INFO] [stderr]    Compiling futures-lite v1.12.0
[INFO] [stderr]    Compiling phf_codegen v0.10.0
[INFO] [stderr]    Compiling tokio-util v0.7.7
[INFO] [stderr]    Compiling actix-rt v2.8.0
[INFO] [stderr]    Compiling tokio-rustls v0.23.4
[INFO] [stderr]    Compiling actix-server v2.2.0
[INFO] [stderr]    Compiling async-lock v2.7.0
[INFO] [stderr]    Compiling phf v0.10.1
[INFO] [stderr]    Compiling actix-codec v0.5.0
[INFO] [stderr]    Compiling h2 v0.3.16
[INFO] [stderr]    Compiling parse-zoneinfo v0.3.0
[INFO] [stderr]    Compiling actix-tls v3.0.3
[INFO] [stderr]    Compiling mysqlclient-sys v0.2.5
[INFO] [stderr]    Compiling polling v2.6.0
[INFO] [stderr]    Compiling dlv-list v0.3.0
[INFO] [stderr]    Compiling rustix v0.37.7
[INFO] [stderr]    Compiling destructure_traitobject v0.2.0
[INFO] [stderr]    Compiling unsafe-any-ors v1.0.0
[INFO] [stderr]    Compiling ordered-multimap v0.4.3
[INFO] [stderr]    Compiling chrono-tz-build v0.0.2
[INFO] [stderr]    Compiling ordered-float v2.10.0
[INFO] [stderr]    Compiling scheduled-thread-pool v0.2.7
[INFO] [stderr]    Compiling bstr v1.4.0
[INFO] [stderr]    Compiling async-io v1.13.0
[INFO] [stderr]    Compiling linux-raw-sys v0.3.1
[INFO] [stderr]    Compiling unic-common v0.9.0
[INFO] [stderr]    Compiling unic-char-range v0.9.0
[INFO] [stderr]    Compiling async-task v4.4.0
[INFO] [stderr]    Compiling same-file v1.0.6
[INFO] [stderr]    Compiling libm v0.2.6
[INFO] [stderr]    Compiling base64 v0.13.1
[INFO] [stderr]    Compiling minimal-lexical v0.2.1
[INFO] [stderr]    Compiling walkdir v2.3.3
[INFO] [stderr]    Compiling globset v0.4.10
[INFO] [stderr]    Compiling nom v7.1.3
[INFO] [stderr]    Compiling ron v0.7.1
[INFO] [stderr]    Compiling unic-char-property v0.9.0
[INFO] [stderr]    Compiling unic-ucd-version v0.9.0
[INFO] [stderr]    Compiling serde-value v0.7.0
[INFO] [stderr]    Compiling chrono-tz v0.6.1
[INFO] [stderr]    Compiling r2d2 v0.8.10
[INFO] [stderr]    Compiling diesel_derives v2.0.2
[INFO] [stderr]    Compiling rust-ini v0.18.0
[INFO] [stderr]    Compiling mime_guess v2.0.4
[INFO] [stderr]    Compiling typemap-ors v1.0.0
[INFO] [stderr]    Compiling json5 v0.4.1
[INFO] [stderr]    Compiling serde_yaml v0.8.26
[INFO] [stderr]    Compiling async-channel v1.8.0
[INFO] [stderr]    Compiling toml v0.5.11
[INFO] [stderr]    Compiling derivative v2.2.0
[INFO] [stderr]    Compiling thread-id v4.0.0
[INFO] [stderr]    Compiling thread_local v1.1.4
[INFO] [stderr]    Compiling arc-swap v1.6.0
[INFO] [stderr]    Compiling log-mdc v0.1.0
[INFO] [stderr]    Compiling byteorder v1.4.3
[INFO] [stderr]    Compiling pathdiff v0.2.1
[INFO] [stderr]    Compiling humantime v2.1.0
[INFO] [stderr]    Compiling atomic-waker v1.1.0
[INFO] [stderr]    Compiling blocking v1.3.0
[INFO] [stderr]    Compiling config v0.13.3
[INFO] [stderr]    Compiling ignore v0.4.20
[INFO] [stderr]    Compiling unic-ucd-segment v0.9.0
[INFO] [stderr]    Compiling async-executor v1.5.0
[INFO] [stderr]    Compiling log4rs v1.2.0
[INFO] [stderr]    Compiling uuid v1.3.0
[INFO] [stderr]    Compiling blake2 v0.10.6
[INFO] [stderr]    Compiling unchecked-index v0.2.2
[INFO] [stderr]    Compiling data-encoding v2.3.3
[INFO] [stderr]    Compiling deunicode v0.4.3
[INFO] [stderr]    Compiling slug v0.1.4
[INFO] [stderr]    Compiling twoway v0.2.2
[INFO] [stderr]    Compiling humansize v2.1.3
[INFO] [stderr]    Compiling async-global-executor v2.3.1
[INFO] [stderr]    Compiling unic-segment v0.9.0
[INFO] [stderr]    Compiling globwalk v0.8.1
[INFO] [stderr]    Compiling kv-log-macro v1.0.7
[INFO] [stderr]    Compiling futures-executor v0.3.28
[INFO] [stderr]    Compiling diesel v2.0.3
[INFO] [stderr]    Compiling http-range v0.1.5
[INFO] [stderr]    Compiling askama_escape v0.10.3
[INFO] [stderr]    Compiling futures v0.3.28
[INFO] [stderr]    Compiling async-std v1.12.0
[INFO] [stderr]    Compiling rustls-pemfile v1.0.2
[INFO] [stderr]    Compiling tera v1.18.1
[INFO] [stderr]    Compiling zstd v0.12.3+zstd.1.5.2
[INFO] [stderr]    Compiling actix-http v3.3.1
[INFO] [stderr]    Compiling actix-web v4.3.1
[INFO] [stderr]    Compiling actix-session v0.6.2
[INFO] [stderr]    Compiling actix-multipart v0.4.0
[INFO] [stderr]    Compiling actix-identity v0.4.0
[INFO] [stderr]    Compiling actix-files v0.6.2
[INFO] [stderr]    Compiling common v0.1.0 (/opt/rustwide/workdir/common)
[INFO] [stderr]    Compiling dao v0.1.0 (/opt/rustwide/workdir/dao)
[INFO] [stderr]    Compiling web v0.1.0 (/opt/rustwide/workdir/web)
[INFO] [stderr]     Finished dev [unoptimized + debuginfo] target(s) in 1m 43s
[INFO] running `Command { std: "docker" "inspect" "d43caaff70dd8c549843510323f5e305380163e784637e561eb43d3c6db0215a", kill_on_drop: false }`
[INFO] running `Command { std: "docker" "rm" "-f" "d43caaff70dd8c549843510323f5e305380163e784637e561eb43d3c6db0215a", kill_on_drop: false }`
[INFO] [stdout] d43caaff70dd8c549843510323f5e305380163e784637e561eb43d3c6db0215a
[INFO] running `Command { std: "docker" "create" "-v" "/var/lib/crater-agent-workspace/builds/worker-5-tc1/target:/opt/rustwide/target:rw,Z" "-v" "/var/lib/crater-agent-workspace/builds/worker-5-tc1/source:/opt/rustwide/workdir:ro,Z" "-v" "/var/lib/crater-agent-workspace/cargo-home:/opt/rustwide/cargo-home:ro,Z" "-v" "/var/lib/crater-agent-workspace/rustup-home:/opt/rustwide/rustup-home:ro,Z" "-e" "SOURCE_DIR=/opt/rustwide/workdir" "-e" "CARGO_TARGET_DIR=/opt/rustwide/target" "-e" "CARGO_INCREMENTAL=0" "-e" "RUST_BACKTRACE=full" "-e" "RUSTFLAGS=--cap-lints=warn" "-e" "RUSTDOCFLAGS=--cap-lints=warn" "-e" "CARGO_HOME=/opt/rustwide/cargo-home" "-e" "RUSTUP_HOME=/opt/rustwide/rustup-home" "-w" "/opt/rustwide/workdir" "-m" "1610612736" "--user" "0:0" "--network" "none" "ghcr.io/rust-lang/crates-build-env/linux@sha256:5ff2268d62e97bff2cde7d5815dd6ed5b47097566f13b8d0ca110b04b60e07ed" "/opt/rustwide/cargo-home/bin/cargo" "+1.69.0" "test" "--frozen" "--no-run" "--message-format=json", kill_on_drop: false }`
[INFO] [stdout] fb1293a7e9acf7dccacc96195852e9eb747986e63fe483931b830c6a827aa9f2
[INFO] running `Command { std: "docker" "start" "-a" "fb1293a7e9acf7dccacc96195852e9eb747986e63fe483931b830c6a827aa9f2", kill_on_drop: false }`
[INFO] [stderr]    Compiling dao v0.1.0 (/opt/rustwide/workdir/dao)
[INFO] [stderr]    Compiling web v0.1.0 (/opt/rustwide/workdir/web)
[INFO] [stderr]    Compiling common v0.1.0 (/opt/rustwide/workdir/common)
[INFO] [stdout] error[E0425]: cannot find function `blake2_sign` in module `sign_util`
[INFO] [stdout]   --> common/src/lib.rs:27:31
[INFO] [stdout]    |
[INFO] [stdout] 27 |         let sign = sign_util::blake2_sign("hello world");
[INFO] [stdout]    |                               ^^^^^^^^^^^ not found in `sign_util`
[INFO] [stdout] 
[INFO] [stdout] 
[INFO] [stdout] error: aborting due to previous error
[INFO] [stdout] 
[INFO] [stdout] 
[INFO] [stdout] For more information about this error, try `rustc --explain E0425`.
[INFO] [stdout] 
[INFO] [stderr] error: could not compile `common` due to 2 previous errors
[INFO] [stderr] warning: build failed, waiting for other jobs to finish...
[INFO] [stdout] error[E0308]: mismatched types
[INFO] [stdout]   --> dao/src/lib.rs:27:43
[INFO] [stdout]    |
[INFO] [stdout] 27 |         let count: usize = add_login_info(conn, &new_login_info).expect("add login info error");
[INFO] [stdout]    |                            -------------- ^^^^ types differ in mutability
[INFO] [stdout]    |                            |
[INFO] [stdout]    |                            arguments to this function are incorrect
[INFO] [stdout]    |
[INFO] [stdout]    = note: expected mutable reference `&mut diesel::MysqlConnection`
[INFO] [stdout]                       found reference `&diesel::MysqlConnection`
[INFO] [stdout] note: function defined here
[INFO] [stdout]   --> dao/src/repos/userrepo.rs:10:8
[INFO] [stdout]    |
[INFO] [stdout] 10 | pub fn add_login_info(
[INFO] [stdout]    |        ^^^^^^^^^^^^^^
[INFO] [stdout] 11 |     conn: &mut DbConnection,
[INFO] [stdout]    |     -----------------------
[INFO] [stdout] 
[INFO] [stdout] 
[INFO] [stdout] error[E0061]: this function takes 4 arguments but 3 arguments were supplied
[INFO] [stdout]   --> dao/src/lib.rs:34:9
[INFO] [stdout]    |
[INFO] [stdout] 34 |         change_password(&db_util::POOL.get().unwrap(), 2, "helloworldhehhh");
[INFO] [stdout]    |         ^^^^^^^^^^^^^^^----------------------------------------------------- an argument of type `&str` is missing
[INFO] [stdout]    |
[INFO] [stdout] note: types differ in mutability
[INFO] [stdout]   --> dao/src/lib.rs:34:25
[INFO] [stdout]    |
[INFO] [stdout] 34 |         change_password(&db_util::POOL.get().unwrap(), 2, "helloworldhehhh");
[INFO] [stdout]    |                         ^^^^^^^^^^^^^^^^^^^^^^^^^^^^^
[INFO] [stdout]    = note: expected mutable reference `&mut diesel::MysqlConnection`
[INFO] [stdout]                       found reference `&PooledConnection<ConnectionManager<diesel::MysqlConnection>>`
[INFO] [stdout] note: function defined here
[INFO] [stdout]   --> dao/src/repos/userrepo.rs:24:8
[INFO] [stdout]    |
[INFO] [stdout] 24 | pub fn change_password(
[INFO] [stdout]    |        ^^^^^^^^^^^^^^^
[INFO] [stdout] 25 |     conn: &mut DbConnection,
[INFO] [stdout]    |     -----------------------
[INFO] [stdout] 26 |     login_info_id: i64,
[INFO] [stdout]    |     ------------------
[INFO] [stdout] 27 |     old_password: &str,
[INFO] [stdout]    |     ------------------
[INFO] [stdout] 28 |     new_password: &str,
[INFO] [stdout]    |     ------------------
[INFO] [stdout] help: provide the argument
[INFO] [stdout]    |
[INFO] [stdout] 34 |         change_password(/* &mut diesel::MysqlConnection */, 2, "helloworldhehhh", /* &str */);
[INFO] [stdout]    |                        ~~~~~~~~~~~~~~~~~~~~~~~~~~~~~~~~~~~~~~~~~~~~~~~~~~~~~~~~~~~~~~~~~~~~~~
[INFO] [stdout] 
[INFO] [stdout] 
[INFO] [stdout] error[E0308]: mismatched types
[INFO] [stdout]   --> dao/src/lib.rs:42:27
[INFO] [stdout]    |
[INFO] [stdout] 42 |         remove_login_info(&db_util::POOL.get().unwrap(), 2);
[INFO] [stdout]    |         ----------------- ^^^^^^^^^^^^^^^^^^^^^^^^^^^^^ types differ in mutability
[INFO] [stdout]    |         |
[INFO] [stdout]    |         arguments to this function are incorrect
[INFO] [stdout]    |
[INFO] [stdout]    = note: expected mutable reference `&mut diesel::MysqlConnection`
[INFO] [stdout]                       found reference `&PooledConnection<ConnectionManager<diesel::MysqlConnection>>`
[INFO] [stdout] note: function defined here
[INFO] [stdout]   --> dao/src/repos/userrepo.rs:54:8
[INFO] [stdout]    |
[INFO] [stdout] 54 | pub fn remove_login_info(conn: &mut DbConnection, login_info_id: i64) -> Result<usize, Error> {
[INFO] [stdout]    |        ^^^^^^^^^^^^^^^^^ -----------------------
[INFO] [stdout] 
[INFO] [stdout] 
[INFO] [stdout] error: aborting due to 3 previous errors
[INFO] [stdout] 
[INFO] [stdout] 
[INFO] [stdout] Some errors have detailed explanations: E0061, E0308.
[INFO] [stdout] 
[INFO] [stdout] For more information about an error, try `rustc --explain E0061`.
[INFO] [stdout] 
[INFO] [stderr] error: could not compile `dao` due to 4 previous errors
[INFO] running `Command { std: "docker" "inspect" "fb1293a7e9acf7dccacc96195852e9eb747986e63fe483931b830c6a827aa9f2", kill_on_drop: false }`
[INFO] running `Command { std: "docker" "rm" "-f" "fb1293a7e9acf7dccacc96195852e9eb747986e63fe483931b830c6a827aa9f2", kill_on_drop: false }`
[INFO] [stdout] fb1293a7e9acf7dccacc96195852e9eb747986e63fe483931b830c6a827aa9f2
