[INFO] cloning repository https://github.com/TheWeirdDev/task-txt
[INFO] running `Command { std: "git" "-c" "credential.helper=" "-c" "credential.helper=/workspace/cargo-home/bin/git-credential-null" "clone" "--bare" "https://github.com/TheWeirdDev/task-txt" "/workspace/cache/git-repos/https%3A%2F%2Fgithub.com%2FTheWeirdDev%2Ftask-txt", kill_on_drop: false }`
[INFO] [stderr] Cloning into bare repository '/workspace/cache/git-repos/https%3A%2F%2Fgithub.com%2FTheWeirdDev%2Ftask-txt'...
[INFO] [stderr] /workspace/cache/git-repos/https%3A%2F%2Fgithub.com%2FTheWeirdDev%2Ftask-txt: No space left on device
[WARN] Retrying crate fetch in 3 seconds (attempt 1)
[INFO] cloning repository https://github.com/TheWeirdDev/task-txt
[INFO] running `Command { std: "git" "-c" "credential.helper=" "-c" "credential.helper=/workspace/cargo-home/bin/git-credential-null" "clone" "--bare" "https://github.com/TheWeirdDev/task-txt" "/workspace/cache/git-repos/https%3A%2F%2Fgithub.com%2FTheWeirdDev%2Ftask-txt", kill_on_drop: false }`
[INFO] [stderr] Cloning into bare repository '/workspace/cache/git-repos/https%3A%2F%2Fgithub.com%2FTheWeirdDev%2Ftask-txt'...
[INFO] [stderr] /workspace/cache/git-repos/https%3A%2F%2Fgithub.com%2FTheWeirdDev%2Ftask-txt: No space left on device
[WARN] Retrying crate fetch in 3 seconds (attempt 2)
[INFO] cloning repository https://github.com/TheWeirdDev/task-txt
[INFO] running `Command { std: "git" "-c" "credential.helper=" "-c" "credential.helper=/workspace/cargo-home/bin/git-credential-null" "clone" "--bare" "https://github.com/TheWeirdDev/task-txt" "/workspace/cache/git-repos/https%3A%2F%2Fgithub.com%2FTheWeirdDev%2Ftask-txt", kill_on_drop: false }`
[INFO] [stderr] Cloning into bare repository '/workspace/cache/git-repos/https%3A%2F%2Fgithub.com%2FTheWeirdDev%2Ftask-txt'...
[INFO] [stderr] /workspace/cache/git-repos/https%3A%2F%2Fgithub.com%2FTheWeirdDev%2Ftask-txt: No space left on device
[WARN] Retrying crate fetch in 3 seconds (attempt 3)
[INFO] cloning repository https://github.com/TheWeirdDev/task-txt
[INFO] running `Command { std: "git" "-c" "credential.helper=" "-c" "credential.helper=/workspace/cargo-home/bin/git-credential-null" "clone" "--bare" "https://github.com/TheWeirdDev/task-txt" "/workspace/cache/git-repos/https%3A%2F%2Fgithub.com%2FTheWeirdDev%2Ftask-txt", kill_on_drop: false }`
[INFO] [stderr] Cloning into bare repository '/workspace/cache/git-repos/https%3A%2F%2Fgithub.com%2FTheWeirdDev%2Ftask-txt'...
[INFO] [stderr] /workspace/cache/git-repos/https%3A%2F%2Fgithub.com%2FTheWeirdDev%2Ftask-txt: No space left on device
[WARN] Retrying crate fetch in 3 seconds (attempt 4)
[INFO] cloning repository https://github.com/TheWeirdDev/task-txt
[INFO] running `Command { std: "git" "-c" "credential.helper=" "-c" "credential.helper=/workspace/cargo-home/bin/git-credential-null" "clone" "--bare" "https://github.com/TheWeirdDev/task-txt" "/workspace/cache/git-repos/https%3A%2F%2Fgithub.com%2FTheWeirdDev%2Ftask-txt", kill_on_drop: false }`
[INFO] [stderr] Cloning into bare repository '/workspace/cache/git-repos/https%3A%2F%2Fgithub.com%2FTheWeirdDev%2Ftask-txt'...
[INFO] [stderr] /workspace/cache/git-repos/https%3A%2F%2Fgithub.com%2FTheWeirdDev%2Ftask-txt: No space left on device
[WARN] Retrying crate fetch in 3 seconds (attempt 5)
[INFO] cloning repository https://github.com/TheWeirdDev/task-txt
[INFO] running `Command { std: "git" "-c" "credential.helper=" "-c" "credential.helper=/workspace/cargo-home/bin/git-credential-null" "clone" "--bare" "https://github.com/TheWeirdDev/task-txt" "/workspace/cache/git-repos/https%3A%2F%2Fgithub.com%2FTheWeirdDev%2Ftask-txt", kill_on_drop: false }`
[INFO] [stderr] Cloning into bare repository '/workspace/cache/git-repos/https%3A%2F%2Fgithub.com%2FTheWeirdDev%2Ftask-txt'...
[INFO] [stderr] /workspace/cache/git-repos/https%3A%2F%2Fgithub.com%2FTheWeirdDev%2Ftask-txt: No space left on device
[WARN] Retrying crate fetch in 3 seconds (attempt 6)
[INFO] cloning repository https://github.com/TheWeirdDev/task-txt
[INFO] running `Command { std: "git" "-c" "credential.helper=" "-c" "credential.helper=/workspace/cargo-home/bin/git-credential-null" "clone" "--bare" "https://github.com/TheWeirdDev/task-txt" "/workspace/cache/git-repos/https%3A%2F%2Fgithub.com%2FTheWeirdDev%2Ftask-txt", kill_on_drop: false }`
[INFO] [stderr] Cloning into bare repository '/workspace/cache/git-repos/https%3A%2F%2Fgithub.com%2FTheWeirdDev%2Ftask-txt'...
[INFO] [stderr] /workspace/cache/git-repos/https%3A%2F%2Fgithub.com%2FTheWeirdDev%2Ftask-txt: No space left on device
[WARN] Retrying crate fetch in 3 seconds (attempt 7)
[INFO] cloning repository https://github.com/TheWeirdDev/task-txt
[INFO] running `Command { std: "git" "-c" "credential.helper=" "-c" "credential.helper=/workspace/cargo-home/bin/git-credential-null" "clone" "--bare" "https://github.com/TheWeirdDev/task-txt" "/workspace/cache/git-repos/https%3A%2F%2Fgithub.com%2FTheWeirdDev%2Ftask-txt", kill_on_drop: false }`
[INFO] [stderr] Cloning into bare repository '/workspace/cache/git-repos/https%3A%2F%2Fgithub.com%2FTheWeirdDev%2Ftask-txt'...
[INFO] running `Command { std: "git" "rev-parse" "HEAD", kill_on_drop: false }`
[INFO] [stdout] 412f1f0f7f748edaa02cbaec33c0f30133e71fb7
[INFO] testing TheWeirdDev/task-txt against beta-2023-04-20 for beta-1.70-1
[INFO] running `Command { std: "git" "clone" "/workspace/cache/git-repos/https%3A%2F%2Fgithub.com%2FTheWeirdDev%2Ftask-txt" "/workspace/builds/worker-3-tc2/source", kill_on_drop: false }`
[INFO] [stderr] Cloning into '/workspace/builds/worker-3-tc2/source'...
[INFO] [stderr] done.
[INFO] validating manifest of git repo https://github.com/TheWeirdDev/task-txt on toolchain beta-2023-04-20
[INFO] running `Command { std: CARGO_HOME="/workspace/cargo-home" RUSTUP_HOME="/workspace/rustup-home" "/workspace/cargo-home/bin/cargo" "+beta-2023-04-20" "metadata" "--manifest-path" "Cargo.toml" "--no-deps", kill_on_drop: false }`
[INFO] started tweaking git repo https://github.com/TheWeirdDev/task-txt
[INFO] finished tweaking git repo https://github.com/TheWeirdDev/task-txt
[INFO] tweaked toml for git repo https://github.com/TheWeirdDev/task-txt written to /workspace/builds/worker-3-tc2/source/Cargo.toml
[INFO] crate git repo https://github.com/TheWeirdDev/task-txt already has a lockfile, it will not be regenerated
[INFO] running `Command { std: CARGO_HOME="/workspace/cargo-home" RUSTUP_HOME="/workspace/rustup-home" "/workspace/cargo-home/bin/cargo" "+beta-2023-04-20" "fetch" "--manifest-path" "Cargo.toml", kill_on_drop: false }`
[INFO] [stderr]  Downloading crates ...
[INFO] [stderr]   Downloaded tui v0.17.0
[INFO] running `Command { std: "docker" "create" "-v" "/var/lib/crater-agent-workspace/builds/worker-3-tc2/target:/opt/rustwide/target:rw,Z" "-v" "/var/lib/crater-agent-workspace/builds/worker-3-tc2/source:/opt/rustwide/workdir:ro,Z" "-v" "/var/lib/crater-agent-workspace/cargo-home:/opt/rustwide/cargo-home:ro,Z" "-v" "/var/lib/crater-agent-workspace/rustup-home:/opt/rustwide/rustup-home:ro,Z" "-e" "SOURCE_DIR=/opt/rustwide/workdir" "-e" "CARGO_TARGET_DIR=/opt/rustwide/target" "-e" "CARGO_HOME=/opt/rustwide/cargo-home" "-e" "RUSTUP_HOME=/opt/rustwide/rustup-home" "-w" "/opt/rustwide/workdir" "-m" "1610612736" "--user" "0:0" "--network" "none" "ghcr.io/rust-lang/crates-build-env/linux@sha256:97d61d7686bf65f8ecb15491ab51835e82dc9176a96a831f143a431b191fc501" "/opt/rustwide/cargo-home/bin/cargo" "+beta-2023-04-20" "metadata" "--no-deps" "--format-version=1", kill_on_drop: false }`
[INFO] [stdout] 21e964e23817e45dc8c468de14ddee683fbc1ce7fc33def55e1dbfafcd22dabb
[INFO] running `Command { std: "docker" "start" "-a" "21e964e23817e45dc8c468de14ddee683fbc1ce7fc33def55e1dbfafcd22dabb", kill_on_drop: false }`
[INFO] running `Command { std: "docker" "inspect" "21e964e23817e45dc8c468de14ddee683fbc1ce7fc33def55e1dbfafcd22dabb", kill_on_drop: false }`
[INFO] running `Command { std: "docker" "rm" "-f" "21e964e23817e45dc8c468de14ddee683fbc1ce7fc33def55e1dbfafcd22dabb", kill_on_drop: false }`
[INFO] [stdout] 21e964e23817e45dc8c468de14ddee683fbc1ce7fc33def55e1dbfafcd22dabb
[INFO] running `Command { std: "docker" "create" "-v" "/var/lib/crater-agent-workspace/builds/worker-3-tc2/target:/opt/rustwide/target:rw,Z" "-v" "/var/lib/crater-agent-workspace/builds/worker-3-tc2/source:/opt/rustwide/workdir:ro,Z" "-v" "/var/lib/crater-agent-workspace/cargo-home:/opt/rustwide/cargo-home:ro,Z" "-v" "/var/lib/crater-agent-workspace/rustup-home:/opt/rustwide/rustup-home:ro,Z" "-e" "SOURCE_DIR=/opt/rustwide/workdir" "-e" "CARGO_TARGET_DIR=/opt/rustwide/target" "-e" "CARGO_INCREMENTAL=0" "-e" "RUST_BACKTRACE=full" "-e" "RUSTFLAGS=--cap-lints=warn" "-e" "RUSTDOCFLAGS=--cap-lints=warn" "-e" "CARGO_HOME=/opt/rustwide/cargo-home" "-e" "RUSTUP_HOME=/opt/rustwide/rustup-home" "-w" "/opt/rustwide/workdir" "-m" "1610612736" "--user" "0:0" "--network" "none" "ghcr.io/rust-lang/crates-build-env/linux@sha256:97d61d7686bf65f8ecb15491ab51835e82dc9176a96a831f143a431b191fc501" "/opt/rustwide/cargo-home/bin/cargo" "+beta-2023-04-20" "build" "--frozen" "--message-format=json", kill_on_drop: false }`
[INFO] [stdout] 05920ce6acd4b31e1a1a40d6c92acdf0c244e205af6e56b82c6bdafbcf420204
[INFO] running `Command { std: "docker" "start" "-a" "05920ce6acd4b31e1a1a40d6c92acdf0c244e205af6e56b82c6bdafbcf420204", kill_on_drop: false }`
[INFO] [stderr]    Compiling libc v0.2.117
[INFO] [stderr]    Compiling cfg-if v1.0.0
[INFO] [stderr]    Compiling log v0.4.16
[INFO] [stderr]    Compiling autocfg v1.1.0
[INFO] [stderr]    Compiling smallvec v1.8.0
[INFO] [stderr]    Compiling signal-hook v0.3.13
[INFO] [stderr]    Compiling scopeguard v1.1.0
[INFO] [stderr]    Compiling parking_lot_core v0.8.5
[INFO] [stderr]    Compiling parking_lot_core v0.9.2
[INFO] [stderr]    Compiling bitflags v1.3.2
[INFO] [stderr]    Compiling lazy_static v1.4.0
[INFO] [stderr]    Compiling cassowary v0.3.0
[INFO] [stderr]    Compiling unicode-segmentation v1.9.0
[INFO] [stderr]    Compiling unicode-width v0.1.9
[INFO] [stderr]    Compiling instant v0.1.12
[INFO] [stderr] LLVM ERROR: IO failure on output stream: No space left on device
[INFO] [stderr] thread 'rustc' panicked at 'assertion failed: pos.get() <= self.position()', compiler/rustc_metadata/src/rmeta/encoder.rs:433:9
[INFO] [stdout] error: failed to write /tmp/rustcnzOMQR/lib.rmeta: No space left on device (os error 28)
[INFO] [stdout] 
[INFO] [stdout] 
[INFO] [stdout] error: linking with `cc` failed: exit status: 1
[INFO] [stdout]   |
[INFO] [stdout]   = note: LC_ALL="C" PATH="/opt/rustwide/rustup-home/toolchains/beta-2023-04-20-x86_64-unknown-linux-gnu/lib/rustlib/x86_64-unknown-linux-gnu/bin:/opt/rustwide/cargo-home/bin:/usr/local/sbin:/usr/local/bin:/usr/sbin:/usr/bin:/sbin:/bin" VSLANG="1033" "cc" "-m64" "/tmp/rustcwNWKP8/symbols.o" "/opt/rustwide/target/debug/build/log-67ca675c29db00de/build_script_build-67ca675c29db00de.build_script_build.59c1280c-cgu.0.rcgu.o" "/opt/rustwide/target/debug/build/log-67ca675c29db00de/build_script_build-67ca675c29db00de.build_script_build.59c1280c-cgu.1.rcgu.o" "/opt/rustwide/target/debug/build/log-67ca675c29db00de/build_script_build-67ca675c29db00de.build_script_build.59c1280c-cgu.10.rcgu.o" "/opt/rustwide/target/debug/build/log-67ca675c29db00de/build_script_build-67ca675c29db00de.build_script_build.59c1280c-cgu.11.rcgu.o" "/opt/rustwide/target/debug/build/log-67ca675c29db00de/build_script_build-67ca675c29db00de.build_script_build.59c1280c-cgu.12.rcgu.o" "/opt/rustwide/target/debug/build/log-67ca675c29db00de/build_script_build-67ca675c29db00de.build_script_build.59c1280c-cgu.13.rcgu.o" "/opt/rustwide/target/debug/build/log-67ca675c29db00de/build_script_build-67ca675c29db00de.build_script_build.59c1280c-cgu.14.rcgu.o" "/opt/rustwide/target/debug/build/log-67ca675c29db00de/build_script_build-67ca675c29db00de.build_script_build.59c1280c-cgu.15.rcgu.o" "/opt/rustwide/target/debug/build/log-67ca675c29db00de/build_script_build-67ca675c29db00de.build_script_build.59c1280c-cgu.2.rcgu.o" "/opt/rustwide/target/debug/build/log-67ca675c29db00de/build_script_build-67ca675c29db00de.build_script_build.59c1280c-cgu.3.rcgu.o" "/opt/rustwide/target/debug/build/log-67ca675c29db00de/build_script_build-67ca675c29db00de.build_script_build.59c1280c-cgu.4.rcgu.o" "/opt/rustwide/target/debug/build/log-67ca675c29db00de/build_script_build-67ca675c29db00de.build_script_build.59c1280c-cgu.5.rcgu.o" "/opt/rustwide/target/debug/build/log-67ca675c29db00de/build_script_build-67ca675c29db00de.build_script_build.59c1280c-cgu.6.rcgu.o" "/opt/rustwide/target/debug/build/log-67ca675c29db00de/build_script_build-67ca675c29db00de.build_script_build.59c1280c-cgu.7.rcgu.o" "/opt/rustwide/target/debug/build/log-67ca675c29db00de/build_script_build-67ca675c29db00de.build_script_build.59c1280c-cgu.8.rcgu.o" "/opt/rustwide/target/debug/build/log-67ca675c29db00de/build_script_build-67ca675c29db00de.build_script_build.59c1280c-cgu.9.rcgu.o" "/opt/rustwide/target/debug/build/log-67ca675c29db00de/build_script_build-67ca675c29db00de.11b6pru7tjmlm9w0.rcgu.o" "-Wl,--as-needed" "-L" "/opt/rustwide/target/debug/deps" "-L" "/opt/rustwide/rustup-home/toolchains/beta-2023-04-20-x86_64-unknown-linux-gnu/lib/rustlib/x86_64-unknown-linux-gnu/lib" "-Wl,-Bstatic" "/opt/rustwide/rustup-home/toolchains/beta-2023-04-20-x86_64-unknown-linux-gnu/lib/rustlib/x86_64-unknown-linux-gnu/lib/libstd-0e29cc23c5e02021.rlib" "/opt/rustwide/rustup-home/toolchains/beta-2023-04-20-x86_64-unknown-linux-gnu/lib/rustlib/x86_64-unknown-linux-gnu/lib/libpanic_unwind-d903621768a861d9.rlib" "/opt/rustwide/rustup-home/toolchains/beta-2023-04-20-x86_64-unknown-linux-gnu/lib/rustlib/x86_64-unknown-linux-gnu/lib/libobject-6d0225e655f31c13.rlib" "/opt/rustwide/rustup-home/toolchains/beta-2023-04-20-x86_64-unknown-linux-gnu/lib/rustlib/x86_64-unknown-linux-gnu/lib/libmemchr-9dbaf4eac7eaa079.rlib" "/opt/rustwide/rustup-home/toolchains/beta-2023-04-20-x86_64-unknown-linux-gnu/lib/rustlib/x86_64-unknown-linux-gnu/lib/libaddr2line-27f05b3d42a66dd0.rlib" "/opt/rustwide/rustup-home/toolchains/beta-2023-04-20-x86_64-unknown-linux-gnu/lib/rustlib/x86_64-unknown-linux-gnu/lib/libgimli-4d73f1030321c9a2.rlib" "/opt/rustwide/rustup-home/toolchains/beta-2023-04-20-x86_64-unknown-linux-gnu/lib/rustlib/x86_64-unknown-linux-gnu/lib/librustc_demangle-2846c9e58abd0acb.rlib" "/opt/rustwide/rustup-home/toolchains/beta-2023-04-20-x86_64-unknown-linux-gnu/lib/rustlib/x86_64-unknown-linux-gnu/lib/libstd_detect-a53d0f50415947be.rlib" "/opt/rustwide/rustup-home/toolchains/beta-2023-04-20-x86_64-unknown-linux-gnu/lib/rustlib/x86_64-unknown-linux-gnu/lib/libhashbrown-d48e4b6abc25b9dc.rlib" "/opt/rustwide/rustup-home/toolchains/beta-2023-04-20-x86_64-unknown-linux-gnu/lib/rustlib/x86_64-unknown-linux-gnu/lib/libminiz_oxide-2991859439ef1207.rlib" "/opt/rustwide/rustup-home/toolchains/beta-2023-04-20-x86_64-unknown-linux-gnu/lib/rustlib/x86_64-unknown-linux-gnu/lib/libadler-8a687517e4221bae.rlib" "/opt/rustwide/rustup-home/toolchains/beta-2023-04-20-x86_64-unknown-linux-gnu/lib/rustlib/x86_64-unknown-linux-gnu/lib/librustc_std_workspace_alloc-e07b554f6a67f5b3.rlib" "/opt/rustwide/rustup-home/toolchains/beta-2023-04-20-x86_64-unknown-linux-gnu/lib/rustlib/x86_64-unknown-linux-gnu/lib/libunwind-b68238b7c3c619dd.rlib" "/opt/rustwide/rustup-home/toolchains/beta-2023-04-20-x86_64-unknown-linux-gnu/lib/rustlib/x86_64-unknown-linux-gnu/lib/libcfg_if-d5e213e896c017e4.rlib" "/opt/rustwide/rustup-home/toolchains/beta-2023-04-20-x86_64-unknown-linux-gnu/lib/rustlib/x86_64-unknown-linux-gnu/lib/liblibc-0211a3b2e61d8689.rlib" "/opt/rustwide/rustup-home/toolchains/beta-2023-04-20-x86_64-unknown-linux-gnu/lib/rustlib/x86_64-unknown-linux-gnu/lib/liballoc-b371f055239ba51f.rlib" "/opt/rustwide/rustup-home/toolchains/beta-2023-04-20-x86_64-unknown-linux-gnu/lib/rustlib/x86_64-unknown-linux-gnu/lib/librustc_std_workspace_core-e60518d2760eb01e.rlib" "/opt/rustwide/rustup-home/toolchains/beta-2023-04-20-x86_64-unknown-linux-gnu/lib/rustlib/x86_64-unknown-linux-gnu/lib/libcore-1ad943f92a4b1081.rlib" "/opt/rustwide/rustup-home/toolchains/beta-2023-04-20-x86_64-unknown-linux-gnu/lib/rustlib/x86_64-unknown-linux-gnu/lib/libcompiler_builtins-f0d6e4d0fc1e80b4.rlib" "-Wl,-Bdynamic" "-lgcc_s" "-lutil" "-lrt" "-lpthread" "-lm" "-ldl" "-lc" "-Wl,--eh-frame-hdr" "-Wl,-z,noexecstack" "-L" "/opt/rustwide/rustup-home/toolchains/beta-2023-04-20-x86_64-unknown-linux-gnu/lib/rustlib/x86_64-unknown-linux-gnu/lib" "-o" "/opt/rustwide/target/debug/build/log-67ca675c29db00de/build_script_build-67ca675c29db00de" "-Wl,--gc-sections" "-pie" "-Wl,-z,relro,-z,now" "-nodefaultlibs"
[INFO] [stdout]   = note: /usr/bin/ld: final link failed: No space left on device
[INFO] [stdout]           collect2: error: ld returned 1 exit status
[INFO] [stdout]           
[INFO] [stdout] 
[INFO] [stdout] 
[INFO] [stdout] error: aborting due to previous error
[INFO] [stdout] 
[INFO] [stdout] 
[INFO] [stderr] error: could not compile `autocfg` (lib)
[INFO] [stderr] warning: build failed, waiting for other jobs to finish...
[INFO] [stdout] error: linking with `cc` failed: exit status: 1
[INFO] [stdout]   |
[INFO] [stdout]   = note: LC_ALL="C" PATH="/opt/rustwide/rustup-home/toolchains/beta-2023-04-20-x86_64-unknown-linux-gnu/lib/rustlib/x86_64-unknown-linux-gnu/bin:/opt/rustwide/cargo-home/bin:/usr/local/sbin:/usr/local/bin:/usr/sbin:/usr/bin:/sbin:/bin" VSLANG="1033" "cc" "-m64" "/tmp/rustclMp3pO/symbols.o" "/opt/rustwide/target/debug/build/parking_lot_core-9a887c9910f5e708/build_script_build-9a887c9910f5e708.build_script_build.dee191c7-cgu.0.rcgu.o" "/opt/rustwide/target/debug/build/parking_lot_core-9a887c9910f5e708/build_script_build-9a887c9910f5e708.build_script_build.dee191c7-cgu.1.rcgu.o" "/opt/rustwide/target/debug/build/parking_lot_core-9a887c9910f5e708/build_script_build-9a887c9910f5e708.build_script_build.dee191c7-cgu.10.rcgu.o" "/opt/rustwide/target/debug/build/parking_lot_core-9a887c9910f5e708/build_script_build-9a887c9910f5e708.build_script_build.dee191c7-cgu.11.rcgu.o" "/opt/rustwide/target/debug/build/parking_lot_core-9a887c9910f5e708/build_script_build-9a887c9910f5e708.build_script_build.dee191c7-cgu.12.rcgu.o" "/opt/rustwide/target/debug/build/parking_lot_core-9a887c9910f5e708/build_script_build-9a887c9910f5e708.build_script_build.dee191c7-cgu.13.rcgu.o" "/opt/rustwide/target/debug/build/parking_lot_core-9a887c9910f5e708/build_script_build-9a887c9910f5e708.build_script_build.dee191c7-cgu.14.rcgu.o" "/opt/rustwide/target/debug/build/parking_lot_core-9a887c9910f5e708/build_script_build-9a887c9910f5e708.build_script_build.dee191c7-cgu.15.rcgu.o" "/opt/rustwide/target/debug/build/parking_lot_core-9a887c9910f5e708/build_script_build-9a887c9910f5e708.build_script_build.dee191c7-cgu.2.rcgu.o" "/opt/rustwide/target/debug/build/parking_lot_core-9a887c9910f5e708/build_script_build-9a887c9910f5e708.build_script_build.dee191c7-cgu.3.rcgu.o" "/opt/rustwide/target/debug/build/parking_lot_core-9a887c9910f5e708/build_script_build-9a887c9910f5e708.build_script_build.dee191c7-cgu.4.rcgu.o" "/opt/rustwide/target/debug/build/parking_lot_core-9a887c9910f5e708/build_script_build-9a887c9910f5e708.build_script_build.dee191c7-cgu.5.rcgu.o" "/opt/rustwide/target/debug/build/parking_lot_core-9a887c9910f5e708/build_script_build-9a887c9910f5e708.build_script_build.dee191c7-cgu.6.rcgu.o" "/opt/rustwide/target/debug/build/parking_lot_core-9a887c9910f5e708/build_script_build-9a887c9910f5e708.build_script_build.dee191c7-cgu.7.rcgu.o" "/opt/rustwide/target/debug/build/parking_lot_core-9a887c9910f5e708/build_script_build-9a887c9910f5e708.build_script_build.dee191c7-cgu.8.rcgu.o" "/opt/rustwide/target/debug/build/parking_lot_core-9a887c9910f5e708/build_script_build-9a887c9910f5e708.build_script_build.dee191c7-cgu.9.rcgu.o" "/opt/rustwide/target/debug/build/parking_lot_core-9a887c9910f5e708/build_script_build-9a887c9910f5e708.3trka17r0mrjhwxu.rcgu.o" "-Wl,--as-needed" "-L" "/opt/rustwide/target/debug/deps" "-L" "/opt/rustwide/rustup-home/toolchains/beta-2023-04-20-x86_64-unknown-linux-gnu/lib/rustlib/x86_64-unknown-linux-gnu/lib" "-Wl,-Bstatic" "/opt/rustwide/rustup-home/toolchains/beta-2023-04-20-x86_64-unknown-linux-gnu/lib/rustlib/x86_64-unknown-linux-gnu/lib/libstd-0e29cc23c5e02021.rlib" "/opt/rustwide/rustup-home/toolchains/beta-2023-04-20-x86_64-unknown-linux-gnu/lib/rustlib/x86_64-unknown-linux-gnu/lib/libpanic_unwind-d903621768a861d9.rlib" "/opt/rustwide/rustup-home/toolchains/beta-2023-04-20-x86_64-unknown-linux-gnu/lib/rustlib/x86_64-unknown-linux-gnu/lib/libobject-6d0225e655f31c13.rlib" "/opt/rustwide/rustup-home/toolchains/beta-2023-04-20-x86_64-unknown-linux-gnu/lib/rustlib/x86_64-unknown-linux-gnu/lib/libmemchr-9dbaf4eac7eaa079.rlib" "/opt/rustwide/rustup-home/toolchains/beta-2023-04-20-x86_64-unknown-linux-gnu/lib/rustlib/x86_64-unknown-linux-gnu/lib/libaddr2line-27f05b3d42a66dd0.rlib" "/opt/rustwide/rustup-home/toolchains/beta-2023-04-20-x86_64-unknown-linux-gnu/lib/rustlib/x86_64-unknown-linux-gnu/lib/libgimli-4d73f1030321c9a2.rlib" "/opt/rustwide/rustup-home/toolchains/beta-2023-04-20-x86_64-unknown-linux-gnu/lib/rustlib/x86_64-unknown-linux-gnu/lib/librustc_demangle-2846c9e58abd0acb.rlib" "/opt/rustwide/rustup-home/toolchains/beta-2023-04-20-x86_64-unknown-linux-gnu/lib/rustlib/x86_64-unknown-linux-gnu/lib/libstd_detect-a53d0f50415947be.rlib" "/opt/rustwide/rustup-home/toolchains/beta-2023-04-20-x86_64-unknown-linux-gnu/lib/rustlib/x86_64-unknown-linux-gnu/lib/libhashbrown-d48e4b6abc25b9dc.rlib" "/opt/rustwide/rustup-home/toolchains/beta-2023-04-20-x86_64-unknown-linux-gnu/lib/rustlib/x86_64-unknown-linux-gnu/lib/libminiz_oxide-2991859439ef1207.rlib" "/opt/rustwide/rustup-home/toolchains/beta-2023-04-20-x86_64-unknown-linux-gnu/lib/rustlib/x86_64-unknown-linux-gnu/lib/libadler-8a687517e4221bae.rlib" "/opt/rustwide/rustup-home/toolchains/beta-2023-04-20-x86_64-unknown-linux-gnu/lib/rustlib/x86_64-unknown-linux-gnu/lib/librustc_std_workspace_alloc-e07b554f6a67f5b3.rlib" "/opt/rustwide/rustup-home/toolchains/beta-2023-04-20-x86_64-unknown-linux-gnu/lib/rustlib/x86_64-unknown-linux-gnu/lib/libunwind-b68238b7c3c619dd.rlib" "/opt/rustwide/rustup-home/toolchains/beta-2023-04-20-x86_64-unknown-linux-gnu/lib/rustlib/x86_64-unknown-linux-gnu/lib/libcfg_if-d5e213e896c017e4.rlib" "/opt/rustwide/rustup-home/toolchains/beta-2023-04-20-x86_64-unknown-linux-gnu/lib/rustlib/x86_64-unknown-linux-gnu/lib/liblibc-0211a3b2e61d8689.rlib" "/opt/rustwide/rustup-home/toolchains/beta-2023-04-20-x86_64-unknown-linux-gnu/lib/rustlib/x86_64-unknown-linux-gnu/lib/liballoc-b371f055239ba51f.rlib" "/opt/rustwide/rustup-home/toolchains/beta-2023-04-20-x86_64-unknown-linux-gnu/lib/rustlib/x86_64-unknown-linux-gnu/lib/librustc_std_workspace_core-e60518d2760eb01e.rlib" "/opt/rustwide/rustup-home/toolchains/beta-2023-04-20-x86_64-unknown-linux-gnu/lib/rustlib/x86_64-unknown-linux-gnu/lib/libcore-1ad943f92a4b1081.rlib" "/opt/rustwide/rustup-home/toolchains/beta-2023-04-20-x86_64-unknown-linux-gnu/lib/rustlib/x86_64-unknown-linux-gnu/lib/libcompiler_builtins-f0d6e4d0fc1e80b4.rlib" "-Wl,-Bdynamic" "-lgcc_s" "-lutil" "-lrt" "-lpthread" "-lm" "-ldl" "-lc" "-Wl,--eh-frame-hdr" "-Wl,-z,noexecstack" "-L" "/opt/rustwide/rustup-home/toolchains/beta-2023-04-20-x86_64-unknown-linux-gnu/lib/rustlib/x86_64-unknown-linux-gnu/lib" "-o" "/opt/rustwide/target/debug/build/parking_lot_core-9a887c9910f5e708/build_script_build-9a887c9910f5e708" "-Wl,--gc-sections" "-pie" "-Wl,-z,relro,-z,now" "-nodefaultlibs"
[INFO] [stdout]   = note: /usr/bin/ld: final link failed: No space left on device
[INFO] [stdout]           collect2: error: ld returned 1 exit status
[INFO] [stdout]           
[INFO] [stdout] 
[INFO] [stdout] 
[INFO] [stdout] error: linking with `cc` failed: exit status: 1
[INFO] [stdout]   |
[INFO] [stdout]   = note: LC_ALL="C" PATH="/opt/rustwide/rustup-home/toolchains/beta-2023-04-20-x86_64-unknown-linux-gnu/lib/rustlib/x86_64-unknown-linux-gnu/bin:/opt/rustwide/cargo-home/bin:/usr/local/sbin:/usr/local/bin:/usr/sbin:/usr/bin:/sbin:/bin" VSLANG="1033" "cc" "-m64" "/tmp/rustcm8vNjz/symbols.o" "/opt/rustwide/target/debug/build/parking_lot_core-73fa66925feed4ef/build_script_build-73fa66925feed4ef.build_script_build.0841465e-cgu.0.rcgu.o" "/opt/rustwide/target/debug/build/parking_lot_core-73fa66925feed4ef/build_script_build-73fa66925feed4ef.build_script_build.0841465e-cgu.1.rcgu.o" "/opt/rustwide/target/debug/build/parking_lot_core-73fa66925feed4ef/build_script_build-73fa66925feed4ef.build_script_build.0841465e-cgu.10.rcgu.o" "/opt/rustwide/target/debug/build/parking_lot_core-73fa66925feed4ef/build_script_build-73fa66925feed4ef.build_script_build.0841465e-cgu.11.rcgu.o" "/opt/rustwide/target/debug/build/parking_lot_core-73fa66925feed4ef/build_script_build-73fa66925feed4ef.build_script_build.0841465e-cgu.12.rcgu.o" "/opt/rustwide/target/debug/build/parking_lot_core-73fa66925feed4ef/build_script_build-73fa66925feed4ef.build_script_build.0841465e-cgu.13.rcgu.o" "/opt/rustwide/target/debug/build/parking_lot_core-73fa66925feed4ef/build_script_build-73fa66925feed4ef.build_script_build.0841465e-cgu.14.rcgu.o" "/opt/rustwide/target/debug/build/parking_lot_core-73fa66925feed4ef/build_script_build-73fa66925feed4ef.build_script_build.0841465e-cgu.15.rcgu.o" "/opt/rustwide/target/debug/build/parking_lot_core-73fa66925feed4ef/build_script_build-73fa66925feed4ef.build_script_build.0841465e-cgu.2.rcgu.o" "/opt/rustwide/target/debug/build/parking_lot_core-73fa66925feed4ef/build_script_build-73fa66925feed4ef.build_script_build.0841465e-cgu.3.rcgu.o" "/opt/rustwide/target/debug/build/parking_lot_core-73fa66925feed4ef/build_script_build-73fa66925feed4ef.build_script_build.0841465e-cgu.4.rcgu.o" "/opt/rustwide/target/debug/build/parking_lot_core-73fa66925feed4ef/build_script_build-73fa66925feed4ef.build_script_build.0841465e-cgu.5.rcgu.o" "/opt/rustwide/target/debug/build/parking_lot_core-73fa66925feed4ef/build_script_build-73fa66925feed4ef.build_script_build.0841465e-cgu.6.rcgu.o" "/opt/rustwide/target/debug/build/parking_lot_core-73fa66925feed4ef/build_script_build-73fa66925feed4ef.build_script_build.0841465e-cgu.7.rcgu.o" "/opt/rustwide/target/debug/build/parking_lot_core-73fa66925feed4ef/build_script_build-73fa66925feed4ef.build_script_build.0841465e-cgu.8.rcgu.o" "/opt/rustwide/target/debug/build/parking_lot_core-73fa66925feed4ef/build_script_build-73fa66925feed4ef.build_script_build.0841465e-cgu.9.rcgu.o" "/opt/rustwide/target/debug/build/parking_lot_core-73fa66925feed4ef/build_script_build-73fa66925feed4ef.1vyq9ujwdyc7muk8.rcgu.o" "-Wl,--as-needed" "-L" "/opt/rustwide/target/debug/deps" "-L" "/opt/rustwide/rustup-home/toolchains/beta-2023-04-20-x86_64-unknown-linux-gnu/lib/rustlib/x86_64-unknown-linux-gnu/lib" "-Wl,-Bstatic" "/opt/rustwide/rustup-home/toolchains/beta-2023-04-20-x86_64-unknown-linux-gnu/lib/rustlib/x86_64-unknown-linux-gnu/lib/libstd-0e29cc23c5e02021.rlib" "/opt/rustwide/rustup-home/toolchains/beta-2023-04-20-x86_64-unknown-linux-gnu/lib/rustlib/x86_64-unknown-linux-gnu/lib/libpanic_unwind-d903621768a861d9.rlib" "/opt/rustwide/rustup-home/toolchains/beta-2023-04-20-x86_64-unknown-linux-gnu/lib/rustlib/x86_64-unknown-linux-gnu/lib/libobject-6d0225e655f31c13.rlib" "/opt/rustwide/rustup-home/toolchains/beta-2023-04-20-x86_64-unknown-linux-gnu/lib/rustlib/x86_64-unknown-linux-gnu/lib/libmemchr-9dbaf4eac7eaa079.rlib" "/opt/rustwide/rustup-home/toolchains/beta-2023-04-20-x86_64-unknown-linux-gnu/lib/rustlib/x86_64-unknown-linux-gnu/lib/libaddr2line-27f05b3d42a66dd0.rlib" "/opt/rustwide/rustup-home/toolchains/beta-2023-04-20-x86_64-unknown-linux-gnu/lib/rustlib/x86_64-unknown-linux-gnu/lib/libgimli-4d73f1030321c9a2.rlib" "/opt/rustwide/rustup-home/toolchains/beta-2023-04-20-x86_64-unknown-linux-gnu/lib/rustlib/x86_64-unknown-linux-gnu/lib/librustc_demangle-2846c9e58abd0acb.rlib" "/opt/rustwide/rustup-home/toolchains/beta-2023-04-20-x86_64-unknown-linux-gnu/lib/rustlib/x86_64-unknown-linux-gnu/lib/libstd_detect-a53d0f50415947be.rlib" "/opt/rustwide/rustup-home/toolchains/beta-2023-04-20-x86_64-unknown-linux-gnu/lib/rustlib/x86_64-unknown-linux-gnu/lib/libhashbrown-d48e4b6abc25b9dc.rlib" "/opt/rustwide/rustup-home/toolchains/beta-2023-04-20-x86_64-unknown-linux-gnu/lib/rustlib/x86_64-unknown-linux-gnu/lib/libminiz_oxide-2991859439ef1207.rlib" "/opt/rustwide/rustup-home/toolchains/beta-2023-04-20-x86_64-unknown-linux-gnu/lib/rustlib/x86_64-unknown-linux-gnu/lib/libadler-8a687517e4221bae.rlib" "/opt/rustwide/rustup-home/toolchains/beta-2023-04-20-x86_64-unknown-linux-gnu/lib/rustlib/x86_64-unknown-linux-gnu/lib/librustc_std_workspace_alloc-e07b554f6a67f5b3.rlib" "/opt/rustwide/rustup-home/toolchains/beta-2023-04-20-x86_64-unknown-linux-gnu/lib/rustlib/x86_64-unknown-linux-gnu/lib/libunwind-b68238b7c3c619dd.rlib" "/opt/rustwide/rustup-home/toolchains/beta-2023-04-20-x86_64-unknown-linux-gnu/lib/rustlib/x86_64-unknown-linux-gnu/lib/libcfg_if-d5e213e896c017e4.rlib" "/opt/rustwide/rustup-home/toolchains/beta-2023-04-20-x86_64-unknown-linux-gnu/lib/rustlib/x86_64-unknown-linux-gnu/lib/liblibc-0211a3b2e61d8689.rlib" "/opt/rustwide/rustup-home/toolchains/beta-2023-04-20-x86_64-unknown-linux-gnu/lib/rustlib/x86_64-unknown-linux-gnu/lib/liballoc-b371f055239ba51f.rlib" "/opt/rustwide/rustup-home/toolchains/beta-2023-04-20-x86_64-unknown-linux-gnu/lib/rustlib/x86_64-unknown-linux-gnu/lib/librustc_std_workspace_core-e60518d2760eb01e.rlib" "/opt/rustwide/rustup-home/toolchains/beta-2023-04-20-x86_64-unknown-linux-gnu/lib/rustlib/x86_64-unknown-linux-gnu/lib/libcore-1ad943f92a4b1081.rlib" "/opt/rustwide/rustup-home/toolchains/beta-2023-04-20-x86_64-unknown-linux-gnu/lib/rustlib/x86_64-unknown-linux-gnu/lib/libcompiler_builtins-f0d6e4d0fc1e80b4.rlib" "-Wl,-Bdynamic" "-lgcc_s" "-lutil" "-lrt" "-lpthread" "-lm" "-ldl" "-lc" "-Wl,--eh-frame-hdr" "-Wl,-z,noexecstack" "-L" "/opt/rustwide/rustup-home/toolchains/beta-2023-04-20-x86_64-unknown-linux-gnu/lib/rustlib/x86_64-unknown-linux-gnu/lib" "-o" "/opt/rustwide/target/debug/build/parking_lot_core-73fa66925feed4ef/build_script_build-73fa66925feed4ef" "-Wl,--gc-sections" "-pie" "-Wl,-z,relro,-z,now" "-nodefaultlibs"
[INFO] [stdout]   = note: /usr/bin/ld: final link failed: No space left on device
[INFO] [stdout]           collect2: error: ld returned 1 exit status
[INFO] [stdout]           
[INFO] [stdout] 
[INFO] [stdout] 
[INFO] [stdout] error: aborting due to previous error
[INFO] [stdout] 
[INFO] [stdout] 
[INFO] [stdout] error: aborting due to previous error
[INFO] [stdout] 
[INFO] [stdout] 
[INFO] [stderr] error: could not compile `log` (build script) due to 2 previous errors
[INFO] [stderr] error: could not compile `smallvec` (lib) due to previous error
[INFO] [stderr] error: could not compile `parking_lot_core` (build script) due to 2 previous errors
[INFO] [stderr] error: could not compile `parking_lot_core` (build script) due to 2 previous errors
[INFO] [stdout] error: linking with `cc` failed: exit status: 1
[INFO] [stdout]   |
[INFO] [stdout]   = note: LC_ALL="C" PATH="/opt/rustwide/rustup-home/toolchains/beta-2023-04-20-x86_64-unknown-linux-gnu/lib/rustlib/x86_64-unknown-linux-gnu/bin:/opt/rustwide/cargo-home/bin:/usr/local/sbin:/usr/local/bin:/usr/sbin:/usr/bin:/sbin:/bin" VSLANG="1033" "cc" "-m64" "/tmp/rustccEp6nf/symbols.o" "/opt/rustwide/target/debug/build/libc-5c966f6694928f78/build_script_build-5c966f6694928f78.build_script_build.0af52cf6-cgu.0.rcgu.o" "/opt/rustwide/target/debug/build/libc-5c966f6694928f78/build_script_build-5c966f6694928f78.build_script_build.0af52cf6-cgu.1.rcgu.o" "/opt/rustwide/target/debug/build/libc-5c966f6694928f78/build_script_build-5c966f6694928f78.build_script_build.0af52cf6-cgu.10.rcgu.o" "/opt/rustwide/target/debug/build/libc-5c966f6694928f78/build_script_build-5c966f6694928f78.build_script_build.0af52cf6-cgu.11.rcgu.o" "/opt/rustwide/target/debug/build/libc-5c966f6694928f78/build_script_build-5c966f6694928f78.build_script_build.0af52cf6-cgu.12.rcgu.o" "/opt/rustwide/target/debug/build/libc-5c966f6694928f78/build_script_build-5c966f6694928f78.build_script_build.0af52cf6-cgu.13.rcgu.o" "/opt/rustwide/target/debug/build/libc-5c966f6694928f78/build_script_build-5c966f6694928f78.build_script_build.0af52cf6-cgu.14.rcgu.o" "/opt/rustwide/target/debug/build/libc-5c966f6694928f78/build_script_build-5c966f6694928f78.build_script_build.0af52cf6-cgu.15.rcgu.o" "/opt/rustwide/target/debug/build/libc-5c966f6694928f78/build_script_build-5c966f6694928f78.build_script_build.0af52cf6-cgu.2.rcgu.o" "/opt/rustwide/target/debug/build/libc-5c966f6694928f78/build_script_build-5c966f6694928f78.build_script_build.0af52cf6-cgu.3.rcgu.o" "/opt/rustwide/target/debug/build/libc-5c966f6694928f78/build_script_build-5c966f6694928f78.build_script_build.0af52cf6-cgu.4.rcgu.o" "/opt/rustwide/target/debug/build/libc-5c966f6694928f78/build_script_build-5c966f6694928f78.build_script_build.0af52cf6-cgu.5.rcgu.o" "/opt/rustwide/target/debug/build/libc-5c966f6694928f78/build_script_build-5c966f6694928f78.build_script_build.0af52cf6-cgu.6.rcgu.o" "/opt/rustwide/target/debug/build/libc-5c966f6694928f78/build_script_build-5c966f6694928f78.build_script_build.0af52cf6-cgu.7.rcgu.o" "/opt/rustwide/target/debug/build/libc-5c966f6694928f78/build_script_build-5c966f6694928f78.build_script_build.0af52cf6-cgu.8.rcgu.o" "/opt/rustwide/target/debug/build/libc-5c966f6694928f78/build_script_build-5c966f6694928f78.build_script_build.0af52cf6-cgu.9.rcgu.o" "/opt/rustwide/target/debug/build/libc-5c966f6694928f78/build_script_build-5c966f6694928f78.5py7t1ay2rauffk.rcgu.o" "-Wl,--as-needed" "-L" "/opt/rustwide/target/debug/deps" "-L" "/opt/rustwide/rustup-home/toolchains/beta-2023-04-20-x86_64-unknown-linux-gnu/lib/rustlib/x86_64-unknown-linux-gnu/lib" "-Wl,-Bstatic" "/opt/rustwide/rustup-home/toolchains/beta-2023-04-20-x86_64-unknown-linux-gnu/lib/rustlib/x86_64-unknown-linux-gnu/lib/libstd-0e29cc23c5e02021.rlib" "/opt/rustwide/rustup-home/toolchains/beta-2023-04-20-x86_64-unknown-linux-gnu/lib/rustlib/x86_64-unknown-linux-gnu/lib/libpanic_unwind-d903621768a861d9.rlib" "/opt/rustwide/rustup-home/toolchains/beta-2023-04-20-x86_64-unknown-linux-gnu/lib/rustlib/x86_64-unknown-linux-gnu/lib/libobject-6d0225e655f31c13.rlib" "/opt/rustwide/rustup-home/toolchains/beta-2023-04-20-x86_64-unknown-linux-gnu/lib/rustlib/x86_64-unknown-linux-gnu/lib/libmemchr-9dbaf4eac7eaa079.rlib" "/opt/rustwide/rustup-home/toolchains/beta-2023-04-20-x86_64-unknown-linux-gnu/lib/rustlib/x86_64-unknown-linux-gnu/lib/libaddr2line-27f05b3d42a66dd0.rlib" "/opt/rustwide/rustup-home/toolchains/beta-2023-04-20-x86_64-unknown-linux-gnu/lib/rustlib/x86_64-unknown-linux-gnu/lib/libgimli-4d73f1030321c9a2.rlib" "/opt/rustwide/rustup-home/toolchains/beta-2023-04-20-x86_64-unknown-linux-gnu/lib/rustlib/x86_64-unknown-linux-gnu/lib/librustc_demangle-2846c9e58abd0acb.rlib" "/opt/rustwide/rustup-home/toolchains/beta-2023-04-20-x86_64-unknown-linux-gnu/lib/rustlib/x86_64-unknown-linux-gnu/lib/libstd_detect-a53d0f50415947be.rlib" "/opt/rustwide/rustup-home/toolchains/beta-2023-04-20-x86_64-unknown-linux-gnu/lib/rustlib/x86_64-unknown-linux-gnu/lib/libhashbrown-d48e4b6abc25b9dc.rlib" "/opt/rustwide/rustup-home/toolchains/beta-2023-04-20-x86_64-unknown-linux-gnu/lib/rustlib/x86_64-unknown-linux-gnu/lib/libminiz_oxide-2991859439ef1207.rlib" "/opt/rustwide/rustup-home/toolchains/beta-2023-04-20-x86_64-unknown-linux-gnu/lib/rustlib/x86_64-unknown-linux-gnu/lib/libadler-8a687517e4221bae.rlib" "/opt/rustwide/rustup-home/toolchains/beta-2023-04-20-x86_64-unknown-linux-gnu/lib/rustlib/x86_64-unknown-linux-gnu/lib/librustc_std_workspace_alloc-e07b554f6a67f5b3.rlib" "/opt/rustwide/rustup-home/toolchains/beta-2023-04-20-x86_64-unknown-linux-gnu/lib/rustlib/x86_64-unknown-linux-gnu/lib/libunwind-b68238b7c3c619dd.rlib" "/opt/rustwide/rustup-home/toolchains/beta-2023-04-20-x86_64-unknown-linux-gnu/lib/rustlib/x86_64-unknown-linux-gnu/lib/libcfg_if-d5e213e896c017e4.rlib" "/opt/rustwide/rustup-home/toolchains/beta-2023-04-20-x86_64-unknown-linux-gnu/lib/rustlib/x86_64-unknown-linux-gnu/lib/liblibc-0211a3b2e61d8689.rlib" "/opt/rustwide/rustup-home/toolchains/beta-2023-04-20-x86_64-unknown-linux-gnu/lib/rustlib/x86_64-unknown-linux-gnu/lib/liballoc-b371f055239ba51f.rlib" "/opt/rustwide/rustup-home/toolchains/beta-2023-04-20-x86_64-unknown-linux-gnu/lib/rustlib/x86_64-unknown-linux-gnu/lib/librustc_std_workspace_core-e60518d2760eb01e.rlib" "/opt/rustwide/rustup-home/toolchains/beta-2023-04-20-x86_64-unknown-linux-gnu/lib/rustlib/x86_64-unknown-linux-gnu/lib/libcore-1ad943f92a4b1081.rlib" "/opt/rustwide/rustup-home/toolchains/beta-2023-04-20-x86_64-unknown-linux-gnu/lib/rustlib/x86_64-unknown-linux-gnu/lib/libcompiler_builtins-f0d6e4d0fc1e80b4.rlib" "-Wl,-Bdynamic" "-lgcc_s" "-lutil" "-lrt" "-lpthread" "-lm" "-ldl" "-lc" "-Wl,--eh-frame-hdr" "-Wl,-z,noexecstack" "-L" "/opt/rustwide/rustup-home/toolchains/beta-2023-04-20-x86_64-unknown-linux-gnu/lib/rustlib/x86_64-unknown-linux-gnu/lib" "-o" "/opt/rustwide/target/debug/build/libc-5c966f6694928f78/build_script_build-5c966f6694928f78" "-Wl,--gc-sections" "-pie" "-Wl,-z,relro,-z,now" "-nodefaultlibs"
[INFO] [stdout]   = note: /usr/bin/ld: final link failed: No space left on device
[INFO] [stdout]           collect2: error: ld returned 1 exit status
[INFO] [stdout]           
[INFO] [stdout] 
[INFO] [stdout] 
[INFO] [stdout] error: aborting due to previous error
[INFO] [stdout] 
[INFO] [stdout] 
[INFO] [stderr] error: could not compile `libc` (build script) due to 2 previous errors
[INFO] [stderr] error: could not compile `cassowary` (lib)
[INFO] [stderr] thread 'rustc' panicked at 'assertion failed: pos.get() <= self.position()', compiler/rustc_metadata/src/rmeta/encoder.rs:433:9
[INFO] [stderr] error: could not compile `unicode-segmentation` (lib)
[INFO] running `Command { std: "docker" "inspect" "05920ce6acd4b31e1a1a40d6c92acdf0c244e205af6e56b82c6bdafbcf420204", kill_on_drop: false }`
[INFO] running `Command { std: "docker" "rm" "-f" "05920ce6acd4b31e1a1a40d6c92acdf0c244e205af6e56b82c6bdafbcf420204", kill_on_drop: false }`
[INFO] [stdout] 05920ce6acd4b31e1a1a40d6c92acdf0c244e205af6e56b82c6bdafbcf420204
