[INFO] cloning repository https://github.com/TheOZoneBE/Warp-Engine
[INFO] running `Command { std: "git" "-c" "credential.helper=" "-c" "credential.helper=/workspace/cargo-home/bin/git-credential-null" "clone" "--bare" "https://github.com/TheOZoneBE/Warp-Engine" "/workspace/cache/git-repos/https%3A%2F%2Fgithub.com%2FTheOZoneBE%2FWarp-Engine", kill_on_drop: false }`
[INFO] [stderr] Cloning into bare repository '/workspace/cache/git-repos/https%3A%2F%2Fgithub.com%2FTheOZoneBE%2FWarp-Engine'...
[INFO] running `Command { std: "git" "rev-parse" "HEAD", kill_on_drop: false }`
[INFO] [stdout] 79cf5da812a6b106198990ad5b7116b689b75e03
[INFO] testing TheOZoneBE/Warp-Engine against beta-2023-04-20 for beta-1.70-1
[INFO] running `Command { std: "git" "clone" "/workspace/cache/git-repos/https%3A%2F%2Fgithub.com%2FTheOZoneBE%2FWarp-Engine" "/workspace/builds/worker-5-tc2/source", kill_on_drop: false }`
[INFO] [stderr] Cloning into '/workspace/builds/worker-5-tc2/source'...
[INFO] [stderr] done.
[INFO] validating manifest of git repo https://github.com/TheOZoneBE/Warp-Engine on toolchain beta-2023-04-20
[INFO] running `Command { std: CARGO_HOME="/workspace/cargo-home" RUSTUP_HOME="/workspace/rustup-home" "/workspace/cargo-home/bin/cargo" "+beta-2023-04-20" "metadata" "--manifest-path" "Cargo.toml" "--no-deps", kill_on_drop: false }`
[INFO] started tweaking git repo https://github.com/TheOZoneBE/Warp-Engine
[INFO] finished tweaking git repo https://github.com/TheOZoneBE/Warp-Engine
[INFO] tweaked toml for git repo https://github.com/TheOZoneBE/Warp-Engine written to /workspace/builds/worker-5-tc2/source/Cargo.toml
[INFO] crate git repo https://github.com/TheOZoneBE/Warp-Engine already has a lockfile, it will not be regenerated
[INFO] running `Command { std: CARGO_HOME="/workspace/cargo-home" RUSTUP_HOME="/workspace/rustup-home" "/workspace/cargo-home/bin/cargo" "+beta-2023-04-20" "fetch" "--manifest-path" "Cargo.toml", kill_on_drop: false }`
[INFO] [stderr]     Updating crates.io index
[INFO] [stderr]  Downloading crates ...
[INFO] [stderr]   Downloaded wasm-bindgen-backend v0.2.17
[INFO] [stderr]   Downloaded serde_json v1.0.24
[INFO] [stderr]   Downloaded wasm-bindgen v0.2.17
[INFO] [stderr]   Downloaded wasm-bindgen-shared v0.2.17
[INFO] [stderr]   Downloaded wasm-bindgen-macro-support v0.2.17
[INFO] [stderr]   Downloaded wasm-bindgen-macro v0.2.17
[INFO] [stderr]   Downloaded webgl-rs v0.2.0
[INFO] running `Command { std: "docker" "create" "-v" "/var/lib/crater-agent-workspace/builds/worker-5-tc2/target:/opt/rustwide/target:rw,Z" "-v" "/var/lib/crater-agent-workspace/builds/worker-5-tc2/source:/opt/rustwide/workdir:ro,Z" "-v" "/var/lib/crater-agent-workspace/cargo-home:/opt/rustwide/cargo-home:ro,Z" "-v" "/var/lib/crater-agent-workspace/rustup-home:/opt/rustwide/rustup-home:ro,Z" "-e" "SOURCE_DIR=/opt/rustwide/workdir" "-e" "CARGO_TARGET_DIR=/opt/rustwide/target" "-e" "CARGO_HOME=/opt/rustwide/cargo-home" "-e" "RUSTUP_HOME=/opt/rustwide/rustup-home" "-w" "/opt/rustwide/workdir" "-m" "1610612736" "--user" "0:0" "--network" "none" "ghcr.io/rust-lang/crates-build-env/linux@sha256:5ff2268d62e97bff2cde7d5815dd6ed5b47097566f13b8d0ca110b04b60e07ed" "/opt/rustwide/cargo-home/bin/cargo" "+beta-2023-04-20" "metadata" "--no-deps" "--format-version=1", kill_on_drop: false }`
[INFO] [stdout] f3abf06a6758d30b67b857651d93f0adc1e58571db9f3641b4b85c60166ec5b8
[INFO] running `Command { std: "docker" "start" "-a" "f3abf06a6758d30b67b857651d93f0adc1e58571db9f3641b4b85c60166ec5b8", kill_on_drop: false }`
[INFO] running `Command { std: "docker" "inspect" "f3abf06a6758d30b67b857651d93f0adc1e58571db9f3641b4b85c60166ec5b8", kill_on_drop: false }`
[INFO] running `Command { std: "docker" "rm" "-f" "f3abf06a6758d30b67b857651d93f0adc1e58571db9f3641b4b85c60166ec5b8", kill_on_drop: false }`
[INFO] [stdout] f3abf06a6758d30b67b857651d93f0adc1e58571db9f3641b4b85c60166ec5b8
[INFO] running `Command { std: "docker" "create" "-v" "/var/lib/crater-agent-workspace/builds/worker-5-tc2/target:/opt/rustwide/target:rw,Z" "-v" "/var/lib/crater-agent-workspace/builds/worker-5-tc2/source:/opt/rustwide/workdir:ro,Z" "-v" "/var/lib/crater-agent-workspace/cargo-home:/opt/rustwide/cargo-home:ro,Z" "-v" "/var/lib/crater-agent-workspace/rustup-home:/opt/rustwide/rustup-home:ro,Z" "-e" "SOURCE_DIR=/opt/rustwide/workdir" "-e" "CARGO_TARGET_DIR=/opt/rustwide/target" "-e" "CARGO_INCREMENTAL=0" "-e" "RUST_BACKTRACE=full" "-e" "RUSTFLAGS=--cap-lints=warn" "-e" "RUSTDOCFLAGS=--cap-lints=warn" "-e" "CARGO_HOME=/opt/rustwide/cargo-home" "-e" "RUSTUP_HOME=/opt/rustwide/rustup-home" "-w" "/opt/rustwide/workdir" "-m" "1610612736" "--user" "0:0" "--network" "none" "ghcr.io/rust-lang/crates-build-env/linux@sha256:5ff2268d62e97bff2cde7d5815dd6ed5b47097566f13b8d0ca110b04b60e07ed" "/opt/rustwide/cargo-home/bin/cargo" "+beta-2023-04-20" "build" "--frozen" "--message-format=json", kill_on_drop: false }`
[INFO] [stdout] 63b2ecd067d2cf4cd4f485c22da66c8ad6ae6f38ce65dc0dc973a59406be783e
[INFO] running `Command { std: "docker" "start" "-a" "63b2ecd067d2cf4cd4f485c22da66c8ad6ae6f38ce65dc0dc973a59406be783e", kill_on_drop: false }`
[INFO] [stderr]    Compiling proc-macro2 v0.4.9
[INFO] [stderr]    Compiling serde v1.0.70
[INFO] [stderr]    Compiling version_check v0.1.4
[INFO] [stderr]    Compiling wasm-bindgen-shared v0.2.17
[INFO] [stderr]    Compiling itoa v0.4.2
[INFO] [stderr]    Compiling cfg-if v0.1.4
[INFO] [stderr]    Compiling dtoa v0.4.3
[INFO] [stderr]    Compiling log v0.4.3
[INFO] [stdout] error[E0554]: `#![feature]` may not be used on the beta release channel
[INFO] [stdout]   --> /opt/rustwide/cargo-home/registry/src/index.crates.io-6f17d22bba15001f/proc-macro2-0.4.9/src/lib.rs:47:42
[INFO] [stdout]    |
[INFO] [stdout] 47 | #![cfg_attr(feature = "nightly", feature(proc_macro_raw_ident, proc_macro_span))]
[INFO] [stdout]    |                                          ^^^^^^^^^^^^^^^^^^^^
[INFO] [stdout] 
[INFO] [stdout] 
[INFO] [stdout] error[E0554]: `#![feature]` may not be used on the beta release channel
[INFO] [stdout]   --> /opt/rustwide/cargo-home/registry/src/index.crates.io-6f17d22bba15001f/proc-macro2-0.4.9/src/lib.rs:47:64
[INFO] [stdout]    |
[INFO] [stdout] 47 | #![cfg_attr(feature = "nightly", feature(proc_macro_raw_ident, proc_macro_span))]
[INFO] [stdout]    |                                                                ^^^^^^^^^^^^^^^
[INFO] [stdout] 
[INFO] [stdout] 
[INFO] [stdout] error[E0658]: use of unstable library feature 'proc_macro_def_site'
[INFO] [stdout]    --> /opt/rustwide/cargo-home/registry/src/index.crates.io-6f17d22bba15001f/proc-macro2-0.4.9/src/unstable.rs:347:27
[INFO] [stdout]     |
[INFO] [stdout] 347 |             Span::Nightly(proc_macro::Span::def_site())
[INFO] [stdout]     |                           ^^^^^^^^^^^^^^^^^^^^^^^^^^
[INFO] [stdout]     |
[INFO] [stdout]     = note: see issue #54724 <https://github.com/rust-lang/rust/issues/54724> for more information
[INFO] [stdout] 
[INFO] [stdout] 
[INFO] [stdout] error: aborting due to 3 previous errors
[INFO] [stdout] 
[INFO] [stdout] 
[INFO] [stdout] Some errors have detailed explanations: E0554, E0658.
[INFO] [stdout] 
[INFO] [stdout] For more information about an error, try `rustc --explain E0554`.
[INFO] [stdout] 
[INFO] [stderr] error: could not compile `proc-macro2` (lib) due to 4 previous errors
[INFO] [stderr] warning: build failed, waiting for other jobs to finish...
[INFO] running `Command { std: "docker" "inspect" "63b2ecd067d2cf4cd4f485c22da66c8ad6ae6f38ce65dc0dc973a59406be783e", kill_on_drop: false }`
[INFO] running `Command { std: "docker" "rm" "-f" "63b2ecd067d2cf4cd4f485c22da66c8ad6ae6f38ce65dc0dc973a59406be783e", kill_on_drop: false }`
[INFO] [stdout] 63b2ecd067d2cf4cd4f485c22da66c8ad6ae6f38ce65dc0dc973a59406be783e
