[INFO] cloning repository https://github.com/Testaustime/testaustime-backend
[INFO] running `Command { std: "git" "-c" "credential.helper=" "-c" "credential.helper=/workspace/cargo-home/bin/git-credential-null" "clone" "--bare" "https://github.com/Testaustime/testaustime-backend" "/workspace/cache/git-repos/https%3A%2F%2Fgithub.com%2FTestaustime%2Ftestaustime-backend", kill_on_drop: false }`
[INFO] [stderr] Cloning into bare repository '/workspace/cache/git-repos/https%3A%2F%2Fgithub.com%2FTestaustime%2Ftestaustime-backend'...
[INFO] running `Command { std: "git" "rev-parse" "HEAD", kill_on_drop: false }`
[INFO] [stdout] c8f1cb9ebb4e6e002c28e2584f89207d6157cbe9
[INFO] testing Testaustime/testaustime-backend against 1.69.0 for beta-1.70-1
[INFO] running `Command { std: "git" "clone" "/workspace/cache/git-repos/https%3A%2F%2Fgithub.com%2FTestaustime%2Ftestaustime-backend" "/workspace/builds/worker-2-tc1/source", kill_on_drop: false }`
[INFO] [stderr] Cloning into '/workspace/builds/worker-2-tc1/source'...
[INFO] [stderr] done.
[INFO] validating manifest of git repo https://github.com/Testaustime/testaustime-backend on toolchain 1.69.0
[INFO] running `Command { std: CARGO_HOME="/workspace/cargo-home" RUSTUP_HOME="/workspace/rustup-home" "/workspace/cargo-home/bin/cargo" "+1.69.0" "metadata" "--manifest-path" "Cargo.toml" "--no-deps", kill_on_drop: false }`
[INFO] started tweaking git repo https://github.com/Testaustime/testaustime-backend
[INFO] finished tweaking git repo https://github.com/Testaustime/testaustime-backend
[INFO] tweaked toml for git repo https://github.com/Testaustime/testaustime-backend written to /workspace/builds/worker-2-tc1/source/Cargo.toml
[INFO] crate git repo https://github.com/Testaustime/testaustime-backend already has a lockfile, it will not be regenerated
[INFO] running `Command { std: CARGO_HOME="/workspace/cargo-home" RUSTUP_HOME="/workspace/rustup-home" "/workspace/cargo-home/bin/cargo" "+1.69.0" "fetch" "--manifest-path" "Cargo.toml", kill_on_drop: false }`
[INFO] [stderr]  Downloading crates ...
[INFO] [stderr]   Downloaded diesel_derives v2.0.0
[INFO] [stderr]   Downloaded awc v3.0.0
[INFO] [stderr]   Downloaded actix-cors v0.6.1
[INFO] [stderr]   Downloaded diesel v2.0.0
[INFO] running `Command { std: "docker" "create" "-v" "/var/lib/crater-agent-workspace/builds/worker-2-tc1/target:/opt/rustwide/target:rw,Z" "-v" "/var/lib/crater-agent-workspace/builds/worker-2-tc1/source:/opt/rustwide/workdir:ro,Z" "-v" "/var/lib/crater-agent-workspace/cargo-home:/opt/rustwide/cargo-home:ro,Z" "-v" "/var/lib/crater-agent-workspace/rustup-home:/opt/rustwide/rustup-home:ro,Z" "-e" "SOURCE_DIR=/opt/rustwide/workdir" "-e" "CARGO_TARGET_DIR=/opt/rustwide/target" "-e" "CARGO_HOME=/opt/rustwide/cargo-home" "-e" "RUSTUP_HOME=/opt/rustwide/rustup-home" "-w" "/opt/rustwide/workdir" "-m" "1610612736" "--user" "0:0" "--network" "none" "ghcr.io/rust-lang/crates-build-env/linux@sha256:5ff2268d62e97bff2cde7d5815dd6ed5b47097566f13b8d0ca110b04b60e07ed" "/opt/rustwide/cargo-home/bin/cargo" "+1.69.0" "metadata" "--no-deps" "--format-version=1", kill_on_drop: false }`
[INFO] [stdout] 6ebda55ce55eba809598bac308abe76bef47d98fe28e15c3872c0d8b2180704d
[INFO] running `Command { std: "docker" "start" "-a" "6ebda55ce55eba809598bac308abe76bef47d98fe28e15c3872c0d8b2180704d", kill_on_drop: false }`
[INFO] running `Command { std: "docker" "inspect" "6ebda55ce55eba809598bac308abe76bef47d98fe28e15c3872c0d8b2180704d", kill_on_drop: false }`
[INFO] running `Command { std: "docker" "rm" "-f" "6ebda55ce55eba809598bac308abe76bef47d98fe28e15c3872c0d8b2180704d", kill_on_drop: false }`
[INFO] [stdout] 6ebda55ce55eba809598bac308abe76bef47d98fe28e15c3872c0d8b2180704d
[INFO] running `Command { std: "docker" "create" "-v" "/var/lib/crater-agent-workspace/builds/worker-2-tc1/target:/opt/rustwide/target:rw,Z" "-v" "/var/lib/crater-agent-workspace/builds/worker-2-tc1/source:/opt/rustwide/workdir:ro,Z" "-v" "/var/lib/crater-agent-workspace/cargo-home:/opt/rustwide/cargo-home:ro,Z" "-v" "/var/lib/crater-agent-workspace/rustup-home:/opt/rustwide/rustup-home:ro,Z" "-e" "SOURCE_DIR=/opt/rustwide/workdir" "-e" "CARGO_TARGET_DIR=/opt/rustwide/target" "-e" "CARGO_INCREMENTAL=0" "-e" "RUST_BACKTRACE=full" "-e" "RUSTFLAGS=--cap-lints=warn" "-e" "RUSTDOCFLAGS=--cap-lints=warn" "-e" "CARGO_HOME=/opt/rustwide/cargo-home" "-e" "RUSTUP_HOME=/opt/rustwide/rustup-home" "-w" "/opt/rustwide/workdir" "-m" "1610612736" "--user" "0:0" "--network" "none" "ghcr.io/rust-lang/crates-build-env/linux@sha256:5ff2268d62e97bff2cde7d5815dd6ed5b47097566f13b8d0ca110b04b60e07ed" "/opt/rustwide/cargo-home/bin/cargo" "+1.69.0" "build" "--frozen" "--message-format=json", kill_on_drop: false }`
[INFO] [stdout] 70d659e8bf6222907e426826e4bb03b2fbb6c97c319f8cade8e04e1bf5bb91d3
[INFO] running `Command { std: "docker" "start" "-a" "70d659e8bf6222907e426826e4bb03b2fbb6c97c319f8cade8e04e1bf5bb91d3", kill_on_drop: false }`
[INFO] [stderr]    Compiling libc v0.2.132
[INFO] [stderr]    Compiling proc-macro2 v1.0.47
[INFO] [stderr]    Compiling unicode-ident v1.0.5
[INFO] [stderr]    Compiling syn v1.0.103
[INFO] [stderr]    Compiling autocfg v1.1.0
[INFO] [stderr]    Compiling version_check v0.9.4
[INFO] [stderr]    Compiling memchr v2.4.1
[INFO] [stderr]    Compiling log v0.4.17
[INFO] [stderr]    Compiling smallvec v1.8.0
[INFO] [stderr]    Compiling once_cell v1.13.1
[INFO] [stderr]    Compiling pin-project-lite v0.2.9
[INFO] [stderr]    Compiling futures-core v0.3.21
[INFO] [stderr]    Compiling parking_lot_core v0.9.2
[INFO] [stderr]    Compiling futures-sink v0.3.21
[INFO] [stderr]    Compiling futures-channel v0.3.21
[INFO] [stderr]    Compiling typenum v1.15.0
[INFO] [stderr]    Compiling futures-task v0.3.21
[INFO] [stderr]    Compiling futures-util v0.3.21
[INFO] [stderr]    Compiling serde_derive v1.0.136
[INFO] [stderr]    Compiling tracing-core v0.1.30
[INFO] [stderr]    Compiling slab v0.4.6
[INFO] [stderr]    Compiling serde v1.0.136
[INFO] [stderr]    Compiling futures-io v0.3.21
[INFO] [stderr]    Compiling generic-array v0.14.5
[INFO] [stderr]    Compiling lock_api v0.4.7
[INFO] [stderr]    Compiling http v0.2.8
[INFO] [stderr]    Compiling subtle v2.4.1
[INFO] [stderr]    Compiling rustls v0.20.6
[INFO] [stderr]    Compiling local-waker v0.1.2
[INFO] [stderr]    Compiling indexmap v1.8.1
[INFO] [stderr]    Compiling bytestring v1.0.0
[INFO] [stderr]    Compiling paste v1.0.7
[INFO] [stderr]    Compiling alloc-no-stdlib v2.0.3
[INFO] [stderr]    Compiling zstd-safe v5.0.2+zstd.1.5.2
[INFO] [stderr]    Compiling crc32fast v1.3.2
[INFO] [stderr]    Compiling actix-utils v3.0.0
[INFO] [stderr]    Compiling ahash v0.7.6
[INFO] [stderr]    Compiling alloc-stdlib v0.2.1
[INFO] [stderr]    Compiling quote v1.0.18
[INFO] [stderr]    Compiling aho-corasick v0.7.18
[INFO] [stderr]    Compiling encoding_rs v0.8.31
[INFO] [stderr]    Compiling serde_json v1.0.79
[INFO] [stderr]    Compiling httparse v1.7.1
[INFO] [stderr]    Compiling miniz_oxide v0.5.1
[INFO] [stderr]    Compiling jobserver v0.1.24
[INFO] [stderr]    Compiling signal-hook-registry v1.4.0
[INFO] [stderr]    Compiling socket2 v0.4.4
[INFO] [stderr]    Compiling mio v0.8.2
[INFO] [stderr]    Compiling getrandom v0.2.6
[INFO] [stderr]    Compiling cc v1.0.73
[INFO] [stderr]    Compiling parking_lot v0.12.0
[INFO] [stderr]    Compiling actix-service v2.0.2
[INFO] [stderr]    Compiling rand_core v0.6.3
[INFO] [stderr]    Compiling brotli-decompressor v2.3.2
[INFO] [stderr]    Compiling regex v1.5.5
[INFO] [stderr]    Compiling tokio v1.17.0
[INFO] [stderr]    Compiling rand_chacha v0.3.1
[INFO] [stderr]    Compiling tinyvec v1.6.0
[INFO] [stderr]    Compiling cookie v0.16.0
[INFO] [stderr]    Compiling convert_case v0.4.0
[INFO] [stderr]    Compiling num_threads v0.1.5
[INFO] [stderr]    Compiling cpufeatures v0.2.2
[INFO] [stderr]    Compiling firestorm v0.5.0
[INFO] [stderr]    Compiling time-macros v0.2.4
[INFO] [stderr]    Compiling crypto-common v0.1.3
[INFO] [stderr]    Compiling block-buffer v0.10.2
[INFO] [stderr]    Compiling rand v0.8.5
[INFO] [stderr]    Compiling flate2 v1.0.23
[INFO] [stderr]    Compiling digest v0.10.3
[INFO] [stderr]    Compiling sha1 v0.10.4
[INFO] [stderr]    Compiling ring v0.16.20
[INFO] [stderr]    Compiling zstd-sys v2.0.1+zstd.1.5.2
[INFO] [stderr]    Compiling num_cpus v1.13.1
[INFO] [stderr]    Compiling unicode-normalization v0.1.19
[INFO] [stderr]    Compiling brotli v3.3.4
[INFO] [stderr]    Compiling unicode-bidi v0.3.8
[INFO] [stderr]    Compiling language-tags v0.3.2
[INFO] [stderr]    Compiling num-traits v0.2.14
[INFO] [stderr]    Compiling proc-macro-error-attr v1.0.4
[INFO] [stderr]    Compiling crossbeam-utils v0.8.8
[INFO] [stderr]    Compiling parking_lot_core v0.8.5
[INFO] [stderr]    Compiling idna v0.2.3
[INFO] [stderr]    Compiling num-integer v0.1.44
[INFO] [stderr]    Compiling proc-macro-error v1.0.4
[INFO] [stderr]    Compiling parking_lot v0.11.2
[INFO] [stderr]    Compiling time v0.3.9
[INFO] [stderr]    Compiling url v2.2.2
[INFO] [stderr]    Compiling pq-sys v0.4.6
[INFO] [stderr]    Compiling crossbeam-channel v0.5.4
[INFO] [stderr]    Compiling scheduled-thread-pool v0.2.5
[INFO] [stderr]    Compiling time v0.1.43
[INFO] [stderr]    Compiling base64ct v1.0.1
[INFO] [stderr]    Compiling iana-time-zone v0.1.47
[INFO] [stderr]    Compiling r2d2 v0.8.9
[INFO] [stderr]    Compiling password-hash v0.4.1
[INFO] [stderr]    Compiling blake2 v0.10.4
[INFO] [stderr]    Compiling uuid v1.2.2
[INFO] [stderr]    Compiling atty v0.2.14
[INFO] [stderr]    Compiling byteorder v1.4.3
[INFO] [stderr]    Compiling actix-rt v2.7.0
[INFO] [stderr]    Compiling humantime v2.1.0
[INFO] [stderr]    Compiling termcolor v1.1.3
[INFO] [stderr]    Compiling either v1.7.0
[INFO] [stderr]    Compiling argon2 v0.4.0
[INFO] [stderr]    Compiling itertools v0.10.3
[INFO] [stderr]    Compiling dashmap v5.2.0
[INFO] [stderr]    Compiling env_logger v0.9.0
[INFO] [stderr]    Compiling dotenv v0.15.0
[INFO] [stderr]    Compiling actix-router v0.5.0
[INFO] [stderr]    Compiling webpki v0.22.0
[INFO] [stderr]    Compiling sct v0.7.0
[INFO] [stderr]    Compiling webpki-roots v0.22.3
[INFO] [stderr]    Compiling futures-macro v0.3.21
[INFO] [stderr]    Compiling tracing-attributes v0.1.23
[INFO] [stderr]    Compiling derive_more v0.99.17
[INFO] [stderr]    Compiling actix-web-codegen v4.1.0
[INFO] [stderr]    Compiling actix-macros v0.2.3
[INFO] [stderr]    Compiling actix_derive v0.6.0
[INFO] [stderr]    Compiling pin-project-internal v1.0.12
[INFO] [stderr]    Compiling diesel_derives v2.0.0
[INFO] [stderr]    Compiling tokio-rustls v0.23.4
[INFO] [stderr]    Compiling thiserror-impl v1.0.30
[INFO] [stderr]    Compiling tracing v0.1.37
[INFO] [stderr]    Compiling tokio-util v0.7.1
[INFO] [stderr]    Compiling actix-codec v0.5.0
[INFO] [stderr]    Compiling pin-project v1.0.12
[INFO] [stderr]    Compiling actix-tls v3.0.3
[INFO] [stderr]    Compiling thiserror v1.0.30
[INFO] [stderr]    Compiling local-channel v0.1.2
[INFO] [stderr]    Compiling h2 v0.3.13
[INFO] [stderr]    Compiling actix-server v2.1.1
[INFO] [stderr]    Compiling futures-executor v0.3.21
[INFO] [stderr]    Compiling actix v0.13.0
[INFO] [stderr]    Compiling futures v0.3.21
[INFO] [stderr]    Compiling serde_urlencoded v0.7.1
[INFO] [stderr]    Compiling chrono v0.4.22
[INFO] [stderr]    Compiling toml v0.5.9
[INFO] [stderr]    Compiling diesel v2.0.0
[INFO] [stderr]    Compiling zstd v0.11.2+zstd.1.5.2
[INFO] [stderr]    Compiling actix-http v3.2.2
[INFO] [stderr]    Compiling actix-web v4.2.1
[INFO] [stderr]    Compiling awc v3.0.0
[INFO] [stderr]    Compiling tracing-actix-web v0.6.2
[INFO] [stderr]    Compiling actix-cors v0.6.1
[INFO] [stderr]    Compiling testausratelimiter v0.1.0 (/opt/rustwide/workdir/testausratelimiter)
[INFO] [stderr]    Compiling testaustime-rs v0.3.0 (/opt/rustwide/workdir)
[INFO] [stdout] error[E0658]: use of unstable library feature 'once_cell'
[INFO] [stdout]  --> src/api/mod.rs:1:5
[INFO] [stdout]   |
[INFO] [stdout] 1 | use std::sync::LazyLock;
[INFO] [stdout]   |     ^^^^^^^^^^^^^^^^^^^
[INFO] [stdout]   |
[INFO] [stdout]   = note: see issue #74465 <https://github.com/rust-lang/rust/issues/74465> for more information
[INFO] [stdout] 
[INFO] [stdout] 
[INFO] [stdout] error[E0658]: use of unstable library feature 'once_cell'
[INFO] [stdout]   --> src/api/mod.rs:17:26
[INFO] [stdout]    |
[INFO] [stdout] 17 | static VALID_NAME_REGEX: LazyLock<Regex> =
[INFO] [stdout]    |                          ^^^^^^^^^^^^^^^
[INFO] [stdout]    |
[INFO] [stdout]    = note: see issue #74465 <https://github.com/rust-lang/rust/issues/74465> for more information
[INFO] [stdout] 
[INFO] [stdout] 
[INFO] [stdout] error[E0658]: use of unstable library feature 'once_cell'
[INFO] [stdout]   --> src/api/mod.rs:18:5
[INFO] [stdout]    |
[INFO] [stdout] 18 |     LazyLock::new(|| Regex::new("^[[:word:]]{2,32}$").unwrap());
[INFO] [stdout]    |     ^^^^^^^^
[INFO] [stdout]    |
[INFO] [stdout]    = note: see issue #74465 <https://github.com/rust-lang/rust/issues/74465> for more information
[INFO] [stdout] 
[INFO] [stdout] 
[INFO] [stdout] error[E0658]: use of unstable library feature 'once_cell'
[INFO] [stdout]  --> src/api/oauth.rs:1:33
[INFO] [stdout]   |
[INFO] [stdout] 1 | use std::{collections::HashMap, sync::LazyLock};
[INFO] [stdout]   |                                 ^^^^^^^^^^^^^^
[INFO] [stdout]   |
[INFO] [stdout]   = note: see issue #74465 <https://github.com/rust-lang/rust/issues/74465> for more information
[INFO] [stdout] 
[INFO] [stdout] 
[INFO] [stdout] error[E0658]: use of unstable library feature 'once_cell'
[INFO] [stdout]   --> src/api/oauth.rs:45:21
[INFO] [stdout]    |
[INFO] [stdout] 45 | static CLIENT_INFO: LazyLock<ClientInfo> = LazyLock::new(|| {
[INFO] [stdout]    |                     ^^^^^^^^^^^^^^^^^^^^
[INFO] [stdout]    |
[INFO] [stdout]    = note: see issue #74465 <https://github.com/rust-lang/rust/issues/74465> for more information
[INFO] [stdout] 
[INFO] [stdout] 
[INFO] [stdout] error[E0658]: use of unstable library feature 'once_cell'
[INFO] [stdout]   --> src/api/oauth.rs:45:44
[INFO] [stdout]    |
[INFO] [stdout] 45 | static CLIENT_INFO: LazyLock<ClientInfo> = LazyLock::new(|| {
[INFO] [stdout]    |                                            ^^^^^^^^
[INFO] [stdout]    |
[INFO] [stdout]    = note: see issue #74465 <https://github.com/rust-lang/rust/issues/74465> for more information
[INFO] [stdout] 
[INFO] [stdout] 
[INFO] [stdout] error[E0554]: `#![feature]` may not be used on the stable release channel
[INFO] [stdout]  --> src/main.rs:1:12
[INFO] [stdout]   |
[INFO] [stdout] 1 | #![feature(lazy_cell)]
[INFO] [stdout]   |            ^^^^^^^^^
[INFO] [stdout] 
[INFO] [stdout] 
[INFO] [stdout] error[E0635]: unknown feature `lazy_cell`
[INFO] [stdout]  --> src/main.rs:1:12
[INFO] [stdout]   |
[INFO] [stdout] 1 | #![feature(lazy_cell)]
[INFO] [stdout]   |            ^^^^^^^^^
[INFO] [stdout] 
[INFO] [stdout] 
[INFO] [stdout] error[E0658]: use of unstable library feature 'once_cell'
[INFO] [stdout]   --> src/api/mod.rs:18:5
[INFO] [stdout]    |
[INFO] [stdout] 18 |     LazyLock::new(|| Regex::new("^[[:word:]]{2,32}$").unwrap());
[INFO] [stdout]    |     ^^^^^^^^^^^^^
[INFO] [stdout]    |
[INFO] [stdout]    = note: see issue #74465 <https://github.com/rust-lang/rust/issues/74465> for more information
[INFO] [stdout] 
[INFO] [stdout] 
[INFO] [stdout] error[E0658]: use of unstable library feature 'once_cell'
[INFO] [stdout]   --> src/api/oauth.rs:45:44
[INFO] [stdout]    |
[INFO] [stdout] 45 | static CLIENT_INFO: LazyLock<ClientInfo> = LazyLock::new(|| {
[INFO] [stdout]    |                                            ^^^^^^^^^^^^^
[INFO] [stdout]    |
[INFO] [stdout]    = note: see issue #74465 <https://github.com/rust-lang/rust/issues/74465> for more information
[INFO] [stdout] 
[INFO] [stdout] 
[INFO] [stdout] error: aborting due to 10 previous errors
[INFO] [stdout] 
[INFO] [stdout] 
[INFO] [stdout] Some errors have detailed explanations: E0554, E0635, E0658.
[INFO] [stdout] 
[INFO] [stdout] For more information about an error, try `rustc --explain E0554`.
[INFO] [stdout] 
[INFO] [stderr] error: could not compile `testaustime-rs` due to 11 previous errors
[INFO] running `Command { std: "docker" "inspect" "70d659e8bf6222907e426826e4bb03b2fbb6c97c319f8cade8e04e1bf5bb91d3", kill_on_drop: false }`
[INFO] running `Command { std: "docker" "rm" "-f" "70d659e8bf6222907e426826e4bb03b2fbb6c97c319f8cade8e04e1bf5bb91d3", kill_on_drop: false }`
[INFO] [stdout] 70d659e8bf6222907e426826e4bb03b2fbb6c97c319f8cade8e04e1bf5bb91d3
