[INFO] cloning repository https://github.com/TartanLlama/advent-of-code-2020
[INFO] running `Command { std: "git" "-c" "credential.helper=" "-c" "credential.helper=/workspace/cargo-home/bin/git-credential-null" "clone" "--bare" "https://github.com/TartanLlama/advent-of-code-2020" "/workspace/cache/git-repos/https%3A%2F%2Fgithub.com%2FTartanLlama%2Fadvent-of-code-2020", kill_on_drop: false }`
[INFO] [stderr] Cloning into bare repository '/workspace/cache/git-repos/https%3A%2F%2Fgithub.com%2FTartanLlama%2Fadvent-of-code-2020'...
[INFO] running `Command { std: "git" "rev-parse" "HEAD", kill_on_drop: false }`
[INFO] [stdout] 0ba97fcd97a5386c4cd1c5d29206351e82b4fe9e
[INFO] testing TartanLlama/advent-of-code-2020 against beta-2023-04-20 for beta-1.70-1
[INFO] running `Command { std: "git" "clone" "/workspace/cache/git-repos/https%3A%2F%2Fgithub.com%2FTartanLlama%2Fadvent-of-code-2020" "/workspace/builds/worker-2-tc2/source", kill_on_drop: false }`
[INFO] [stderr] Cloning into '/workspace/builds/worker-2-tc2/source'...
[INFO] [stderr] done.
[INFO] validating manifest of git repo https://github.com/TartanLlama/advent-of-code-2020 on toolchain beta-2023-04-20
[INFO] running `Command { std: CARGO_HOME="/workspace/cargo-home" RUSTUP_HOME="/workspace/rustup-home" "/workspace/cargo-home/bin/cargo" "+beta-2023-04-20" "metadata" "--manifest-path" "Cargo.toml" "--no-deps", kill_on_drop: false }`
[INFO] started tweaking git repo https://github.com/TartanLlama/advent-of-code-2020
[INFO] finished tweaking git repo https://github.com/TartanLlama/advent-of-code-2020
[INFO] tweaked toml for git repo https://github.com/TartanLlama/advent-of-code-2020 written to /workspace/builds/worker-2-tc2/source/Cargo.toml
[INFO] crate git repo https://github.com/TartanLlama/advent-of-code-2020 already has a lockfile, it will not be regenerated
[INFO] running `Command { std: CARGO_HOME="/workspace/cargo-home" RUSTUP_HOME="/workspace/rustup-home" "/workspace/cargo-home/bin/cargo" "+beta-2023-04-20" "fetch" "--manifest-path" "Cargo.toml", kill_on_drop: false }`
[INFO] running `Command { std: "docker" "create" "-v" "/var/lib/crater-agent-workspace/builds/worker-2-tc2/target:/opt/rustwide/target:rw,Z" "-v" "/var/lib/crater-agent-workspace/builds/worker-2-tc2/source:/opt/rustwide/workdir:ro,Z" "-v" "/var/lib/crater-agent-workspace/cargo-home:/opt/rustwide/cargo-home:ro,Z" "-v" "/var/lib/crater-agent-workspace/rustup-home:/opt/rustwide/rustup-home:ro,Z" "-e" "SOURCE_DIR=/opt/rustwide/workdir" "-e" "CARGO_TARGET_DIR=/opt/rustwide/target" "-e" "CARGO_HOME=/opt/rustwide/cargo-home" "-e" "RUSTUP_HOME=/opt/rustwide/rustup-home" "-w" "/opt/rustwide/workdir" "-m" "1610612736" "--user" "0:0" "--network" "none" "ghcr.io/rust-lang/crates-build-env/linux@sha256:5ff2268d62e97bff2cde7d5815dd6ed5b47097566f13b8d0ca110b04b60e07ed" "/opt/rustwide/cargo-home/bin/cargo" "+beta-2023-04-20" "metadata" "--no-deps" "--format-version=1", kill_on_drop: false }`
[INFO] [stdout] 18332efa52ab5ab56857188970cfbd787da6bf615af96a5ced3055b133b495c4
[INFO] running `Command { std: "docker" "start" "-a" "18332efa52ab5ab56857188970cfbd787da6bf615af96a5ced3055b133b495c4", kill_on_drop: false }`
[INFO] running `Command { std: "docker" "inspect" "18332efa52ab5ab56857188970cfbd787da6bf615af96a5ced3055b133b495c4", kill_on_drop: false }`
[INFO] running `Command { std: "docker" "rm" "-f" "18332efa52ab5ab56857188970cfbd787da6bf615af96a5ced3055b133b495c4", kill_on_drop: false }`
[INFO] [stdout] 18332efa52ab5ab56857188970cfbd787da6bf615af96a5ced3055b133b495c4
[INFO] running `Command { std: "docker" "create" "-v" "/var/lib/crater-agent-workspace/builds/worker-2-tc2/target:/opt/rustwide/target:rw,Z" "-v" "/var/lib/crater-agent-workspace/builds/worker-2-tc2/source:/opt/rustwide/workdir:ro,Z" "-v" "/var/lib/crater-agent-workspace/cargo-home:/opt/rustwide/cargo-home:ro,Z" "-v" "/var/lib/crater-agent-workspace/rustup-home:/opt/rustwide/rustup-home:ro,Z" "-e" "SOURCE_DIR=/opt/rustwide/workdir" "-e" "CARGO_TARGET_DIR=/opt/rustwide/target" "-e" "CARGO_INCREMENTAL=0" "-e" "RUST_BACKTRACE=full" "-e" "RUSTFLAGS=--cap-lints=warn" "-e" "RUSTDOCFLAGS=--cap-lints=warn" "-e" "CARGO_HOME=/opt/rustwide/cargo-home" "-e" "RUSTUP_HOME=/opt/rustwide/rustup-home" "-w" "/opt/rustwide/workdir" "-m" "1610612736" "--user" "0:0" "--network" "none" "ghcr.io/rust-lang/crates-build-env/linux@sha256:5ff2268d62e97bff2cde7d5815dd6ed5b47097566f13b8d0ca110b04b60e07ed" "/opt/rustwide/cargo-home/bin/cargo" "+beta-2023-04-20" "build" "--frozen" "--message-format=json", kill_on_drop: false }`
[INFO] [stdout] 8b94f24075a62f1f90c9f56f51591c7d84af589832e2b1cc419adff523e0b07a
[INFO] running `Command { std: "docker" "start" "-a" "8b94f24075a62f1f90c9f56f51591c7d84af589832e2b1cc419adff523e0b07a", kill_on_drop: false }`
[INFO] [stderr]    Compiling autocfg v1.0.1
[INFO] [stderr]    Compiling libm v0.2.1
[INFO] [stderr]    Compiling memchr v2.3.4
[INFO] [stderr]    Compiling lazy_static v1.4.0
[INFO] [stderr]    Compiling either v1.6.1
[INFO] [stderr]    Compiling regex-syntax v0.6.21
[INFO] [stderr]    Compiling thread_local v1.0.1
[INFO] [stderr]    Compiling itertools v0.9.0
[INFO] [stderr]    Compiling num-traits v0.2.14
[INFO] [stderr]    Compiling num-complex v0.2.4
[INFO] [stderr]    Compiling aho-corasick v0.7.15
[INFO] [stderr]    Compiling approx v0.3.2
[INFO] [stderr]    Compiling regex v1.4.2
[INFO] [stderr]    Compiling alga v0.9.3
[INFO] [stderr]    Compiling aoc2020 v0.1.0 (/opt/rustwide/workdir)
[INFO] [stdout] error[E0433]: failed to resolve: use of undeclared crate or module `winapi`
[INFO] [stdout]  --> src/day8.rs:2:5
[INFO] [stdout]   |
[INFO] [stdout] 2 | use winapi::um::memoryapi::VirtualProtect;
[INFO] [stdout]   |     ^^^^^^ use of undeclared crate or module `winapi`
[INFO] [stdout] 
[INFO] [stdout] 
[INFO] [stdout] error[E0433]: failed to resolve: use of undeclared crate or module `winapi`
[INFO] [stdout]  --> src/day8.rs:3:5
[INFO] [stdout]   |
[INFO] [stdout] 3 | use winapi::um::winnt::PAGE_EXECUTE_READWRITE;
[INFO] [stdout]   |     ^^^^^^ use of undeclared crate or module `winapi`
[INFO] [stdout] 
[INFO] [stdout] 
[INFO] [stdout] error[E0432]: unresolved import `dynasmrt`
[INFO] [stdout]  --> src/day8.rs:1:5
[INFO] [stdout]   |
[INFO] [stdout] 1 | use dynasmrt::{dynasm, AssemblyOffset, DynasmApi, DynasmLabelApi};
[INFO] [stdout]   |     ^^^^^^^^ use of undeclared crate or module `dynasmrt`
[INFO] [stdout] 
[INFO] [stdout] 
[INFO] [stdout] error[E0432]: unresolved import `modinverse`
[INFO] [stdout]  --> src/day13.rs:1:5
[INFO] [stdout]   |
[INFO] [stdout] 1 | use modinverse::modinverse;
[INFO] [stdout]   |     ^^^^^^^^^^ use of undeclared crate or module `modinverse`
[INFO] [stdout] 
[INFO] [stdout] 
[INFO] [stdout] error[E0432]: unresolved import `num_complex`
[INFO] [stdout]  --> src/day12.rs:1:5
[INFO] [stdout]   |
[INFO] [stdout] 1 | use num_complex::Complex;
[INFO] [stdout]   |     ^^^^^^^^^^^ use of undeclared crate or module `num_complex`
[INFO] [stdout] 
[INFO] [stdout] 
[INFO] [stdout] warning: unused imports: `BinaryHeap`, `HashSet`
[INFO] [stdout]  --> src/day7.rs:1:24
[INFO] [stdout]   |
[INFO] [stdout] 1 | use std::collections::{BinaryHeap, HashMap, HashSet};
[INFO] [stdout]   |                        ^^^^^^^^^^           ^^^^^^^
[INFO] [stdout]   |
[INFO] [stdout]   = note: `#[warn(unused_imports)]` on by default
[INFO] [stdout] 
[INFO] [stdout] 
[INFO] [stdout] warning: unused import: `TryInto`
[INFO] [stdout]  --> src/day12.rs:2:29
[INFO] [stdout]   |
[INFO] [stdout] 2 | use std::convert::{TryFrom, TryInto};
[INFO] [stdout]   |                             ^^^^^^^
[INFO] [stdout] 
[INFO] [stdout] 
[INFO] [stdout] warning: unused import: `itertools::Itertools`
[INFO] [stdout]  --> src/day14.rs:1:5
[INFO] [stdout]   |
[INFO] [stdout] 1 | use itertools::Itertools;
[INFO] [stdout]   |     ^^^^^^^^^^^^^^^^^^^^
[INFO] [stdout] 
[INFO] [stdout] 
[INFO] [stdout] warning: unused import: `regex::Regex`
[INFO] [stdout]  --> src/day14.rs:2:5
[INFO] [stdout]   |
[INFO] [stdout] 2 | use regex::Regex;
[INFO] [stdout]   |     ^^^^^^^^^^^^
[INFO] [stdout] 
[INFO] [stdout] 
[INFO] [stdout] warning: unused import: `std::collections::HashMap`
[INFO] [stdout]  --> src/day14.rs:3:5
[INFO] [stdout]   |
[INFO] [stdout] 3 | use std::collections::HashMap;
[INFO] [stdout]   |     ^^^^^^^^^^^^^^^^^^^^^^^^^
[INFO] [stdout] 
[INFO] [stdout] 
[INFO] [stdout] warning: unused import: `super::*`
[INFO] [stdout]  --> src/day14.rs:6:9
[INFO] [stdout]   |
[INFO] [stdout] 6 |     use super::*;
[INFO] [stdout]   |         ^^^^^^^^
[INFO] [stdout] 
[INFO] [stdout] 
[INFO] [stdout] warning: unused import: `std::collections::HashMap`
[INFO] [stdout]  --> src/day15.rs:1:5
[INFO] [stdout]   |
[INFO] [stdout] 1 | use std::collections::HashMap;
[INFO] [stdout]   |     ^^^^^^^^^^^^^^^^^^^^^^^^^
[INFO] [stdout] 
[INFO] [stdout] 
[INFO] [stdout] warning: unused import: `super::*`
[INFO] [stdout]  --> src/day15.rs:4:9
[INFO] [stdout]   |
[INFO] [stdout] 4 |     use super::*;
[INFO] [stdout]   |         ^^^^^^^^
[INFO] [stdout] 
[INFO] [stdout] 
[INFO] [stdout] warning: unused import: `std::collections::HashMap`
[INFO] [stdout]  --> src/day16.rs:2:5
[INFO] [stdout]   |
[INFO] [stdout] 2 | use std::collections::HashMap;
[INFO] [stdout]   |     ^^^^^^^^^^^^^^^^^^^^^^^^^
[INFO] [stdout] 
[INFO] [stdout] 
[INFO] [stdout] warning: unused import: `super::*`
[INFO] [stdout]   --> src/day16.rs:54:9
[INFO] [stdout]    |
[INFO] [stdout] 54 |     use super::*;
[INFO] [stdout]    |         ^^^^^^^^
[INFO] [stdout] 
[INFO] [stdout] 
[INFO] [stdout] warning: unused import: `std::collections::HashMap`
[INFO] [stdout]  --> src/day19.rs:2:5
[INFO] [stdout]   |
[INFO] [stdout] 2 | use std::collections::HashMap;
[INFO] [stdout]   |     ^^^^^^^^^^^^^^^^^^^^^^^^^
[INFO] [stdout] 
[INFO] [stdout] 
[INFO] [stdout] error: aborting due to 5 previous errors; 11 warnings emitted
[INFO] [stdout] 
[INFO] [stdout] 
[INFO] [stdout] Some errors have detailed explanations: E0432, E0433.
[INFO] [stdout] 
[INFO] [stdout] For more information about an error, try `rustc --explain E0432`.
[INFO] [stdout] 
[INFO] [stderr] error: could not compile `aoc2020` (lib) due to 6 previous errors; 11 warnings emitted
[INFO] [stderr] warning: build failed, waiting for other jobs to finish...
[INFO] running `Command { std: "docker" "inspect" "8b94f24075a62f1f90c9f56f51591c7d84af589832e2b1cc419adff523e0b07a", kill_on_drop: false }`
[INFO] running `Command { std: "docker" "rm" "-f" "8b94f24075a62f1f90c9f56f51591c7d84af589832e2b1cc419adff523e0b07a", kill_on_drop: false }`
[INFO] [stdout] 8b94f24075a62f1f90c9f56f51591c7d84af589832e2b1cc419adff523e0b07a
