[INFO] cloning repository https://github.com/TBPixel/dolphin-memory-rs
[INFO] running `Command { std: "git" "-c" "credential.helper=" "-c" "credential.helper=/workspace/cargo-home/bin/git-credential-null" "clone" "--bare" "https://github.com/TBPixel/dolphin-memory-rs" "/workspace/cache/git-repos/https%3A%2F%2Fgithub.com%2FTBPixel%2Fdolphin-memory-rs", kill_on_drop: false }`
[INFO] [stderr] Cloning into bare repository '/workspace/cache/git-repos/https%3A%2F%2Fgithub.com%2FTBPixel%2Fdolphin-memory-rs'...
[INFO] running `Command { std: "git" "rev-parse" "HEAD", kill_on_drop: false }`
[INFO] [stdout] 7c26d6029854f93c0e71241136fd74081445e5c0
[INFO] testing TBPixel/dolphin-memory-rs against 1.69.0 for beta-1.70-1
[INFO] running `Command { std: "git" "clone" "/workspace/cache/git-repos/https%3A%2F%2Fgithub.com%2FTBPixel%2Fdolphin-memory-rs" "/workspace/builds/worker-5-tc1/source", kill_on_drop: false }`
[INFO] [stderr] Cloning into '/workspace/builds/worker-5-tc1/source'...
[INFO] [stderr] done.
[INFO] validating manifest of git repo https://github.com/TBPixel/dolphin-memory-rs on toolchain 1.69.0
[INFO] running `Command { std: CARGO_HOME="/workspace/cargo-home" RUSTUP_HOME="/workspace/rustup-home" "/workspace/cargo-home/bin/cargo" "+1.69.0" "metadata" "--manifest-path" "Cargo.toml" "--no-deps", kill_on_drop: false }`
[INFO] started tweaking git repo https://github.com/TBPixel/dolphin-memory-rs
[INFO] finished tweaking git repo https://github.com/TBPixel/dolphin-memory-rs
[INFO] tweaked toml for git repo https://github.com/TBPixel/dolphin-memory-rs written to /workspace/builds/worker-5-tc1/source/Cargo.toml
[INFO] crate git repo https://github.com/TBPixel/dolphin-memory-rs already has a lockfile, it will not be regenerated
[INFO] running `Command { std: CARGO_HOME="/workspace/cargo-home" RUSTUP_HOME="/workspace/rustup-home" "/workspace/cargo-home/bin/cargo" "+1.69.0" "fetch" "--manifest-path" "Cargo.toml", kill_on_drop: false }`
[INFO] [stderr]  Downloading crates ...
[INFO] [stderr]   Downloaded process-memory v0.4.0
[INFO] running `Command { std: "docker" "create" "-v" "/var/lib/crater-agent-workspace/builds/worker-5-tc1/target:/opt/rustwide/target:rw,Z" "-v" "/var/lib/crater-agent-workspace/builds/worker-5-tc1/source:/opt/rustwide/workdir:ro,Z" "-v" "/var/lib/crater-agent-workspace/cargo-home:/opt/rustwide/cargo-home:ro,Z" "-v" "/var/lib/crater-agent-workspace/rustup-home:/opt/rustwide/rustup-home:ro,Z" "-e" "SOURCE_DIR=/opt/rustwide/workdir" "-e" "CARGO_TARGET_DIR=/opt/rustwide/target" "-e" "CARGO_HOME=/opt/rustwide/cargo-home" "-e" "RUSTUP_HOME=/opt/rustwide/rustup-home" "-w" "/opt/rustwide/workdir" "-m" "1610612736" "--user" "0:0" "--network" "none" "ghcr.io/rust-lang/crates-build-env/linux@sha256:5ff2268d62e97bff2cde7d5815dd6ed5b47097566f13b8d0ca110b04b60e07ed" "/opt/rustwide/cargo-home/bin/cargo" "+1.69.0" "metadata" "--no-deps" "--format-version=1", kill_on_drop: false }`
[INFO] [stdout] a138aa0ac241aecbd618f1c5e6e0452843bb164dd63e8b9429944be862bb7d49
[INFO] running `Command { std: "docker" "start" "-a" "a138aa0ac241aecbd618f1c5e6e0452843bb164dd63e8b9429944be862bb7d49", kill_on_drop: false }`
[INFO] running `Command { std: "docker" "inspect" "a138aa0ac241aecbd618f1c5e6e0452843bb164dd63e8b9429944be862bb7d49", kill_on_drop: false }`
[INFO] running `Command { std: "docker" "rm" "-f" "a138aa0ac241aecbd618f1c5e6e0452843bb164dd63e8b9429944be862bb7d49", kill_on_drop: false }`
[INFO] [stdout] a138aa0ac241aecbd618f1c5e6e0452843bb164dd63e8b9429944be862bb7d49
[INFO] running `Command { std: "docker" "create" "-v" "/var/lib/crater-agent-workspace/builds/worker-5-tc1/target:/opt/rustwide/target:rw,Z" "-v" "/var/lib/crater-agent-workspace/builds/worker-5-tc1/source:/opt/rustwide/workdir:ro,Z" "-v" "/var/lib/crater-agent-workspace/cargo-home:/opt/rustwide/cargo-home:ro,Z" "-v" "/var/lib/crater-agent-workspace/rustup-home:/opt/rustwide/rustup-home:ro,Z" "-e" "SOURCE_DIR=/opt/rustwide/workdir" "-e" "CARGO_TARGET_DIR=/opt/rustwide/target" "-e" "CARGO_INCREMENTAL=0" "-e" "RUST_BACKTRACE=full" "-e" "RUSTFLAGS=--cap-lints=warn" "-e" "RUSTDOCFLAGS=--cap-lints=warn" "-e" "CARGO_HOME=/opt/rustwide/cargo-home" "-e" "RUSTUP_HOME=/opt/rustwide/rustup-home" "-w" "/opt/rustwide/workdir" "-m" "1610612736" "--user" "0:0" "--network" "none" "ghcr.io/rust-lang/crates-build-env/linux@sha256:5ff2268d62e97bff2cde7d5815dd6ed5b47097566f13b8d0ca110b04b60e07ed" "/opt/rustwide/cargo-home/bin/cargo" "+1.69.0" "build" "--frozen" "--message-format=json", kill_on_drop: false }`
[INFO] [stdout] 9e584483f2677167e37fce78d7c5450d1ea335c0aed300d54a56455622ae138b
[INFO] running `Command { std: "docker" "start" "-a" "9e584483f2677167e37fce78d7c5450d1ea335c0aed300d54a56455622ae138b", kill_on_drop: false }`
[INFO] [stderr]    Compiling proc-macro2 v1.0.32
[INFO] [stderr]    Compiling syn v1.0.81
[INFO] [stderr]    Compiling libc v0.2.107
[INFO] [stderr]    Compiling winapi v0.3.9
[INFO] [stderr]    Compiling byteorder v1.4.3
[INFO] [stderr]    Compiling quote v1.0.10
[INFO] [stderr]    Compiling process-memory v0.4.0
[INFO] [stderr]    Compiling thiserror-impl v1.0.30
[INFO] [stderr]    Compiling thiserror v1.0.30
[INFO] [stderr]    Compiling dolphin-memory v0.2.3 (/opt/rustwide/workdir)
[INFO] [stdout] error[E0432]: unresolved import `winapi::um`
[INFO] [stdout]   --> src/lib.rs:17:13
[INFO] [stdout]    |
[INFO] [stdout] 17 | use winapi::um::memoryapi;
[INFO] [stdout]    |             ^^ could not find `um` in `winapi`
[INFO] [stdout] 
[INFO] [stdout] 
[INFO] [stdout] error[E0432]: unresolved import `winapi::um`
[INFO] [stdout]   --> src/lib.rs:18:13
[INFO] [stdout]    |
[INFO] [stdout] 18 | use winapi::um::psapi;
[INFO] [stdout]    |             ^^ could not find `um` in `winapi`
[INFO] [stdout] 
[INFO] [stdout] 
[INFO] [stdout] error[E0432]: unresolved import `winapi::um`
[INFO] [stdout]   --> src/lib.rs:19:13
[INFO] [stdout]    |
[INFO] [stdout] 19 | use winapi::um::winnt;
[INFO] [stdout]    |             ^^ could not find `um` in `winapi`
[INFO] [stdout] 
[INFO] [stdout] 
[INFO] [stdout] error[E0433]: failed to resolve: could not find `um` in `winapi`
[INFO] [stdout]    --> src/lib.rs:434:29
[INFO] [stdout]     |
[INFO] [stdout] 434 |     let mut entry = winapi::um::tlhelp32::PROCESSENTRY32 {
[INFO] [stdout]     |                             ^^ could not find `um` in `winapi`
[INFO] [stdout] 
[INFO] [stdout] 
[INFO] [stdout] error[E0433]: failed to resolve: could not find `um` in `winapi`
[INFO] [stdout]    --> src/lib.rs:435:45
[INFO] [stdout]     |
[INFO] [stdout] 435 |         dwSize: std::mem::size_of::<winapi::um::tlhelp32::PROCESSENTRY32>() as u32,
[INFO] [stdout]     |                                             ^^ could not find `um` in `winapi`
[INFO] [stdout] 
[INFO] [stdout] 
[INFO] [stdout] error[E0433]: failed to resolve: could not find `shared` in `winapi`
[INFO] [stdout]    --> src/lib.rs:436:32
[INFO] [stdout]     |
[INFO] [stdout] 436 |         szExeFile: [0; winapi::shared::minwindef::MAX_PATH],
[INFO] [stdout]     |                                ^^^^^^ could not find `shared` in `winapi`
[INFO] [stdout] 
[INFO] [stdout] 
[INFO] [stdout] error[E0433]: failed to resolve: could not find `um` in `winapi`
[INFO] [stdout]    --> src/lib.rs:447:27
[INFO] [stdout]     |
[INFO] [stdout] 447 |     let snapshot: winapi::um::winnt::HANDLE;
[INFO] [stdout]     |                           ^^ could not find `um` in `winapi`
[INFO] [stdout] 
[INFO] [stdout] 
[INFO] [stdout] error[E0433]: failed to resolve: could not find `um` in `winapi`
[INFO] [stdout]    --> src/lib.rs:449:17
[INFO] [stdout]     |
[INFO] [stdout] 449 |         winapi::um::tlhelp32::CreateToolhelp32Snapshot(winapi::um::tlhelp32::TH32CS_SNAPPROCESS, 0)
[INFO] [stdout]     |                 ^^ could not find `um` in `winapi`
[INFO] [stdout] 
[INFO] [stdout] 
[INFO] [stdout] error[E0433]: failed to resolve: could not find `um` in `winapi`
[INFO] [stdout]    --> src/lib.rs:449:64
[INFO] [stdout]     |
[INFO] [stdout] 449 |         winapi::um::tlhelp32::CreateToolhelp32Snapshot(winapi::um::tlhelp32::TH32CS_SNAPPROCESS, 0)
[INFO] [stdout]     |                                                                ^^ could not find `um` in `winapi`
[INFO] [stdout] 
[INFO] [stdout] 
[INFO] [stdout] error[E0433]: failed to resolve: could not find `um` in `winapi`
[INFO] [stdout]    --> src/lib.rs:452:25
[INFO] [stdout]     |
[INFO] [stdout] 452 |     if unsafe { winapi::um::tlhelp32::Process32First(snapshot, &mut entry) }
[INFO] [stdout]     |                         ^^ could not find `um` in `winapi`
[INFO] [stdout] 
[INFO] [stdout] 
[INFO] [stdout] error[E0433]: failed to resolve: could not find `shared` in `winapi`
[INFO] [stdout]    --> src/lib.rs:453:20
[INFO] [stdout]     |
[INFO] [stdout] 453 |         == winapi::shared::minwindef::TRUE
[INFO] [stdout]     |                    ^^^^^^ could not find `shared` in `winapi`
[INFO] [stdout] 
[INFO] [stdout] 
[INFO] [stdout] error[E0433]: failed to resolve: could not find `um` in `winapi`
[INFO] [stdout]    --> src/lib.rs:455:32
[INFO] [stdout]     |
[INFO] [stdout] 455 |         while unsafe { winapi::um::tlhelp32::Process32Next(snapshot, &mut entry) }
[INFO] [stdout]     |                                ^^ could not find `um` in `winapi`
[INFO] [stdout] 
[INFO] [stdout] 
[INFO] [stdout] error[E0433]: failed to resolve: could not find `shared` in `winapi`
[INFO] [stdout]    --> src/lib.rs:456:24
[INFO] [stdout]     |
[INFO] [stdout] 456 |             == winapi::shared::minwindef::TRUE
[INFO] [stdout]     |                        ^^^^^^ could not find `shared` in `winapi`
[INFO] [stdout] 
[INFO] [stdout] 
[INFO] [stdout] error[E0699]: the type of this value must be known to call a method on a raw pointer on it
[INFO] [stdout]    --> src/lib.rs:566:24
[INFO] [stdout]     |
[INFO] [stdout] 566 |         unsafe { p = p.add(info.RegionSize) };
[INFO] [stdout]     |                        ^^^
[INFO] [stdout] 
[INFO] [stdout] 
[INFO] [stdout] error: aborting due to 14 previous errors
[INFO] [stdout] 
[INFO] [stdout] 
[INFO] [stdout] Some errors have detailed explanations: E0432, E0433, E0699.
[INFO] [stdout] 
[INFO] [stdout] For more information about an error, try `rustc --explain E0432`.
[INFO] [stdout] 
[INFO] [stderr] error: could not compile `dolphin-memory` due to 15 previous errors
[INFO] running `Command { std: "docker" "inspect" "9e584483f2677167e37fce78d7c5450d1ea335c0aed300d54a56455622ae138b", kill_on_drop: false }`
[INFO] running `Command { std: "docker" "rm" "-f" "9e584483f2677167e37fce78d7c5450d1ea335c0aed300d54a56455622ae138b", kill_on_drop: false }`
[INFO] [stdout] 9e584483f2677167e37fce78d7c5450d1ea335c0aed300d54a56455622ae138b
