[INFO] cloning repository https://github.com/Synaptic0n/substrate-node-template
[INFO] running `Command { std: "git" "-c" "credential.helper=" "-c" "credential.helper=/workspace/cargo-home/bin/git-credential-null" "clone" "--bare" "https://github.com/Synaptic0n/substrate-node-template" "/workspace/cache/git-repos/https%3A%2F%2Fgithub.com%2FSynaptic0n%2Fsubstrate-node-template", kill_on_drop: false }`
[INFO] [stderr] Cloning into bare repository '/workspace/cache/git-repos/https%3A%2F%2Fgithub.com%2FSynaptic0n%2Fsubstrate-node-template'...
[INFO] running `Command { std: "git" "rev-parse" "HEAD", kill_on_drop: false }`
[INFO] [stdout] cf52781c27f1497116b6f62757807ab53c17d6d0
[INFO] testing Synaptic0n/substrate-node-template against beta-2023-04-20 for beta-1.70-1
[INFO] running `Command { std: "git" "clone" "/workspace/cache/git-repos/https%3A%2F%2Fgithub.com%2FSynaptic0n%2Fsubstrate-node-template" "/workspace/builds/worker-7-tc2/source", kill_on_drop: false }`
[INFO] [stderr] Cloning into '/workspace/builds/worker-7-tc2/source'...
[INFO] [stderr] done.
[INFO] validating manifest of git repo https://github.com/Synaptic0n/substrate-node-template on toolchain beta-2023-04-20
[INFO] running `Command { std: CARGO_HOME="/workspace/cargo-home" RUSTUP_HOME="/workspace/rustup-home" "/workspace/cargo-home/bin/cargo" "+beta-2023-04-20" "metadata" "--manifest-path" "Cargo.toml" "--no-deps", kill_on_drop: false }`
[INFO] started tweaking git repo https://github.com/Synaptic0n/substrate-node-template
[INFO] finished tweaking git repo https://github.com/Synaptic0n/substrate-node-template
[INFO] tweaked toml for git repo https://github.com/Synaptic0n/substrate-node-template written to /workspace/builds/worker-7-tc2/source/Cargo.toml
[INFO] crate git repo https://github.com/Synaptic0n/substrate-node-template already has a lockfile, it will not be regenerated
[INFO] running `Command { std: CARGO_HOME="/workspace/cargo-home" RUSTUP_HOME="/workspace/rustup-home" "/workspace/cargo-home/bin/cargo" "+beta-2023-04-20" "fetch" "--manifest-path" "Cargo.toml", kill_on_drop: false }`
[INFO] [stderr]     Updating crates.io index
[INFO] [stderr]  Downloading crates ...
[INFO] [stderr]   Downloaded sp-finality-tracker v2.0.0
[INFO] [stderr]   Downloaded sp-offchain v2.0.0
[INFO] [stderr]   Downloaded pallet-grandpa v2.0.0
[INFO] [stderr]   Downloaded libp2p-deflate v0.22.0
[INFO] [stderr]   Downloaded parity-scale-codec v1.3.4
[INFO] [stderr]   Downloaded pallet-transaction-payment v2.0.0
[INFO] [stderr]   Downloaded pallet-transaction-payment-rpc-runtime-api v2.0.0
[INFO] [stderr]   Downloaded sp-consensus-aura v0.8.0
[INFO] [stderr]   Downloaded sc-informant v0.8.0
[INFO] [stderr]   Downloaded sc-client-db v0.8.0
[INFO] [stderr]   Downloaded sc-light v2.0.0
[INFO] [stderr]   Downloaded sc-state-db v0.8.0
[INFO] [stderr]   Downloaded dyn-clone v1.0.2
[INFO] [stderr]   Downloaded kvdb-memorydb v0.7.0
[INFO] [stderr]   Downloaded ct-logs v0.7.0
[INFO] [stderr]   Downloaded kvdb-rocksdb v0.9.1
[INFO] [stderr]   Downloaded sc-proposer-metrics v0.8.0
[INFO] [stderr]   Downloaded jsonrpc-ipc-server v15.0.0
[INFO] [stderr]   Downloaded hex-literal v0.3.1
[INFO] [stderr]   Downloaded soketto v0.4.1
[INFO] [stderr]   Downloaded pallet-balances v2.0.0
[INFO] [stderr]   Downloaded pallet-transaction-payment-rpc v2.0.0
[INFO] [stderr]   Downloaded frame-benchmarking-cli v2.0.0
[INFO] [stderr]   Downloaded sc-basic-authorship v0.8.0
[INFO] [stderr]   Downloaded sc-consensus-slots v0.8.0
[INFO] [stderr]   Downloaded wat v1.0.22
[INFO] [stderr]   Downloaded frame-executive v2.0.0
[INFO] [stderr]   Downloaded sc-peerset v2.0.0
[INFO] [stderr]   Downloaded sc-consensus-aura v0.8.0
[INFO] [stderr]   Downloaded sc-cli v0.8.0
[INFO] [stderr]   Downloaded bip39 v0.6.0-beta.1
[INFO] [stderr]   Downloaded sc-finality-grandpa v0.8.0
[INFO] [stderr]   Downloaded sc-network-gossip v0.8.0
[INFO] [stderr]   Downloaded jsonrpc-server-utils v15.0.0
[INFO] [stderr]   Downloaded sc-transaction-graph v2.0.0
[INFO] [stderr]   Downloaded parity-ws v0.10.0
[INFO] [stderr]   Downloaded pwasm-utils v0.14.0
[INFO] [stderr]   Downloaded libp2p-kad v0.23.0
[INFO] [stderr]   Downloaded rustls v0.18.0
[INFO] [stderr]   Downloaded regalloc v0.0.27
[INFO] [stderr]   Downloaded cranelift-codegen-meta v0.66.0
[INFO] [stderr]   Downloaded sc-network v0.8.0
[INFO] [stderr]   Downloaded snow v0.7.1
[INFO] [stderr]   Downloaded cranelift-codegen v0.66.0
[INFO] [stderr]   Downloaded librocksdb-sys v6.11.4
[INFO] [stderr]   Downloaded wasmtime-environ v0.19.0
[INFO] [stderr]   Downloaded wasmtime v0.19.0
[INFO] [stderr]   Downloaded sc-service v0.8.0
[INFO] [stderr]   Downloaded wasmtime-debug v0.19.0
[INFO] [stderr]   Downloaded sc-client-api v2.0.0
[INFO] [stderr]   Downloaded libp2p-gossipsub v0.22.0
[INFO] [stderr]   Downloaded generic-array v0.14.3
[INFO] [stderr]   Downloaded cranelift-codegen-shared v0.66.0
[INFO] [stderr]   Downloaded cranelift-entity v0.66.0
[INFO] [stderr]   Downloaded cranelift-wasm v0.66.0
[INFO] [stderr]   Downloaded wasmtime-runtime v0.19.0
[INFO] [stderr]   Downloaded async-trait v0.1.38
[INFO] [stderr]   Downloaded yamux v0.8.0
[INFO] [stderr]   Downloaded ed25519-dalek v1.0.0-pre.4
[INFO] [stderr]   Downloaded jsonrpc-ws-server v15.0.0
[INFO] [stderr]   Downloaded sc-executor-wasmi v0.8.0
[INFO] [stderr]   Downloaded wasmtime-obj v0.19.0
[INFO] [stderr]   Downloaded wasmtime-jit v0.19.0
[INFO] [stderr]   Downloaded cranelift-bforest v0.66.0
[INFO] [stderr]   Downloaded cranelift-frontend v0.66.0
[INFO] [stderr]   Downloaded sc-executor-wasmtime v0.8.0
[INFO] [stderr]   Downloaded sc-telemetry v2.0.0
[INFO] [stderr]   Downloaded jsonrpc-derive v15.0.0
[INFO] [stderr]   Downloaded jsonrpc-core v15.0.0
[INFO] [stderr]   Downloaded jsonrpc-pubsub v15.0.0
[INFO] [stderr]   Downloaded frame-system-benchmarking v2.0.0
[INFO] [stderr]   Downloaded pallet-sudo v2.0.0
[INFO] [stderr]   Downloaded lru_time_cache v0.10.0
[INFO] [stderr]   Downloaded chacha20poly1305 v0.5.1
[INFO] [stderr]   Downloaded libp2p-noise v0.24.0
[INFO] [stderr]   Downloaded minicbor v0.5.1
[INFO] [stderr]   Downloaded libp2p-request-response v0.3.0
[INFO] [stderr]   Downloaded sc-keystore v2.0.0
[INFO] [stderr]   Downloaded sc-rpc v2.0.0
[INFO] [stderr]   Downloaded retain_mut v0.1.1
[INFO] [stderr]   Downloaded substrate-build-script-utils v2.0.0
[INFO] [stderr]   Downloaded sc-executor-common v0.8.0
[INFO] [stderr]   Downloaded sp-allocator v2.0.0
[INFO] [stderr]   Downloaded wasmtime-profiling v0.19.0
[INFO] [stderr]   Downloaded file-per-thread-logger v0.1.3
[INFO] [stderr]   Downloaded libp2p-tcp v0.22.0
[INFO] [stderr]   Downloaded libp2p-wasm-ext v0.22.0
[INFO] [stderr]   Downloaded parity-multiaddr v0.9.2
[INFO] [stderr]   Downloaded jsonrpc-http-server v15.0.0
[INFO] [stderr]   Downloaded sp-serializer v2.0.0
[INFO] [stderr]   Downloaded frame-system-rpc-runtime-api v2.0.0
[INFO] [stderr]   Downloaded pallet-aura v2.0.0
[INFO] [stderr]   Downloaded pallet-finality-tracker v2.0.0
[INFO] [stderr]   Downloaded stream-cipher v0.4.1
[INFO] [stderr]   Downloaded libp2p-ping v0.22.0
[INFO] [stderr]   Downloaded substrate-wasm-builder-runner v2.0.0
[INFO] [stderr]   Downloaded libp2p-floodsub v0.22.0
[INFO] [stderr]   Downloaded sc-transaction-pool v2.0.0
[INFO] [stderr]   Downloaded jsonrpc-core-client v15.0.0
[INFO] [stderr]   Downloaded substrate-frame-rpc-system v2.0.0
[INFO] [stderr]   Downloaded pallet-randomness-collective-flip v2.0.0
[INFO] [stderr]   Downloaded libp2p-identify v0.22.0
[INFO] [stderr]   Downloaded blake2 v0.9.0
[INFO] [stderr]   Downloaded libp2p-websocket v0.23.0
[INFO] [stderr]   Downloaded concurrent-queue v1.1.2
[INFO] [stderr]   Downloaded parity-scale-codec-derive v1.2.1
[INFO] [stderr]   Downloaded sc-executor v0.8.0
[INFO] [stderr]   Downloaded jsonrpc-client-transports v15.0.0
[INFO] [stderr]   Downloaded libp2p-mplex v0.22.0
[INFO] [stderr]   Downloaded chacha20 v0.4.3
[INFO] [stderr]   Downloaded salsa20-core v0.2.3
[INFO] [stderr]   Downloaded minicbor-derive v0.4.1
[INFO] [stderr]   Downloaded async-tls v0.8.0
[INFO] [stderr]   Downloaded sc-chain-spec v2.0.0
[INFO] [stderr]   Downloaded tokio-rustls v0.14.0
[INFO] [stderr]   Downloaded fork-tree v2.0.0
[INFO] [stderr]   Downloaded linked_hash_set v0.1.4
[INFO] [stderr]   Downloaded sc-offchain v2.0.0
[INFO] [stderr]   Downloaded poly1305 v0.6.0
[INFO] [stderr]   Downloaded sc-consensus v0.8.0
[INFO] [stderr]   Downloaded sc-chain-spec-derive v2.0.0
[INFO] [stderr]   Downloaded sc-block-builder v0.8.0
[INFO] [stderr]   Downloaded sc-tracing v2.0.0
[INFO] [stderr]   Downloaded event-listener v2.2.1
[INFO] [stderr]   Downloaded fdlimit v0.2.0
[INFO] [stderr]   Downloaded sc-rpc-server v2.0.0
[INFO] [stderr]   Downloaded cranelift-native v0.66.0
[INFO] [stderr]   Downloaded libp2p-mdns v0.22.0
[INFO] [stderr]   Downloaded libp2p-pnet v0.19.1
[INFO] [stderr]   Downloaded libp2p-uds v0.22.0
[INFO] [stderr]   Downloaded libp2p-yamux v0.25.0
[INFO] [stderr]   Downloaded parking v1.0.6
[INFO] [stderr]   Downloaded libp2p-plaintext v0.22.0
[INFO] [stderr]   Downloaded salsa20 v0.3.0
[INFO] [stderr]   Downloaded futures-lite v0.1.10
[INFO] [stderr]   Downloaded libp2p-dns v0.22.0
[INFO] [stderr]   Downloaded signature v1.1.0
[INFO] [stderr]   Downloaded ed25519 v1.0.1
[INFO] [stderr]   Downloaded tracing-subscriber v0.2.11
[INFO] running `Command { std: "docker" "create" "-v" "/var/lib/crater-agent-workspace/builds/worker-7-tc2/target:/opt/rustwide/target:rw,Z" "-v" "/var/lib/crater-agent-workspace/builds/worker-7-tc2/source:/opt/rustwide/workdir:ro,Z" "-v" "/var/lib/crater-agent-workspace/cargo-home:/opt/rustwide/cargo-home:ro,Z" "-v" "/var/lib/crater-agent-workspace/rustup-home:/opt/rustwide/rustup-home:ro,Z" "-e" "SOURCE_DIR=/opt/rustwide/workdir" "-e" "CARGO_TARGET_DIR=/opt/rustwide/target" "-e" "CARGO_HOME=/opt/rustwide/cargo-home" "-e" "RUSTUP_HOME=/opt/rustwide/rustup-home" "-w" "/opt/rustwide/workdir" "-m" "1610612736" "--user" "0:0" "--network" "none" "ghcr.io/rust-lang/crates-build-env/linux@sha256:5ff2268d62e97bff2cde7d5815dd6ed5b47097566f13b8d0ca110b04b60e07ed" "/opt/rustwide/cargo-home/bin/cargo" "+beta-2023-04-20" "metadata" "--no-deps" "--format-version=1", kill_on_drop: false }`
[INFO] [stdout] 3347e915a8a77436ecfd8bd25e8a30cb001de6012a8ae1176da508129ecb011f
[INFO] running `Command { std: "docker" "start" "-a" "3347e915a8a77436ecfd8bd25e8a30cb001de6012a8ae1176da508129ecb011f", kill_on_drop: false }`
[INFO] running `Command { std: "docker" "inspect" "3347e915a8a77436ecfd8bd25e8a30cb001de6012a8ae1176da508129ecb011f", kill_on_drop: false }`
[INFO] running `Command { std: "docker" "rm" "-f" "3347e915a8a77436ecfd8bd25e8a30cb001de6012a8ae1176da508129ecb011f", kill_on_drop: false }`
[INFO] [stdout] 3347e915a8a77436ecfd8bd25e8a30cb001de6012a8ae1176da508129ecb011f
[INFO] running `Command { std: "docker" "create" "-v" "/var/lib/crater-agent-workspace/builds/worker-7-tc2/target:/opt/rustwide/target:rw,Z" "-v" "/var/lib/crater-agent-workspace/builds/worker-7-tc2/source:/opt/rustwide/workdir:ro,Z" "-v" "/var/lib/crater-agent-workspace/cargo-home:/opt/rustwide/cargo-home:ro,Z" "-v" "/var/lib/crater-agent-workspace/rustup-home:/opt/rustwide/rustup-home:ro,Z" "-e" "SOURCE_DIR=/opt/rustwide/workdir" "-e" "CARGO_TARGET_DIR=/opt/rustwide/target" "-e" "CARGO_INCREMENTAL=0" "-e" "RUST_BACKTRACE=full" "-e" "RUSTFLAGS=--cap-lints=warn" "-e" "RUSTDOCFLAGS=--cap-lints=warn" "-e" "CARGO_HOME=/opt/rustwide/cargo-home" "-e" "RUSTUP_HOME=/opt/rustwide/rustup-home" "-w" "/opt/rustwide/workdir" "-m" "1610612736" "--user" "0:0" "--network" "none" "ghcr.io/rust-lang/crates-build-env/linux@sha256:5ff2268d62e97bff2cde7d5815dd6ed5b47097566f13b8d0ca110b04b60e07ed" "/opt/rustwide/cargo-home/bin/cargo" "+beta-2023-04-20" "build" "--frozen" "--message-format=json", kill_on_drop: false }`
[INFO] [stdout] ee32a0653972fd328a9e5075f229a288cb6ddfa24853ce38d45bfc16f4477d15
[INFO] running `Command { std: "docker" "start" "-a" "ee32a0653972fd328a9e5075f229a288cb6ddfa24853ce38d45bfc16f4477d15", kill_on_drop: false }`
[INFO] [stderr]    Compiling libc v0.2.73
[INFO] [stderr]    Compiling cfg-if v0.1.10
[INFO] [stderr]    Compiling proc-macro2 v1.0.19
[INFO] [stderr]    Compiling unicode-xid v0.2.1
[INFO] [stderr]    Compiling syn v1.0.36
[INFO] [stderr]    Compiling autocfg v1.0.0
[INFO] [stderr]    Compiling log v0.4.11
[INFO] [stderr]    Compiling serde_derive v1.0.114
[INFO] [stderr]    Compiling serde v1.0.114
[INFO] [stderr]    Compiling scopeguard v1.1.0
[INFO] [stderr]    Compiling lazy_static v1.4.0
[INFO] [stderr]    Compiling either v1.6.1
[INFO] [stderr]    Compiling byteorder v1.3.4
[INFO] [stderr]    Compiling smallvec v1.4.1
[INFO] [stderr]    Compiling memchr v2.3.3
[INFO] [stderr]    Compiling getrandom v0.1.14
[INFO] [stderr]    Compiling ahash v0.3.8
[INFO] [stderr]    Compiling lock_api v0.3.4
[INFO] [stderr]    Compiling typenum v1.12.0
[INFO] [stderr]    Compiling futures v0.1.29
[INFO] [stderr]    Compiling slab v0.4.2
[INFO] [stderr]    Compiling ppv-lite86 v0.2.8
[INFO] [stderr]    Compiling futures-core v0.3.5
[INFO] [stderr]    Compiling proc-macro-hack v0.5.18
[INFO] [stderr]    Compiling futures-sink v0.3.5
[INFO] [stderr]    Compiling maybe-uninit v2.0.0
[INFO] [stderr]    Compiling hashbrown v0.8.1
[INFO] [stderr]    Compiling indexmap v1.5.0
[INFO] [stderr]    Compiling pin-utils v0.1.0
[INFO] [stderr]    Compiling pin-project-internal v0.4.23
[INFO] [stderr]    Compiling futures-channel v0.3.5
[INFO] [stderr]    Compiling futures-io v0.3.5
[INFO] [stderr]    Compiling proc-macro-nested v0.1.6
[INFO] [stderr]    Compiling opaque-debug v0.2.3
[INFO] [stderr]    Compiling byte-tools v0.3.1
[INFO] [stderr]    Compiling arrayvec v0.5.1
[INFO] [stderr]    Compiling crossbeam-utils v0.7.2
[INFO] [stderr]    Compiling fake-simd v0.1.2
[INFO] [stderr]    Compiling block-padding v0.1.5
[INFO] [stderr]    Compiling subtle v2.2.3
[INFO] [stderr]    Compiling crunchy v0.2.2
[INFO] [stderr]    Compiling static_assertions v1.1.0
[INFO] [stderr]    Compiling quote v1.0.7
[INFO] [stderr]    Compiling regex-syntax v0.6.18
[INFO] [stderr]    Compiling tinyvec v0.3.3
[INFO] [stderr]    Compiling aho-corasick v0.7.13
[INFO] [stderr]    Compiling thread_local v1.0.1
[INFO] [stderr]    Compiling subtle v1.0.0
[INFO] [stderr]    Compiling keccak v0.1.0
[INFO] [stderr]    Compiling arrayref v0.3.6
[INFO] [stderr]    Compiling unicode-normalization v0.1.13
[INFO] [stderr]    Compiling constant_time_eq v0.1.5
[INFO] [stderr]    Compiling itoa v0.4.6
[INFO] [stderr]    Compiling memoffset v0.5.5
[INFO] [stderr]    Compiling crossbeam-epoch v0.8.2
[INFO] [stderr]    Compiling crc32fast v1.2.0
[INFO] [stderr]    Compiling signature v1.1.0
[INFO] [stderr]    Compiling libm v0.2.1
[INFO] [stderr]    Compiling num-traits v0.2.12
[INFO] [stderr]    Compiling ryu v1.0.5
[INFO] [stderr]    Compiling adler v0.2.3
[INFO] [stderr]    Compiling ed25519 v1.0.1
[INFO] [stderr]    Compiling num_cpus v1.13.0
[INFO] [stderr]    Compiling parking_lot_core v0.7.2
[INFO] [stderr]    Compiling generic-array v0.12.3
[INFO] [stderr]    Compiling jobserver v0.1.21
[INFO] [stderr]    Compiling rand_core v0.5.1
[INFO] [stderr]    Compiling cc v1.0.58
[INFO] [stderr]    Compiling miniz_oxide v0.4.0
[INFO] [stderr]    Compiling parking_lot v0.10.2
[INFO] [stderr]    Compiling rand_pcg v0.2.1
[INFO] [stderr]    Compiling rand_chacha v0.2.2
[INFO] [stderr]    Compiling digest v0.8.1
[INFO] [stderr]    Compiling block-buffer v0.7.3
[INFO] [stderr]    Compiling crypto-mac v0.7.0
[INFO] [stderr]    Compiling crossbeam-queue v0.2.3
[INFO] [stderr]    Compiling rustc-hash v1.1.0
[INFO] [stderr]    Compiling sha2 v0.8.2
[INFO] [stderr]    Compiling serde_json v1.0.57
[INFO] [stderr]    Compiling once_cell v1.4.0
[INFO] [stderr]    Compiling hmac v0.7.1
[INFO] [stderr]    Compiling rand v0.7.3
[INFO] [stderr]    Compiling radium v0.3.0
[INFO] [stderr]    Compiling hmac-drbg v0.2.0
[INFO] [stderr]    Compiling futures-task v0.3.5
[INFO] [stderr]    Compiling crossbeam-deque v0.7.3
[INFO] [stderr]    Compiling bitvec v0.17.4
[INFO] [stderr]    Compiling byte-slice-cast v0.3.5
[INFO] [stderr]    Compiling semver-parser v0.7.0
[INFO] [stderr]    Compiling rustc-hex v2.1.0
[INFO] [stderr]    Compiling num-integer v0.1.43
[INFO] [stderr]    Compiling rayon-core v1.7.1
[INFO] [stderr]    Compiling wasmparser v0.57.0
[INFO] [stderr]    Compiling time v0.1.43
[INFO] [stderr]    Compiling uint v0.8.3
[INFO] [stderr]    Compiling semver v0.9.0
[INFO] [stderr]    Compiling rayon v1.3.1
[INFO] [stderr]    Compiling gimli v0.22.0
[INFO] [stderr]    Compiling tracing-core v0.1.16
[INFO] [stderr]    Compiling bytes v0.5.6
[INFO] [stderr]    Compiling rustc-demangle v0.1.16
[INFO] [stderr]    Compiling regex v1.3.9
[INFO] [stderr]    Compiling rustc_version v0.2.3
[INFO] [stderr]    Compiling libsecp256k1 v0.3.5
[INFO] [stderr]    Compiling fnv v1.0.7
[INFO] [stderr]    Compiling fixed-hash v0.6.1
[INFO] [stderr]    Compiling num-bigint v0.2.6
[INFO] [stderr]    Compiling failure_derive v0.1.8
[INFO] [stderr]    Compiling anyhow v1.0.32
[INFO] [stderr]    Compiling num-rational v0.2.4
[INFO] [stderr]    Compiling sp-std v2.0.0
[INFO] [stderr]    Compiling parity-util-mem v0.7.0
[INFO] [stderr]    Compiling chrono v0.4.13
[INFO] [stderr]    Compiling version_check v0.9.2
[INFO] [stderr]    Compiling regex-automata v0.1.9
[INFO] [stderr]    Compiling arrayvec v0.4.12
[INFO] [stderr]    Compiling parity-wasm v0.41.0
[INFO] [stderr]    Compiling tracing-log v0.1.1
[INFO] [stderr]    Compiling sharded-slab v0.0.9
[INFO] [stderr]    Compiling nodrop v0.1.14
[INFO] [stderr]    Compiling ansi_term v0.12.1
[INFO] [stderr]    Compiling hash-db v0.15.2
[INFO] [stderr]    Compiling memory_units v0.3.0
[INFO] [stderr]    Compiling Inflector v0.11.4
[INFO] [stderr]    Compiling which v3.1.1
[INFO] [stderr]    Compiling matchers v0.0.1
[INFO] [stderr]    Compiling blake2-rfc v0.2.18
[INFO] [stderr]    Compiling tiny-keccak v2.0.2
[INFO] [stderr]    Compiling environmental v1.1.1
[INFO] [stderr]    Compiling dyn-clone v1.0.2
[INFO] [stderr]    Compiling twox-hash v1.5.0
[INFO] [stderr]    Compiling addr2line v0.13.0
[INFO] [stderr]    Compiling hash256-std-hasher v0.15.2
[INFO] [stderr]    Compiling hex v0.4.2
[INFO] [stderr]    Compiling wasmi-validation v0.3.0
[INFO] [stderr]    Compiling unicode-segmentation v1.6.0
[INFO] [stderr]    Compiling base58 v0.1.0
[INFO] [stderr]    Compiling itertools v0.8.2
[INFO] [stderr]    Compiling prost-build v0.6.1
[INFO] [stderr]    Compiling smallvec v0.6.13
[INFO] [stderr]    Compiling remove_dir_all v0.5.3
[INFO] [stderr]    Compiling pbkdf2 v0.3.0
[INFO] [stderr]    Compiling fixedbitset v0.2.0
[INFO] [stderr]    Compiling tempfile v3.1.0
[INFO] [stderr]    Compiling wasmi v0.6.2
[INFO] [stderr]    Compiling heck v0.3.1
[INFO] [stderr]    Compiling multimap v0.8.1
[INFO] [stderr]    Compiling wasm-bindgen-shared v0.2.65
[INFO] [stderr]    Compiling synstructure v0.12.4
[INFO] [stderr]    Compiling parking_lot_core v0.6.2
[INFO] [stderr]    Compiling ring v0.16.15
[INFO] [stderr]    Compiling trie-db v0.22.1
[INFO] [stderr]    Compiling trie-root v0.16.0
[INFO] [stderr]    Compiling parking_lot v0.9.0
[INFO] [stderr]    Compiling bumpalo v3.4.0
[INFO] [stderr]    Compiling spin v0.5.2
[INFO] [stderr]    Compiling wasm-bindgen v0.2.65
[INFO] [stderr]    Compiling untrusted v0.7.1
[INFO] [stderr]    Compiling iovec v0.1.4
[INFO] [stderr]    Compiling matches v0.1.8
[INFO] [stderr]    Compiling wasm-bindgen-backend v0.2.65
[INFO] [stderr]    Compiling paste-impl v0.1.18
[INFO] [stderr]    Compiling unicode-bidi v0.3.4
[INFO] [stderr]    Compiling integer-sqrt v0.1.3
[INFO] [stderr]    Compiling net2 v0.2.34
[INFO] [stderr]    Compiling sha-1 v0.8.2
[INFO] [stderr]    Compiling send_wrapper v0.4.0
[INFO] [stderr]    Compiling percent-encoding v2.1.0
[INFO] [stderr]    Compiling idna v0.2.0
[INFO] [stderr]    Compiling sha3 v0.8.2
[INFO] [stderr]    Compiling generic-array v0.14.3
[INFO] [stderr]    Compiling blake2b_simd v0.5.10
[INFO] [stderr]    Compiling blake2s_simd v0.5.10
[INFO] [stderr]    Compiling unsigned-varint v0.3.3
[INFO] [stderr] LLVM ERROR: IO failure on output stream: No space left on device
[INFO] [stderr] error: failed to write `/opt/rustwide/target/debug/build/generic-array-145e06e189730e34/output`
[INFO] [stderr] 
[INFO] [stderr] Caused by:
[INFO] [stderr]   No space left on device (os error 28)
[INFO] [stderr] warning: build failed, waiting for other jobs to finish...
[INFO] [stderr] LLVM ERROR: IO failure on output stream: No space left on device
[INFO] [stderr] LLVM ERROR: IO failure on output stream: No space left on device
[INFO] [stdout] error: couldn't create a temp dir: No space left on device (os error 28) at path "/tmp/rustcAS4iaW"
[INFO] [stdout] 
[INFO] [stdout] 
[INFO] [stderr] error: could not compile `idna` (lib)
[INFO] [stderr] error: could not compile `sha3` (lib)
[INFO] [stderr] error: failed to run custom build command for `ring v0.16.15`
[INFO] [stderr] note: To improve backtraces for build dependencies, set the CARGO_PROFILE_DEV_BUILD_OVERRIDE_DEBUG=true environment variable to enable debug information generation.
[INFO] [stderr] 
[INFO] [stderr] Caused by:
[INFO] [stderr]   process didn't exit successfully: `/opt/rustwide/target/debug/build/ring-b6187900c1d64c57/build-script-build` (exit status: 101)
[INFO] [stderr]   --- stdout
[INFO] [stderr]   OPT_LEVEL = Some("0")
[INFO] [stderr]   TARGET = Some("x86_64-unknown-linux-gnu")
[INFO] [stderr]   HOST = Some("x86_64-unknown-linux-gnu")
[INFO] [stderr]   CC_x86_64-unknown-linux-gnu = None
[INFO] [stderr]   CC_x86_64_unknown_linux_gnu = None
[INFO] [stderr]   HOST_CC = None
[INFO] [stderr]   CC = None
[INFO] [stderr]   CFLAGS_x86_64-unknown-linux-gnu = None
[INFO] [stderr]   CFLAGS_x86_64_unknown_linux_gnu = None
[INFO] [stderr]   HOST_CFLAGS = None
[INFO] [stderr]   CFLAGS = None
[INFO] [stderr]   CRATE_CC_NO_DEFAULTS = None
[INFO] [stderr]   DEBUG = Some("true")
[INFO] [stderr]   CARGO_CFG_TARGET_FEATURE = Some("fxsr,sse,sse2")
[INFO] [stderr]   OPT_LEVEL = Some("0")
[INFO] [stderr]   TARGET = Some("x86_64-unknown-linux-gnu")
[INFO] [stderr]   HOST = Some("x86_64-unknown-linux-gnu")
[INFO] [stderr]   CC_x86_64-unknown-linux-gnu = None
[INFO] [stderr]   CC_x86_64_unknown_linux_gnu = None
[INFO] [stderr]   HOST_CC = None
[INFO] [stderr]   CC = None
[INFO] [stderr]   CFLAGS_x86_64-unknown-linux-gnu = None
[INFO] [stderr]   CFLAGS_x86_64_unknown_linux_gnu = None
[INFO] [stderr]   HOST_CFLAGS = None
[INFO] [stderr]   CFLAGS = None
[INFO] [stderr]   CRATE_CC_NO_DEFAULTS = None
[INFO] [stderr]   DEBUG = Some("true")
[INFO] [stderr]   CARGO_CFG_TARGET_FEATURE = Some("fxsr,sse,sse2")
[INFO] [stderr]   OPT_LEVEL = Some("0")
[INFO] [stderr]   TARGET = Some("x86_64-unknown-linux-gnu")
[INFO] [stderr]   HOST = Some("x86_64-unknown-linux-gnu")
[INFO] [stderr]   CC_x86_64-unknown-linux-gnu = None
[INFO] [stderr]   CC_x86_64_unknown_linux_gnu = None
[INFO] [stderr]   HOST_CC = None
[INFO] [stderr]   CC = None
[INFO] [stderr]   CFLAGS_x86_64-unknown-linux-gnu = None
[INFO] [stderr]   CFLAGS_x86_64_unknown_linux_gnu = None
[INFO] [stderr]   HOST_CFLAGS = None
[INFO] [stderr]   CFLAGS = None
[INFO] [stderr]   CRATE_CC_NO_DEFAULTS = None
[INFO] [stderr]   DEBUG = Some("true")
[INFO] [stderr]   CARGO_CFG_TARGET_FEATURE = Some("fxsr,sse,sse2")
[INFO] [stderr]   OPT_LEVEL = Some("0")
[INFO] [stderr]   TARGET = Some("x86_64-unknown-linux-gnu")
[INFO] [stderr]   HOST = Some("x86_64-unknown-linux-gnu")
[INFO] [stderr]   CC_x86_64-unknown-linux-gnu = None
[INFO] [stderr]   CC_x86_64_unknown_linux_gnu = None
[INFO] [stderr]   HOST_CC = None
[INFO] [stderr]   CC = None
[INFO] [stderr]   CFLAGS_x86_64-unknown-linux-gnu = None
[INFO] [stderr]   CFLAGS_x86_64_unknown_linux_gnu = None
[INFO] [stderr]   HOST_CFLAGS = None
[INFO] [stderr]   CFLAGS = None
[INFO] [stderr]   CRATE_CC_NO_DEFAULTS = None
[INFO] [stderr]   DEBUG = Some("true")
[INFO] [stderr]   CARGO_CFG_TARGET_FEATURE = Some("fxsr,sse,sse2")
[INFO] [stderr]   OPT_LEVEL = Some("0")
[INFO] [stderr]   TARGET = Some("x86_64-unknown-linux-gnu")
[INFO] [stderr]   HOST = Some("x86_64-unknown-linux-gnu")
[INFO] [stderr]   CC_x86_64-unknown-linux-gnu = None
[INFO] [stderr]   CC_x86_64_unknown_linux_gnu = None
[INFO] [stderr]   HOST_CC = None
[INFO] [stderr]   CC = None
[INFO] [stderr]   CFLAGS_x86_64-unknown-linux-gnu = None
[INFO] [stderr]   CFLAGS_x86_64_unknown_linux_gnu = None
[INFO] [stderr]   HOST_CFLAGS = None
[INFO] [stderr]   CFLAGS = None
[INFO] [stderr]   CRATE_CC_NO_DEFAULTS = None
[INFO] [stderr]   DEBUG = Some("true")
[INFO] [stderr]   CARGO_CFG_TARGET_FEATURE = Some("fxsr,sse,sse2")
[INFO] [stderr]   OPT_LEVEL = Some("0")
[INFO] [stderr]   TARGET = Some("x86_64-unknown-linux-gnu")
[INFO] [stderr]   HOST = Some("x86_64-unknown-linux-gnu")
[INFO] [stderr]   CC_x86_64-unknown-linux-gnu = None
[INFO] [stderr]   CC_x86_64_unknown_linux_gnu = None
[INFO] [stderr]   HOST_CC = None
[INFO] [stderr]   CC = None
[INFO] [stderr]   CFLAGS_x86_64-unknown-linux-gnu = None
[INFO] [stderr]   CFLAGS_x86_64_unknown_linux_gnu = None
[INFO] [stderr]   HOST_CFLAGS = None
[INFO] [stderr]   CFLAGS = None
[INFO] [stderr]   CRATE_CC_NO_DEFAULTS = None
[INFO] [stderr]   DEBUG = Some("true")
[INFO] [stderr]   CARGO_CFG_TARGET_FEATURE = Some("fxsr,sse,sse2")
[INFO] [stderr]   OPT_LEVEL = Some("0")
[INFO] [stderr]   TARGET = Some("x86_64-unknown-linux-gnu")
[INFO] [stderr]   HOST = Some("x86_64-unknown-linux-gnu")
[INFO] [stderr]   CC_x86_64-unknown-linux-gnu = None
[INFO] [stderr]   CC_x86_64_unknown_linux_gnu = None
[INFO] [stderr]   HOST_CC = None
[INFO] [stderr]   CC = None
[INFO] [stderr]   CFLAGS_x86_64-unknown-linux-gnu = None
[INFO] [stderr]   CFLAGS_x86_64_unknown_linux_gnu = None
[INFO] [stderr]   HOST_CFLAGS = None
[INFO] [stderr]   CFLAGS = None
[INFO] [stderr]   CRATE_CC_NO_DEFAULTS = None
[INFO] [stderr]   DEBUG = Some("true")
[INFO] [stderr]   CARGO_CFG_TARGET_FEATURE = Some("fxsr,sse,sse2")
[INFO] [stderr]   OPT_LEVEL = Some("0")
[INFO] [stderr]   TARGET = Some("x86_64-unknown-linux-gnu")
[INFO] [stderr]   HOST = Some("x86_64-unknown-linux-gnu")
[INFO] [stderr]   CC_x86_64-unknown-linux-gnu = None
[INFO] [stderr]   CC_x86_64_unknown_linux_gnu = None
[INFO] [stderr]   HOST_CC = None
[INFO] [stderr]   CC = None
[INFO] [stderr]   CFLAGS_x86_64-unknown-linux-gnu = None
[INFO] [stderr]   CFLAGS_x86_64_unknown_linux_gnu = None
[INFO] [stderr]   HOST_CFLAGS = None
[INFO] [stderr]   CFLAGS = None
[INFO] [stderr]   CRATE_CC_NO_DEFAULTS = None
[INFO] [stderr]   DEBUG = Some("true")
[INFO] [stderr]   CARGO_CFG_TARGET_FEATURE = Some("fxsr,sse,sse2")
[INFO] [stderr]   OPT_LEVEL = Some("0")
[INFO] [stderr]   TARGET = Some("x86_64-unknown-linux-gnu")
[INFO] [stderr]   HOST = Some("x86_64-unknown-linux-gnu")
[INFO] [stderr]   CC_x86_64-unknown-linux-gnu = None
[INFO] [stderr]   CC_x86_64_unknown_linux_gnu = None
[INFO] [stderr]   HOST_CC = None
[INFO] [stderr]   CC = None
[INFO] [stderr]   CFLAGS_x86_64-unknown-linux-gnu = None
[INFO] [stderr]   CFLAGS_x86_64_unknown_linux_gnu = None
[INFO] [stderr]   HOST_CFLAGS = None
[INFO] [stderr]   CFLAGS = None
[INFO] [stderr]   CRATE_CC_NO_DEFAULTS = None
[INFO] [stderr]   DEBUG = Some("true")
[INFO] [stderr]   CARGO_CFG_TARGET_FEATURE = Some("fxsr,sse,sse2")
[INFO] [stderr]   OPT_LEVEL = Some("0")
[INFO] [stderr]   TARGET = Some("x86_64-unknown-linux-gnu")
[INFO] [stderr]   HOST = Some("x86_64-unknown-linux-gnu")
[INFO] [stderr]   CC_x86_64-unknown-linux-gnu = None
[INFO] [stderr]   CC_x86_64_unknown_linux_gnu = None
[INFO] [stderr]   HOST_CC = None
[INFO] [stderr]   CC = None
[INFO] [stderr]   CFLAGS_x86_64-unknown-linux-gnu = None
[INFO] [stderr]   CFLAGS_x86_64_unknown_linux_gnu = None
[INFO] [stderr]   HOST_CFLAGS = None
[INFO] [stderr]   CFLAGS = None
[INFO] [stderr]   CRATE_CC_NO_DEFAULTS = None
[INFO] [stderr]   DEBUG = Some("true")
[INFO] [stderr]   CARGO_CFG_TARGET_FEATURE = Some("fxsr,sse,sse2")
[INFO] [stderr]   OPT_LEVEL = Some("0")
[INFO] [stderr]   TARGET = Some("x86_64-unknown-linux-gnu")
[INFO] [stderr]   HOST = Some("x86_64-unknown-linux-gnu")
[INFO] [stderr]   CC_x86_64-unknown-linux-gnu = None
[INFO] [stderr]   CC_x86_64_unknown_linux_gnu = None
[INFO] [stderr]   HOST_CC = None
[INFO] [stderr]   CC = None
[INFO] [stderr]   CFLAGS_x86_64-unknown-linux-gnu = None
[INFO] [stderr]   CFLAGS_x86_64_unknown_linux_gnu = None
[INFO] [stderr]   HOST_CFLAGS = None
[INFO] [stderr]   CFLAGS = None
[INFO] [stderr]   CRATE_CC_NO_DEFAULTS = None
[INFO] [stderr]   DEBUG = Some("true")
[INFO] [stderr]   CARGO_CFG_TARGET_FEATURE = Some("fxsr,sse,sse2")
[INFO] [stderr]   OPT_LEVEL = Some("0")
[INFO] [stderr]   TARGET = Some("x86_64-unknown-linux-gnu")
[INFO] [stderr]   HOST = Some("x86_64-unknown-linux-gnu")
[INFO] [stderr]   CC_x86_64-unknown-linux-gnu = None
[INFO] [stderr]   CC_x86_64_unknown_linux_gnu = None
[INFO] [stderr]   HOST_CC = None
[INFO] [stderr]   CC = None
[INFO] [stderr]   CFLAGS_x86_64-unknown-linux-gnu = None
[INFO] [stderr]   CFLAGS_x86_64_unknown_linux_gnu = None
[INFO] [stderr]   HOST_CFLAGS = None
[INFO] [stderr]   CFLAGS = None
[INFO] [stderr]   CRATE_CC_NO_DEFAULTS = None
[INFO] [stderr]   DEBUG = Some("true")
[INFO] [stderr]   CARGO_CFG_TARGET_FEATURE = Some("fxsr,sse,sse2")
[INFO] [stderr]   OPT_LEVEL = Some("0")
[INFO] [stderr]   TARGET = Some("x86_64-unknown-linux-gnu")
[INFO] [stderr]   HOST = Some("x86_64-unknown-linux-gnu")
[INFO] [stderr]   CC_x86_64-unknown-linux-gnu = None
[INFO] [stderr]   CC_x86_64_unknown_linux_gnu = None
[INFO] [stderr]   HOST_CC = None
[INFO] [stderr]   CC = None
[INFO] [stderr]   CFLAGS_x86_64-unknown-linux-gnu = None
[INFO] [stderr]   CFLAGS_x86_64_unknown_linux_gnu = None
[INFO] [stderr]   HOST_CFLAGS = None
[INFO] [stderr]   CFLAGS = None
[INFO] [stderr]   CRATE_CC_NO_DEFAULTS = None
[INFO] [stderr]   DEBUG = Some("true")
[INFO] [stderr]   CARGO_CFG_TARGET_FEATURE = Some("fxsr,sse,sse2")
[INFO] [stderr]   OPT_LEVEL = Some("0")
[INFO] [stderr]   TARGET = Some("x86_64-unknown-linux-gnu")
[INFO] [stderr]   HOST = Some("x86_64-unknown-linux-gnu")
[INFO] [stderr]   CC_x86_64-unknown-linux-gnu = None
[INFO] [stderr]   CC_x86_64_unknown_linux_gnu = None
[INFO] [stderr]   HOST_CC = None
[INFO] [stderr]   CC = None
[INFO] [stderr]   CFLAGS_x86_64-unknown-linux-gnu = None
[INFO] [stderr]   CFLAGS_x86_64_unknown_linux_gnu = None
[INFO] [stderr]   HOST_CFLAGS = None
[INFO] [stderr]   CFLAGS = None
[INFO] [stderr]   CRATE_CC_NO_DEFAULTS = None
[INFO] [stderr]   DEBUG = Some("true")
[INFO] [stderr]   CARGO_CFG_TARGET_FEATURE = Some("fxsr,sse,sse2")
[INFO] [stderr]   OPT_LEVEL = Some("0")
[INFO] [stderr]   TARGET = Some("x86_64-unknown-linux-gnu")
[INFO] [stderr]   HOST = Some("x86_64-unknown-linux-gnu")
[INFO] [stderr]   CC_x86_64-unknown-linux-gnu = None
[INFO] [stderr]   CC_x86_64_unknown_linux_gnu = None
[INFO] [stderr]   HOST_CC = None
[INFO] [stderr]   CC = None
[INFO] [stderr]   CFLAGS_x86_64-unknown-linux-gnu = None
[INFO] [stderr]   CFLAGS_x86_64_unknown_linux_gnu = None
[INFO] [stderr]   HOST_CFLAGS = None
[INFO] [stderr]   CFLAGS = None
[INFO] [stderr]   CRATE_CC_NO_DEFAULTS = None
[INFO] [stderr]   DEBUG = Some("true")
[INFO] [stderr]   CARGO_CFG_TARGET_FEATURE = Some("fxsr,sse,sse2")
[INFO] [stderr]   OPT_LEVEL = Some("0")
[INFO] [stderr]   TARGET = Some("x86_64-unknown-linux-gnu")
[INFO] [stderr]   HOST = Some("x86_64-unknown-linux-gnu")
[INFO] [stderr]   CC_x86_64-unknown-linux-gnu = None
[INFO] [stderr]   CC_x86_64_unknown_linux_gnu = None
[INFO] [stderr]   HOST_CC = None
[INFO] [stderr]   CC = None
[INFO] [stderr]   CFLAGS_x86_64-unknown-linux-gnu = None
[INFO] [stderr]   CFLAGS_x86_64_unknown_linux_gnu = None
[INFO] [stderr]   HOST_CFLAGS = None
[INFO] [stderr]   CFLAGS = None
[INFO] [stderr]   CRATE_CC_NO_DEFAULTS = None
[INFO] [stderr]   DEBUG = Some("true")
[INFO] [stderr]   CARGO_CFG_TARGET_FEATURE = Some("fxsr,sse,sse2")
[INFO] [stderr] 
[INFO] [stderr]   --- stderr
[INFO] [stderr]   ENV CARGO=/opt/rustwide/rustup-home/toolchains/beta-2023-04-20-x86_64-unknown-linux-gnu/bin/cargo
[INFO] [stderr]   ENV CARGO_CFG_PANIC=unwind
[INFO] [stderr]   ENV CARGO_CFG_TARGET_ARCH=x86_64
[INFO] [stderr]   ENV CARGO_CFG_TARGET_ENDIAN=little
[INFO] [stderr]   ENV CARGO_CFG_TARGET_ENV=gnu
[INFO] [stderr]   ENV CARGO_CFG_TARGET_FAMILY=unix
[INFO] [stderr]   ENV CARGO_CFG_TARGET_FEATURE=fxsr,sse,sse2
[INFO] [stderr]   ENV CARGO_CFG_TARGET_HAS_ATOMIC=16,32,64,8,ptr
[INFO] [stderr]   ENV CARGO_CFG_TARGET_OS=linux
[INFO] [stderr]   ENV CARGO_CFG_TARGET_POINTER_WIDTH=64
[INFO] [stderr]   ENV CARGO_CFG_TARGET_VENDOR=unknown
[INFO] [stderr]   ENV CARGO_CFG_UNIX=
[INFO] [stderr]   ENV CARGO_ENCODED_RUSTFLAGS=--cap-lints=warn
[INFO] [stderr]   ENV CARGO_FEATURE_ALLOC=1
[INFO] [stderr]   ENV CARGO_FEATURE_DEFAULT=1
[INFO] [stderr]   ENV CARGO_FEATURE_DEV_URANDOM_FALLBACK=1
[INFO] [stderr]   ENV CARGO_FEATURE_ONCE_CELL=1
[INFO] [stderr]   ENV CARGO_FEATURE_STD=1
[INFO] [stderr]   ENV CARGO_HOME=/opt/rustwide/cargo-home
[INFO] [stderr]   ENV CARGO_INCREMENTAL=0
[INFO] [stderr]   ENV CARGO_MAKEFLAGS=-j --jobserver-fds=7,8 --jobserver-auth=7,8
[INFO] [stderr]   ENV CARGO_MANIFEST_DIR=/opt/rustwide/cargo-home/registry/src/index.crates.io-6f17d22bba15001f/ring-0.16.15
[INFO] [stderr]   ENV CARGO_MANIFEST_LINKS=ring-asm
[INFO] [stderr]   ENV CARGO_PKG_AUTHORS=Brian Smith <brian@briansmith.org>
[INFO] [stderr]   ENV CARGO_PKG_DESCRIPTION=Safe, fast, small crypto using Rust.
[INFO] [stderr]   ENV CARGO_PKG_HOMEPAGE=
[INFO] [stderr]   ENV CARGO_PKG_LICENSE=
[INFO] [stderr]   ENV CARGO_PKG_LICENSE_FILE=LICENSE
[INFO] [stderr]   ENV CARGO_PKG_NAME=ring
[INFO] [stderr]   ENV CARGO_PKG_README=doc/link-to-readme.md
[INFO] [stderr]   ENV CARGO_PKG_REPOSITORY=https://github.com/briansmith/ring
[INFO] [stderr]   ENV CARGO_PKG_RUST_VERSION=
[INFO] [stderr]   ENV CARGO_PKG_VERSION=0.16.15
[INFO] [stderr]   ENV CARGO_PKG_VERSION_MAJOR=0
[INFO] [stderr]   ENV CARGO_PKG_VERSION_MINOR=16
[INFO] [stderr]   ENV CARGO_PKG_VERSION_PATCH=15
[INFO] [stderr]   ENV CARGO_PKG_VERSION_PRE=
[INFO] [stderr]   ENV CARGO_TARGET_DIR=/opt/rustwide/target
[INFO] [stderr]   ENV DEBUG=true
[INFO] [stderr]   ENV HOME=/root
[INFO] [stderr]   ENV HOST=x86_64-unknown-linux-gnu
[INFO] [stderr]   ENV HOSTNAME=ee32a0653972
[INFO] [stderr]   ENV LD_LIBRARY_PATH=/opt/rustwide/target/debug/deps:/opt/rustwide/target/debug:/opt/rustwide/rustup-home/toolchains/beta-2023-04-20-x86_64-unknown-linux-gnu/lib/rustlib/x86_64-unknown-linux-gnu/lib:/opt/rustwide/rustup-home/toolchains/beta-2023-04-20-x86_64-unknown-linux-gnu/lib
[INFO] [stderr]   ENV NUM_JOBS=16
[INFO] [stderr]   ENV OPT_LEVEL=0
[INFO] [stderr]   ENV OUT_DIR=/opt/rustwide/target/debug/build/ring-2a1fd2a061116962/out
[INFO] [stderr]   ENV PATH=/opt/rustwide/cargo-home/bin:/usr/local/sbin:/usr/local/bin:/usr/sbin:/usr/bin:/sbin:/bin
[INFO] [stderr]   ENV PROFILE=debug
[INFO] [stderr]   ENV RUSTC=rustc
[INFO] [stderr]   ENV RUSTDOC=rustdoc
[INFO] [stderr]   ENV RUSTDOCFLAGS=--cap-lints=warn
[INFO] [stderr]   ENV RUSTUP_HOME=/opt/rustwide/rustup-home
[INFO] [stderr]   ENV RUSTUP_TOOLCHAIN=beta-2023-04-20-x86_64-unknown-linux-gnu
[INFO] [stderr]   ENV RUST_BACKTRACE=full
[INFO] [stderr]   ENV RUST_RECURSION_COUNT=1
[INFO] [stderr]   ENV SOURCE_DIR=/opt/rustwide/workdir
[INFO] [stderr]   ENV SSL_CERT_DIR=/usr/lib/ssl/certs
[INFO] [stderr]   ENV SSL_CERT_FILE=/usr/lib/ssl/certs/ca-certificates.crt
[INFO] [stderr]   ENV TARGET=x86_64-unknown-linux-gnu
[INFO] [stderr]   running "cc" "-O0" "-ffunction-sections" "-fdata-sections" "-fPIC" "-g" "-fno-omit-frame-pointer" "-m64" "-I" "include" "-Wall" "-Wextra" "-pedantic" "-pedantic-errors" "-Wall" "-Wextra" "-Wcast-align" "-Wcast-qual" "-Wconversion" "-Wenum-compare" "-Wfloat-equal" "-Wformat=2" "-Winline" "-Winvalid-pch" "-Wmissing-field-initializers" "-Wmissing-include-dirs" "-Wredundant-decls" "-Wshadow" "-Wsign-compare" "-Wsign-conversion" "-Wundef" "-Wuninitialized" "-Wwrite-strings" "-fno-strict-aliasing" "-fvisibility=hidden" "-fstack-protector" "-g3" "-DNDEBUG" "-c" "-o/opt/rustwide/target/debug/build/ring-2a1fd2a061116962/out/aesni-x86_64-elf.o" "/opt/rustwide/cargo-home/registry/src/index.crates.io-6f17d22bba15001f/ring-0.16.15/pregenerated/aesni-x86_64-elf.S"
[INFO] [stderr]   running "cc" "-O0" "-ffunction-sections" "-fdata-sections" "-fPIC" "-g" "-fno-omit-frame-pointer" "-m64" "-I" "include" "-Wall" "-Wextra" "-pedantic" "-pedantic-errors" "-Wall" "-Wextra" "-Wcast-align" "-Wcast-qual" "-Wconversion" "-Wenum-compare" "-Wfloat-equal" "-Wformat=2" "-Winline" "-Winvalid-pch" "-Wmissing-field-initializers" "-Wmissing-include-dirs" "-Wredundant-decls" "-Wshadow" "-Wsign-compare" "-Wsign-conversion" "-Wundef" "-Wuninitialized" "-Wwrite-strings" "-fno-strict-aliasing" "-fvisibility=hidden" "-fstack-protector" "-g3" "-DNDEBUG" "-c" "-o/opt/rustwide/target/debug/build/ring-2a1fd2a061116962/out/vpaes-x86_64-elf.o" "/opt/rustwide/cargo-home/registry/src/index.crates.io-6f17d22bba15001f/ring-0.16.15/pregenerated/vpaes-x86_64-elf.S"
[INFO] [stderr]   running "cc" "-O0" "-ffunction-sections" "-fdata-sections" "-fPIC" "-g" "-fno-omit-frame-pointer" "-m64" "-I" "include" "-Wall" "-Wextra" "-pedantic" "-pedantic-errors" "-Wall" "-Wextra" "-Wcast-align" "-Wcast-qual" "-Wconversion" "-Wenum-compare" "-Wfloat-equal" "-Wformat=2" "-Winline" "-Winvalid-pch" "-Wmissing-field-initializers" "-Wmissing-include-dirs" "-Wredundant-decls" "-Wshadow" "-Wsign-compare" "-Wsign-conversion" "-Wundef" "-Wuninitialized" "-Wwrite-strings" "-fno-strict-aliasing" "-fvisibility=hidden" "-fstack-protector" "-g3" "-DNDEBUG" "-c" "-o/opt/rustwide/target/debug/build/ring-2a1fd2a061116962/out/x86_64-mont-elf.o" "/opt/rustwide/cargo-home/registry/src/index.crates.io-6f17d22bba15001f/ring-0.16.15/pregenerated/x86_64-mont-elf.S"
[INFO] [stderr]   running "cc" "-O0" "-ffunction-sections" "-fdata-sections" "-fPIC" "-g" "-fno-omit-frame-pointer" "-m64" "-I" "include" "-Wall" "-Wextra" "-pedantic" "-pedantic-errors" "-Wall" "-Wextra" "-Wcast-align" "-Wcast-qual" "-Wconversion" "-Wenum-compare" "-Wfloat-equal" "-Wformat=2" "-Winline" "-Winvalid-pch" "-Wmissing-field-initializers" "-Wmissing-include-dirs" "-Wredundant-decls" "-Wshadow" "-Wsign-compare" "-Wsign-conversion" "-Wundef" "-Wuninitialized" "-Wwrite-strings" "-fno-strict-aliasing" "-fvisibility=hidden" "-fstack-protector" "-g3" "-DNDEBUG" "-c" "-o/opt/rustwide/target/debug/build/ring-2a1fd2a061116962/out/x86_64-mont5-elf.o" "/opt/rustwide/cargo-home/registry/src/index.crates.io-6f17d22bba15001f/ring-0.16.15/pregenerated/x86_64-mont5-elf.S"
[INFO] [stderr]   running "cc" "-O0" "-ffunction-sections" "-fdata-sections" "-fPIC" "-g" "-fno-omit-frame-pointer" "-m64" "-I" "include" "-Wall" "-Wextra" "-pedantic" "-pedantic-errors" "-Wall" "-Wextra" "-Wcast-align" "-Wcast-qual" "-Wconversion" "-Wenum-compare" "-Wfloat-equal" "-Wformat=2" "-Winline" "-Winvalid-pch" "-Wmissing-field-initializers" "-Wmissing-include-dirs" "-Wredundant-decls" "-Wshadow" "-Wsign-compare" "-Wsign-conversion" "-Wundef" "-Wuninitialized" "-Wwrite-strings" "-fno-strict-aliasing" "-fvisibility=hidden" "-fstack-protector" "-g3" "-DNDEBUG" "-c" "-o/opt/rustwide/target/debug/build/ring-2a1fd2a061116962/out/chacha-x86_64-elf.o" "/opt/rustwide/cargo-home/registry/src/index.crates.io-6f17d22bba15001f/ring-0.16.15/pregenerated/chacha-x86_64-elf.S"
[INFO] [stderr]   running "cc" "-O0" "-ffunction-sections" "-fdata-sections" "-fPIC" "-g" "-fno-omit-frame-pointer" "-m64" "-I" "include" "-Wall" "-Wextra" "-pedantic" "-pedantic-errors" "-Wall" "-Wextra" "-Wcast-align" "-Wcast-qual" "-Wconversion" "-Wenum-compare" "-Wfloat-equal" "-Wformat=2" "-Winline" "-Winvalid-pch" "-Wmissing-field-initializers" "-Wmissing-include-dirs" "-Wredundant-decls" "-Wshadow" "-Wsign-compare" "-Wsign-conversion" "-Wundef" "-Wuninitialized" "-Wwrite-strings" "-fno-strict-aliasing" "-fvisibility=hidden" "-fstack-protector" "-g3" "-DNDEBUG" "-c" "-o/opt/rustwide/target/debug/build/ring-2a1fd2a061116962/out/p256-x86_64-asm-elf.o" "/opt/rustwide/cargo-home/registry/src/index.crates.io-6f17d22bba15001f/ring-0.16.15/pregenerated/p256-x86_64-asm-elf.S"
[INFO] [stderr]   running "cc" "-O0" "-ffunction-sections" "-fdata-sections" "-fPIC" "-g" "-fno-omit-frame-pointer" "-m64" "-I" "include" "-Wall" "-Wextra" "-pedantic" "-pedantic-errors" "-Wall" "-Wextra" "-Wcast-align" "-Wcast-qual" "-Wconversion" "-Wenum-compare" "-Wfloat-equal" "-Wformat=2" "-Winline" "-Winvalid-pch" "-Wmissing-field-initializers" "-Wmissing-include-dirs" "-Wredundant-decls" "-Wshadow" "-Wsign-compare" "-Wsign-conversion" "-Wundef" "-Wuninitialized" "-Wwrite-strings" "-fno-strict-aliasing" "-fvisibility=hidden" "-fstack-protector" "-g3" "-DNDEBUG" "-c" "-o/opt/rustwide/target/debug/build/ring-2a1fd2a061116962/out/aesni-gcm-x86_64-elf.o" "/opt/rustwide/cargo-home/registry/src/index.crates.io-6f17d22bba15001f/ring-0.16.15/pregenerated/aesni-gcm-x86_64-elf.S"
[INFO] [stderr]   running "cc" "-O0" "-ffunction-sections" "-fdata-sections" "-fPIC" "-g" "-fno-omit-frame-pointer" "-m64" "-I" "include" "-Wall" "-Wextra" "-pedantic" "-pedantic-errors" "-Wall" "-Wextra" "-Wcast-align" "-Wcast-qual" "-Wconversion" "-Wenum-compare" "-Wfloat-equal" "-Wformat=2" "-Winline" "-Winvalid-pch" "-Wmissing-field-initializers" "-Wmissing-include-dirs" "-Wredundant-decls" "-Wshadow" "-Wsign-compare" "-Wsign-conversion" "-Wundef" "-Wuninitialized" "-Wwrite-strings" "-fno-strict-aliasing" "-fvisibility=hidden" "-fstack-protector" "-g3" "-DNDEBUG" "-c" "-o/opt/rustwide/target/debug/build/ring-2a1fd2a061116962/out/ghash-x86_64-elf.o" "/opt/rustwide/cargo-home/registry/src/index.crates.io-6f17d22bba15001f/ring-0.16.15/pregenerated/ghash-x86_64-elf.S"
[INFO] [stderr]   running "cc" "-O0" "-ffunction-sections" "-fdata-sections" "-fPIC" "-g" "-fno-omit-frame-pointer" "-m64" "-I" "include" "-Wall" "-Wextra" "-pedantic" "-pedantic-errors" "-Wall" "-Wextra" "-Wcast-align" "-Wcast-qual" "-Wconversion" "-Wenum-compare" "-Wfloat-equal" "-Wformat=2" "-Winline" "-Winvalid-pch" "-Wmissing-field-initializers" "-Wmissing-include-dirs" "-Wredundant-decls" "-Wshadow" "-Wsign-compare" "-Wsign-conversion" "-Wundef" "-Wuninitialized" "-Wwrite-strings" "-fno-strict-aliasing" "-fvisibility=hidden" "-fstack-protector" "-g3" "-DNDEBUG" "-c" "-o/opt/rustwide/target/debug/build/ring-2a1fd2a061116962/out/poly1305-x86_64-elf.o" "/opt/rustwide/cargo-home/registry/src/index.crates.io-6f17d22bba15001f/ring-0.16.15/pregenerated/poly1305-x86_64-elf.S"
[INFO] [stderr]   running "cc" "-O0" "-ffunction-sections" "-fdata-sections" "-fPIC" "-g" "-fno-omit-frame-pointer" "-m64" "-I" "include" "-Wall" "-Wextra" "-pedantic" "-pedantic-errors" "-Wall" "-Wextra" "-Wcast-align" "-Wcast-qual" "-Wconversion" "-Wenum-compare" "-Wfloat-equal" "-Wformat=2" "-Winline" "-Winvalid-pch" "-Wmissing-field-initializers" "-Wmissing-include-dirs" "-Wredundant-decls" "-Wshadow" "-Wsign-compare" "-Wsign-conversion" "-Wundef" "-Wuninitialized" "-Wwrite-strings" "-fno-strict-aliasing" "-fvisibility=hidden" "-fstack-protector" "-g3" "-DNDEBUG" "-c" "-o/opt/rustwide/target/debug/build/ring-2a1fd2a061116962/out/sha512-x86_64-elf.o" "/opt/rustwide/cargo-home/registry/src/index.crates.io-6f17d22bba15001f/ring-0.16.15/pregenerated/sha512-x86_64-elf.S"
[INFO] [stderr]   running "cc" "-O0" "-ffunction-sections" "-fdata-sections" "-fPIC" "-g" "-fno-omit-frame-pointer" "-m64" "-I" "include" "-Wall" "-Wextra" "-pedantic" "-pedantic-errors" "-Wall" "-Wextra" "-Wcast-align" "-Wcast-qual" "-Wconversion" "-Wenum-compare" "-Wfloat-equal" "-Wformat=2" "-Winline" "-Winvalid-pch" "-Wmissing-field-initializers" "-Wmissing-include-dirs" "-Wredundant-decls" "-Wshadow" "-Wsign-compare" "-Wsign-conversion" "-Wundef" "-Wuninitialized" "-Wwrite-strings" "-fno-strict-aliasing" "-fvisibility=hidden" "-fstack-protector" "-g3" "-DNDEBUG" "-c" "-o/opt/rustwide/target/debug/build/ring-2a1fd2a061116962/out/sha256-x86_64-elf.o" "/opt/rustwide/cargo-home/registry/src/index.crates.io-6f17d22bba15001f/ring-0.16.15/pregenerated/sha256-x86_64-elf.S"
[INFO] [stderr]   running "cc" "-O0" "-ffunction-sections" "-fdata-sections" "-fPIC" "-g" "-fno-omit-frame-pointer" "-m64" "-I" "include" "-Wall" "-Wextra" "-std=c1x" "-Wbad-function-cast" "-Wnested-externs" "-Wstrict-prototypes" "-pedantic" "-pedantic-errors" "-Wall" "-Wextra" "-Wcast-align" "-Wcast-qual" "-Wconversion" "-Wenum-compare" "-Wfloat-equal" "-Wformat=2" "-Winline" "-Winvalid-pch" "-Wmissing-field-initializers" "-Wmissing-include-dirs" "-Wredundant-decls" "-Wshadow" "-Wsign-compare" "-Wsign-conversion" "-Wundef" "-Wuninitialized" "-Wwrite-strings" "-fno-strict-aliasing" "-fvisibility=hidden" "-fstack-protector" "-g3" "-DNDEBUG" "-c" "-o/opt/rustwide/target/debug/build/ring-2a1fd2a061116962/out/aes_nohw.o" "crypto/fipsmodule/aes/aes_nohw.c"
[INFO] [stderr]   running "cc" "-O0" "-ffunction-sections" "-fdata-sections" "-fPIC" "-g" "-fno-omit-frame-pointer" "-m64" "-I" "include" "-Wall" "-Wextra" "-std=c1x" "-Wbad-function-cast" "-Wnested-externs" "-Wstrict-prototypes" "-pedantic" "-pedantic-errors" "-Wall" "-Wextra" "-Wcast-align" "-Wcast-qual" "-Wconversion" "-Wenum-compare" "-Wfloat-equal" "-Wformat=2" "-Winline" "-Winvalid-pch" "-Wmissing-field-initializers" "-Wmissing-include-dirs" "-Wredundant-decls" "-Wshadow" "-Wsign-compare" "-Wsign-conversion" "-Wundef" "-Wuninitialized" "-Wwrite-strings" "-fno-strict-aliasing" "-fvisibility=hidden" "-fstack-protector" "-g3" "-DNDEBUG" "-c" "-o/opt/rustwide/target/debug/build/ring-2a1fd2a061116962/out/montgomery.o" "crypto/fipsmodule/bn/montgomery.c"
[INFO] [stderr]   running "cc" "-O0" "-ffunction-sections" "-fdata-sections" "-fPIC" "-g" "-fno-omit-frame-pointer" "-m64" "-I" "include" "-Wall" "-Wextra" "-std=c1x" "-Wbad-function-cast" "-Wnested-externs" "-Wstrict-prototypes" "-pedantic" "-pedantic-errors" "-Wall" "-Wextra" "-Wcast-align" "-Wcast-qual" "-Wconversion" "-Wenum-compare" "-Wfloat-equal" "-Wformat=2" "-Winline" "-Winvalid-pch" "-Wmissing-field-initializers" "-Wmissing-include-dirs" "-Wredundant-decls" "-Wshadow" "-Wsign-compare" "-Wsign-conversion" "-Wundef" "-Wuninitialized" "-Wwrite-strings" "-fno-strict-aliasing" "-fvisibility=hidden" "-fstack-protector" "-g3" "-DNDEBUG" "-c" "-o/opt/rustwide/target/debug/build/ring-2a1fd2a061116962/out/montgomery_inv.o" "crypto/fipsmodule/bn/montgomery_inv.c"
[INFO] [stderr]   running "cc" "-O0" "-ffunction-sections" "-fdata-sections" "-fPIC" "-g" "-fno-omit-frame-pointer" "-m64" "-I" "include" "-Wall" "-Wextra" "-std=c1x" "-Wbad-function-cast" "-Wnested-externs" "-Wstrict-prototypes" "-pedantic" "-pedantic-errors" "-Wall" "-Wextra" "-Wcast-align" "-Wcast-qual" "-Wconversion" "-Wenum-compare" "-Wfloat-equal" "-Wformat=2" "-Winline" "-Winvalid-pch" "-Wmissing-field-initializers" "-Wmissing-include-dirs" "-Wredundant-decls" "-Wshadow" "-Wsign-compare" "-Wsign-conversion" "-Wundef" "-Wuninitialized" "-Wwrite-strings" "-fno-strict-aliasing" "-fvisibility=hidden" "-fstack-protector" "-g3" "-DNDEBUG" "-c" "-o/opt/rustwide/target/debug/build/ring-2a1fd2a061116962/out/limbs.o" "crypto/limbs/limbs.c"
[INFO] [stderr]   running "cc" "-O0" "-ffunction-sections" "-fdata-sections" "-fPIC" "-g" "-fno-omit-frame-pointer" "-m64" "-I" "include" "-Wall" "-Wextra" "-std=c1x" "-Wbad-function-cast" "-Wnested-externs" "-Wstrict-prototypes" "-pedantic" "-pedantic-errors" "-Wall" "-Wextra" "-Wcast-align" "-Wcast-qual" "-Wconversion" "-Wenum-compare" "-Wfloat-equal" "-Wformat=2" "-Winline" "-Winvalid-pch" "-Wmissing-field-initializers" "-Wmissing-include-dirs" "-Wredundant-decls" "-Wshadow" "-Wsign-compare" "-Wsign-conversion" "-Wundef" "-Wuninitialized" "-Wwrite-strings" "-fno-strict-aliasing" "-fvisibility=hidden" "-fstack-protector" "-g3" "-DNDEBUG" "-c" "-o/opt/rustwide/target/debug/build/ring-2a1fd2a061116962/out/mem.o" "crypto/mem.c"
[INFO] [stderr]   crypto/mem.c:66:1: fatal error: error writing to /tmp/ccdSydyP.s: No space left on device
[INFO] [stderr]      66 | }
[INFO] [stderr]         | ^
[INFO] [stderr]   compilation terminated.
[INFO] [stderr]   thread 'main' panicked at 'execution failed', /opt/rustwide/cargo-home/registry/src/index.crates.io-6f17d22bba15001f/ring-0.16.15/build.rs:664:9
[INFO] [stderr]   stack backtrace:
[INFO] [stderr]      0:     0x55b497346a9a - std::backtrace_rs::backtrace::libunwind::trace::h2f05d0192276a8f6
[INFO] [stderr]                                  at /rustc/1b7dd2252b99671ce5d1cb9664c5f8636329436d/library/std/src/../../backtrace/src/backtrace/libunwind.rs:93:5
[INFO] [stderr]      1:     0x55b497346a9a - std::backtrace_rs::backtrace::trace_unsynchronized::hedc23dff7a1af150
[INFO] [stderr]                                  at /rustc/1b7dd2252b99671ce5d1cb9664c5f8636329436d/library/std/src/../../backtrace/src/backtrace/mod.rs:66:5
[INFO] [stderr]      2:     0x55b497346a9a - std::sys_common::backtrace::_print_fmt::h17541ef7592f3ce2
[INFO] [stderr]                                  at /rustc/1b7dd2252b99671ce5d1cb9664c5f8636329436d/library/std/src/sys_common/backtrace.rs:65:5
[INFO] [stderr]      3:     0x55b497346a9a - <std::sys_common::backtrace::_print::DisplayBacktrace as core::fmt::Display>::fmt::h20f75df5ab0c0792
[INFO] [stderr]                                  at /rustc/1b7dd2252b99671ce5d1cb9664c5f8636329436d/library/std/src/sys_common/backtrace.rs:44:22
[INFO] [stderr]      4:     0x55b49736795f - core::fmt::write::h78109e6f466b3af6
[INFO] [stderr]                                  at /rustc/1b7dd2252b99671ce5d1cb9664c5f8636329436d/library/core/src/fmt/mod.rs:1254:17
[INFO] [stderr]      5:     0x55b497343345 - std::io::Write::write_fmt::hc59e1b02dd273c8a
[INFO] [stderr]                                  at /rustc/1b7dd2252b99671ce5d1cb9664c5f8636329436d/library/std/src/io/mod.rs:1698:15
[INFO] [stderr]      6:     0x55b497346865 - std::sys_common::backtrace::_print::h8dac57a9f8fbf9a5
[INFO] [stderr]                                  at /rustc/1b7dd2252b99671ce5d1cb9664c5f8636329436d/library/std/src/sys_common/backtrace.rs:47:5
[INFO] [stderr]      7:     0x55b497346865 - std::sys_common::backtrace::print::hf9ecbf41d1aa712f
[INFO] [stderr]                                  at /rustc/1b7dd2252b99671ce5d1cb9664c5f8636329436d/library/std/src/sys_common/backtrace.rs:34:9
[INFO] [stderr]      8:     0x55b49734812e - std::panicking::default_hook::{{closure}}::h04c07acfc84ca028
[INFO] [stderr]                                  at /rustc/1b7dd2252b99671ce5d1cb9664c5f8636329436d/library/std/src/panicking.rs:269:22
[INFO] [stderr]      9:     0x55b497347ed5 - std::panicking::default_hook::h01f6bb23e1eceb2c
[INFO] [stderr]                                  at /rustc/1b7dd2252b99671ce5d1cb9664c5f8636329436d/library/std/src/panicking.rs:288:9
[INFO] [stderr]     10:     0x55b49734868e - std::panicking::rust_panic_with_hook::h2bb3722bbaf2f6df
[INFO] [stderr]                                  at /rustc/1b7dd2252b99671ce5d1cb9664c5f8636329436d/library/std/src/panicking.rs:691:13
[INFO] [stderr]     11:     0x55b4972f644a - std::panicking::begin_panic::{{closure}}::h61b4d65c521c8875
[INFO] [stderr]     12:     0x55b49730fb8a - std::sys_common::backtrace::__rust_end_short_backtrace::h086dd030b9dd953c
[INFO] [stderr]     13:     0x55b4972f639b - std::panicking::begin_panic::h68417c7a512c2d45
[INFO] [stderr]     14:     0x55b4972d417c - build_script_build::run_command::h07bc5d4e0953a5e8
[INFO] [stderr]     15:     0x55b4972d2d7b - build_script_build::compile::h5624db76d14a3da7
[INFO] [stderr]     16:     0x55b4972d289e - build_script_build::build_library::{{closure}}::h6512b0450fcc265a
[INFO] [stderr]     17:     0x55b4972cfa9b - core::ops::function::impls::<impl core::ops::function::FnOnce<A> for &mut F>::call_once::h7b2a24451d94e0f4
[INFO] [stderr]     18:     0x55b4972cf2a7 - core::option::Option<T>::map::h3168966d44cbef9c
[INFO] [stderr]     19:     0x55b4972da004 - <core::iter::adapters::map::Map<I,F> as core::iter::traits::iterator::Iterator>::next::h46d56eabe373f27f
[INFO] [stderr]     20:     0x55b4972ca190 - alloc::vec::Vec<T,A>::extend_desugared::h17afc8528b1ea60e
[INFO] [stderr]     21:     0x55b4972cb656 - <alloc::vec::Vec<T,A> as alloc::vec::spec_extend::SpecExtend<T,I>>::spec_extend::hd17e5cf3221530ec
[INFO] [stderr]     22:     0x55b4972c91a5 - <alloc::vec::Vec<T> as alloc::vec::spec_from_iter_nested::SpecFromIterNested<T,I>>::from_iter::h599435f9af938ee6
[INFO] [stderr]     23:     0x55b4972cb68d - <alloc::vec::Vec<T> as alloc::vec::spec_from_iter::SpecFromIter<T,I>>::from_iter::h7c3969f06435e257
[INFO] [stderr]     24:     0x55b4972cb5e5 - <alloc::vec::Vec<T> as core::iter::traits::collect::FromIterator<T>>::from_iter::h67b5c7b03701b50b
[INFO] [stderr]     25:     0x55b4972da58d - core::iter::traits::iterator::Iterator::collect::h77275bb1a518a7d4
[INFO] [stderr]     26:     0x55b4972d2011 - build_script_build::build_library::h3ad4e1a5ff7911be
[INFO] [stderr]     27:     0x55b4972d1e4e - build_script_build::build_c_code::{{closure}}::h87872c25eddba739
[INFO] [stderr]     28:     0x55b4972ccb1d - <core::slice::iter::Iter<T> as core::iter::traits::iterator::Iterator>::for_each::h718e2dcbc1003a2e
[INFO] [stderr]     29:     0x55b4972d1a4a - build_script_build::build_c_code::hcd0bbb77b1926d4d
[INFO] [stderr]     30:     0x55b4972d066c - build_script_build::ring_build_rs_main::h31c6bd48a59d636b
[INFO] [stderr]     31:     0x55b4972cfc5d - build_script_build::main::h1d51ec4af9d56dd2
[INFO] [stderr]     32:     0x55b4972ce523 - core::ops::function::FnOnce::call_once::h57ff66b256a2892f
[INFO] [stderr]     33:     0x55b4972cd7a6 - std::sys_common::backtrace::__rust_begin_short_backtrace::hf921cdd2479ebc7e
[INFO] [stderr]     34:     0x55b4972ceed9 - std::rt::lang_start::{{closure}}::hca23ef453e108de1
[INFO] [stderr]     35:     0x55b49733f69e - core::ops::function::impls::<impl core::ops::function::FnOnce<A> for &F>::call_once::h2eb19b8ce4148df4
[INFO] [stderr]                                  at /rustc/1b7dd2252b99671ce5d1cb9664c5f8636329436d/library/core/src/ops/function.rs:287:13
[INFO] [stderr]     36:     0x55b49733f69e - std::panicking::try::do_call::h2e900feff5d504c5
[INFO] [stderr]                                  at /rustc/1b7dd2252b99671ce5d1cb9664c5f8636329436d/library/std/src/panicking.rs:485:40
[INFO] [stderr]     37:     0x55b49733f69e - std::panicking::try::h8854836cb85aa9f2
[INFO] [stderr]                                  at /rustc/1b7dd2252b99671ce5d1cb9664c5f8636329436d/library/std/src/panicking.rs:449:19
[INFO] [stderr]     38:     0x55b49733f69e - std::panic::catch_unwind::h706025dd4c48f64b
[INFO] [stderr]                                  at /rustc/1b7dd2252b99671ce5d1cb9664c5f8636329436d/library/std/src/panic.rs:140:14
[INFO] [stderr]     39:     0x55b49733f69e - std::rt::lang_start_internal::{{closure}}::h7be5b97f4a07a91a
[INFO] [stderr]                                  at /rustc/1b7dd2252b99671ce5d1cb9664c5f8636329436d/library/std/src/rt.rs:148:48
[INFO] [stderr]     40:     0x55b49733f69e - std::panicking::try::do_call::h59847e9d0a176965
[INFO] [stderr]                                  at /rustc/1b7dd2252b99671ce5d1cb9664c5f8636329436d/library/std/src/panicking.rs:485:40
[INFO] [stderr]     41:     0x55b49733f69e - std::panicking::try::h399a918ba8522823
[INFO] [stderr]                                  at /rustc/1b7dd2252b99671ce5d1cb9664c5f8636329436d/library/std/src/panicking.rs:449:19
[INFO] [stderr]     42:     0x55b49733f69e - std::panic::catch_unwind::hca7ca6c55b2a2e26
[INFO] [stderr]                                  at /rustc/1b7dd2252b99671ce5d1cb9664c5f8636329436d/library/std/src/panic.rs:140:14
[INFO] [stderr]     43:     0x55b49733f69e - std::rt::lang_start_internal::h2c807a81560459eb
[INFO] [stderr]                                  at /rustc/1b7dd2252b99671ce5d1cb9664c5f8636329436d/library/std/src/rt.rs:148:20
[INFO] [stderr]     44:     0x55b4972ceeb7 - std::rt::lang_start::hf38cec43bce03a82
[INFO] [stderr]     45:     0x55b4972d5fb5 - main
[INFO] [stderr]     46:     0x7f5bf3fadd90 - <unknown>
[INFO] [stderr]     47:     0x7f5bf3fade40 - __libc_start_main
[INFO] [stderr]     48:     0x55b4972c8d75 - _start
[INFO] [stderr]     49:                0x0 - <unknown>
[INFO] [stdout] error: aborting due to previous error
[INFO] [stdout] 
[INFO] [stdout] 
[INFO] [stderr] error: could not compile `synstructure` (lib) due to 2 previous errors
[INFO] [stderr] error: could not compile `parking_lot` (lib)
[INFO] [stdout] error: linking with `cc` failed: exit status: 1
[INFO] [stdout]   |
[INFO] [stdout]   = note: LC_ALL="C" PATH="/opt/rustwide/rustup-home/toolchains/beta-2023-04-20-x86_64-unknown-linux-gnu/lib/rustlib/x86_64-unknown-linux-gnu/bin:/opt/rustwide/cargo-home/bin:/usr/local/sbin:/usr/local/bin:/usr/sbin:/usr/bin:/sbin:/bin" VSLANG="1033" "cc" "-Wl,--version-script=/tmp/rustcZyGFx7/list" "-Wl,--no-undefined-version" "-m64" "/tmp/rustcZyGFx7/symbols.o" "/opt/rustwide/target/debug/deps/paste_impl-4729bfb1b94ac5a6.paste_impl.c49ab600-cgu.0.rcgu.o" "/opt/rustwide/target/debug/deps/paste_impl-4729bfb1b94ac5a6.paste_impl.c49ab600-cgu.1.rcgu.o" "/opt/rustwide/target/debug/deps/paste_impl-4729bfb1b94ac5a6.paste_impl.c49ab600-cgu.10.rcgu.o" "/opt/rustwide/target/debug/deps/paste_impl-4729bfb1b94ac5a6.paste_impl.c49ab600-cgu.11.rcgu.o" "/opt/rustwide/target/debug/deps/paste_impl-4729bfb1b94ac5a6.paste_impl.c49ab600-cgu.12.rcgu.o" "/opt/rustwide/target/debug/deps/paste_impl-4729bfb1b94ac5a6.paste_impl.c49ab600-cgu.13.rcgu.o" "/opt/rustwide/target/debug/deps/paste_impl-4729bfb1b94ac5a6.paste_impl.c49ab600-cgu.14.rcgu.o" "/opt/rustwide/target/debug/deps/paste_impl-4729bfb1b94ac5a6.paste_impl.c49ab600-cgu.15.rcgu.o" "/opt/rustwide/target/debug/deps/paste_impl-4729bfb1b94ac5a6.paste_impl.c49ab600-cgu.2.rcgu.o" "/opt/rustwide/target/debug/deps/paste_impl-4729bfb1b94ac5a6.paste_impl.c49ab600-cgu.3.rcgu.o" "/opt/rustwide/target/debug/deps/paste_impl-4729bfb1b94ac5a6.paste_impl.c49ab600-cgu.4.rcgu.o" "/opt/rustwide/target/debug/deps/paste_impl-4729bfb1b94ac5a6.paste_impl.c49ab600-cgu.5.rcgu.o" "/opt/rustwide/target/debug/deps/paste_impl-4729bfb1b94ac5a6.paste_impl.c49ab600-cgu.6.rcgu.o" "/opt/rustwide/target/debug/deps/paste_impl-4729bfb1b94ac5a6.paste_impl.c49ab600-cgu.7.rcgu.o" "/opt/rustwide/target/debug/deps/paste_impl-4729bfb1b94ac5a6.paste_impl.c49ab600-cgu.8.rcgu.o" "/opt/rustwide/target/debug/deps/paste_impl-4729bfb1b94ac5a6.paste_impl.c49ab600-cgu.9.rcgu.o" "/opt/rustwide/target/debug/deps/paste_impl-4729bfb1b94ac5a6.5decrf68pkp62vjl.rcgu.rmeta" "/opt/rustwide/target/debug/deps/paste_impl-4729bfb1b94ac5a6.26345efi2e4nk8pw.rcgu.o" "-Wl,--as-needed" "-L" "/opt/rustwide/target/debug/deps" "-L" "/opt/rustwide/rustup-home/toolchains/beta-2023-04-20-x86_64-unknown-linux-gnu/lib/rustlib/x86_64-unknown-linux-gnu/lib" "-Wl,-Bstatic" "/opt/rustwide/rustup-home/toolchains/beta-2023-04-20-x86_64-unknown-linux-gnu/lib/rustlib/x86_64-unknown-linux-gnu/lib/libproc_macro-4ae0b5c8ec17d92d.rlib" "/opt/rustwide/rustup-home/toolchains/beta-2023-04-20-x86_64-unknown-linux-gnu/lib/rustlib/x86_64-unknown-linux-gnu/lib/libstd-0e29cc23c5e02021.rlib" "/opt/rustwide/rustup-home/toolchains/beta-2023-04-20-x86_64-unknown-linux-gnu/lib/rustlib/x86_64-unknown-linux-gnu/lib/libpanic_unwind-d903621768a861d9.rlib" "/opt/rustwide/rustup-home/toolchains/beta-2023-04-20-x86_64-unknown-linux-gnu/lib/rustlib/x86_64-unknown-linux-gnu/lib/libobject-6d0225e655f31c13.rlib" "/opt/rustwide/rustup-home/toolchains/beta-2023-04-20-x86_64-unknown-linux-gnu/lib/rustlib/x86_64-unknown-linux-gnu/lib/libmemchr-9dbaf4eac7eaa079.rlib" "/opt/rustwide/rustup-home/toolchains/beta-2023-04-20-x86_64-unknown-linux-gnu/lib/rustlib/x86_64-unknown-linux-gnu/lib/libaddr2line-27f05b3d42a66dd0.rlib" "/opt/rustwide/rustup-home/toolchains/beta-2023-04-20-x86_64-unknown-linux-gnu/lib/rustlib/x86_64-unknown-linux-gnu/lib/libgimli-4d73f1030321c9a2.rlib" "/opt/rustwide/rustup-home/toolchains/beta-2023-04-20-x86_64-unknown-linux-gnu/lib/rustlib/x86_64-unknown-linux-gnu/lib/librustc_demangle-2846c9e58abd0acb.rlib" "/opt/rustwide/rustup-home/toolchains/beta-2023-04-20-x86_64-unknown-linux-gnu/lib/rustlib/x86_64-unknown-linux-gnu/lib/libstd_detect-a53d0f50415947be.rlib" "/opt/rustwide/rustup-home/toolchains/beta-2023-04-20-x86_64-unknown-linux-gnu/lib/rustlib/x86_64-unknown-linux-gnu/lib/libhashbrown-d48e4b6abc25b9dc.rlib" "/opt/rustwide/rustup-home/toolchains/beta-2023-04-20-x86_64-unknown-linux-gnu/lib/rustlib/x86_64-unknown-linux-gnu/lib/libminiz_oxide-2991859439ef1207.rlib" "/opt/rustwide/rustup-home/toolchains/beta-2023-04-20-x86_64-unknown-linux-gnu/lib/rustlib/x86_64-unknown-linux-gnu/lib/libadler-8a687517e4221bae.rlib" "/opt/rustwide/rustup-home/toolchains/beta-2023-04-20-x86_64-unknown-linux-gnu/lib/rustlib/x86_64-unknown-linux-gnu/lib/librustc_std_workspace_alloc-e07b554f6a67f5b3.rlib" "/opt/rustwide/rustup-home/toolchains/beta-2023-04-20-x86_64-unknown-linux-gnu/lib/rustlib/x86_64-unknown-linux-gnu/lib/libunwind-b68238b7c3c619dd.rlib" "/opt/rustwide/rustup-home/toolchains/beta-2023-04-20-x86_64-unknown-linux-gnu/lib/rustlib/x86_64-unknown-linux-gnu/lib/libcfg_if-d5e213e896c017e4.rlib" "/opt/rustwide/rustup-home/toolchains/beta-2023-04-20-x86_64-unknown-linux-gnu/lib/rustlib/x86_64-unknown-linux-gnu/lib/liblibc-0211a3b2e61d8689.rlib" "/opt/rustwide/rustup-home/toolchains/beta-2023-04-20-x86_64-unknown-linux-gnu/lib/rustlib/x86_64-unknown-linux-gnu/lib/liballoc-b371f055239ba51f.rlib" "/opt/rustwide/rustup-home/toolchains/beta-2023-04-20-x86_64-unknown-linux-gnu/lib/rustlib/x86_64-unknown-linux-gnu/lib/librustc_std_workspace_core-e60518d2760eb01e.rlib" "/opt/rustwide/rustup-home/toolchains/beta-2023-04-20-x86_64-unknown-linux-gnu/lib/rustlib/x86_64-unknown-linux-gnu/lib/libcore-1ad943f92a4b1081.rlib" "/opt/rustwide/rustup-home/toolchains/beta-2023-04-20-x86_64-unknown-linux-gnu/lib/rustlib/x86_64-unknown-linux-gnu/lib/libcompiler_builtins-f0d6e4d0fc1e80b4.rlib" "-Wl,-Bdynamic" "-lgcc_s" "-lutil" "-lrt" "-lpthread" "-lm" "-ldl" "-lc" "-Wl,--eh-frame-hdr" "-Wl,-z,noexecstack" "-L" "/opt/rustwide/rustup-home/toolchains/beta-2023-04-20-x86_64-unknown-linux-gnu/lib/rustlib/x86_64-unknown-linux-gnu/lib" "-o" "/opt/rustwide/target/debug/deps/libpaste_impl-4729bfb1b94ac5a6.so" "-Wl,--gc-sections" "-shared" "-Wl,-z,relro,-z,now" "-nodefaultlibs"
[INFO] [stdout]   = note: /usr/bin/ld: final link failed: No space left on device
[INFO] [stdout]           collect2: error: ld returned 1 exit status
[INFO] [stdout]           
[INFO] [stdout] 
[INFO] [stdout] 
[INFO] [stdout] error: aborting due to previous error
[INFO] [stdout] 
[INFO] [stdout] 
[INFO] [stderr] error: could not compile `paste-impl` (lib) due to 2 previous errors
[INFO] [stderr] thread 'rustc' panicked at 'assertion failed: pos.get() <= self.position()', compiler/rustc_metadata/src/rmeta/encoder.rs:433:9
[INFO] [stderr] LLVM ERROR: IO failure on output stream: No space left on device
[INFO] [stdout] error: couldn't create a temp dir: No space left on device (os error 28) at path "/opt/rustwide/target/debug/deps/rmeta06jxgz"
[INFO] [stdout] 
[INFO] [stdout] 
[INFO] [stderr] error: could not compile `trie-db` (lib)
[INFO] [stderr] error: could not compile `unsigned-varint` (lib) due to previous error
[INFO] [stdout] error: couldn't create a temp dir: No space left on device (os error 28) at path "/opt/rustwide/target/debug/deps/rmeta7G6t8G"
[INFO] [stdout] 
[INFO] [stdout] 
[INFO] [stdout] error: aborting due to previous error
[INFO] [stdout] 
[INFO] [stdout] 
[INFO] [stderr] LLVM ERROR: IO failure on output stream: No space left on device
[INFO] [stderr] error: could not compile `blake2b_simd` (lib) due to 2 previous errors
[INFO] [stderr] error: could not compile `wasmi` (lib)
[INFO] [stdout] error: couldn't create a temp dir: No space left on device (os error 28) at path "/opt/rustwide/target/debug/deps/rmetapJKiKJ"
[INFO] [stdout] 
[INFO] [stdout] 
[INFO] [stderr] error: could not compile `libsecp256k1` (lib)
[INFO] [stderr] thread 'rustc' panicked at 'assertion failed: pos.get() <= self.position()', compiler/rustc_metadata/src/rmeta/encoder.rs:433:9
[INFO] [stderr] LLVM ERROR: IO failure on output stream: No space left on device
[INFO] [stderr] error: could not compile `blake2s_simd` (lib) due to previous error
[INFO] [stderr] error: could not compile `syn` (lib)
[INFO] [stderr] error: could not compile `wasm-bindgen-backend` (lib)
[INFO] [stderr] LLVM ERROR: IO failure on output stream: No space left on device
[INFO] [stderr] error: could not compile `regex` (lib)
[INFO] running `Command { std: "docker" "inspect" "ee32a0653972fd328a9e5075f229a288cb6ddfa24853ce38d45bfc16f4477d15", kill_on_drop: false }`
[INFO] running `Command { std: "docker" "rm" "-f" "ee32a0653972fd328a9e5075f229a288cb6ddfa24853ce38d45bfc16f4477d15", kill_on_drop: false }`
[INFO] [stdout] ee32a0653972fd328a9e5075f229a288cb6ddfa24853ce38d45bfc16f4477d15
