[INFO] cloning repository https://github.com/SummonSteve/bililive-danmu-rs
[INFO] running `Command { std: "git" "-c" "credential.helper=" "-c" "credential.helper=/workspace/cargo-home/bin/git-credential-null" "clone" "--bare" "https://github.com/SummonSteve/bililive-danmu-rs" "/workspace/cache/git-repos/https%3A%2F%2Fgithub.com%2FSummonSteve%2Fbililive-danmu-rs", kill_on_drop: false }`
[INFO] [stderr] Cloning into bare repository '/workspace/cache/git-repos/https%3A%2F%2Fgithub.com%2FSummonSteve%2Fbililive-danmu-rs'...
[INFO] running `Command { std: "git" "rev-parse" "HEAD", kill_on_drop: false }`
[INFO] [stdout] 09d70ff8d0a23bd54a05dec60b47dad770fa0e94
[INFO] testing SummonSteve/bililive-danmu-rs against beta-2023-04-20 for beta-1.70-1
[INFO] running `Command { std: "git" "clone" "/workspace/cache/git-repos/https%3A%2F%2Fgithub.com%2FSummonSteve%2Fbililive-danmu-rs" "/workspace/builds/worker-2-tc2/source", kill_on_drop: false }`
[INFO] [stderr] Cloning into '/workspace/builds/worker-2-tc2/source'...
[INFO] [stderr] done.
[INFO] validating manifest of git repo https://github.com/SummonSteve/bililive-danmu-rs on toolchain beta-2023-04-20
[INFO] running `Command { std: CARGO_HOME="/workspace/cargo-home" RUSTUP_HOME="/workspace/rustup-home" "/workspace/cargo-home/bin/cargo" "+beta-2023-04-20" "metadata" "--manifest-path" "Cargo.toml" "--no-deps", kill_on_drop: false }`
[INFO] started tweaking git repo https://github.com/SummonSteve/bililive-danmu-rs
[INFO] finished tweaking git repo https://github.com/SummonSteve/bililive-danmu-rs
[INFO] tweaked toml for git repo https://github.com/SummonSteve/bililive-danmu-rs written to /workspace/builds/worker-2-tc2/source/Cargo.toml
[INFO] crate git repo https://github.com/SummonSteve/bililive-danmu-rs already has a lockfile, it will not be regenerated
[INFO] running `Command { std: CARGO_HOME="/workspace/cargo-home" RUSTUP_HOME="/workspace/rustup-home" "/workspace/cargo-home/bin/cargo" "+beta-2023-04-20" "fetch" "--manifest-path" "Cargo.toml", kill_on_drop: false }`
[INFO] [stderr]  Downloading crates ...
[INFO] [stderr]   Downloaded tungstenite v0.16.0
[INFO] running `Command { std: "docker" "create" "-v" "/var/lib/crater-agent-workspace/builds/worker-2-tc2/target:/opt/rustwide/target:rw,Z" "-v" "/var/lib/crater-agent-workspace/builds/worker-2-tc2/source:/opt/rustwide/workdir:ro,Z" "-v" "/var/lib/crater-agent-workspace/cargo-home:/opt/rustwide/cargo-home:ro,Z" "-v" "/var/lib/crater-agent-workspace/rustup-home:/opt/rustwide/rustup-home:ro,Z" "-e" "SOURCE_DIR=/opt/rustwide/workdir" "-e" "CARGO_TARGET_DIR=/opt/rustwide/target" "-e" "CARGO_HOME=/opt/rustwide/cargo-home" "-e" "RUSTUP_HOME=/opt/rustwide/rustup-home" "-w" "/opt/rustwide/workdir" "-m" "1610612736" "--user" "0:0" "--network" "none" "ghcr.io/rust-lang/crates-build-env/linux@sha256:97d61d7686bf65f8ecb15491ab51835e82dc9176a96a831f143a431b191fc501" "/opt/rustwide/cargo-home/bin/cargo" "+beta-2023-04-20" "metadata" "--no-deps" "--format-version=1", kill_on_drop: false }`
[INFO] [stdout] 19510027250ccbf50d1921dc34ad405005a59bb72cb2d6c8701d9029ab04ae59
[INFO] running `Command { std: "docker" "start" "-a" "19510027250ccbf50d1921dc34ad405005a59bb72cb2d6c8701d9029ab04ae59", kill_on_drop: false }`
[INFO] running `Command { std: "docker" "inspect" "19510027250ccbf50d1921dc34ad405005a59bb72cb2d6c8701d9029ab04ae59", kill_on_drop: false }`
[INFO] running `Command { std: "docker" "rm" "-f" "19510027250ccbf50d1921dc34ad405005a59bb72cb2d6c8701d9029ab04ae59", kill_on_drop: false }`
[INFO] [stdout] 19510027250ccbf50d1921dc34ad405005a59bb72cb2d6c8701d9029ab04ae59
[INFO] running `Command { std: "docker" "create" "-v" "/var/lib/crater-agent-workspace/builds/worker-2-tc2/target:/opt/rustwide/target:rw,Z" "-v" "/var/lib/crater-agent-workspace/builds/worker-2-tc2/source:/opt/rustwide/workdir:ro,Z" "-v" "/var/lib/crater-agent-workspace/cargo-home:/opt/rustwide/cargo-home:ro,Z" "-v" "/var/lib/crater-agent-workspace/rustup-home:/opt/rustwide/rustup-home:ro,Z" "-e" "SOURCE_DIR=/opt/rustwide/workdir" "-e" "CARGO_TARGET_DIR=/opt/rustwide/target" "-e" "CARGO_INCREMENTAL=0" "-e" "RUST_BACKTRACE=full" "-e" "RUSTFLAGS=--cap-lints=warn" "-e" "RUSTDOCFLAGS=--cap-lints=warn" "-e" "CARGO_HOME=/opt/rustwide/cargo-home" "-e" "RUSTUP_HOME=/opt/rustwide/rustup-home" "-w" "/opt/rustwide/workdir" "-m" "1610612736" "--user" "0:0" "--network" "none" "ghcr.io/rust-lang/crates-build-env/linux@sha256:97d61d7686bf65f8ecb15491ab51835e82dc9176a96a831f143a431b191fc501" "/opt/rustwide/cargo-home/bin/cargo" "+beta-2023-04-20" "build" "--frozen" "--message-format=json", kill_on_drop: false }`
[INFO] [stdout] f920af0f5bb2376e6c00b3cf534a470f35ebcbf626130d6eaea121e81fad8de0
[INFO] running `Command { std: "docker" "start" "-a" "f920af0f5bb2376e6c00b3cf534a470f35ebcbf626130d6eaea121e81fad8de0", kill_on_drop: false }`
[INFO] [stderr]    Compiling cfg-if v1.0.0
[INFO] [stderr]    Compiling libc v0.2.112
[INFO] [stderr]    Compiling proc-macro2 v1.0.36
[INFO] [stderr]    Compiling unicode-xid v0.2.2
[INFO] [stderr]    Compiling log v0.4.14
[INFO] [stderr]    Compiling syn v1.0.85
[INFO] [stderr]    Compiling autocfg v1.0.1
[INFO] [stderr]    Compiling cc v1.0.72
[INFO] [stderr]    Compiling pkg-config v0.3.24
[INFO] [stderr]    Compiling memchr v2.4.1
[INFO] [stderr]    Compiling once_cell v1.9.0
[INFO] [stderr]    Compiling typenum v1.15.0
[INFO] [stderr]    Compiling version_check v0.9.4
[INFO] [stderr]    Compiling smallvec v1.8.0
[INFO] [stderr]    Compiling parking_lot_core v0.8.5
[INFO] [stderr]    Compiling foreign-types-shared v0.1.1
[INFO] [stderr]    Compiling openssl v0.10.38
[INFO] [stderr]    Compiling tinyvec_macros v0.1.0
[INFO] [stderr]    Compiling foreign-types v0.3.2
[INFO] [stderr]    Compiling tinyvec v1.5.1
[INFO] [stderr]    Compiling instant v0.1.12
[INFO] [stderr] LLVM ERROR: IO failure on output stream: No space left on device
[INFO] [stderr] LLVM ERROR: IO failure on output stream: No space left on device
[INFO] [stdout] error: linking with `cc` failed: exit status: 1
[INFO] [stdout]   |
[INFO] [stdout]   = note: LC_ALL="C" PATH="/opt/rustwide/rustup-home/toolchains/beta-2023-04-20-x86_64-unknown-linux-gnu/lib/rustlib/x86_64-unknown-linux-gnu/bin:/opt/rustwide/cargo-home/bin:/usr/local/sbin:/usr/local/bin:/usr/sbin:/usr/bin:/sbin:/bin" VSLANG="1033" "cc" "-m64" "/tmp/rustcSTctt2/symbols.o" "/opt/rustwide/target/debug/build/log-3fc63c88c0e7e122/build_script_build-3fc63c88c0e7e122.build_script_build.d79292b2-cgu.0.rcgu.o" "/opt/rustwide/target/debug/build/log-3fc63c88c0e7e122/build_script_build-3fc63c88c0e7e122.build_script_build.d79292b2-cgu.1.rcgu.o" "/opt/rustwide/target/debug/build/log-3fc63c88c0e7e122/build_script_build-3fc63c88c0e7e122.build_script_build.d79292b2-cgu.10.rcgu.o" "/opt/rustwide/target/debug/build/log-3fc63c88c0e7e122/build_script_build-3fc63c88c0e7e122.build_script_build.d79292b2-cgu.11.rcgu.o" "/opt/rustwide/target/debug/build/log-3fc63c88c0e7e122/build_script_build-3fc63c88c0e7e122.build_script_build.d79292b2-cgu.12.rcgu.o" "/opt/rustwide/target/debug/build/log-3fc63c88c0e7e122/build_script_build-3fc63c88c0e7e122.build_script_build.d79292b2-cgu.13.rcgu.o" "/opt/rustwide/target/debug/build/log-3fc63c88c0e7e122/build_script_build-3fc63c88c0e7e122.build_script_build.d79292b2-cgu.14.rcgu.o" "/opt/rustwide/target/debug/build/log-3fc63c88c0e7e122/build_script_build-3fc63c88c0e7e122.build_script_build.d79292b2-cgu.15.rcgu.o" "/opt/rustwide/target/debug/build/log-3fc63c88c0e7e122/build_script_build-3fc63c88c0e7e122.build_script_build.d79292b2-cgu.2.rcgu.o" "/opt/rustwide/target/debug/build/log-3fc63c88c0e7e122/build_script_build-3fc63c88c0e7e122.build_script_build.d79292b2-cgu.3.rcgu.o" "/opt/rustwide/target/debug/build/log-3fc63c88c0e7e122/build_script_build-3fc63c88c0e7e122.build_script_build.d79292b2-cgu.4.rcgu.o" "/opt/rustwide/target/debug/build/log-3fc63c88c0e7e122/build_script_build-3fc63c88c0e7e122.build_script_build.d79292b2-cgu.5.rcgu.o" "/opt/rustwide/target/debug/build/log-3fc63c88c0e7e122/build_script_build-3fc63c88c0e7e122.build_script_build.d79292b2-cgu.6.rcgu.o" "/opt/rustwide/target/debug/build/log-3fc63c88c0e7e122/build_script_build-3fc63c88c0e7e122.build_script_build.d79292b2-cgu.7.rcgu.o" "/opt/rustwide/target/debug/build/log-3fc63c88c0e7e122/build_script_build-3fc63c88c0e7e122.build_script_build.d79292b2-cgu.8.rcgu.o" "/opt/rustwide/target/debug/build/log-3fc63c88c0e7e122/build_script_build-3fc63c88c0e7e122.build_script_build.d79292b2-cgu.9.rcgu.o" "/opt/rustwide/target/debug/build/log-3fc63c88c0e7e122/build_script_build-3fc63c88c0e7e122.1mo20nxj5c4cbldr.rcgu.o" "-Wl,--as-needed" "-L" "/opt/rustwide/target/debug/deps" "-L" "/opt/rustwide/rustup-home/toolchains/beta-2023-04-20-x86_64-unknown-linux-gnu/lib/rustlib/x86_64-unknown-linux-gnu/lib" "-Wl,-Bstatic" "/opt/rustwide/rustup-home/toolchains/beta-2023-04-20-x86_64-unknown-linux-gnu/lib/rustlib/x86_64-unknown-linux-gnu/lib/libstd-0e29cc23c5e02021.rlib" "/opt/rustwide/rustup-home/toolchains/beta-2023-04-20-x86_64-unknown-linux-gnu/lib/rustlib/x86_64-unknown-linux-gnu/lib/libpanic_unwind-d903621768a861d9.rlib" "/opt/rustwide/rustup-home/toolchains/beta-2023-04-20-x86_64-unknown-linux-gnu/lib/rustlib/x86_64-unknown-linux-gnu/lib/libobject-6d0225e655f31c13.rlib" "/opt/rustwide/rustup-home/toolchains/beta-2023-04-20-x86_64-unknown-linux-gnu/lib/rustlib/x86_64-unknown-linux-gnu/lib/libmemchr-9dbaf4eac7eaa079.rlib" "/opt/rustwide/rustup-home/toolchains/beta-2023-04-20-x86_64-unknown-linux-gnu/lib/rustlib/x86_64-unknown-linux-gnu/lib/libaddr2line-27f05b3d42a66dd0.rlib" "/opt/rustwide/rustup-home/toolchains/beta-2023-04-20-x86_64-unknown-linux-gnu/lib/rustlib/x86_64-unknown-linux-gnu/lib/libgimli-4d73f1030321c9a2.rlib" "/opt/rustwide/rustup-home/toolchains/beta-2023-04-20-x86_64-unknown-linux-gnu/lib/rustlib/x86_64-unknown-linux-gnu/lib/librustc_demangle-2846c9e58abd0acb.rlib" "/opt/rustwide/rustup-home/toolchains/beta-2023-04-20-x86_64-unknown-linux-gnu/lib/rustlib/x86_64-unknown-linux-gnu/lib/libstd_detect-a53d0f50415947be.rlib" "/opt/rustwide/rustup-home/toolchains/beta-2023-04-20-x86_64-unknown-linux-gnu/lib/rustlib/x86_64-unknown-linux-gnu/lib/libhashbrown-d48e4b6abc25b9dc.rlib" "/opt/rustwide/rustup-home/toolchains/beta-2023-04-20-x86_64-unknown-linux-gnu/lib/rustlib/x86_64-unknown-linux-gnu/lib/libminiz_oxide-2991859439ef1207.rlib" "/opt/rustwide/rustup-home/toolchains/beta-2023-04-20-x86_64-unknown-linux-gnu/lib/rustlib/x86_64-unknown-linux-gnu/lib/libadler-8a687517e4221bae.rlib" "/opt/rustwide/rustup-home/toolchains/beta-2023-04-20-x86_64-unknown-linux-gnu/lib/rustlib/x86_64-unknown-linux-gnu/lib/librustc_std_workspace_alloc-e07b554f6a67f5b3.rlib" "/opt/rustwide/rustup-home/toolchains/beta-2023-04-20-x86_64-unknown-linux-gnu/lib/rustlib/x86_64-unknown-linux-gnu/lib/libunwind-b68238b7c3c619dd.rlib" "/opt/rustwide/rustup-home/toolchains/beta-2023-04-20-x86_64-unknown-linux-gnu/lib/rustlib/x86_64-unknown-linux-gnu/lib/libcfg_if-d5e213e896c017e4.rlib" "/opt/rustwide/rustup-home/toolchains/beta-2023-04-20-x86_64-unknown-linux-gnu/lib/rustlib/x86_64-unknown-linux-gnu/lib/liblibc-0211a3b2e61d8689.rlib" "/opt/rustwide/rustup-home/toolchains/beta-2023-04-20-x86_64-unknown-linux-gnu/lib/rustlib/x86_64-unknown-linux-gnu/lib/liballoc-b371f055239ba51f.rlib" "/opt/rustwide/rustup-home/toolchains/beta-2023-04-20-x86_64-unknown-linux-gnu/lib/rustlib/x86_64-unknown-linux-gnu/lib/librustc_std_workspace_core-e60518d2760eb01e.rlib" "/opt/rustwide/rustup-home/toolchains/beta-2023-04-20-x86_64-unknown-linux-gnu/lib/rustlib/x86_64-unknown-linux-gnu/lib/libcore-1ad943f92a4b1081.rlib" "/opt/rustwide/rustup-home/toolchains/beta-2023-04-20-x86_64-unknown-linux-gnu/lib/rustlib/x86_64-unknown-linux-gnu/lib/libcompiler_builtins-f0d6e4d0fc1e80b4.rlib" "-Wl,-Bdynamic" "-lgcc_s" "-lutil" "-lrt" "-lpthread" "-lm" "-ldl" "-lc" "-Wl,--eh-frame-hdr" "-Wl,-z,noexecstack" "-L" "/opt/rustwide/rustup-home/toolchains/beta-2023-04-20-x86_64-unknown-linux-gnu/lib/rustlib/x86_64-unknown-linux-gnu/lib" "-o" "/opt/rustwide/target/debug/build/log-3fc63c88c0e7e122/build_script_build-3fc63c88c0e7e122" "-Wl,--gc-sections" "-pie" "-Wl,-z,relro,-z,now" "-nodefaultlibs"
[INFO] [stdout]   = note: /usr/bin/ld: final link failed: No space left on device
[INFO] [stdout]           collect2: error: ld returned 1 exit status
[INFO] [stdout]           
[INFO] [stdout] 
[INFO] [stdout] 
[INFO] [stderr] LLVM ERROR: IO failure on output stream: No space left on device
[INFO] [stdout] error: aborting due to previous error
[INFO] [stdout] 
[INFO] [stdout] 
[INFO] [stderr] error: could not compile `smallvec` (lib)
[INFO] [stderr] warning: build failed, waiting for other jobs to finish...
[INFO] [stderr] error: could not compile `once_cell` (lib)
[INFO] [stderr] error: could not compile `autocfg` (lib)
[INFO] [stderr] error: could not compile `log` (build script) due to 2 previous errors
[INFO] [stdout] error: couldn't create a temp dir: No space left on device (os error 28) at path "/tmp/rustcHePeGC"
[INFO] [stdout] 
[INFO] [stdout] 
[INFO] [stdout] error: couldn't create a temp dir: No space left on device (os error 28) at path "/tmp/rustcJai1sG"
[INFO] [stdout] 
[INFO] [stdout] 
[INFO] [stderr] LLVM ERROR: IO failure on output stream: No space left on device
[INFO] [stderr] LLVM ERROR: IO failure on output stream: No space left on device
[INFO] [stderr] error: could not compile `openssl` (build script) due to previous error
[INFO] [stderr] error: could not compile `proc-macro2` (build script) due to previous error
[INFO] [stderr] error: could not compile `pkg-config` (lib)
[INFO] [stderr] LLVM ERROR: IO failure on output stream: No space left on device
[INFO] [stdout] error: linking with `cc` failed: exit status: 1
[INFO] [stdout]   |
[INFO] [stdout]   = note: LC_ALL="C" PATH="/opt/rustwide/rustup-home/toolchains/beta-2023-04-20-x86_64-unknown-linux-gnu/lib/rustlib/x86_64-unknown-linux-gnu/bin:/opt/rustwide/cargo-home/bin:/usr/local/sbin:/usr/local/bin:/usr/sbin:/usr/bin:/sbin:/bin" VSLANG="1033" "cc" "-m64" "/tmp/rustck0Gbe0/symbols.o" "/opt/rustwide/target/debug/build/parking_lot_core-9a887c9910f5e708/build_script_build-9a887c9910f5e708.build_script_build.dee191c7-cgu.0.rcgu.o" "/opt/rustwide/target/debug/build/parking_lot_core-9a887c9910f5e708/build_script_build-9a887c9910f5e708.build_script_build.dee191c7-cgu.1.rcgu.o" "/opt/rustwide/target/debug/build/parking_lot_core-9a887c9910f5e708/build_script_build-9a887c9910f5e708.build_script_build.dee191c7-cgu.10.rcgu.o" "/opt/rustwide/target/debug/build/parking_lot_core-9a887c9910f5e708/build_script_build-9a887c9910f5e708.build_script_build.dee191c7-cgu.11.rcgu.o" "/opt/rustwide/target/debug/build/parking_lot_core-9a887c9910f5e708/build_script_build-9a887c9910f5e708.build_script_build.dee191c7-cgu.12.rcgu.o" "/opt/rustwide/target/debug/build/parking_lot_core-9a887c9910f5e708/build_script_build-9a887c9910f5e708.build_script_build.dee191c7-cgu.13.rcgu.o" "/opt/rustwide/target/debug/build/parking_lot_core-9a887c9910f5e708/build_script_build-9a887c9910f5e708.build_script_build.dee191c7-cgu.14.rcgu.o" "/opt/rustwide/target/debug/build/parking_lot_core-9a887c9910f5e708/build_script_build-9a887c9910f5e708.build_script_build.dee191c7-cgu.15.rcgu.o" "/opt/rustwide/target/debug/build/parking_lot_core-9a887c9910f5e708/build_script_build-9a887c9910f5e708.build_script_build.dee191c7-cgu.2.rcgu.o" "/opt/rustwide/target/debug/build/parking_lot_core-9a887c9910f5e708/build_script_build-9a887c9910f5e708.build_script_build.dee191c7-cgu.3.rcgu.o" "/opt/rustwide/target/debug/build/parking_lot_core-9a887c9910f5e708/build_script_build-9a887c9910f5e708.build_script_build.dee191c7-cgu.4.rcgu.o" "/opt/rustwide/target/debug/build/parking_lot_core-9a887c9910f5e708/build_script_build-9a887c9910f5e708.build_script_build.dee191c7-cgu.5.rcgu.o" "/opt/rustwide/target/debug/build/parking_lot_core-9a887c9910f5e708/build_script_build-9a887c9910f5e708.build_script_build.dee191c7-cgu.6.rcgu.o" "/opt/rustwide/target/debug/build/parking_lot_core-9a887c9910f5e708/build_script_build-9a887c9910f5e708.build_script_build.dee191c7-cgu.7.rcgu.o" "/opt/rustwide/target/debug/build/parking_lot_core-9a887c9910f5e708/build_script_build-9a887c9910f5e708.build_script_build.dee191c7-cgu.8.rcgu.o" "/opt/rustwide/target/debug/build/parking_lot_core-9a887c9910f5e708/build_script_build-9a887c9910f5e708.build_script_build.dee191c7-cgu.9.rcgu.o" "/opt/rustwide/target/debug/build/parking_lot_core-9a887c9910f5e708/build_script_build-9a887c9910f5e708.3trka17r0mrjhwxu.rcgu.o" "-Wl,--as-needed" "-L" "/opt/rustwide/target/debug/deps" "-L" "/opt/rustwide/rustup-home/toolchains/beta-2023-04-20-x86_64-unknown-linux-gnu/lib/rustlib/x86_64-unknown-linux-gnu/lib" "-Wl,-Bstatic" "/opt/rustwide/rustup-home/toolchains/beta-2023-04-20-x86_64-unknown-linux-gnu/lib/rustlib/x86_64-unknown-linux-gnu/lib/libstd-0e29cc23c5e02021.rlib" "/opt/rustwide/rustup-home/toolchains/beta-2023-04-20-x86_64-unknown-linux-gnu/lib/rustlib/x86_64-unknown-linux-gnu/lib/libpanic_unwind-d903621768a861d9.rlib" "/opt/rustwide/rustup-home/toolchains/beta-2023-04-20-x86_64-unknown-linux-gnu/lib/rustlib/x86_64-unknown-linux-gnu/lib/libobject-6d0225e655f31c13.rlib" "/opt/rustwide/rustup-home/toolchains/beta-2023-04-20-x86_64-unknown-linux-gnu/lib/rustlib/x86_64-unknown-linux-gnu/lib/libmemchr-9dbaf4eac7eaa079.rlib" "/opt/rustwide/rustup-home/toolchains/beta-2023-04-20-x86_64-unknown-linux-gnu/lib/rustlib/x86_64-unknown-linux-gnu/lib/libaddr2line-27f05b3d42a66dd0.rlib" "/opt/rustwide/rustup-home/toolchains/beta-2023-04-20-x86_64-unknown-linux-gnu/lib/rustlib/x86_64-unknown-linux-gnu/lib/libgimli-4d73f1030321c9a2.rlib" "/opt/rustwide/rustup-home/toolchains/beta-2023-04-20-x86_64-unknown-linux-gnu/lib/rustlib/x86_64-unknown-linux-gnu/lib/librustc_demangle-2846c9e58abd0acb.rlib" "/opt/rustwide/rustup-home/toolchains/beta-2023-04-20-x86_64-unknown-linux-gnu/lib/rustlib/x86_64-unknown-linux-gnu/lib/libstd_detect-a53d0f50415947be.rlib" "/opt/rustwide/rustup-home/toolchains/beta-2023-04-20-x86_64-unknown-linux-gnu/lib/rustlib/x86_64-unknown-linux-gnu/lib/libhashbrown-d48e4b6abc25b9dc.rlib" "/opt/rustwide/rustup-home/toolchains/beta-2023-04-20-x86_64-unknown-linux-gnu/lib/rustlib/x86_64-unknown-linux-gnu/lib/libminiz_oxide-2991859439ef1207.rlib" "/opt/rustwide/rustup-home/toolchains/beta-2023-04-20-x86_64-unknown-linux-gnu/lib/rustlib/x86_64-unknown-linux-gnu/lib/libadler-8a687517e4221bae.rlib" "/opt/rustwide/rustup-home/toolchains/beta-2023-04-20-x86_64-unknown-linux-gnu/lib/rustlib/x86_64-unknown-linux-gnu/lib/librustc_std_workspace_alloc-e07b554f6a67f5b3.rlib" "/opt/rustwide/rustup-home/toolchains/beta-2023-04-20-x86_64-unknown-linux-gnu/lib/rustlib/x86_64-unknown-linux-gnu/lib/libunwind-b68238b7c3c619dd.rlib" "/opt/rustwide/rustup-home/toolchains/beta-2023-04-20-x86_64-unknown-linux-gnu/lib/rustlib/x86_64-unknown-linux-gnu/lib/libcfg_if-d5e213e896c017e4.rlib" "/opt/rustwide/rustup-home/toolchains/beta-2023-04-20-x86_64-unknown-linux-gnu/lib/rustlib/x86_64-unknown-linux-gnu/lib/liblibc-0211a3b2e61d8689.rlib" "/opt/rustwide/rustup-home/toolchains/beta-2023-04-20-x86_64-unknown-linux-gnu/lib/rustlib/x86_64-unknown-linux-gnu/lib/liballoc-b371f055239ba51f.rlib" "/opt/rustwide/rustup-home/toolchains/beta-2023-04-20-x86_64-unknown-linux-gnu/lib/rustlib/x86_64-unknown-linux-gnu/lib/librustc_std_workspace_core-e60518d2760eb01e.rlib" "/opt/rustwide/rustup-home/toolchains/beta-2023-04-20-x86_64-unknown-linux-gnu/lib/rustlib/x86_64-unknown-linux-gnu/lib/libcore-1ad943f92a4b1081.rlib" "/opt/rustwide/rustup-home/toolchains/beta-2023-04-20-x86_64-unknown-linux-gnu/lib/rustlib/x86_64-unknown-linux-gnu/lib/libcompiler_builtins-f0d6e4d0fc1e80b4.rlib" "-Wl,-Bdynamic" "-lgcc_s" "-lutil" "-lrt" "-lpthread" "-lm" "-ldl" "-lc" "-Wl,--eh-frame-hdr" "-Wl,-z,noexecstack" "-L" "/opt/rustwide/rustup-home/toolchains/beta-2023-04-20-x86_64-unknown-linux-gnu/lib/rustlib/x86_64-unknown-linux-gnu/lib" "-o" "/opt/rustwide/target/debug/build/parking_lot_core-9a887c9910f5e708/build_script_build-9a887c9910f5e708" "-Wl,--gc-sections" "-pie" "-Wl,-z,relro,-z,now" "-nodefaultlibs"
[INFO] [stdout]   = note: /usr/bin/ld: final link failed: No space left on device
[INFO] [stdout]           collect2: error: ld returned 1 exit status
[INFO] [stdout]           
[INFO] [stdout] 
[INFO] [stdout] 
[INFO] [stderr] error: could not compile `version_check` (lib)
[INFO] [stderr] error: could not compile `typenum` (build script)
[INFO] [stderr] error: could not compile `parking_lot_core` (build script) due to previous error
[INFO] [stdout] error: couldn't create a temp dir: No space left on device (os error 28) at path "/opt/rustwide/target/debug/deps/rmetaMiQPnJ"
[INFO] [stdout] 
[INFO] [stdout] 
[INFO] [stderr] error: could not compile `instant` (lib) due to previous error
[INFO] [stdout] error: linking with `cc` failed: exit status: 1
[INFO] [stdout]   |
[INFO] [stdout]   = note: LC_ALL="C" PATH="/opt/rustwide/rustup-home/toolchains/beta-2023-04-20-x86_64-unknown-linux-gnu/lib/rustlib/x86_64-unknown-linux-gnu/bin:/opt/rustwide/cargo-home/bin:/usr/local/sbin:/usr/local/bin:/usr/sbin:/usr/bin:/sbin:/bin" VSLANG="1033" "cc" "-m64" "/tmp/rustcv3dXKh/symbols.o" "/opt/rustwide/target/debug/build/libc-5e1c6cac7515bc3e/build_script_build-5e1c6cac7515bc3e.build_script_build.b0edf942-cgu.0.rcgu.o" "/opt/rustwide/target/debug/build/libc-5e1c6cac7515bc3e/build_script_build-5e1c6cac7515bc3e.build_script_build.b0edf942-cgu.1.rcgu.o" "/opt/rustwide/target/debug/build/libc-5e1c6cac7515bc3e/build_script_build-5e1c6cac7515bc3e.build_script_build.b0edf942-cgu.10.rcgu.o" "/opt/rustwide/target/debug/build/libc-5e1c6cac7515bc3e/build_script_build-5e1c6cac7515bc3e.build_script_build.b0edf942-cgu.11.rcgu.o" "/opt/rustwide/target/debug/build/libc-5e1c6cac7515bc3e/build_script_build-5e1c6cac7515bc3e.build_script_build.b0edf942-cgu.12.rcgu.o" "/opt/rustwide/target/debug/build/libc-5e1c6cac7515bc3e/build_script_build-5e1c6cac7515bc3e.build_script_build.b0edf942-cgu.13.rcgu.o" "/opt/rustwide/target/debug/build/libc-5e1c6cac7515bc3e/build_script_build-5e1c6cac7515bc3e.build_script_build.b0edf942-cgu.14.rcgu.o" "/opt/rustwide/target/debug/build/libc-5e1c6cac7515bc3e/build_script_build-5e1c6cac7515bc3e.build_script_build.b0edf942-cgu.15.rcgu.o" "/opt/rustwide/target/debug/build/libc-5e1c6cac7515bc3e/build_script_build-5e1c6cac7515bc3e.build_script_build.b0edf942-cgu.2.rcgu.o" "/opt/rustwide/target/debug/build/libc-5e1c6cac7515bc3e/build_script_build-5e1c6cac7515bc3e.build_script_build.b0edf942-cgu.3.rcgu.o" "/opt/rustwide/target/debug/build/libc-5e1c6cac7515bc3e/build_script_build-5e1c6cac7515bc3e.build_script_build.b0edf942-cgu.4.rcgu.o" "/opt/rustwide/target/debug/build/libc-5e1c6cac7515bc3e/build_script_build-5e1c6cac7515bc3e.build_script_build.b0edf942-cgu.5.rcgu.o" "/opt/rustwide/target/debug/build/libc-5e1c6cac7515bc3e/build_script_build-5e1c6cac7515bc3e.build_script_build.b0edf942-cgu.6.rcgu.o" "/opt/rustwide/target/debug/build/libc-5e1c6cac7515bc3e/build_script_build-5e1c6cac7515bc3e.build_script_build.b0edf942-cgu.7.rcgu.o" "/opt/rustwide/target/debug/build/libc-5e1c6cac7515bc3e/build_script_build-5e1c6cac7515bc3e.build_script_build.b0edf942-cgu.8.rcgu.o" "/opt/rustwide/target/debug/build/libc-5e1c6cac7515bc3e/build_script_build-5e1c6cac7515bc3e.build_script_build.b0edf942-cgu.9.rcgu.o" "/opt/rustwide/target/debug/build/libc-5e1c6cac7515bc3e/build_script_build-5e1c6cac7515bc3e.3hlo20fwo2gpoxa6.rcgu.o" "-Wl,--as-needed" "-L" "/opt/rustwide/target/debug/deps" "-L" "/opt/rustwide/rustup-home/toolchains/beta-2023-04-20-x86_64-unknown-linux-gnu/lib/rustlib/x86_64-unknown-linux-gnu/lib" "-Wl,-Bstatic" "/opt/rustwide/rustup-home/toolchains/beta-2023-04-20-x86_64-unknown-linux-gnu/lib/rustlib/x86_64-unknown-linux-gnu/lib/libstd-0e29cc23c5e02021.rlib" "/opt/rustwide/rustup-home/toolchains/beta-2023-04-20-x86_64-unknown-linux-gnu/lib/rustlib/x86_64-unknown-linux-gnu/lib/libpanic_unwind-d903621768a861d9.rlib" "/opt/rustwide/rustup-home/toolchains/beta-2023-04-20-x86_64-unknown-linux-gnu/lib/rustlib/x86_64-unknown-linux-gnu/lib/libobject-6d0225e655f31c13.rlib" "/opt/rustwide/rustup-home/toolchains/beta-2023-04-20-x86_64-unknown-linux-gnu/lib/rustlib/x86_64-unknown-linux-gnu/lib/libmemchr-9dbaf4eac7eaa079.rlib" "/opt/rustwide/rustup-home/toolchains/beta-2023-04-20-x86_64-unknown-linux-gnu/lib/rustlib/x86_64-unknown-linux-gnu/lib/libaddr2line-27f05b3d42a66dd0.rlib" "/opt/rustwide/rustup-home/toolchains/beta-2023-04-20-x86_64-unknown-linux-gnu/lib/rustlib/x86_64-unknown-linux-gnu/lib/libgimli-4d73f1030321c9a2.rlib" "/opt/rustwide/rustup-home/toolchains/beta-2023-04-20-x86_64-unknown-linux-gnu/lib/rustlib/x86_64-unknown-linux-gnu/lib/librustc_demangle-2846c9e58abd0acb.rlib" "/opt/rustwide/rustup-home/toolchains/beta-2023-04-20-x86_64-unknown-linux-gnu/lib/rustlib/x86_64-unknown-linux-gnu/lib/libstd_detect-a53d0f50415947be.rlib" "/opt/rustwide/rustup-home/toolchains/beta-2023-04-20-x86_64-unknown-linux-gnu/lib/rustlib/x86_64-unknown-linux-gnu/lib/libhashbrown-d48e4b6abc25b9dc.rlib" "/opt/rustwide/rustup-home/toolchains/beta-2023-04-20-x86_64-unknown-linux-gnu/lib/rustlib/x86_64-unknown-linux-gnu/lib/libminiz_oxide-2991859439ef1207.rlib" "/opt/rustwide/rustup-home/toolchains/beta-2023-04-20-x86_64-unknown-linux-gnu/lib/rustlib/x86_64-unknown-linux-gnu/lib/libadler-8a687517e4221bae.rlib" "/opt/rustwide/rustup-home/toolchains/beta-2023-04-20-x86_64-unknown-linux-gnu/lib/rustlib/x86_64-unknown-linux-gnu/lib/librustc_std_workspace_alloc-e07b554f6a67f5b3.rlib" "/opt/rustwide/rustup-home/toolchains/beta-2023-04-20-x86_64-unknown-linux-gnu/lib/rustlib/x86_64-unknown-linux-gnu/lib/libunwind-b68238b7c3c619dd.rlib" "/opt/rustwide/rustup-home/toolchains/beta-2023-04-20-x86_64-unknown-linux-gnu/lib/rustlib/x86_64-unknown-linux-gnu/lib/libcfg_if-d5e213e896c017e4.rlib" "/opt/rustwide/rustup-home/toolchains/beta-2023-04-20-x86_64-unknown-linux-gnu/lib/rustlib/x86_64-unknown-linux-gnu/lib/liblibc-0211a3b2e61d8689.rlib" "/opt/rustwide/rustup-home/toolchains/beta-2023-04-20-x86_64-unknown-linux-gnu/lib/rustlib/x86_64-unknown-linux-gnu/lib/liballoc-b371f055239ba51f.rlib" "/opt/rustwide/rustup-home/toolchains/beta-2023-04-20-x86_64-unknown-linux-gnu/lib/rustlib/x86_64-unknown-linux-gnu/lib/librustc_std_workspace_core-e60518d2760eb01e.rlib" "/opt/rustwide/rustup-home/toolchains/beta-2023-04-20-x86_64-unknown-linux-gnu/lib/rustlib/x86_64-unknown-linux-gnu/lib/libcore-1ad943f92a4b1081.rlib" "/opt/rustwide/rustup-home/toolchains/beta-2023-04-20-x86_64-unknown-linux-gnu/lib/rustlib/x86_64-unknown-linux-gnu/lib/libcompiler_builtins-f0d6e4d0fc1e80b4.rlib" "-Wl,-Bdynamic" "-lgcc_s" "-lutil" "-lrt" "-lpthread" "-lm" "-ldl" "-lc" "-Wl,--eh-frame-hdr" "-Wl,-z,noexecstack" "-L" "/opt/rustwide/rustup-home/toolchains/beta-2023-04-20-x86_64-unknown-linux-gnu/lib/rustlib/x86_64-unknown-linux-gnu/lib" "-o" "/opt/rustwide/target/debug/build/libc-5e1c6cac7515bc3e/build_script_build-5e1c6cac7515bc3e" "-Wl,--gc-sections" "-pie" "-Wl,-z,relro,-z,now" "-nodefaultlibs"
[INFO] [stdout]   = note: /usr/bin/ld: final link failed: No space left on device
[INFO] [stdout]           collect2: error: ld returned 1 exit status
[INFO] [stdout]           
[INFO] [stdout] 
[INFO] [stdout] 
[INFO] [stderr] error: could not compile `libc` (build script) due to previous error
[INFO] [stdout] error: linking with `cc` failed: exit status: 1
[INFO] [stdout]   |
[INFO] [stdout]   = note: LC_ALL="C" PATH="/opt/rustwide/rustup-home/toolchains/beta-2023-04-20-x86_64-unknown-linux-gnu/lib/rustlib/x86_64-unknown-linux-gnu/bin:/opt/rustwide/cargo-home/bin:/usr/local/sbin:/usr/local/bin:/usr/sbin:/usr/bin:/sbin:/bin" VSLANG="1033" "cc" "-m64" "/tmp/rustcvNTeac/symbols.o" "/opt/rustwide/target/debug/build/memchr-0113f20d4a0ee565/build_script_build-0113f20d4a0ee565.build_script_build.40896929-cgu.0.rcgu.o" "/opt/rustwide/target/debug/build/memchr-0113f20d4a0ee565/build_script_build-0113f20d4a0ee565.build_script_build.40896929-cgu.1.rcgu.o" "/opt/rustwide/target/debug/build/memchr-0113f20d4a0ee565/build_script_build-0113f20d4a0ee565.build_script_build.40896929-cgu.10.rcgu.o" "/opt/rustwide/target/debug/build/memchr-0113f20d4a0ee565/build_script_build-0113f20d4a0ee565.build_script_build.40896929-cgu.11.rcgu.o" "/opt/rustwide/target/debug/build/memchr-0113f20d4a0ee565/build_script_build-0113f20d4a0ee565.build_script_build.40896929-cgu.12.rcgu.o" "/opt/rustwide/target/debug/build/memchr-0113f20d4a0ee565/build_script_build-0113f20d4a0ee565.build_script_build.40896929-cgu.13.rcgu.o" "/opt/rustwide/target/debug/build/memchr-0113f20d4a0ee565/build_script_build-0113f20d4a0ee565.build_script_build.40896929-cgu.14.rcgu.o" "/opt/rustwide/target/debug/build/memchr-0113f20d4a0ee565/build_script_build-0113f20d4a0ee565.build_script_build.40896929-cgu.15.rcgu.o" "/opt/rustwide/target/debug/build/memchr-0113f20d4a0ee565/build_script_build-0113f20d4a0ee565.build_script_build.40896929-cgu.2.rcgu.o" "/opt/rustwide/target/debug/build/memchr-0113f20d4a0ee565/build_script_build-0113f20d4a0ee565.build_script_build.40896929-cgu.3.rcgu.o" "/opt/rustwide/target/debug/build/memchr-0113f20d4a0ee565/build_script_build-0113f20d4a0ee565.build_script_build.40896929-cgu.4.rcgu.o" "/opt/rustwide/target/debug/build/memchr-0113f20d4a0ee565/build_script_build-0113f20d4a0ee565.build_script_build.40896929-cgu.5.rcgu.o" "/opt/rustwide/target/debug/build/memchr-0113f20d4a0ee565/build_script_build-0113f20d4a0ee565.build_script_build.40896929-cgu.6.rcgu.o" "/opt/rustwide/target/debug/build/memchr-0113f20d4a0ee565/build_script_build-0113f20d4a0ee565.build_script_build.40896929-cgu.7.rcgu.o" "/opt/rustwide/target/debug/build/memchr-0113f20d4a0ee565/build_script_build-0113f20d4a0ee565.build_script_build.40896929-cgu.8.rcgu.o" "/opt/rustwide/target/debug/build/memchr-0113f20d4a0ee565/build_script_build-0113f20d4a0ee565.build_script_build.40896929-cgu.9.rcgu.o" "/opt/rustwide/target/debug/build/memchr-0113f20d4a0ee565/build_script_build-0113f20d4a0ee565.2qeah7yjtrsiehgv.rcgu.o" "-Wl,--as-needed" "-L" "/opt/rustwide/target/debug/deps" "-L" "/opt/rustwide/rustup-home/toolchains/beta-2023-04-20-x86_64-unknown-linux-gnu/lib/rustlib/x86_64-unknown-linux-gnu/lib" "-Wl,-Bstatic" "/opt/rustwide/rustup-home/toolchains/beta-2023-04-20-x86_64-unknown-linux-gnu/lib/rustlib/x86_64-unknown-linux-gnu/lib/libstd-0e29cc23c5e02021.rlib" "/opt/rustwide/rustup-home/toolchains/beta-2023-04-20-x86_64-unknown-linux-gnu/lib/rustlib/x86_64-unknown-linux-gnu/lib/libpanic_unwind-d903621768a861d9.rlib" "/opt/rustwide/rustup-home/toolchains/beta-2023-04-20-x86_64-unknown-linux-gnu/lib/rustlib/x86_64-unknown-linux-gnu/lib/libobject-6d0225e655f31c13.rlib" "/opt/rustwide/rustup-home/toolchains/beta-2023-04-20-x86_64-unknown-linux-gnu/lib/rustlib/x86_64-unknown-linux-gnu/lib/libmemchr-9dbaf4eac7eaa079.rlib" "/opt/rustwide/rustup-home/toolchains/beta-2023-04-20-x86_64-unknown-linux-gnu/lib/rustlib/x86_64-unknown-linux-gnu/lib/libaddr2line-27f05b3d42a66dd0.rlib" "/opt/rustwide/rustup-home/toolchains/beta-2023-04-20-x86_64-unknown-linux-gnu/lib/rustlib/x86_64-unknown-linux-gnu/lib/libgimli-4d73f1030321c9a2.rlib" "/opt/rustwide/rustup-home/toolchains/beta-2023-04-20-x86_64-unknown-linux-gnu/lib/rustlib/x86_64-unknown-linux-gnu/lib/librustc_demangle-2846c9e58abd0acb.rlib" "/opt/rustwide/rustup-home/toolchains/beta-2023-04-20-x86_64-unknown-linux-gnu/lib/rustlib/x86_64-unknown-linux-gnu/lib/libstd_detect-a53d0f50415947be.rlib" "/opt/rustwide/rustup-home/toolchains/beta-2023-04-20-x86_64-unknown-linux-gnu/lib/rustlib/x86_64-unknown-linux-gnu/lib/libhashbrown-d48e4b6abc25b9dc.rlib" "/opt/rustwide/rustup-home/toolchains/beta-2023-04-20-x86_64-unknown-linux-gnu/lib/rustlib/x86_64-unknown-linux-gnu/lib/libminiz_oxide-2991859439ef1207.rlib" "/opt/rustwide/rustup-home/toolchains/beta-2023-04-20-x86_64-unknown-linux-gnu/lib/rustlib/x86_64-unknown-linux-gnu/lib/libadler-8a687517e4221bae.rlib" "/opt/rustwide/rustup-home/toolchains/beta-2023-04-20-x86_64-unknown-linux-gnu/lib/rustlib/x86_64-unknown-linux-gnu/lib/librustc_std_workspace_alloc-e07b554f6a67f5b3.rlib" "/opt/rustwide/rustup-home/toolchains/beta-2023-04-20-x86_64-unknown-linux-gnu/lib/rustlib/x86_64-unknown-linux-gnu/lib/libunwind-b68238b7c3c619dd.rlib" "/opt/rustwide/rustup-home/toolchains/beta-2023-04-20-x86_64-unknown-linux-gnu/lib/rustlib/x86_64-unknown-linux-gnu/lib/libcfg_if-d5e213e896c017e4.rlib" "/opt/rustwide/rustup-home/toolchains/beta-2023-04-20-x86_64-unknown-linux-gnu/lib/rustlib/x86_64-unknown-linux-gnu/lib/liblibc-0211a3b2e61d8689.rlib" "/opt/rustwide/rustup-home/toolchains/beta-2023-04-20-x86_64-unknown-linux-gnu/lib/rustlib/x86_64-unknown-linux-gnu/lib/liballoc-b371f055239ba51f.rlib" "/opt/rustwide/rustup-home/toolchains/beta-2023-04-20-x86_64-unknown-linux-gnu/lib/rustlib/x86_64-unknown-linux-gnu/lib/librustc_std_workspace_core-e60518d2760eb01e.rlib" "/opt/rustwide/rustup-home/toolchains/beta-2023-04-20-x86_64-unknown-linux-gnu/lib/rustlib/x86_64-unknown-linux-gnu/lib/libcore-1ad943f92a4b1081.rlib" "/opt/rustwide/rustup-home/toolchains/beta-2023-04-20-x86_64-unknown-linux-gnu/lib/rustlib/x86_64-unknown-linux-gnu/lib/libcompiler_builtins-f0d6e4d0fc1e80b4.rlib" "-Wl,-Bdynamic" "-lgcc_s" "-lutil" "-lrt" "-lpthread" "-lm" "-ldl" "-lc" "-Wl,--eh-frame-hdr" "-Wl,-z,noexecstack" "-L" "/opt/rustwide/rustup-home/toolchains/beta-2023-04-20-x86_64-unknown-linux-gnu/lib/rustlib/x86_64-unknown-linux-gnu/lib" "-o" "/opt/rustwide/target/debug/build/memchr-0113f20d4a0ee565/build_script_build-0113f20d4a0ee565" "-Wl,--gc-sections" "-pie" "-Wl,-z,relro,-z,now" "-nodefaultlibs"
[INFO] [stdout]   = note: /usr/bin/ld: final link failed: No space left on device
[INFO] [stdout]           collect2: error: ld returned 1 exit status
[INFO] [stdout]           
[INFO] [stdout] 
[INFO] [stdout] 
[INFO] [stdout] error: linking with `cc` failed: exit status: 1
[INFO] [stdout]   |
[INFO] [stdout]   = note: LC_ALL="C" PATH="/opt/rustwide/rustup-home/toolchains/beta-2023-04-20-x86_64-unknown-linux-gnu/lib/rustlib/x86_64-unknown-linux-gnu/bin:/opt/rustwide/cargo-home/bin:/usr/local/sbin:/usr/local/bin:/usr/sbin:/usr/bin:/sbin:/bin" VSLANG="1033" "cc" "-m64" "/tmp/rustcMPNsTZ/symbols.o" "/opt/rustwide/target/debug/build/syn-8285971f71479ebf/build_script_build-8285971f71479ebf.build_script_build.147349e8-cgu.0.rcgu.o" "/opt/rustwide/target/debug/build/syn-8285971f71479ebf/build_script_build-8285971f71479ebf.build_script_build.147349e8-cgu.1.rcgu.o" "/opt/rustwide/target/debug/build/syn-8285971f71479ebf/build_script_build-8285971f71479ebf.build_script_build.147349e8-cgu.10.rcgu.o" "/opt/rustwide/target/debug/build/syn-8285971f71479ebf/build_script_build-8285971f71479ebf.build_script_build.147349e8-cgu.11.rcgu.o" "/opt/rustwide/target/debug/build/syn-8285971f71479ebf/build_script_build-8285971f71479ebf.build_script_build.147349e8-cgu.12.rcgu.o" "/opt/rustwide/target/debug/build/syn-8285971f71479ebf/build_script_build-8285971f71479ebf.build_script_build.147349e8-cgu.13.rcgu.o" "/opt/rustwide/target/debug/build/syn-8285971f71479ebf/build_script_build-8285971f71479ebf.build_script_build.147349e8-cgu.14.rcgu.o" "/opt/rustwide/target/debug/build/syn-8285971f71479ebf/build_script_build-8285971f71479ebf.build_script_build.147349e8-cgu.15.rcgu.o" "/opt/rustwide/target/debug/build/syn-8285971f71479ebf/build_script_build-8285971f71479ebf.build_script_build.147349e8-cgu.2.rcgu.o" "/opt/rustwide/target/debug/build/syn-8285971f71479ebf/build_script_build-8285971f71479ebf.build_script_build.147349e8-cgu.3.rcgu.o" "/opt/rustwide/target/debug/build/syn-8285971f71479ebf/build_script_build-8285971f71479ebf.build_script_build.147349e8-cgu.4.rcgu.o" "/opt/rustwide/target/debug/build/syn-8285971f71479ebf/build_script_build-8285971f71479ebf.build_script_build.147349e8-cgu.5.rcgu.o" "/opt/rustwide/target/debug/build/syn-8285971f71479ebf/build_script_build-8285971f71479ebf.build_script_build.147349e8-cgu.6.rcgu.o" "/opt/rustwide/target/debug/build/syn-8285971f71479ebf/build_script_build-8285971f71479ebf.build_script_build.147349e8-cgu.7.rcgu.o" "/opt/rustwide/target/debug/build/syn-8285971f71479ebf/build_script_build-8285971f71479ebf.build_script_build.147349e8-cgu.8.rcgu.o" "/opt/rustwide/target/debug/build/syn-8285971f71479ebf/build_script_build-8285971f71479ebf.build_script_build.147349e8-cgu.9.rcgu.o" "/opt/rustwide/target/debug/build/syn-8285971f71479ebf/build_script_build-8285971f71479ebf.4n8jt0jhsxjih326.rcgu.o" "-Wl,--as-needed" "-L" "/opt/rustwide/target/debug/deps" "-L" "/opt/rustwide/rustup-home/toolchains/beta-2023-04-20-x86_64-unknown-linux-gnu/lib/rustlib/x86_64-unknown-linux-gnu/lib" "-Wl,-Bstatic" "/opt/rustwide/rustup-home/toolchains/beta-2023-04-20-x86_64-unknown-linux-gnu/lib/rustlib/x86_64-unknown-linux-gnu/lib/libstd-0e29cc23c5e02021.rlib" "/opt/rustwide/rustup-home/toolchains/beta-2023-04-20-x86_64-unknown-linux-gnu/lib/rustlib/x86_64-unknown-linux-gnu/lib/libpanic_unwind-d903621768a861d9.rlib" "/opt/rustwide/rustup-home/toolchains/beta-2023-04-20-x86_64-unknown-linux-gnu/lib/rustlib/x86_64-unknown-linux-gnu/lib/libobject-6d0225e655f31c13.rlib" "/opt/rustwide/rustup-home/toolchains/beta-2023-04-20-x86_64-unknown-linux-gnu/lib/rustlib/x86_64-unknown-linux-gnu/lib/libmemchr-9dbaf4eac7eaa079.rlib" "/opt/rustwide/rustup-home/toolchains/beta-2023-04-20-x86_64-unknown-linux-gnu/lib/rustlib/x86_64-unknown-linux-gnu/lib/libaddr2line-27f05b3d42a66dd0.rlib" "/opt/rustwide/rustup-home/toolchains/beta-2023-04-20-x86_64-unknown-linux-gnu/lib/rustlib/x86_64-unknown-linux-gnu/lib/libgimli-4d73f1030321c9a2.rlib" "/opt/rustwide/rustup-home/toolchains/beta-2023-04-20-x86_64-unknown-linux-gnu/lib/rustlib/x86_64-unknown-linux-gnu/lib/librustc_demangle-2846c9e58abd0acb.rlib" "/opt/rustwide/rustup-home/toolchains/beta-2023-04-20-x86_64-unknown-linux-gnu/lib/rustlib/x86_64-unknown-linux-gnu/lib/libstd_detect-a53d0f50415947be.rlib" "/opt/rustwide/rustup-home/toolchains/beta-2023-04-20-x86_64-unknown-linux-gnu/lib/rustlib/x86_64-unknown-linux-gnu/lib/libhashbrown-d48e4b6abc25b9dc.rlib" "/opt/rustwide/rustup-home/toolchains/beta-2023-04-20-x86_64-unknown-linux-gnu/lib/rustlib/x86_64-unknown-linux-gnu/lib/libminiz_oxide-2991859439ef1207.rlib" "/opt/rustwide/rustup-home/toolchains/beta-2023-04-20-x86_64-unknown-linux-gnu/lib/rustlib/x86_64-unknown-linux-gnu/lib/libadler-8a687517e4221bae.rlib" "/opt/rustwide/rustup-home/toolchains/beta-2023-04-20-x86_64-unknown-linux-gnu/lib/rustlib/x86_64-unknown-linux-gnu/lib/librustc_std_workspace_alloc-e07b554f6a67f5b3.rlib" "/opt/rustwide/rustup-home/toolchains/beta-2023-04-20-x86_64-unknown-linux-gnu/lib/rustlib/x86_64-unknown-linux-gnu/lib/libunwind-b68238b7c3c619dd.rlib" "/opt/rustwide/rustup-home/toolchains/beta-2023-04-20-x86_64-unknown-linux-gnu/lib/rustlib/x86_64-unknown-linux-gnu/lib/libcfg_if-d5e213e896c017e4.rlib" "/opt/rustwide/rustup-home/toolchains/beta-2023-04-20-x86_64-unknown-linux-gnu/lib/rustlib/x86_64-unknown-linux-gnu/lib/liblibc-0211a3b2e61d8689.rlib" "/opt/rustwide/rustup-home/toolchains/beta-2023-04-20-x86_64-unknown-linux-gnu/lib/rustlib/x86_64-unknown-linux-gnu/lib/liballoc-b371f055239ba51f.rlib" "/opt/rustwide/rustup-home/toolchains/beta-2023-04-20-x86_64-unknown-linux-gnu/lib/rustlib/x86_64-unknown-linux-gnu/lib/librustc_std_workspace_core-e60518d2760eb01e.rlib" "/opt/rustwide/rustup-home/toolchains/beta-2023-04-20-x86_64-unknown-linux-gnu/lib/rustlib/x86_64-unknown-linux-gnu/lib/libcore-1ad943f92a4b1081.rlib" "/opt/rustwide/rustup-home/toolchains/beta-2023-04-20-x86_64-unknown-linux-gnu/lib/rustlib/x86_64-unknown-linux-gnu/lib/libcompiler_builtins-f0d6e4d0fc1e80b4.rlib" "-Wl,-Bdynamic" "-lgcc_s" "-lutil" "-lrt" "-lpthread" "-lm" "-ldl" "-lc" "-Wl,--eh-frame-hdr" "-Wl,-z,noexecstack" "-L" "/opt/rustwide/rustup-home/toolchains/beta-2023-04-20-x86_64-unknown-linux-gnu/lib/rustlib/x86_64-unknown-linux-gnu/lib" "-o" "/opt/rustwide/target/debug/build/syn-8285971f71479ebf/build_script_build-8285971f71479ebf" "-Wl,--gc-sections" "-pie" "-Wl,-z,relro,-z,now" "-nodefaultlibs"
[INFO] [stdout]   = note: /usr/bin/ld: final link failed: No space left on device
[INFO] [stdout]           collect2: error: ld returned 1 exit status
[INFO] [stdout]           
[INFO] [stdout] 
[INFO] [stdout] 
[INFO] [stderr] error: could not compile `memchr` (build script) due to previous error
[INFO] [stderr] error: could not compile `syn` (build script) due to previous error
[INFO] [stdout] error: couldn't create a temp dir: No space left on device (os error 28) at path "/opt/rustwide/target/debug/deps/rmeta4izKnM"
[INFO] [stdout] 
[INFO] [stdout] 
[INFO] [stderr] error: could not compile `cc` (lib) due to previous error
[INFO] [stdout] error: couldn't create a temp dir: No space left on device (os error 28) at path "/opt/rustwide/target/debug/deps/rmeta1wQh33"
[INFO] [stdout] 
[INFO] [stdout] 
[INFO] [stderr] error: could not compile `tinyvec` (lib) due to previous error
[INFO] running `Command { std: "docker" "inspect" "f920af0f5bb2376e6c00b3cf534a470f35ebcbf626130d6eaea121e81fad8de0", kill_on_drop: false }`
[INFO] running `Command { std: "docker" "rm" "-f" "f920af0f5bb2376e6c00b3cf534a470f35ebcbf626130d6eaea121e81fad8de0", kill_on_drop: false }`
[INFO] [stdout] f920af0f5bb2376e6c00b3cf534a470f35ebcbf626130d6eaea121e81fad8de0
