[INFO] cloning repository https://github.com/Summer-of-Rust/sor-lab-4-AngelOnFira
[INFO] running `Command { std: "git" "-c" "credential.helper=" "-c" "credential.helper=/workspace/cargo-home/bin/git-credential-null" "clone" "--bare" "https://github.com/Summer-of-Rust/sor-lab-4-AngelOnFira" "/workspace/cache/git-repos/https%3A%2F%2Fgithub.com%2FSummer-of-Rust%2Fsor-lab-4-AngelOnFira", kill_on_drop: false }`
[INFO] [stderr] Cloning into bare repository '/workspace/cache/git-repos/https%3A%2F%2Fgithub.com%2FSummer-of-Rust%2Fsor-lab-4-AngelOnFira'...
[INFO] running `Command { std: "git" "rev-parse" "HEAD", kill_on_drop: false }`
[INFO] [stdout] a0652d9d664dea6f7a7d13f5a8b77eba25c4d481
[INFO] testing Summer-of-Rust/sor-lab-4-AngelOnFira against beta-2023-04-20 for beta-1.70-1
[INFO] running `Command { std: "git" "clone" "/workspace/cache/git-repos/https%3A%2F%2Fgithub.com%2FSummer-of-Rust%2Fsor-lab-4-AngelOnFira" "/workspace/builds/worker-3-tc2/source", kill_on_drop: false }`
[INFO] [stderr] Cloning into '/workspace/builds/worker-3-tc2/source'...
[INFO] [stderr] done.
[INFO] validating manifest of git repo https://github.com/Summer-of-Rust/sor-lab-4-AngelOnFira on toolchain beta-2023-04-20
[INFO] running `Command { std: CARGO_HOME="/workspace/cargo-home" RUSTUP_HOME="/workspace/rustup-home" "/workspace/cargo-home/bin/cargo" "+beta-2023-04-20" "metadata" "--manifest-path" "Cargo.toml" "--no-deps", kill_on_drop: false }`
[INFO] started tweaking git repo https://github.com/Summer-of-Rust/sor-lab-4-AngelOnFira
[INFO] finished tweaking git repo https://github.com/Summer-of-Rust/sor-lab-4-AngelOnFira
[INFO] tweaked toml for git repo https://github.com/Summer-of-Rust/sor-lab-4-AngelOnFira written to /workspace/builds/worker-3-tc2/source/Cargo.toml
[INFO] crate git repo https://github.com/Summer-of-Rust/sor-lab-4-AngelOnFira already has a lockfile, it will not be regenerated
[INFO] running `Command { std: CARGO_HOME="/workspace/cargo-home" RUSTUP_HOME="/workspace/rustup-home" "/workspace/cargo-home/bin/cargo" "+beta-2023-04-20" "fetch" "--manifest-path" "Cargo.toml", kill_on_drop: false }`
[INFO] running `Command { std: "docker" "create" "-v" "/var/lib/crater-agent-workspace/builds/worker-3-tc2/target:/opt/rustwide/target:rw,Z" "-v" "/var/lib/crater-agent-workspace/builds/worker-3-tc2/source:/opt/rustwide/workdir:ro,Z" "-v" "/var/lib/crater-agent-workspace/cargo-home:/opt/rustwide/cargo-home:ro,Z" "-v" "/var/lib/crater-agent-workspace/rustup-home:/opt/rustwide/rustup-home:ro,Z" "-e" "SOURCE_DIR=/opt/rustwide/workdir" "-e" "CARGO_TARGET_DIR=/opt/rustwide/target" "-e" "CARGO_HOME=/opt/rustwide/cargo-home" "-e" "RUSTUP_HOME=/opt/rustwide/rustup-home" "-w" "/opt/rustwide/workdir" "-m" "1610612736" "--user" "0:0" "--network" "none" "ghcr.io/rust-lang/crates-build-env/linux@sha256:97d61d7686bf65f8ecb15491ab51835e82dc9176a96a831f143a431b191fc501" "/opt/rustwide/cargo-home/bin/cargo" "+beta-2023-04-20" "metadata" "--no-deps" "--format-version=1", kill_on_drop: false }`
[INFO] [stdout] 8c185ca5328df635e72325ecc87f60180cde6296e7ab1ca528faa00672110e51
[INFO] running `Command { std: "docker" "start" "-a" "8c185ca5328df635e72325ecc87f60180cde6296e7ab1ca528faa00672110e51", kill_on_drop: false }`
[INFO] running `Command { std: "docker" "inspect" "8c185ca5328df635e72325ecc87f60180cde6296e7ab1ca528faa00672110e51", kill_on_drop: false }`
[INFO] running `Command { std: "docker" "rm" "-f" "8c185ca5328df635e72325ecc87f60180cde6296e7ab1ca528faa00672110e51", kill_on_drop: false }`
[INFO] [stdout] 8c185ca5328df635e72325ecc87f60180cde6296e7ab1ca528faa00672110e51
[INFO] running `Command { std: "docker" "create" "-v" "/var/lib/crater-agent-workspace/builds/worker-3-tc2/target:/opt/rustwide/target:rw,Z" "-v" "/var/lib/crater-agent-workspace/builds/worker-3-tc2/source:/opt/rustwide/workdir:ro,Z" "-v" "/var/lib/crater-agent-workspace/cargo-home:/opt/rustwide/cargo-home:ro,Z" "-v" "/var/lib/crater-agent-workspace/rustup-home:/opt/rustwide/rustup-home:ro,Z" "-e" "SOURCE_DIR=/opt/rustwide/workdir" "-e" "CARGO_TARGET_DIR=/opt/rustwide/target" "-e" "CARGO_INCREMENTAL=0" "-e" "RUST_BACKTRACE=full" "-e" "RUSTFLAGS=--cap-lints=warn" "-e" "RUSTDOCFLAGS=--cap-lints=warn" "-e" "CARGO_HOME=/opt/rustwide/cargo-home" "-e" "RUSTUP_HOME=/opt/rustwide/rustup-home" "-w" "/opt/rustwide/workdir" "-m" "1610612736" "--user" "0:0" "--network" "none" "ghcr.io/rust-lang/crates-build-env/linux@sha256:97d61d7686bf65f8ecb15491ab51835e82dc9176a96a831f143a431b191fc501" "/opt/rustwide/cargo-home/bin/cargo" "+beta-2023-04-20" "build" "--frozen" "--message-format=json", kill_on_drop: false }`
[INFO] [stdout] a9af7f80b25b61b4ff2d28fa091810408d11b999a335b33bbaa7e3033817c1c5
[INFO] running `Command { std: "docker" "start" "-a" "a9af7f80b25b61b4ff2d28fa091810408d11b999a335b33bbaa7e3033817c1c5", kill_on_drop: false }`
[INFO] [stderr]    Compiling libc v0.2.125
[INFO] [stderr]    Compiling ppv-lite86 v0.2.16
[INFO] [stderr]    Compiling getrandom v0.2.6
[INFO] [stderr]    Compiling rand_core v0.6.3
[INFO] [stderr]    Compiling rand_chacha v0.3.1
[INFO] [stderr]    Compiling rand v0.8.5
[INFO] [stderr]    Compiling sor-lab-4 v0.1.0 (/opt/rustwide/workdir)
[INFO] [stdout] error[E0599]: no variant or associated item named `Win` found for enum `FightResult` in the current scope
[INFO] [stdout]   --> src/card.rs:25:26
[INFO] [stdout]    |
[INFO] [stdout] 25 |             FightResult::Win => println!("{} wins!", self),
[INFO] [stdout]    |                          ^^^ variant or associated item not found in `FightResult`
[INFO] [stdout]    |
[INFO] [stdout]   ::: src/main.rs:12:1
[INFO] [stdout]    |
[INFO] [stdout] 12 | pub enum FightResult {
[INFO] [stdout]    | -------------------- variant or associated item `Win` not found for this enum
[INFO] [stdout] 
[INFO] [stdout] 
[INFO] [stdout] error[E0599]: no variant or associated item named `Loss` found for enum `FightResult` in the current scope
[INFO] [stdout]   --> src/card.rs:26:26
[INFO] [stdout]    |
[INFO] [stdout] 26 |             FightResult::Loss => println!("{} wins!", other),
[INFO] [stdout]    |                          ^^^^ variant or associated item not found in `FightResult`
[INFO] [stdout]    |
[INFO] [stdout]   ::: src/main.rs:12:1
[INFO] [stdout]    |
[INFO] [stdout] 12 | pub enum FightResult {
[INFO] [stdout]    | -------------------- variant or associated item `Loss` not found for this enum
[INFO] [stdout] 
[INFO] [stdout] 
[INFO] [stdout] error[E0599]: no variant or associated item named `Tie` found for enum `FightResult` in the current scope
[INFO] [stdout]   --> src/card.rs:27:26
[INFO] [stdout]    |
[INFO] [stdout] 27 |             FightResult::Tie => println!("It's a tie!"),
[INFO] [stdout]    |                          ^^^ variant or associated item not found in `FightResult`
[INFO] [stdout]    |
[INFO] [stdout]   ::: src/main.rs:12:1
[INFO] [stdout]    |
[INFO] [stdout] 12 | pub enum FightResult {
[INFO] [stdout]    | -------------------- variant or associated item `Tie` not found for this enum
[INFO] [stdout] 
[INFO] [stdout] 
[INFO] [stdout] error[E0599]: no variant or associated item named `Draw` found for enum `FightResult` in the current scope
[INFO] [stdout]   --> src/card.rs:28:26
[INFO] [stdout]    |
[INFO] [stdout] 28 |             FightResult::Draw => println!("It's a draw!"),
[INFO] [stdout]    |                          ^^^^ variant or associated item not found in `FightResult`
[INFO] [stdout]    |
[INFO] [stdout]   ::: src/main.rs:12:1
[INFO] [stdout]    |
[INFO] [stdout] 12 | pub enum FightResult {
[INFO] [stdout]    | -------------------- variant or associated item `Draw` not found for this enum
[INFO] [stdout] 
[INFO] [stdout] 
[INFO] [stdout] error[E0599]: no variant or associated item named `Win` found for enum `FightResult` in the current scope
[INFO] [stdout]   --> src/main.rs:37:49
[INFO] [stdout]    |
[INFO] [stdout] 12 | pub enum FightResult {
[INFO] [stdout]    | -------------------- variant or associated item `Win` not found for this enum
[INFO] [stdout] ...
[INFO] [stdout] 37 |     assert!(matches!(fight_result, FightResult::Win));
[INFO] [stdout]    |                                                 ^^^ variant or associated item not found in `FightResult`
[INFO] [stdout] 
[INFO] [stdout] 
[INFO] [stdout] error[E0599]: no variant or associated item named `Tie` found for enum `FightResult` in the current scope
[INFO] [stdout]   --> src/main.rs:42:49
[INFO] [stdout]    |
[INFO] [stdout] 12 | pub enum FightResult {
[INFO] [stdout]    | -------------------- variant or associated item `Tie` not found for this enum
[INFO] [stdout] ...
[INFO] [stdout] 42 |     assert!(matches!(fight_result, FightResult::Tie));
[INFO] [stdout]    |                                                 ^^^ variant or associated item not found in `FightResult`
[INFO] [stdout] 
[INFO] [stdout] 
[INFO] [stdout] error[E0599]: no variant or associated item named `Loss` found for enum `FightResult` in the current scope
[INFO] [stdout]   --> src/main.rs:47:49
[INFO] [stdout]    |
[INFO] [stdout] 12 | pub enum FightResult {
[INFO] [stdout]    | -------------------- variant or associated item `Loss` not found for this enum
[INFO] [stdout] ...
[INFO] [stdout] 47 |     assert!(matches!(fight_result, FightResult::Loss));
[INFO] [stdout]    |                                                 ^^^^ variant or associated item not found in `FightResult`
[INFO] [stdout] 
[INFO] [stdout] 
[INFO] [stdout] error[E0599]: no variant or associated item named `Win` found for enum `FightResult` in the current scope
[INFO] [stdout]   --> src/main.rs:89:22
[INFO] [stdout]    |
[INFO] [stdout] 12 | pub enum FightResult {
[INFO] [stdout]    | -------------------- variant or associated item `Win` not found for this enum
[INFO] [stdout] ...
[INFO] [stdout] 89 |         FightResult::Win => println!("SHOP 1 WINS!"),
[INFO] [stdout]    |                      ^^^ variant or associated item not found in `FightResult`
[INFO] [stdout] 
[INFO] [stdout] 
[INFO] [stdout] error[E0599]: no variant or associated item named `Loss` found for enum `FightResult` in the current scope
[INFO] [stdout]   --> src/main.rs:90:22
[INFO] [stdout]    |
[INFO] [stdout] 12 | pub enum FightResult {
[INFO] [stdout]    | -------------------- variant or associated item `Loss` not found for this enum
[INFO] [stdout] ...
[INFO] [stdout] 90 |         FightResult::Loss => println!("SHOP 2 WINS!"),
[INFO] [stdout]    |                      ^^^^ variant or associated item not found in `FightResult`
[INFO] [stdout] 
[INFO] [stdout] 
[INFO] [stdout] error[E0599]: no variant or associated item named `Tie` found for enum `FightResult` in the current scope
[INFO] [stdout]   --> src/main.rs:91:22
[INFO] [stdout]    |
[INFO] [stdout] 12 | pub enum FightResult {
[INFO] [stdout]    | -------------------- variant or associated item `Tie` not found for this enum
[INFO] [stdout] ...
[INFO] [stdout] 91 |         FightResult::Tie => println!("IT'S A TIE!"),
[INFO] [stdout]    |                      ^^^ variant or associated item not found in `FightResult`
[INFO] [stdout] 
[INFO] [stdout] 
[INFO] [stdout] error: aborting due to 10 previous errors
[INFO] [stdout] 
[INFO] [stdout] 
[INFO] [stdout] For more information about this error, try `rustc --explain E0599`.
[INFO] [stdout] 
[INFO] [stderr] error: could not compile `sor-lab-4` (bin "sor-lab-4") due to 11 previous errors
[INFO] running `Command { std: "docker" "inspect" "a9af7f80b25b61b4ff2d28fa091810408d11b999a335b33bbaa7e3033817c1c5", kill_on_drop: false }`
[INFO] running `Command { std: "docker" "rm" "-f" "a9af7f80b25b61b4ff2d28fa091810408d11b999a335b33bbaa7e3033817c1c5", kill_on_drop: false }`
[INFO] [stdout] a9af7f80b25b61b4ff2d28fa091810408d11b999a335b33bbaa7e3033817c1c5
