[INFO] cloning repository https://github.com/Summer-of-Rust/sor-lab-3-EliasJRH
[INFO] running `Command { std: "git" "-c" "credential.helper=" "-c" "credential.helper=/workspace/cargo-home/bin/git-credential-null" "clone" "--bare" "https://github.com/Summer-of-Rust/sor-lab-3-EliasJRH" "/workspace/cache/git-repos/https%3A%2F%2Fgithub.com%2FSummer-of-Rust%2Fsor-lab-3-EliasJRH", kill_on_drop: false }`
[INFO] [stderr] Cloning into bare repository '/workspace/cache/git-repos/https%3A%2F%2Fgithub.com%2FSummer-of-Rust%2Fsor-lab-3-EliasJRH'...
[INFO] running `Command { std: "git" "rev-parse" "HEAD", kill_on_drop: false }`
[INFO] [stdout] 6c55479cc478ab7000c81ebcca5a6f0d7c666a13
[INFO] testing Summer-of-Rust/sor-lab-3-EliasJRH against beta-2023-04-20 for beta-1.70-1
[INFO] running `Command { std: "git" "clone" "/workspace/cache/git-repos/https%3A%2F%2Fgithub.com%2FSummer-of-Rust%2Fsor-lab-3-EliasJRH" "/workspace/builds/worker-5-tc2/source", kill_on_drop: false }`
[INFO] [stderr] Cloning into '/workspace/builds/worker-5-tc2/source'...
[INFO] [stderr] done.
[INFO] validating manifest of git repo https://github.com/Summer-of-Rust/sor-lab-3-EliasJRH on toolchain beta-2023-04-20
[INFO] running `Command { std: CARGO_HOME="/workspace/cargo-home" RUSTUP_HOME="/workspace/rustup-home" "/workspace/cargo-home/bin/cargo" "+beta-2023-04-20" "metadata" "--manifest-path" "Cargo.toml" "--no-deps", kill_on_drop: false }`
[INFO] started tweaking git repo https://github.com/Summer-of-Rust/sor-lab-3-EliasJRH
[INFO] finished tweaking git repo https://github.com/Summer-of-Rust/sor-lab-3-EliasJRH
[INFO] tweaked toml for git repo https://github.com/Summer-of-Rust/sor-lab-3-EliasJRH written to /workspace/builds/worker-5-tc2/source/Cargo.toml
[INFO] crate git repo https://github.com/Summer-of-Rust/sor-lab-3-EliasJRH already has a lockfile, it will not be regenerated
[INFO] running `Command { std: CARGO_HOME="/workspace/cargo-home" RUSTUP_HOME="/workspace/rustup-home" "/workspace/cargo-home/bin/cargo" "+beta-2023-04-20" "fetch" "--manifest-path" "Cargo.toml", kill_on_drop: false }`
[INFO] [stderr]     Blocking waiting for file lock on package cache
[INFO] [stderr]     Blocking waiting for file lock on package cache
[INFO] running `Command { std: "docker" "create" "-v" "/var/lib/crater-agent-workspace/builds/worker-5-tc2/target:/opt/rustwide/target:rw,Z" "-v" "/var/lib/crater-agent-workspace/builds/worker-5-tc2/source:/opt/rustwide/workdir:ro,Z" "-v" "/var/lib/crater-agent-workspace/cargo-home:/opt/rustwide/cargo-home:ro,Z" "-v" "/var/lib/crater-agent-workspace/rustup-home:/opt/rustwide/rustup-home:ro,Z" "-e" "SOURCE_DIR=/opt/rustwide/workdir" "-e" "CARGO_TARGET_DIR=/opt/rustwide/target" "-e" "CARGO_HOME=/opt/rustwide/cargo-home" "-e" "RUSTUP_HOME=/opt/rustwide/rustup-home" "-w" "/opt/rustwide/workdir" "-m" "1610612736" "--user" "0:0" "--network" "none" "ghcr.io/rust-lang/crates-build-env/linux@sha256:5ff2268d62e97bff2cde7d5815dd6ed5b47097566f13b8d0ca110b04b60e07ed" "/opt/rustwide/cargo-home/bin/cargo" "+beta-2023-04-20" "metadata" "--no-deps" "--format-version=1", kill_on_drop: false }`
[INFO] [stdout] 7121cb510bf4aaeee9aade94c59f1f3f82c99060c784c7bbb8bc47d229bd0e63
[INFO] running `Command { std: "docker" "start" "-a" "7121cb510bf4aaeee9aade94c59f1f3f82c99060c784c7bbb8bc47d229bd0e63", kill_on_drop: false }`
[INFO] running `Command { std: "docker" "inspect" "7121cb510bf4aaeee9aade94c59f1f3f82c99060c784c7bbb8bc47d229bd0e63", kill_on_drop: false }`
[INFO] running `Command { std: "docker" "rm" "-f" "7121cb510bf4aaeee9aade94c59f1f3f82c99060c784c7bbb8bc47d229bd0e63", kill_on_drop: false }`
[INFO] [stdout] 7121cb510bf4aaeee9aade94c59f1f3f82c99060c784c7bbb8bc47d229bd0e63
[INFO] running `Command { std: "docker" "create" "-v" "/var/lib/crater-agent-workspace/builds/worker-5-tc2/target:/opt/rustwide/target:rw,Z" "-v" "/var/lib/crater-agent-workspace/builds/worker-5-tc2/source:/opt/rustwide/workdir:ro,Z" "-v" "/var/lib/crater-agent-workspace/cargo-home:/opt/rustwide/cargo-home:ro,Z" "-v" "/var/lib/crater-agent-workspace/rustup-home:/opt/rustwide/rustup-home:ro,Z" "-e" "SOURCE_DIR=/opt/rustwide/workdir" "-e" "CARGO_TARGET_DIR=/opt/rustwide/target" "-e" "CARGO_INCREMENTAL=0" "-e" "RUST_BACKTRACE=full" "-e" "RUSTFLAGS=--cap-lints=warn" "-e" "RUSTDOCFLAGS=--cap-lints=warn" "-e" "CARGO_HOME=/opt/rustwide/cargo-home" "-e" "RUSTUP_HOME=/opt/rustwide/rustup-home" "-w" "/opt/rustwide/workdir" "-m" "1610612736" "--user" "0:0" "--network" "none" "ghcr.io/rust-lang/crates-build-env/linux@sha256:5ff2268d62e97bff2cde7d5815dd6ed5b47097566f13b8d0ca110b04b60e07ed" "/opt/rustwide/cargo-home/bin/cargo" "+beta-2023-04-20" "build" "--frozen" "--message-format=json", kill_on_drop: false }`
[INFO] [stdout] 5c89ad93d271095c5c750de3f10e817848a531986e0a29d4cfeff143127b87df
[INFO] running `Command { std: "docker" "start" "-a" "5c89ad93d271095c5c750de3f10e817848a531986e0a29d4cfeff143127b87df", kill_on_drop: false }`
[INFO] [stderr]    Compiling sor-lab-2 v0.1.0 (/opt/rustwide/workdir)
[INFO] [stdout] error[E0425]: cannot find value `comic_book_shoppe` in this scope
[INFO] [stdout]   --> src/main.rs:45:9
[INFO] [stdout]    |
[INFO] [stdout] 45 |         comic_book_shoppe.most_expensive()
[INFO] [stdout]    |         ^^^^^^^^^^^^^^^^^ not found in this scope
[INFO] [stdout] 
[INFO] [stdout] 
[INFO] [stdout] error[E0425]: cannot find value `comic_book_shoppe` in this scope
[INFO] [stdout]   --> src/main.rs:55:9
[INFO] [stdout]    |
[INFO] [stdout] 55 |         comic_book_shoppe.total_damage()
[INFO] [stdout]    |         ^^^^^^^^^^^^^^^^^ not found in this scope
[INFO] [stdout] 
[INFO] [stdout] 
[INFO] [stdout] error[E0425]: cannot find value `comic_book_shoppe` in this scope
[INFO] [stdout]   --> src/main.rs:59:9
[INFO] [stdout]    |
[INFO] [stdout] 59 |         comic_book_shoppe.total_health()
[INFO] [stdout]    |         ^^^^^^^^^^^^^^^^^ not found in this scope
[INFO] [stdout] 
[INFO] [stdout] 
[INFO] [stdout] error: aborting due to 3 previous errors
[INFO] [stdout] 
[INFO] [stdout] 
[INFO] [stdout] For more information about this error, try `rustc --explain E0425`.
[INFO] [stdout] 
[INFO] [stderr] error: could not compile `sor-lab-2` (bin "sor-lab-2") due to 4 previous errors
[INFO] running `Command { std: "docker" "inspect" "5c89ad93d271095c5c750de3f10e817848a531986e0a29d4cfeff143127b87df", kill_on_drop: false }`
[INFO] running `Command { std: "docker" "rm" "-f" "5c89ad93d271095c5c750de3f10e817848a531986e0a29d4cfeff143127b87df", kill_on_drop: false }`
[INFO] [stdout] 5c89ad93d271095c5c750de3f10e817848a531986e0a29d4cfeff143127b87df
