[INFO] cloning repository https://github.com/Stridsvagn69420/Orochi
[INFO] running `Command { std: "git" "-c" "credential.helper=" "-c" "credential.helper=/workspace/cargo-home/bin/git-credential-null" "clone" "--bare" "https://github.com/Stridsvagn69420/Orochi" "/workspace/cache/git-repos/https%3A%2F%2Fgithub.com%2FStridsvagn69420%2FOrochi", kill_on_drop: false }`
[INFO] [stderr] Cloning into bare repository '/workspace/cache/git-repos/https%3A%2F%2Fgithub.com%2FStridsvagn69420%2FOrochi'...
[INFO] running `Command { std: "git" "rev-parse" "HEAD", kill_on_drop: false }`
[INFO] [stdout] c716b4ff3bbe1df5f04040b7f278ff5dceeaecd3
[INFO] testing Stridsvagn69420/Orochi against 1.69.0 for beta-1.70-1
[INFO] running `Command { std: "git" "clone" "/workspace/cache/git-repos/https%3A%2F%2Fgithub.com%2FStridsvagn69420%2FOrochi" "/workspace/builds/worker-3-tc1/source", kill_on_drop: false }`
[INFO] [stderr] Cloning into '/workspace/builds/worker-3-tc1/source'...
[INFO] [stderr] done.
[INFO] validating manifest of git repo https://github.com/Stridsvagn69420/Orochi on toolchain 1.69.0
[INFO] running `Command { std: CARGO_HOME="/workspace/cargo-home" RUSTUP_HOME="/workspace/rustup-home" "/workspace/cargo-home/bin/cargo" "+1.69.0" "metadata" "--manifest-path" "Cargo.toml" "--no-deps", kill_on_drop: false }`
[INFO] started tweaking git repo https://github.com/Stridsvagn69420/Orochi
[INFO] finished tweaking git repo https://github.com/Stridsvagn69420/Orochi
[INFO] tweaked toml for git repo https://github.com/Stridsvagn69420/Orochi written to /workspace/builds/worker-3-tc1/source/Cargo.toml
[INFO] crate git repo https://github.com/Stridsvagn69420/Orochi already has a lockfile, it will not be regenerated
[INFO] running `Command { std: CARGO_HOME="/workspace/cargo-home" RUSTUP_HOME="/workspace/rustup-home" "/workspace/cargo-home/bin/cargo" "+1.69.0" "fetch" "--manifest-path" "Cargo.toml", kill_on_drop: false }`
[INFO] running `Command { std: "docker" "create" "-v" "/var/lib/crater-agent-workspace/builds/worker-3-tc1/target:/opt/rustwide/target:rw,Z" "-v" "/var/lib/crater-agent-workspace/builds/worker-3-tc1/source:/opt/rustwide/workdir:ro,Z" "-v" "/var/lib/crater-agent-workspace/cargo-home:/opt/rustwide/cargo-home:ro,Z" "-v" "/var/lib/crater-agent-workspace/rustup-home:/opt/rustwide/rustup-home:ro,Z" "-e" "SOURCE_DIR=/opt/rustwide/workdir" "-e" "CARGO_TARGET_DIR=/opt/rustwide/target" "-e" "CARGO_HOME=/opt/rustwide/cargo-home" "-e" "RUSTUP_HOME=/opt/rustwide/rustup-home" "-w" "/opt/rustwide/workdir" "-m" "1610612736" "--user" "0:0" "--network" "none" "ghcr.io/rust-lang/crates-build-env/linux@sha256:97d61d7686bf65f8ecb15491ab51835e82dc9176a96a831f143a431b191fc501" "/opt/rustwide/cargo-home/bin/cargo" "+1.69.0" "metadata" "--no-deps" "--format-version=1", kill_on_drop: false }`
[INFO] [stdout] b8482d7d10c4fd296c55935c64e35fe359eaf15a3c2f7cbce5d3ca4547557caf
[INFO] running `Command { std: "docker" "start" "-a" "b8482d7d10c4fd296c55935c64e35fe359eaf15a3c2f7cbce5d3ca4547557caf", kill_on_drop: false }`
[INFO] running `Command { std: "docker" "inspect" "b8482d7d10c4fd296c55935c64e35fe359eaf15a3c2f7cbce5d3ca4547557caf", kill_on_drop: false }`
[INFO] running `Command { std: "docker" "rm" "-f" "b8482d7d10c4fd296c55935c64e35fe359eaf15a3c2f7cbce5d3ca4547557caf", kill_on_drop: false }`
[INFO] [stdout] b8482d7d10c4fd296c55935c64e35fe359eaf15a3c2f7cbce5d3ca4547557caf
[INFO] running `Command { std: "docker" "create" "-v" "/var/lib/crater-agent-workspace/builds/worker-3-tc1/target:/opt/rustwide/target:rw,Z" "-v" "/var/lib/crater-agent-workspace/builds/worker-3-tc1/source:/opt/rustwide/workdir:ro,Z" "-v" "/var/lib/crater-agent-workspace/cargo-home:/opt/rustwide/cargo-home:ro,Z" "-v" "/var/lib/crater-agent-workspace/rustup-home:/opt/rustwide/rustup-home:ro,Z" "-e" "SOURCE_DIR=/opt/rustwide/workdir" "-e" "CARGO_TARGET_DIR=/opt/rustwide/target" "-e" "CARGO_INCREMENTAL=0" "-e" "RUST_BACKTRACE=full" "-e" "RUSTFLAGS=--cap-lints=warn" "-e" "RUSTDOCFLAGS=--cap-lints=warn" "-e" "CARGO_HOME=/opt/rustwide/cargo-home" "-e" "RUSTUP_HOME=/opt/rustwide/rustup-home" "-w" "/opt/rustwide/workdir" "-m" "1610612736" "--user" "0:0" "--network" "none" "ghcr.io/rust-lang/crates-build-env/linux@sha256:97d61d7686bf65f8ecb15491ab51835e82dc9176a96a831f143a431b191fc501" "/opt/rustwide/cargo-home/bin/cargo" "+1.69.0" "build" "--frozen" "--message-format=json", kill_on_drop: false }`
[INFO] [stdout] b1e535194a530d66d65615d6411d848000d0fc38d9af7034b4012ec774c4e9b4
[INFO] running `Command { std: "docker" "start" "-a" "b1e535194a530d66d65615d6411d848000d0fc38d9af7034b4012ec774c4e9b4", kill_on_drop: false }`
[INFO] [stderr]    Compiling libc v0.2.126
[INFO] [stderr]    Compiling cfg-if v1.0.0
[INFO] [stderr]    Compiling proc-macro2 v1.0.39
[INFO] [stderr]    Compiling unicode-ident v1.0.0
[INFO] [stderr]    Compiling syn v1.0.96
[INFO] [stderr]    Compiling memchr v2.5.0
[INFO] [stderr]    Compiling version_check v0.9.4
[INFO] [stderr]    Compiling autocfg v1.1.0
[INFO] [stderr]    Compiling log v0.4.17
[INFO] [stderr]    Compiling bytes v1.1.0
[INFO] [stderr]    Compiling pin-project-lite v0.2.9
[INFO] [stderr]    Compiling futures-core v0.3.21
[INFO] [stderr]    Compiling itoa v1.0.2
[INFO] [stderr]    Compiling parking_lot_core v0.9.3
[INFO] [stderr]    Compiling scopeguard v1.1.0
[INFO] [stderr]    Compiling smallvec v1.8.0
[INFO] [stderr]    Compiling once_cell v1.12.0
[INFO] [stderr]    Compiling typenum v1.15.0
[INFO] [stderr]    Compiling lazy_static v1.4.0
[INFO] [stderr]    Compiling futures-task v0.3.21
[INFO] [stderr]    Compiling tracing-core v0.1.26
[INFO] [stderr]    Compiling serde_derive v1.0.145
[INFO] [stderr]    Compiling fnv v1.0.7
[INFO] [stderr]    Compiling futures-util v0.3.21
[INFO] [stderr]    Compiling lock_api v0.4.7
[INFO] [stderr]    Compiling serde v1.0.145
[INFO] [stderr]    Compiling http v0.2.7
[INFO] [stderr]    Compiling generic-array v0.14.5
[INFO] [stderr]    Compiling percent-encoding v2.1.0
[INFO] [stderr]    Compiling pin-utils v0.1.0
[INFO] [stderr]    Compiling regex-syntax v0.6.26
[INFO] [stderr]    Compiling futures-sink v0.3.21
[INFO] [stderr]    Compiling bytestring v1.0.0
[INFO] [stderr]    Compiling indexmap v1.8.2
[INFO] [stderr]    Compiling matches v0.1.9
[INFO] [stderr]    Compiling crc32fast v1.3.2
[INFO] [stderr]    Compiling tinyvec_macros v0.1.0
[INFO] [stderr]    Compiling aho-corasick v0.7.18
[INFO] [stderr]    Compiling zstd-safe v4.1.6+zstd.1.5.2
[INFO] [stderr]    Compiling alloc-no-stdlib v2.0.3
[INFO] [stderr]    Compiling quote v1.0.18
[INFO] [stderr]    Compiling local-waker v0.1.3
[INFO] [stderr]    Compiling jobserver v0.1.24
[INFO] [stderr]    Compiling signal-hook-registry v1.4.0
[INFO] [stderr]    Compiling mio v0.8.3
[INFO] [stderr]    Compiling socket2 v0.4.4
[INFO] [stderr]    Compiling getrandom v0.2.6
[INFO] [stderr]    Compiling parking_lot v0.12.1
[INFO] [stderr]    Compiling cc v1.0.73
[INFO] [stderr]    Compiling rand_core v0.6.3
[INFO] [stderr]    Compiling alloc-stdlib v0.2.1
[INFO] [stderr]    Compiling tinyvec v1.6.0
[INFO] [stderr]    Compiling ahash v0.7.6
[INFO] [stderr]    Compiling tokio v1.18.2
[INFO] [stderr]    Compiling ppv-lite86 v0.2.16
[INFO] [stderr]    Compiling paste v1.0.7
[INFO] [stderr]    Compiling firestorm v0.5.1
[INFO] [stderr]    Compiling hashbrown v0.11.2
[INFO] [stderr]    Compiling httparse v1.7.1
[INFO] [stderr]    Compiling adler v1.0.2
[INFO] [stderr]    Compiling encoding_rs v0.8.31
[INFO] [stderr]    Compiling miniz_oxide v0.5.3
[INFO] [stderr]    Compiling rand_chacha v0.3.1
[INFO] [stderr]    Compiling brotli-decompressor v2.3.2
[INFO] [stderr]    Compiling unicode-normalization v0.1.19
[INFO] [stderr]    Compiling actix-utils v3.0.0
[INFO] [stderr]    Compiling zstd-sys v1.6.3+zstd.1.5.2
[INFO] [stderr]    Compiling crypto-common v0.1.3
[INFO] [stderr]    Compiling regex v1.5.6
[INFO] [stderr]    Compiling block-buffer v0.10.2
[INFO] [stderr]    Compiling actix-service v2.0.2
[INFO] [stderr]    Compiling form_urlencoded v1.0.1
[INFO] [stderr]    Compiling digest v0.10.3
[INFO] [stderr]    Compiling cookie v0.16.0
[INFO] [stderr]    Compiling bitflags v1.3.2
[INFO] [stderr]    Compiling slab v0.4.6
[INFO] [stderr]    Compiling convert_case v0.4.0
[INFO] [stderr]    Compiling serde_json v1.0.86
[INFO] [stderr]    Compiling unicode-bidi v0.3.8
[INFO] [stderr]    Compiling ryu v1.0.10
[INFO] [stderr]    Compiling cpufeatures v0.2.2
[INFO] [stderr]    Compiling time-macros v0.2.4
[INFO] [stderr]    Compiling num_threads v0.1.6
[INFO] [stderr]    Compiling sha-1 v0.10.0
[INFO] [stderr]    Compiling brotli v3.3.4
[INFO] [stderr]    Compiling flate2 v1.0.24
[INFO] [stderr]    Compiling idna v0.2.3
[INFO] [stderr]    Compiling local-channel v0.1.3
[INFO] [stderr]    Compiling rand v0.8.5
[INFO] [stderr]    Compiling num_cpus v1.13.1
[INFO] [stderr]    Compiling httpdate v1.0.2
[INFO] [stderr]    Compiling language-tags v0.3.2
[INFO] [stderr]    Compiling mime v0.3.16
[INFO] [stderr]    Compiling base64 v0.13.0
[INFO] [stderr]    Compiling url v2.2.2
[INFO] [stderr]    Compiling atty v0.2.14
[INFO] [stderr]    Compiling dirs-sys v0.3.7
[INFO] [stderr]    Compiling humantime v2.1.0
[INFO] [stderr]    Compiling termcolor v1.1.3
[INFO] [stderr]    Compiling dirs v4.0.0
[INFO] [stderr]    Compiling env_logger v0.9.0
[INFO] [stderr] LLVM ERROR: IO failure on output stream: No space left on device
[INFO] [stderr] thread 'rustc' panicked at 'assertion failed: pos.get() <= self.position()', compiler/rustc_metadata/src/rmeta/encoder.rs:435:9
[INFO] [stderr] thread 'rustc' panicked at 'make sure that the calls to `lazy*` are in the same order as the metadata fields', compiler/rustc_metadata/src/rmeta/encoder.rs:412:17
[INFO] [stderr] LLVM ERROR: IO failure on output stream: No space left on device
[INFO] [stderr] thread 'rustc' panicked at 'assertion failed: pos.get() <= self.position()', compiler/rustc_metadata/src/rmeta/encoder.rs:435:9
[INFO] [stdout] error: linking with `cc` failed: exit status: 1
[INFO] [stdout]   |
[INFO] [stdout]   = note: LC_ALL="C" PATH="/opt/rustwide/rustup-home/toolchains/1.69.0-x86_64-unknown-linux-gnu/lib/rustlib/x86_64-unknown-linux-gnu/bin:/opt/rustwide/cargo-home/bin:/usr/local/sbin:/usr/local/bin:/usr/sbin:/usr/bin:/sbin:/bin" VSLANG="1033" "cc" "-Wl,--version-script=/tmp/rustcUplfnd/list" "-m64" "/tmp/rustcUplfnd/symbols.o" "/opt/rustwide/target/debug/deps/time_macros-a27df41849d5591c.time_macros.48e0eaf5-cgu.0.rcgu.o" "/opt/rustwide/target/debug/deps/time_macros-a27df41849d5591c.time_macros.48e0eaf5-cgu.1.rcgu.o" "/opt/rustwide/target/debug/deps/time_macros-a27df41849d5591c.time_macros.48e0eaf5-cgu.10.rcgu.o" "/opt/rustwide/target/debug/deps/time_macros-a27df41849d5591c.time_macros.48e0eaf5-cgu.11.rcgu.o" "/opt/rustwide/target/debug/deps/time_macros-a27df41849d5591c.time_macros.48e0eaf5-cgu.12.rcgu.o" "/opt/rustwide/target/debug/deps/time_macros-a27df41849d5591c.time_macros.48e0eaf5-cgu.13.rcgu.o" "/opt/rustwide/target/debug/deps/time_macros-a27df41849d5591c.time_macros.48e0eaf5-cgu.14.rcgu.o" "/opt/rustwide/target/debug/deps/time_macros-a27df41849d5591c.time_macros.48e0eaf5-cgu.15.rcgu.o" "/opt/rustwide/target/debug/deps/time_macros-a27df41849d5591c.time_macros.48e0eaf5-cgu.2.rcgu.o" "/opt/rustwide/target/debug/deps/time_macros-a27df41849d5591c.time_macros.48e0eaf5-cgu.3.rcgu.o" "/opt/rustwide/target/debug/deps/time_macros-a27df41849d5591c.time_macros.48e0eaf5-cgu.4.rcgu.o" "/opt/rustwide/target/debug/deps/time_macros-a27df41849d5591c.time_macros.48e0eaf5-cgu.5.rcgu.o" "/opt/rustwide/target/debug/deps/time_macros-a27df41849d5591c.time_macros.48e0eaf5-cgu.6.rcgu.o" "/opt/rustwide/target/debug/deps/time_macros-a27df41849d5591c.time_macros.48e0eaf5-cgu.7.rcgu.o" "/opt/rustwide/target/debug/deps/time_macros-a27df41849d5591c.time_macros.48e0eaf5-cgu.8.rcgu.o" "/opt/rustwide/target/debug/deps/time_macros-a27df41849d5591c.time_macros.48e0eaf5-cgu.9.rcgu.o" "/opt/rustwide/target/debug/deps/time_macros-a27df41849d5591c.1jntl47a3m7dh5z5.rcgu.rmeta" "/opt/rustwide/target/debug/deps/time_macros-a27df41849d5591c.39i3lyume3nufz27.rcgu.o" "-Wl,--as-needed" "-L" "/opt/rustwide/target/debug/deps" "-L" "/opt/rustwide/rustup-home/toolchains/1.69.0-x86_64-unknown-linux-gnu/lib/rustlib/x86_64-unknown-linux-gnu/lib" "-Wl,-Bstatic" "/opt/rustwide/rustup-home/toolchains/1.69.0-x86_64-unknown-linux-gnu/lib/rustlib/x86_64-unknown-linux-gnu/lib/libproc_macro-3627dfecd49b0535.rlib" "/opt/rustwide/rustup-home/toolchains/1.69.0-x86_64-unknown-linux-gnu/lib/rustlib/x86_64-unknown-linux-gnu/lib/libstd-89bc084783fdc439.rlib" "/opt/rustwide/rustup-home/toolchains/1.69.0-x86_64-unknown-linux-gnu/lib/rustlib/x86_64-unknown-linux-gnu/lib/libpanic_unwind-8bee4b287d4367c1.rlib" "/opt/rustwide/rustup-home/toolchains/1.69.0-x86_64-unknown-linux-gnu/lib/rustlib/x86_64-unknown-linux-gnu/lib/libobject-d61707aed80694c0.rlib" "/opt/rustwide/rustup-home/toolchains/1.69.0-x86_64-unknown-linux-gnu/lib/rustlib/x86_64-unknown-linux-gnu/lib/libmemchr-d85366256f22345b.rlib" "/opt/rustwide/rustup-home/toolchains/1.69.0-x86_64-unknown-linux-gnu/lib/rustlib/x86_64-unknown-linux-gnu/lib/libaddr2line-96069b86b8a8cae9.rlib" "/opt/rustwide/rustup-home/toolchains/1.69.0-x86_64-unknown-linux-gnu/lib/rustlib/x86_64-unknown-linux-gnu/lib/libgimli-d19d53abf68dfa6c.rlib" "/opt/rustwide/rustup-home/toolchains/1.69.0-x86_64-unknown-linux-gnu/lib/rustlib/x86_64-unknown-linux-gnu/lib/librustc_demangle-787cbccd19d64ac6.rlib" "/opt/rustwide/rustup-home/toolchains/1.69.0-x86_64-unknown-linux-gnu/lib/rustlib/x86_64-unknown-linux-gnu/lib/libstd_detect-b3837a36b830e0d0.rlib" "/opt/rustwide/rustup-home/toolchains/1.69.0-x86_64-unknown-linux-gnu/lib/rustlib/x86_64-unknown-linux-gnu/lib/libhashbrown-e3deb0e7e3f04966.rlib" "/opt/rustwide/rustup-home/toolchains/1.69.0-x86_64-unknown-linux-gnu/lib/rustlib/x86_64-unknown-linux-gnu/lib/libminiz_oxide-dabbb79c9815def4.rlib" "/opt/rustwide/rustup-home/toolchains/1.69.0-x86_64-unknown-linux-gnu/lib/rustlib/x86_64-unknown-linux-gnu/lib/libadler-305b01f34c9409f2.rlib" "/opt/rustwide/rustup-home/toolchains/1.69.0-x86_64-unknown-linux-gnu/lib/rustlib/x86_64-unknown-linux-gnu/lib/librustc_std_workspace_alloc-f833521df6074e73.rlib" "/opt/rustwide/rustup-home/toolchains/1.69.0-x86_64-unknown-linux-gnu/lib/rustlib/x86_64-unknown-linux-gnu/lib/libunwind-9ac333113350d171.rlib" "/opt/rustwide/rustup-home/toolchains/1.69.0-x86_64-unknown-linux-gnu/lib/rustlib/x86_64-unknown-linux-gnu/lib/libcfg_if-1c126114322d0eee.rlib" "/opt/rustwide/rustup-home/toolchains/1.69.0-x86_64-unknown-linux-gnu/lib/rustlib/x86_64-unknown-linux-gnu/lib/liblibc-bad9164fdeeecf92.rlib" "/opt/rustwide/rustup-home/toolchains/1.69.0-x86_64-unknown-linux-gnu/lib/rustlib/x86_64-unknown-linux-gnu/lib/liballoc-f9374b1e480fa681.rlib" "/opt/rustwide/rustup-home/toolchains/1.69.0-x86_64-unknown-linux-gnu/lib/rustlib/x86_64-unknown-linux-gnu/lib/librustc_std_workspace_core-207f06e41d9603af.rlib" "/opt/rustwide/rustup-home/toolchains/1.69.0-x86_64-unknown-linux-gnu/lib/rustlib/x86_64-unknown-linux-gnu/lib/libcore-7e2768e66e984e85.rlib" "/opt/rustwide/rustup-home/toolchains/1.69.0-x86_64-unknown-linux-gnu/lib/rustlib/x86_64-unknown-linux-gnu/lib/libcompiler_builtins-957b4aff41f8cd46.rlib" "-Wl,-Bdynamic" "-lgcc_s" "-lutil" "-lrt" "-lpthread" "-lm" "-ldl" "-lc" "-Wl,--eh-frame-hdr" "-Wl,-z,noexecstack" "-L" "/opt/rustwide/rustup-home/toolchains/1.69.0-x86_64-unknown-linux-gnu/lib/rustlib/x86_64-unknown-linux-gnu/lib" "-o" "/opt/rustwide/target/debug/deps/libtime_macros-a27df41849d5591c.so" "-Wl,--gc-sections" "-shared" "-Wl,-z,relro,-z,now" "-nodefaultlibs"
[INFO] [stdout]   = note: /usr/bin/ld: final link failed: No space left on device
[INFO] [stdout]           collect2: error: ld returned 1 exit status
[INFO] [stdout]           
[INFO] [stdout] 
[INFO] [stdout] 
[INFO] [stderr] error: could not compile `language-tags`
[INFO] [stdout] error: aborting due to previous error
[INFO] [stdout] 
[INFO] [stdout] 
[INFO] [stderr] warning: build failed, waiting for other jobs to finish...
[INFO] [stderr] error: could not compile `time-macros` due to 2 previous errors
[INFO] [stderr] error: could not compile `termcolor`
[INFO] [stderr] thread 'rustc' panicked at 'assertion failed: pos.get() <= self.position()', compiler/rustc_metadata/src/rmeta/encoder.rs:435:9
[INFO] [stderr] stack backtrace:
[INFO] [stderr]    0:     0x7f933d50d31a - std::backtrace_rs::backtrace::libunwind::trace::ha9053a9a07ca49cb
[INFO] [stderr]                                at /rustc/84c898d65adf2f39a5a98507f1fe0ce10a2b8dbc/library/std/src/../../backtrace/src/backtrace/libunwind.rs:93:5
[INFO] [stderr]    1:     0x7f933d50d31a - std::backtrace_rs::backtrace::trace_unsynchronized::h9c2852a457ad564e
[INFO] [stderr]                                at /rustc/84c898d65adf2f39a5a98507f1fe0ce10a2b8dbc/library/std/src/../../backtrace/src/backtrace/mod.rs:66:5
[INFO] [stderr]    2:     0x7f933d50d31a - std::sys_common::backtrace::_print_fmt::h457936fbfaa0070f
[INFO] [stderr]                                at /rustc/84c898d65adf2f39a5a98507f1fe0ce10a2b8dbc/library/std/src/sys_common/backtrace.rs:65:5
[INFO] [stderr]    3:     0x7f933d50d31a - <std::sys_common::backtrace::_print::DisplayBacktrace as core::fmt::Display>::fmt::h5779d7bf7f70cb0c
[INFO] [stderr]                                at /rustc/84c898d65adf2f39a5a98507f1fe0ce10a2b8dbc/library/std/src/sys_common/backtrace.rs:44:22
[INFO] [stderr]    4:     0x7f933d570b6e - core::fmt::write::h5a4baaff1bcd3eb5
[INFO] [stderr]                                at /rustc/84c898d65adf2f39a5a98507f1fe0ce10a2b8dbc/library/core/src/fmt/mod.rs:1232:17
[INFO] [stderr]    5:     0x7f933d5002c5 - std::io::Write::write_fmt::h4bc1f301cb9e9cce
[INFO] [stderr]                                at /rustc/84c898d65adf2f39a5a98507f1fe0ce10a2b8dbc/library/std/src/io/mod.rs:1684:15
[INFO] [stderr]    6:     0x7f933d50d0e5 - std::sys_common::backtrace::_print::h5fcdc36060f177e8
[INFO] [stderr]                                at /rustc/84c898d65adf2f39a5a98507f1fe0ce10a2b8dbc/library/std/src/sys_common/backtrace.rs:47:5
[INFO] [stderr]    7:     0x7f933d50d0e5 - std::sys_common::backtrace::print::h54ca9458b876c8bf
[INFO] [stderr]                                at /rustc/84c898d65adf2f39a5a98507f1fe0ce10a2b8dbc/library/std/src/sys_common/backtrace.rs:34:9
[INFO] [stderr]    8:     0x7f933d50fe5f - std::panicking::default_hook::{{closure}}::hbe471161c7664ed6
[INFO] [stderr]                                at /rustc/84c898d65adf2f39a5a98507f1fe0ce10a2b8dbc/library/std/src/panicking.rs:271:22
[INFO] [stderr]    9:     0x7f933d50fb9b - std::panicking::default_hook::ha3500da57aa4ac4f
[INFO] [stderr]                                at /rustc/84c898d65adf2f39a5a98507f1fe0ce10a2b8dbc/library/std/src/panicking.rs:290:9
[INFO] [stderr] error: could not compile `env_logger`
[INFO] [stderr] error: could not compile `serde`
[INFO] [stderr]   10:     0x7f93407718b5 - <rustc_driver_impl[fb92b3e21ac03dce]::DEFAULT_HOOK::{closure#0}::{closure#0} as core[911a585bea10363d]::ops::function::FnOnce<(&core[911a585bea10363d]::panic::panic_info::PanicInfo,)>>::call_once::{shim:vtable#0}
[INFO] [stderr]   11:     0x7f933d51069d - <alloc::boxed::Box<F,A> as core::ops::function::Fn<Args>>::call::h6507bddc3eebb4a5
[INFO] [stderr]                                at /rustc/84c898d65adf2f39a5a98507f1fe0ce10a2b8dbc/library/alloc/src/boxed.rs:2001:9
[INFO] [stderr]   12:     0x7f933d51069d - std::panicking::rust_panic_with_hook::h50c09d000dc561d2
[INFO] [stderr]                                at /rustc/84c898d65adf2f39a5a98507f1fe0ce10a2b8dbc/library/std/src/panicking.rs:696:13
[INFO] [stderr]   13:     0x7f933d5103d2 - std::panicking::begin_panic_handler::{{closure}}::h9e2b2176e00e0d9c
[INFO] [stderr]                                at /rustc/84c898d65adf2f39a5a98507f1fe0ce10a2b8dbc/library/std/src/panicking.rs:581:13
[INFO] [stderr]   14:     0x7f933d50d786 - std::sys_common::backtrace::__rust_end_short_backtrace::h5739b8e512c09d02
[INFO] [stderr]                                at /rustc/84c898d65adf2f39a5a98507f1fe0ce10a2b8dbc/library/std/src/sys_common/backtrace.rs:150:18
[INFO] [stderr]   15:     0x7f933d510122 - rust_begin_unwind
[INFO] [stderr]                                at /rustc/84c898d65adf2f39a5a98507f1fe0ce10a2b8dbc/library/std/src/panicking.rs:579:5
[INFO] [stderr]   16:     0x7f933d56cec3 - core::panicking::panic_fmt::hf33a1475b4dc5c3e
[INFO] [stderr]                                at /rustc/84c898d65adf2f39a5a98507f1fe0ce10a2b8dbc/library/core/src/panicking.rs:64:14
[INFO] [stderr]   17:     0x7f933d56cf5d - core::panicking::panic::h9533b2fee90b999e
[INFO] [stderr]                                at /rustc/84c898d65adf2f39a5a98507f1fe0ce10a2b8dbc/library/core/src/panicking.rs:114:5
[INFO] [stderr]   18:     0x7f933fa6e5c9 - <rustc_span[fab0eb11f1fed58d]::hygiene::HygieneEncodeContext>::encode::<(&mut rustc_metadata[29cf5a64f33334d8]::rmeta::encoder::EncodeContext, &mut rustc_metadata[29cf5a64f33334d8]::rmeta::table::TableBuilder<u32, core[911a585bea10363d]::option::Option<rustc_metadata[29cf5a64f33334d8]::rmeta::LazyValue<rustc_span[fab0eb11f1fed58d]::hygiene::SyntaxContextData>>>, &mut rustc_metadata[29cf5a64f33334d8]::rmeta::table::TableBuilder<rustc_span[fab0eb11f1fed58d]::hygiene::ExpnIndex, core[911a585bea10363d]::option::Option<rustc_metadata[29cf5a64f33334d8]::rmeta::LazyValue<rustc_span[fab0eb11f1fed58d]::hygiene::ExpnData>>>, &mut rustc_metadata[29cf5a64f33334d8]::rmeta::table::TableBuilder<rustc_span[fab0eb11f1fed58d]::hygiene::ExpnIndex, core[911a585bea10363d]::option::Option<rustc_metadata[29cf5a64f33334d8]::rmeta::LazyValue<rustc_span[fab0eb11f1fed58d]::hygiene::ExpnHash>>>), <rustc_metadata[29cf5a64f33334d8]::rmeta::encoder::EncodeContext>::encode_hygiene::{closure#0}, <rustc_metadata[29cf5a64f33334d8]::rmeta::encoder::EncodeContext>::encode_hygiene::{closure#1}>
[INFO] [stderr]   19:     0x7f933fa43d85 - <rustc_metadata[29cf5a64f33334d8]::rmeta::encoder::EncodeContext>::encode_crate_root
[INFO] [stderr]   20:     0x7f933f9d7586 - rustc_metadata[29cf5a64f33334d8]::rmeta::encoder::encode_metadata_impl
[INFO] [stderr]   21:     0x7f933f9d102c - rustc_data_structures[a232da6b1231993b]::sync::join::<rustc_metadata[29cf5a64f33334d8]::rmeta::encoder::encode_metadata::{closure#0}, rustc_metadata[29cf5a64f33334d8]::rmeta::encoder::encode_metadata::{closure#1}, (), ()>
[INFO] [stderr]   22:     0x7f933f9d0d41 - rustc_metadata[29cf5a64f33334d8]::rmeta::encoder::encode_metadata
[INFO] [stderr]   23:     0x7f933f9cff73 - rustc_metadata[29cf5a64f33334d8]::fs::encode_and_write_metadata
[INFO] [stderr]   24:     0x7f933f9ca47e - rustc_interface[bd8390756bd7a52a]::passes::start_codegen
[INFO] [stderr]   25:     0x7f933f9c6208 - <rustc_middle[1a4ce3311a146f18]::ty::context::GlobalCtxt>::enter::<<rustc_interface[bd8390756bd7a52a]::queries::Queries>::ongoing_codegen::{closure#0}::{closure#0}, core[911a585bea10363d]::result::Result<alloc[37f5578e48c4c353]::boxed::Box<dyn core[911a585bea10363d]::any::Any>, rustc_span[fab0eb11f1fed58d]::ErrorGuaranteed>>
[INFO] [stderr]   26:     0x7f933f9c3fb8 - <rustc_interface[bd8390756bd7a52a]::queries::Queries>::ongoing_codegen
[INFO] [stderr]   27:     0x7f933f9c2d6c - rustc_span[fab0eb11f1fed58d]::with_source_map::<core[911a585bea10363d]::result::Result<(), rustc_span[fab0eb11f1fed58d]::ErrorGuaranteed>, rustc_interface[bd8390756bd7a52a]::interface::run_compiler<core[911a585bea10363d]::result::Result<(), rustc_span[fab0eb11f1fed58d]::ErrorGuaranteed>, rustc_driver_impl[fb92b3e21ac03dce]::run_compiler::{closure#1}>::{closure#0}::{closure#0}>
[INFO] [stderr]   28:     0x7f933f9ba3cc - std[685882fd5f6d52e5]::sys_common::backtrace::__rust_begin_short_backtrace::<rustc_interface[bd8390756bd7a52a]::util::run_in_thread_pool_with_globals<rustc_interface[bd8390756bd7a52a]::interface::run_compiler<core[911a585bea10363d]::result::Result<(), rustc_span[fab0eb11f1fed58d]::ErrorGuaranteed>, rustc_driver_impl[fb92b3e21ac03dce]::run_compiler::{closure#1}>::{closure#0}, core[911a585bea10363d]::result::Result<(), rustc_span[fab0eb11f1fed58d]::ErrorGuaranteed>>::{closure#0}::{closure#0}, core[911a585bea10363d]::result::Result<(), rustc_span[fab0eb11f1fed58d]::ErrorGuaranteed>>
[INFO] [stderr]   29:     0x7f933f9b9dfa - <<std[685882fd5f6d52e5]::thread::Builder>::spawn_unchecked_<rustc_interface[bd8390756bd7a52a]::util::run_in_thread_pool_with_globals<rustc_interface[bd8390756bd7a52a]::interface::run_compiler<core[911a585bea10363d]::result::Result<(), rustc_span[fab0eb11f1fed58d]::ErrorGuaranteed>, rustc_driver_impl[fb92b3e21ac03dce]::run_compiler::{closure#1}>::{closure#0}, core[911a585bea10363d]::result::Result<(), rustc_span[fab0eb11f1fed58d]::ErrorGuaranteed>>::{closure#0}::{closure#0}, core[911a585bea10363d]::result::Result<(), rustc_span[fab0eb11f1fed58d]::ErrorGuaranteed>>::{closure#1} as core[911a585bea10363d]::ops::function::FnOnce<()>>::call_once::{shim:vtable#0}
[INFO] [stderr]   30:     0x7f933d51a593 - <alloc::boxed::Box<F,A> as core::ops::function::FnOnce<Args>>::call_once::h39990b24eedef2ab
[INFO] [stderr]                                at /rustc/84c898d65adf2f39a5a98507f1fe0ce10a2b8dbc/library/alloc/src/boxed.rs:1987:9
[INFO] [stderr]   31:     0x7f933d51a593 - <alloc::boxed::Box<F,A> as core::ops::function::FnOnce<Args>>::call_once::h01a027258444143b
[INFO] [stderr]                                at /rustc/84c898d65adf2f39a5a98507f1fe0ce10a2b8dbc/library/alloc/src/boxed.rs:1987:9
[INFO] [stderr]   32:     0x7f933d51a593 - std::sys::unix::thread::Thread::new::thread_start::ha4f1cdd9c25884ba
[INFO] [stderr]                                at /rustc/84c898d65adf2f39a5a98507f1fe0ce10a2b8dbc/library/std/src/sys/unix/thread.rs:108:17
[INFO] [stderr]   33:     0x7f933d248b43 - <unknown>
[INFO] [stderr]   34:     0x7f933d2d9bb4 - __clone
[INFO] [stderr]   35:                0x0 - <unknown>
[INFO] [stderr] 
[INFO] [stderr] error: the compiler unexpectedly panicked. this is a bug.
[INFO] [stderr] 
[INFO] [stderr] note: we would appreciate a bug report: https://github.com/rust-lang/rust/issues/new?labels=C-bug%2C+I-ICE%2C+T-compiler&template=ice.md
[INFO] [stderr] 
[INFO] [stderr] note: rustc 1.69.0 (84c898d65 2023-04-16) running on x86_64-unknown-linux-gnu
[INFO] [stderr] 
[INFO] [stderr] note: compiler flags: --crate-type lib -C embed-bitcode=no -C debuginfo=2
[INFO] [stderr] 
[INFO] [stderr] note: some of the compiler flags provided by cargo are hidden
[INFO] [stderr] 
[INFO] [stderr] query stack during panic:
[INFO] [stderr] end of query stack
[INFO] [stderr] error: could not compile `encoding_rs`
[INFO] [stderr] error: could not compile `url`
[INFO] [stderr] LLVM ERROR: IO failure on output stream: No space left on device
[INFO] [stderr] error: could not compile `syn`
[INFO] [stderr] LLVM ERROR: IO failure on output stream: No space left on device
[INFO] [stderr] LLVM ERROR: IO failure on output stream: No space left on device
[INFO] [stderr] error: could not compile `regex`
[INFO] [stderr] error: could not compile `tokio`
[INFO] [stderr] thread 'rustc' panicked at 'assertion failed: pos.get() <= self.position()', compiler/rustc_metadata/src/rmeta/encoder.rs:435:9
[INFO] [stderr] error: could not compile `brotli`
[INFO] [stderr] The following warnings were emitted during compilation:
[INFO] [stderr] 
[INFO] [stderr] warning: zstd/lib/common/entropy_common.c:368:1: fatal error: error writing to /tmp/ccCTe9Vz.s: No space left on device
[INFO] [stderr] warning:   368 | }
[INFO] [stderr] warning:       | ^
[INFO] [stderr] warning: compilation terminated.
[INFO] [stderr] warning: zstd/lib/common/fse_decompress.c:399:1: fatal error: error writing to /tmp/ccLiUdu0.s: No space left on device
[INFO] [stderr] warning:   399 | }
[INFO] [stderr] warning:       | ^
[INFO] [stderr] warning: compilation terminated.
[INFO] [stderr] warning: zstd/lib/compress/zstd_ldm.c:724:1: fatal error: error writing to /tmp/cc9fkjUC.s: No space left on device
[INFO] [stderr] warning:   724 | }
[INFO] [stderr] warning:       | ^
[INFO] [stderr] warning: compilation terminated.
[INFO] [stderr] warning: zstd/lib/compress/zstdmt_compress.c:1859:1: fatal error: error writing to /tmp/cc5koASr.s: No space left on device
[INFO] [stderr] warning:  1859 | }
[INFO] [stderr] warning:       | ^
[INFO] [stderr] warning: compilation terminated.
[INFO] [stderr] warning: zstd/lib/compress/huf_compress.c:1369:1: fatal error: error writing to /tmp/ccGZuPXQ.s: No space left on device
[INFO] [stderr] warning:  1369 | }
[INFO] [stderr] warning:       | ^
[INFO] [stderr] warning: compilation terminated.
[INFO] [stderr] warning: zstd/lib/compress/zstd_fast.c:675:1: fatal error: error writing to /tmp/ccwnN3nP.s: No space left on device
[INFO] [stderr] warning:   675 | }
[INFO] [stderr] warning:       | ^
[INFO] [stderr] warning: compilation terminated.
[INFO] [stderr] warning: zstd/lib/compress/zstd_double_fast.c:696:1: fatal error: error writing to /tmp/ccUggFPd.s: No space left on device
[INFO] [stderr] warning:   696 | }
[INFO] [stderr] warning:       | ^
[INFO] [stderr] warning: compilation terminated.
[INFO] [stderr] warning: zstd/lib/compress/zstd_compress.c:6327:1: fatal error: error writing to /tmp/ccAISm3J.s: No space left on device
[INFO] [stderr] warning:  6327 | }
[INFO] [stderr] warning:       | ^
[INFO] [stderr] warning: compilation terminated.
[INFO] [stderr] warning: zstd/lib/compress/zstd_lazy.c:2104:1: fatal error: error writing to /tmp/cceUBkee.s: No space left on device
[INFO] [stderr] warning:  2104 | }
[INFO] [stderr] warning:       | ^
[INFO] [stderr] warning: compilation terminated.
[INFO] [stderr] 
[INFO] [stderr] error: failed to run custom build command for `zstd-sys v1.6.3+zstd.1.5.2`
[INFO] [stderr] note: To improve backtraces for build dependencies, set the CARGO_PROFILE_DEV_BUILD_OVERRIDE_DEBUG=true environment variable to enable debug information generation.
[INFO] [stderr] 
[INFO] [stderr] Caused by:
[INFO] [stderr]   process didn't exit successfully: `/opt/rustwide/target/debug/build/zstd-sys-bd3ab91a1ff64c98/build-script-build` (exit status: 1)
[INFO] [stderr]   --- stdout
[INFO] [stderr]   TARGET = Some("x86_64-unknown-linux-gnu")
[INFO] [stderr]   HOST = Some("x86_64-unknown-linux-gnu")
[INFO] [stderr]   CC_x86_64-unknown-linux-gnu = None
[INFO] [stderr]   CC_x86_64_unknown_linux_gnu = None
[INFO] [stderr]   HOST_CC = None
[INFO] [stderr]   CC = None
[INFO] [stderr]   CFLAGS_x86_64-unknown-linux-gnu = None
[INFO] [stderr]   CFLAGS_x86_64_unknown_linux_gnu = None
[INFO] [stderr]   HOST_CFLAGS = None
[INFO] [stderr]   CFLAGS = None
[INFO] [stderr]   CRATE_CC_NO_DEFAULTS = None
[INFO] [stderr]   DEBUG = Some("true")
[INFO] [stderr]   CARGO_CFG_TARGET_FEATURE = Some("fxsr,sse,sse2")
[INFO] [stderr]   running: "cc" "-O3" "-ffunction-sections" "-fdata-sections" "-fPIC" "-g" "-fno-omit-frame-pointer" "-m64" "-I" "zstd/lib/" "-I" "zstd/lib/common" "-I" "zstd/lib/legacy" "-fvisibility=hidden" "-DZSTD_LIB_DEPRECATED=0" "-DXXH_PRIVATE_API=" "-DZSTDLIB_VISIBILITY=" "-DZDICTLIB_VISIBILITY=" "-DZSTDERRORLIB_VISIBILITY=" "-DZSTD_LEGACY_SUPPORT=1" "-o" "/opt/rustwide/target/debug/build/zstd-sys-ff35f905dcb51deb/out/zstd/lib/common/threading.o" "-c" "zstd/lib/common/threading.c"
[INFO] [stderr]   exit status: 0
[INFO] [stderr]   running: "cc" "-O3" "-ffunction-sections" "-fdata-sections" "-fPIC" "-g" "-fno-omit-frame-pointer" "-m64" "-I" "zstd/lib/" "-I" "zstd/lib/common" "-I" "zstd/lib/legacy" "-fvisibility=hidden" "-DZSTD_LIB_DEPRECATED=0" "-DXXH_PRIVATE_API=" "-DZSTDLIB_VISIBILITY=" "-DZDICTLIB_VISIBILITY=" "-DZSTDERRORLIB_VISIBILITY=" "-DZSTD_LEGACY_SUPPORT=1" "-o" "/opt/rustwide/target/debug/build/zstd-sys-ff35f905dcb51deb/out/zstd/lib/common/zstd_common.o" "-c" "zstd/lib/common/zstd_common.c"
[INFO] [stderr]   exit status: 0
[INFO] [stderr]   running: "cc" "-O3" "-ffunction-sections" "-fdata-sections" "-fPIC" "-g" "-fno-omit-frame-pointer" "-m64" "-I" "zstd/lib/" "-I" "zstd/lib/common" "-I" "zstd/lib/legacy" "-fvisibility=hidden" "-DZSTD_LIB_DEPRECATED=0" "-DXXH_PRIVATE_API=" "-DZSTDLIB_VISIBILITY=" "-DZDICTLIB_VISIBILITY=" "-DZSTDERRORLIB_VISIBILITY=" "-DZSTD_LEGACY_SUPPORT=1" "-o" "/opt/rustwide/target/debug/build/zstd-sys-ff35f905dcb51deb/out/zstd/lib/common/fse_decompress.o" "-c" "zstd/lib/common/fse_decompress.c"
[INFO] [stderr]   running: "cc" "-O3" "-ffunction-sections" "-fdata-sections" "-fPIC" "-g" "-fno-omit-frame-pointer" "-m64" "-I" "zstd/lib/" "-I" "zstd/lib/common" "-I" "zstd/lib/legacy" "-fvisibility=hidden" "-DZSTD_LIB_DEPRECATED=0" "-DXXH_PRIVATE_API=" "-DZSTDLIB_VISIBILITY=" "-DZDICTLIB_VISIBILITY=" "-DZSTDERRORLIB_VISIBILITY=" "-DZSTD_LEGACY_SUPPORT=1" "-o" "/opt/rustwide/target/debug/build/zstd-sys-ff35f905dcb51deb/out/zstd/lib/common/entropy_common.o" "-c" "zstd/lib/common/entropy_common.c"
[INFO] [stderr]   running: "cc" "-O3" "-ffunction-sections" "-fdata-sections" "-fPIC" "-g" "-fno-omit-frame-pointer" "-m64" "-I" "zstd/lib/" "-I" "zstd/lib/common" "-I" "zstd/lib/legacy" "-fvisibility=hidden" "-DZSTD_LIB_DEPRECATED=0" "-DXXH_PRIVATE_API=" "-DZSTDLIB_VISIBILITY=" "-DZDICTLIB_VISIBILITY=" "-DZSTDERRORLIB_VISIBILITY=" "-DZSTD_LEGACY_SUPPORT=1" "-o" "/opt/rustwide/target/debug/build/zstd-sys-ff35f905dcb51deb/out/zstd/lib/common/debug.o" "-c" "zstd/lib/common/debug.c"
[INFO] [stderr]   running: "cc" "-O3" "-ffunction-sections" "-fdata-sections" "-fPIC" "-g" "-fno-omit-frame-pointer" "-m64" "-I" "zstd/lib/" "-I" "zstd/lib/common" "-I" "zstd/lib/legacy" "-fvisibility=hidden" "-DZSTD_LIB_DEPRECATED=0" "-DXXH_PRIVATE_API=" "-DZSTDLIB_VISIBILITY=" "-DZDICTLIB_VISIBILITY=" "-DZSTDERRORLIB_VISIBILITY=" "-DZSTD_LEGACY_SUPPORT=1" "-o" "/opt/rustwide/target/debug/build/zstd-sys-ff35f905dcb51deb/out/zstd/lib/common/pool.o" "-c" "zstd/lib/common/pool.c"
[INFO] [stderr]   exit status: 0
[INFO] [stderr]   running: "cc" "-O3" "-ffunction-sections" "-fdata-sections" "-fPIC" "-g" "-fno-omit-frame-pointer" "-m64" "-I" "zstd/lib/" "-I" "zstd/lib/common" "-I" "zstd/lib/legacy" "-fvisibility=hidden" "-DZSTD_LIB_DEPRECATED=0" "-DXXH_PRIVATE_API=" "-DZSTDLIB_VISIBILITY=" "-DZDICTLIB_VISIBILITY=" "-DZSTDERRORLIB_VISIBILITY=" "-DZSTD_LEGACY_SUPPORT=1" "-o" "/opt/rustwide/target/debug/build/zstd-sys-ff35f905dcb51deb/out/zstd/lib/common/error_private.o" "-c" "zstd/lib/common/error_private.c"
[INFO] [stderr]   exit status: 0
[INFO] [stderr]   exit status: 0
[INFO] [stderr]   running: "cc" "-O3" "-ffunction-sections" "-fdata-sections" "-fPIC" "-g" "-fno-omit-frame-pointer" "-m64" "-I" "zstd/lib/" "-I" "zstd/lib/common" "-I" "zstd/lib/legacy" "-fvisibility=hidden" "-DZSTD_LIB_DEPRECATED=0" "-DXXH_PRIVATE_API=" "-DZSTDLIB_VISIBILITY=" "-DZDICTLIB_VISIBILITY=" "-DZSTDERRORLIB_VISIBILITY=" "-DZSTD_LEGACY_SUPPORT=1" "-o" "/opt/rustwide/target/debug/build/zstd-sys-ff35f905dcb51deb/out/zstd/lib/compress/zstd_ldm.o" "-c" "zstd/lib/compress/zstd_ldm.c"
[INFO] [stderr]   running: "cc" "-O3" "-ffunction-sections" "-fdata-sections" "-fPIC" "-g" "-fno-omit-frame-pointer" "-m64" "-I" "zstd/lib/" "-I" "zstd/lib/common" "-I" "zstd/lib/legacy" "-fvisibility=hidden" "-DZSTD_LIB_DEPRECATED=0" "-DXXH_PRIVATE_API=" "-DZSTDLIB_VISIBILITY=" "-DZDICTLIB_VISIBILITY=" "-DZSTDERRORLIB_VISIBILITY=" "-DZSTD_LEGACY_SUPPORT=1" "-o" "/opt/rustwide/target/debug/build/zstd-sys-ff35f905dcb51deb/out/zstd/lib/compress/zstd_lazy.o" "-c" "zstd/lib/compress/zstd_lazy.c"
[INFO] [stderr]   running: "cc" "-O3" "-ffunction-sections" "-fdata-sections" "-fPIC" "-g" "-fno-omit-frame-pointer" "-m64" "-I" "zstd/lib/" "-I" "zstd/lib/common" "-I" "zstd/lib/legacy" "-fvisibility=hidden" "-DZSTD_LIB_DEPRECATED=0" "-DXXH_PRIVATE_API=" "-DZSTDLIB_VISIBILITY=" "-DZDICTLIB_VISIBILITY=" "-DZSTDERRORLIB_VISIBILITY=" "-DZSTD_LEGACY_SUPPORT=1" "-o" "/opt/rustwide/target/debug/build/zstd-sys-ff35f905dcb51deb/out/zstd/lib/compress/zstd_compress.o" "-c" "zstd/lib/compress/zstd_compress.c"
[INFO] [stderr]   running: "cc" "-O3" "-ffunction-sections" "-fdata-sections" "-fPIC" "-g" "-fno-omit-frame-pointer" "-m64" "-I" "zstd/lib/" "-I" "zstd/lib/common" "-I" "zstd/lib/legacy" "-fvisibility=hidden" "-DZSTD_LIB_DEPRECATED=0" "-DXXH_PRIVATE_API=" "-DZSTDLIB_VISIBILITY=" "-DZDICTLIB_VISIBILITY=" "-DZSTDERRORLIB_VISIBILITY=" "-DZSTD_LEGACY_SUPPORT=1" "-o" "/opt/rustwide/target/debug/build/zstd-sys-ff35f905dcb51deb/out/zstd/lib/compress/zstd_double_fast.o" "-c" "zstd/lib/compress/zstd_double_fast.c"
[INFO] [stderr]   running: "cc" "-O3" "-ffunction-sections" "-fdata-sections" "-fPIC" "-g" "-fno-omit-frame-pointer" "-m64" "-I" "zstd/lib/" "-I" "zstd/lib/common" "-I" "zstd/lib/legacy" "-fvisibility=hidden" "-DZSTD_LIB_DEPRECATED=0" "-DXXH_PRIVATE_API=" "-DZSTDLIB_VISIBILITY=" "-DZDICTLIB_VISIBILITY=" "-DZSTDERRORLIB_VISIBILITY=" "-DZSTD_LEGACY_SUPPORT=1" "-o" "/opt/rustwide/target/debug/build/zstd-sys-ff35f905dcb51deb/out/zstd/lib/compress/zstd_fast.o" "-c" "zstd/lib/compress/zstd_fast.c"
[INFO] [stderr]   running: "cc" "-O3" "-ffunction-sections" "-fdata-sections" "-fPIC" "-g" "-fno-omit-frame-pointer" "-m64" "-I" "zstd/lib/" "-I" "zstd/lib/common" "-I" "zstd/lib/legacy" "-fvisibility=hidden" "-DZSTD_LIB_DEPRECATED=0" "-DXXH_PRIVATE_API=" "-DZSTDLIB_VISIBILITY=" "-DZDICTLIB_VISIBILITY=" "-DZSTDERRORLIB_VISIBILITY=" "-DZSTD_LEGACY_SUPPORT=1" "-o" "/opt/rustwide/target/debug/build/zstd-sys-ff35f905dcb51deb/out/zstd/lib/compress/huf_compress.o" "-c" "zstd/lib/compress/huf_compress.c"
[INFO] [stderr]   cargo:warning=zstd/lib/common/entropy_common.c:368:1: fatal error: error writing to /tmp/ccCTe9Vz.s: No space left on device
[INFO] [stderr]   cargo:warning=  368 | }
[INFO] [stderr]   cargo:warning=      | ^
[INFO] [stderr]   cargo:warning=compilation terminated.
[INFO] [stderr]   exit status: 1
[INFO] [stderr]   running: "cc" "-O3" "-ffunction-sections" "-fdata-sections" "-fPIC" "-g" "-fno-omit-frame-pointer" "-m64" "-I" "zstd/lib/" "-I" "zstd/lib/common" "-I" "zstd/lib/legacy" "-fvisibility=hidden" "-DZSTD_LIB_DEPRECATED=0" "-DXXH_PRIVATE_API=" "-DZSTDLIB_VISIBILITY=" "-DZDICTLIB_VISIBILITY=" "-DZSTDERRORLIB_VISIBILITY=" "-DZSTD_LEGACY_SUPPORT=1" "-o" "/opt/rustwide/target/debug/build/zstd-sys-ff35f905dcb51deb/out/zstd/lib/compress/zstdmt_compress.o" "-c" "zstd/lib/compress/zstdmt_compress.c"
[INFO] [stderr]   cargo:warning=zstd/lib/common/fse_decompress.c:399:1: fatal error: error writing to /tmp/ccLiUdu0.s: No space left on device
[INFO] [stderr]   cargo:warning=  399 | }
[INFO] [stderr]   cargo:warning=      | ^
[INFO] [stderr]   cargo:warning=compilation terminated.
[INFO] [stderr]   exit status: 1
[INFO] [stderr]   cargo:warning=zstd/lib/compress/zstd_ldm.c:724:1: fatal error: error writing to /tmp/cc9fkjUC.s: No space left on device
[INFO] [stderr]   cargo:warning=  724 | }
[INFO] [stderr]   cargo:warning=      | ^
[INFO] [stderr]   cargo:warning=compilation terminated.
[INFO] [stderr]   exit status: 1
[INFO] [stderr]   cargo:warning=zstd/lib/compress/zstdmt_compress.c:1859:1: fatal error: error writing to /tmp/cc5koASr.s: No space left on device
[INFO] [stderr]   cargo:warning= 1859 | }
[INFO] [stderr]   cargo:warning=      | ^
[INFO] [stderr]   cargo:warning=compilation terminated.
[INFO] [stderr]   exit status: 1
[INFO] [stderr]   cargo:warning=zstd/lib/compress/huf_compress.c:1369:1: fatal error: error writing to /tmp/ccGZuPXQ.s: No space left on device
[INFO] [stderr]   cargo:warning= 1369 | }
[INFO] [stderr]   cargo:warning=      | ^
[INFO] [stderr]   cargo:warning=compilation terminated.
[INFO] [stderr]   exit status: 1
[INFO] [stderr]   cargo:warning=zstd/lib/compress/zstd_fast.c:675:1: fatal error: error writing to /tmp/ccwnN3nP.s: No space left on device
[INFO] [stderr]   cargo:warning=  675 | }
[INFO] [stderr]   cargo:warning=      | ^
[INFO] [stderr]   cargo:warning=compilation terminated.
[INFO] [stderr]   exit status: 1
[INFO] [stderr]   cargo:warning=zstd/lib/compress/zstd_double_fast.c:696:1: fatal error: error writing to /tmp/ccUggFPd.s: No space left on device
[INFO] [stderr]   cargo:warning=  696 | }
[INFO] [stderr]   cargo:warning=      | ^
[INFO] [stderr]   cargo:warning=compilation terminated.
[INFO] [stderr]   exit status: 1
[INFO] [stderr]   cargo:warning=zstd/lib/compress/zstd_compress.c:6327:1: fatal error: error writing to /tmp/ccAISm3J.s: No space left on device
[INFO] [stderr]   cargo:warning= 6327 | }
[INFO] [stderr]   cargo:warning=      | ^
[INFO] [stderr]   cargo:warning=compilation terminated.
[INFO] [stderr]   exit status: 1
[INFO] [stderr]   cargo:warning=zstd/lib/compress/zstd_lazy.c:2104:1: fatal error: error writing to /tmp/cceUBkee.s: No space left on device
[INFO] [stderr]   cargo:warning= 2104 | }
[INFO] [stderr]   cargo:warning=      | ^
[INFO] [stderr]   cargo:warning=compilation terminated.
[INFO] [stderr]   exit status: 1
[INFO] [stderr] 
[INFO] [stderr]   --- stderr
[INFO] [stderr] 
[INFO] [stderr] 
[INFO] [stderr]   error occurred: Command "cc" "-O3" "-ffunction-sections" "-fdata-sections" "-fPIC" "-g" "-fno-omit-frame-pointer" "-m64" "-I" "zstd/lib/" "-I" "zstd/lib/common" "-I" "zstd/lib/legacy" "-fvisibility=hidden" "-DZSTD_LIB_DEPRECATED=0" "-DXXH_PRIVATE_API=" "-DZSTDLIB_VISIBILITY=" "-DZDICTLIB_VISIBILITY=" "-DZSTDERRORLIB_VISIBILITY=" "-DZSTD_LEGACY_SUPPORT=1" "-o" "/opt/rustwide/target/debug/build/zstd-sys-ff35f905dcb51deb/out/zstd/lib/common/fse_decompress.o" "-c" "zstd/lib/common/fse_decompress.c" with args "cc" did not execute successfully (status code exit status: 1).
[INFO] [stderr] 
[INFO] [stderr] 
[INFO] running `Command { std: "docker" "inspect" "b1e535194a530d66d65615d6411d848000d0fc38d9af7034b4012ec774c4e9b4", kill_on_drop: false }`
[INFO] running `Command { std: "docker" "rm" "-f" "b1e535194a530d66d65615d6411d848000d0fc38d9af7034b4012ec774c4e9b4", kill_on_drop: false }`
[INFO] [stdout] b1e535194a530d66d65615d6411d848000d0fc38d9af7034b4012ec774c4e9b4
