[INFO] cloning repository https://github.com/Stigjb/firetris
[INFO] running `Command { std: "git" "-c" "credential.helper=" "-c" "credential.helper=/workspace/cargo-home/bin/git-credential-null" "clone" "--bare" "https://github.com/Stigjb/firetris" "/workspace/cache/git-repos/https%3A%2F%2Fgithub.com%2FStigjb%2Ffiretris", kill_on_drop: false }`
[INFO] [stderr] Cloning into bare repository '/workspace/cache/git-repos/https%3A%2F%2Fgithub.com%2FStigjb%2Ffiretris'...
[INFO] running `Command { std: "git" "rev-parse" "HEAD", kill_on_drop: false }`
[INFO] [stdout] 45c10d90814cc02f843fc66c628ad432ea326ef8
[INFO] testing Stigjb/firetris against beta-2023-04-20 for beta-1.70-1
[INFO] running `Command { std: "git" "clone" "/workspace/cache/git-repos/https%3A%2F%2Fgithub.com%2FStigjb%2Ffiretris" "/workspace/builds/worker-6-tc2/source", kill_on_drop: false }`
[INFO] [stderr] Cloning into '/workspace/builds/worker-6-tc2/source'...
[INFO] [stderr] done.
[INFO] validating manifest of git repo https://github.com/Stigjb/firetris on toolchain beta-2023-04-20
[INFO] running `Command { std: CARGO_HOME="/workspace/cargo-home" RUSTUP_HOME="/workspace/rustup-home" "/workspace/cargo-home/bin/cargo" "+beta-2023-04-20" "metadata" "--manifest-path" "Cargo.toml" "--no-deps", kill_on_drop: false }`
[INFO] started tweaking git repo https://github.com/Stigjb/firetris
[INFO] finished tweaking git repo https://github.com/Stigjb/firetris
[INFO] tweaked toml for git repo https://github.com/Stigjb/firetris written to /workspace/builds/worker-6-tc2/source/Cargo.toml
[INFO] crate git repo https://github.com/Stigjb/firetris already has a lockfile, it will not be regenerated
[INFO] running `Command { std: CARGO_HOME="/workspace/cargo-home" RUSTUP_HOME="/workspace/rustup-home" "/workspace/cargo-home/bin/cargo" "+beta-2023-04-20" "fetch" "--manifest-path" "Cargo.toml", kill_on_drop: false }`
[INFO] [stderr]  Downloading crates ...
[INFO] [stderr]   Downloaded rand_xorshift v0.1.0
[INFO] [stderr]   Downloaded rand_chacha v0.1.0
[INFO] [stderr]   Downloaded num-derive v0.2.3
[INFO] [stderr]   Downloaded pistoncore-event_loop v0.39.0
[INFO] [stderr]   Downloaded serde v1.0.80
[INFO] [stderr]   Downloaded piston v0.39.0
[INFO] [stderr]   Downloaded interpolation v0.1.0
[INFO] [stderr]   Downloaded wayland-commons v0.21.4
[INFO] [stderr]   Downloaded pistoncore-window v0.34.0
[INFO] [stderr]   Downloaded rand_pcg v0.1.1
[INFO] [stderr]   Downloaded wayland-sys v0.21.4
[INFO] [stderr]   Downloaded approx v0.3.0
[INFO] [stderr]   Downloaded stb_truetype v0.2.4
[INFO] [stderr]   Downloaded wayland-scanner v0.21.4
[INFO] [stderr]   Downloaded gleam v0.6.7
[INFO] [stderr]   Downloaded inflate v0.4.3
[INFO] [stderr]   Downloaded pistoncore-input v0.23.0
[INFO] [stderr]   Downloaded smallvec v0.6.6
[INFO] [stderr]   Downloaded andrew v0.1.4
[INFO] [stderr]   Downloaded serde_derive v1.0.80
[INFO] [stderr]   Downloaded rusttype v0.7.3
[INFO] [stderr]   Downloaded pistoncore-glutin_window v0.51.1
[INFO] [stderr]   Downloaded wayland-client v0.21.4
[INFO] [stderr]   Downloaded rand v0.6.1
[INFO] [stderr]   Downloaded piston2d-graphics v0.28.0
[INFO] [stderr]   Downloaded wayland-protocols v0.21.4
[INFO] [stderr]   Downloaded winit v0.18.0
[INFO] [stderr]   Downloaded syn v0.15.21
[INFO] [stderr]   Downloaded smithay-client-toolkit v0.4.2
[INFO] [stderr]   Downloaded tiff v0.2.1
[INFO] [stderr]   Downloaded piston2d-opengl_graphics v0.57.0
[INFO] running `Command { std: "docker" "create" "-v" "/var/lib/crater-agent-workspace/builds/worker-6-tc2/target:/opt/rustwide/target:rw,Z" "-v" "/var/lib/crater-agent-workspace/builds/worker-6-tc2/source:/opt/rustwide/workdir:ro,Z" "-v" "/var/lib/crater-agent-workspace/cargo-home:/opt/rustwide/cargo-home:ro,Z" "-v" "/var/lib/crater-agent-workspace/rustup-home:/opt/rustwide/rustup-home:ro,Z" "-e" "SOURCE_DIR=/opt/rustwide/workdir" "-e" "CARGO_TARGET_DIR=/opt/rustwide/target" "-e" "CARGO_HOME=/opt/rustwide/cargo-home" "-e" "RUSTUP_HOME=/opt/rustwide/rustup-home" "-w" "/opt/rustwide/workdir" "-m" "1610612736" "--user" "0:0" "--network" "none" "ghcr.io/rust-lang/crates-build-env/linux@sha256:97d61d7686bf65f8ecb15491ab51835e82dc9176a96a831f143a431b191fc501" "/opt/rustwide/cargo-home/bin/cargo" "+beta-2023-04-20" "metadata" "--no-deps" "--format-version=1", kill_on_drop: false }`
[INFO] [stdout] 01ea2e93d7ee07b66aa7f1f4175cd42a11b78a1698cdb355d98d8dcd3d998594
[INFO] running `Command { std: "docker" "start" "-a" "01ea2e93d7ee07b66aa7f1f4175cd42a11b78a1698cdb355d98d8dcd3d998594", kill_on_drop: false }`
[INFO] running `Command { std: "docker" "inspect" "01ea2e93d7ee07b66aa7f1f4175cd42a11b78a1698cdb355d98d8dcd3d998594", kill_on_drop: false }`
[INFO] running `Command { std: "docker" "rm" "-f" "01ea2e93d7ee07b66aa7f1f4175cd42a11b78a1698cdb355d98d8dcd3d998594", kill_on_drop: false }`
[INFO] [stdout] 01ea2e93d7ee07b66aa7f1f4175cd42a11b78a1698cdb355d98d8dcd3d998594
[INFO] running `Command { std: "docker" "create" "-v" "/var/lib/crater-agent-workspace/builds/worker-6-tc2/target:/opt/rustwide/target:rw,Z" "-v" "/var/lib/crater-agent-workspace/builds/worker-6-tc2/source:/opt/rustwide/workdir:ro,Z" "-v" "/var/lib/crater-agent-workspace/cargo-home:/opt/rustwide/cargo-home:ro,Z" "-v" "/var/lib/crater-agent-workspace/rustup-home:/opt/rustwide/rustup-home:ro,Z" "-e" "SOURCE_DIR=/opt/rustwide/workdir" "-e" "CARGO_TARGET_DIR=/opt/rustwide/target" "-e" "CARGO_INCREMENTAL=0" "-e" "RUST_BACKTRACE=full" "-e" "RUSTFLAGS=--cap-lints=warn" "-e" "RUSTDOCFLAGS=--cap-lints=warn" "-e" "CARGO_HOME=/opt/rustwide/cargo-home" "-e" "RUSTUP_HOME=/opt/rustwide/rustup-home" "-w" "/opt/rustwide/workdir" "-m" "1610612736" "--user" "0:0" "--network" "none" "ghcr.io/rust-lang/crates-build-env/linux@sha256:97d61d7686bf65f8ecb15491ab51835e82dc9176a96a831f143a431b191fc501" "/opt/rustwide/cargo-home/bin/cargo" "+beta-2023-04-20" "build" "--frozen" "--message-format=json", kill_on_drop: false }`
[INFO] [stdout] 31f8a3ffc1350f5c795a36a5467474e6ca1f4acb05435fdab2aa86056da44d5b
[INFO] running `Command { std: "docker" "start" "-a" "31f8a3ffc1350f5c795a36a5467474e6ca1f4acb05435fdab2aa86056da44d5b", kill_on_drop: false }`
[INFO] [stderr]     Blocking waiting for file lock on package cache
[INFO] [stderr]    Compiling cfg-if v0.1.6
[INFO] [stderr]    Compiling libc v0.2.43
[INFO] [stderr]    Compiling num-traits v0.2.6
[INFO] [stderr]    Compiling xml-rs v0.8.0
[INFO] [stderr]    Compiling semver-parser v0.7.0
[INFO] [stderr]    Compiling lazy_static v1.2.0
[INFO] [stderr]    Compiling bitflags v1.0.4
[INFO] [stderr]    Compiling nodrop v0.1.13
[INFO] [stderr]    Compiling rand_core v0.3.0
[INFO] [stderr]    Compiling proc-macro2 v0.4.24
[INFO] [stderr]    Compiling byteorder v1.2.7
[INFO] [stderr]    Compiling unicode-xid v0.1.0
[INFO] [stderr]    Compiling scopeguard v0.3.3
[INFO] [stderr]    Compiling void v1.0.2
[INFO] [stderr]    Compiling cc v1.0.25
[INFO] [stderr]    Compiling khronos_api v3.0.0
[INFO] [stderr]    Compiling log v0.4.6
[INFO] [stderr]    Compiling arrayvec v0.4.7
[INFO] [stderr]    Compiling nix v0.11.0
[INFO] [stderr]    Compiling piston-float v0.3.0
[INFO] [stderr]    Compiling crossbeam-utils v0.2.2
[INFO] [stderr]    Compiling num-integer v0.1.39
[INFO] [stderr]    Compiling memoffset v0.2.1
[INFO] [stderr]    Compiling semver v0.9.0
[INFO] [stderr]    Compiling piston-viewport v0.5.0
[INFO] [stderr]    Compiling stb_truetype v0.2.4
[INFO] [stderr]    Compiling rand_core v0.2.2
[INFO] [stderr]    Compiling rayon-core v1.4.1
[INFO] [stderr]    Compiling serde v1.0.80
[INFO] [stderr]    Compiling crossbeam-epoch v0.3.1
[INFO] [stderr]    Compiling unreachable v1.0.0
[INFO] [stderr]    Compiling stable_deref_trait v1.1.1
[INFO] [stderr]    Compiling rustc_version v0.2.3
[INFO] [stderr]    Compiling pkg-config v0.3.14
[INFO] [stderr]    Compiling rand v0.5.5
[INFO] [stderr]    Compiling same-file v1.0.4
[INFO] [stderr]    Compiling wayland-scanner v0.21.4
[INFO] [stderr]    Compiling gl_generator v0.10.0
[INFO] [stderr]    Compiling downcast-rs v1.0.3
[INFO] [stderr]    Compiling num_cpus v1.8.0
[INFO] [stderr]    Compiling walkdir v2.2.7
[INFO] [stderr]    Compiling crossbeam-deque v0.2.0
[INFO] [stderr]    Compiling parking_lot_core v0.3.1
[INFO] [stderr]    Compiling smallvec v0.6.6
[INFO] [stderr]    Compiling owning_ref v0.4.0
[INFO] [stderr]    Compiling quote v0.6.10
[INFO] [stderr]    Compiling xdg v2.1.0
[INFO] [stderr]    Compiling adler32 v1.0.3
[INFO] [stderr]    Compiling rayon v1.0.3
[INFO] [stderr]    Compiling x11-dl v2.18.3
[INFO] [stderr]    Compiling libloading v0.5.0
[INFO] [stderr]    Compiling syn v0.15.21
[INFO] [stderr]    Compiling ordered-float v1.0.1
[INFO] [stderr]    Compiling approx v0.3.0
[INFO] [stderr]    Compiling line_drawing v0.7.0
[INFO] [stderr]    Compiling num-iter v0.1.37
[INFO] [stderr]    Compiling shader_version v0.3.0
[INFO] [stderr]    Compiling rusttype v0.7.3
[INFO] [stderr]    Compiling num-derive v0.2.3
[INFO] [stderr]    Compiling lock_api v0.1.5
[INFO] [stderr]    Compiling memmap v0.6.2
[INFO] [stderr]    Compiling lzw v0.10.0
[INFO] [stderr]    Compiling dlib v0.4.1
[INFO] [stderr]    Compiling wayland-client v0.21.4
[INFO] [stderr]    Compiling wayland-protocols v0.21.4
[INFO] [stderr]    Compiling wayland-sys v0.21.4
[INFO] [stderr]    Compiling andrew v0.1.4
[INFO] [stderr]    Compiling gl v0.11.0
[INFO] [stderr]    Compiling num-rational v0.2.1
[INFO] [stderr]    Compiling either v1.5.0
[INFO] [stderr]    Compiling parking_lot v0.6.4
[INFO] [stderr]    Compiling glutin v0.19.0
[INFO] [stderr]    Compiling inflate v0.4.3
[INFO] [stderr]    Compiling deflate v0.7.19
[INFO] [stderr] thread 'rustc' panicked at 'assertion failed: pos.get() <= self.position()', compiler/rustc_metadata/src/rmeta/encoder.rs:433:9
[INFO] [stderr] stack backtrace:
[INFO] [stderr]    0:     0x7faa205d4cca - std::backtrace_rs::backtrace::libunwind::trace::h2f05d0192276a8f6
[INFO] [stderr]                                at /rustc/1b7dd2252b99671ce5d1cb9664c5f8636329436d/library/std/src/../../backtrace/src/backtrace/libunwind.rs:93:5
[INFO] [stderr] thread 'rustc' panicked at 'assertion failed: pos.get() <= self.position()', compiler/rustc_metadata/src/rmeta/encoder.rs:433:9
[INFO] [stdout] error: linking with `cc` failed: exit status: 1
[INFO] [stdout]   |
[INFO] [stdout]   = note: LC_ALL="C" PATH="/opt/rustwide/rustup-home/toolchains/beta-2023-04-20-x86_64-unknown-linux-gnu/lib/rustlib/x86_64-unknown-linux-gnu/bin:/opt/rustwide/cargo-home/bin:/usr/local/sbin:/usr/local/bin:/usr/sbin:/usr/bin:/sbin:/bin" VSLANG="1033" "cc" "-m64" "/tmp/rustcVLsXb3/symbols.o" "/opt/rustwide/target/debug/build/num-rational-b32d6e291781f8d7/build_script_build-b32d6e291781f8d7.build_script_build.3328a839-cgu.0.rcgu.o" "/opt/rustwide/target/debug/build/num-rational-b32d6e291781f8d7/build_script_build-b32d6e291781f8d7.build_script_build.3328a839-cgu.1.rcgu.o" "/opt/rustwide/target/debug/build/num-rational-b32d6e291781f8d7/build_script_build-b32d6e291781f8d7.build_script_build.3328a839-cgu.10.rcgu.o" "/opt/rustwide/target/debug/build/num-rational-b32d6e291781f8d7/build_script_build-b32d6e291781f8d7.build_script_build.3328a839-cgu.11.rcgu.o" "/opt/rustwide/target/debug/build/num-rational-b32d6e291781f8d7/build_script_build-b32d6e291781f8d7.build_script_build.3328a839-cgu.12.rcgu.o" "/opt/rustwide/target/debug/build/num-rational-b32d6e291781f8d7/build_script_build-b32d6e291781f8d7.build_script_build.3328a839-cgu.13.rcgu.o" "/opt/rustwide/target/debug/build/num-rational-b32d6e291781f8d7/build_script_build-b32d6e291781f8d7.build_script_build.3328a839-cgu.14.rcgu.o" "/opt/rustwide/target/debug/build/num-rational-b32d6e291781f8d7/build_script_build-b32d6e291781f8d7.build_script_build.3328a839-cgu.15.rcgu.o" "/opt/rustwide/target/debug/build/num-rational-b32d6e291781f8d7/build_script_build-b32d6e291781f8d7.build_script_build.3328a839-cgu.2.rcgu.o" "/opt/rustwide/target/debug/build/num-rational-b32d6e291781f8d7/build_script_build-b32d6e291781f8d7.build_script_build.3328a839-cgu.3.rcgu.o" "/opt/rustwide/target/debug/build/num-rational-b32d6e291781f8d7/build_script_build-b32d6e291781f8d7.build_script_build.3328a839-cgu.4.rcgu.o" "/opt/rustwide/target/debug/build/num-rational-b32d6e291781f8d7/build_script_build-b32d6e291781f8d7.build_script_build.3328a839-cgu.5.rcgu.o" "/opt/rustwide/target/debug/build/num-rational-b32d6e291781f8d7/build_script_build-b32d6e291781f8d7.build_script_build.3328a839-cgu.6.rcgu.o" "/opt/rustwide/target/debug/build/num-rational-b32d6e291781f8d7/build_script_build-b32d6e291781f8d7.build_script_build.3328a839-cgu.7.rcgu.o" "/opt/rustwide/target/debug/build/num-rational-b32d6e291781f8d7/build_script_build-b32d6e291781f8d7.build_script_build.3328a839-cgu.8.rcgu.o" "/opt/rustwide/target/debug/build/num-rational-b32d6e291781f8d7/build_script_build-b32d6e291781f8d7.build_script_build.3328a839-cgu.9.rcgu.o" "/opt/rustwide/target/debug/build/num-rational-b32d6e291781f8d7/build_script_build-b32d6e291781f8d7.1746olzs5s3097rh.rcgu.o" "-Wl,--as-needed" "-L" "/opt/rustwide/target/debug/deps" "-L" "/opt/rustwide/rustup-home/toolchains/beta-2023-04-20-x86_64-unknown-linux-gnu/lib/rustlib/x86_64-unknown-linux-gnu/lib" "-Wl,-Bstatic" "/opt/rustwide/rustup-home/toolchains/beta-2023-04-20-x86_64-unknown-linux-gnu/lib/rustlib/x86_64-unknown-linux-gnu/lib/libstd-0e29cc23c5e02021.rlib" "/opt/rustwide/rustup-home/toolchains/beta-2023-04-20-x86_64-unknown-linux-gnu/lib/rustlib/x86_64-unknown-linux-gnu/lib/libpanic_unwind-d903621768a861d9.rlib" "/opt/rustwide/rustup-home/toolchains/beta-2023-04-20-x86_64-unknown-linux-gnu/lib/rustlib/x86_64-unknown-linux-gnu/lib/libobject-6d0225e655f31c13.rlib" "/opt/rustwide/rustup-home/toolchains/beta-2023-04-20-x86_64-unknown-linux-gnu/lib/rustlib/x86_64-unknown-linux-gnu/lib/libmemchr-9dbaf4eac7eaa079.rlib" "/opt/rustwide/rustup-home/toolchains/beta-2023-04-20-x86_64-unknown-linux-gnu/lib/rustlib/x86_64-unknown-linux-gnu/lib/libaddr2line-27f05b3d42a66dd0.rlib" "/opt/rustwide/rustup-home/toolchains/beta-2023-04-20-x86_64-unknown-linux-gnu/lib/rustlib/x86_64-unknown-linux-gnu/lib/libgimli-4d73f1030321c9a2.rlib" "/opt/rustwide/rustup-home/toolchains/beta-2023-04-20-x86_64-unknown-linux-gnu/lib/rustlib/x86_64-unknown-linux-gnu/lib/librustc_demangle-2846c9e58abd0acb.rlib" "/opt/rustwide/rustup-home/toolchains/beta-2023-04-20-x86_64-unknown-linux-gnu/lib/rustlib/x86_64-unknown-linux-gnu/lib/libstd_detect-a53d0f50415947be.rlib" "/opt/rustwide/rustup-home/toolchains/beta-2023-04-20-x86_64-unknown-linux-gnu/lib/rustlib/x86_64-unknown-linux-gnu/lib/libhashbrown-d48e4b6abc25b9dc.rlib" "/opt/rustwide/rustup-home/toolchains/beta-2023-04-20-x86_64-unknown-linux-gnu/lib/rustlib/x86_64-unknown-linux-gnu/lib/libminiz_oxide-2991859439ef1207.rlib" "/opt/rustwide/rustup-home/toolchains/beta-2023-04-20-x86_64-unknown-linux-gnu/lib/rustlib/x86_64-unknown-linux-gnu/lib/libadler-8a687517e4221bae.rlib" "/opt/rustwide/rustup-home/toolchains/beta-2023-04-20-x86_64-unknown-linux-gnu/lib/rustlib/x86_64-unknown-linux-gnu/lib/librustc_std_workspace_alloc-e07b554f6a67f5b3.rlib" "/opt/rustwide/rustup-home/toolchains/beta-2023-04-20-x86_64-unknown-linux-gnu/lib/rustlib/x86_64-unknown-linux-gnu/lib/libunwind-b68238b7c3c619dd.rlib" "/opt/rustwide/rustup-home/toolchains/beta-2023-04-20-x86_64-unknown-linux-gnu/lib/rustlib/x86_64-unknown-linux-gnu/lib/libcfg_if-d5e213e896c017e4.rlib" "/opt/rustwide/rustup-home/toolchains/beta-2023-04-20-x86_64-unknown-linux-gnu/lib/rustlib/x86_64-unknown-linux-gnu/lib/liblibc-0211a3b2e61d8689.rlib" "/opt/rustwide/rustup-home/toolchains/beta-2023-04-20-x86_64-unknown-linux-gnu/lib/rustlib/x86_64-unknown-linux-gnu/lib/liballoc-b371f055239ba51f.rlib" "/opt/rustwide/rustup-home/toolchains/beta-2023-04-20-x86_64-unknown-linux-gnu/lib/rustlib/x86_64-unknown-linux-gnu/lib/librustc_std_workspace_core-e60518d2760eb01e.rlib" "/opt/rustwide/rustup-home/toolchains/beta-2023-04-20-x86_64-unknown-linux-gnu/lib/rustlib/x86_64-unknown-linux-gnu/lib/libcore-1ad943f92a4b1081.rlib" "/opt/rustwide/rustup-home/toolchains/beta-2023-04-20-x86_64-unknown-linux-gnu/lib/rustlib/x86_64-unknown-linux-gnu/lib/libcompiler_builtins-f0d6e4d0fc1e80b4.rlib" "-Wl,-Bdynamic" "-lgcc_s" "-lutil" "-lrt" "-lpthread" "-lm" "-ldl" "-lc" "-Wl,--eh-frame-hdr" "-Wl,-z,noexecstack" "-L" "/opt/rustwide/rustup-home/toolchains/beta-2023-04-20-x86_64-unknown-linux-gnu/lib/rustlib/x86_64-unknown-linux-gnu/lib" "-o" "/opt/rustwide/target/debug/build/num-rational-b32d6e291781f8d7/build_script_build-b32d6e291781f8d7" "-Wl,--gc-sections" "-pie" "-Wl,-z,relro,-z,now" "-nodefaultlibs"
[INFO] [stdout]   = note: /usr/bin/ld: final link failed: No space left on device
[INFO] [stdout]           collect2: error: ld returned 1 exit status
[INFO] [stdout]           
[INFO] [stdout] 
[INFO] [stdout] 
[INFO] [stderr] LLVM ERROR: IO failure on output stream: No space left on device
[INFO] [stderr] LLVM ERROR: IO failure on output stream: No space left on device
[INFO] [stderr] LLVM ERROR: IO failure on output stream: No space left on device
[INFO] [stderr]    1:     0x7faa205d4cca - std::backtrace_rs::backtrace::trace_unsynchronized::hedc23dff7a1af150
[INFO] [stderr]                                at /rustc/1b7dd2252b99671ce5d1cb9664c5f8636329436d/library/std/src/../../backtrace/src/backtrace/mod.rs:66:5
[INFO] [stderr]    2:     0x7faa205d4cca - std::sys_common::backtrace::_print_fmt::h17541ef7592f3ce2
[INFO] [stderr]                                at /rustc/1b7dd2252b99671ce5d1cb9664c5f8636329436d/library/std/src/sys_common/backtrace.rs:65:5
[INFO] [stderr]    3:     0x7faa205d4cca - <std::sys_common::backtrace::_print::DisplayBacktrace as core::fmt::Display>::fmt::h20f75df5ab0c0792
[INFO] [stderr]                                at /rustc/1b7dd2252b99671ce5d1cb9664c5f8636329436d/library/std/src/sys_common/backtrace.rs:44:22
[INFO] [stderr]    4:     0x7faa206390cf - core::fmt::write::h78109e6f466b3af6
[INFO] [stderr] LLVM ERROR: IO failure on output stream: No space left on device
[INFO] [stderr]                                at /rustc/1b7dd2252b99671ce5d1cb9664c5f8636329436d/library/core/src/fmt/mod.rs:1254:17
[INFO] [stderr]    5:     0x7faa205c7805 - std::io::Write::write_fmt::hc59e1b02dd273c8a
[INFO] [stderr]                                at /rustc/1b7dd2252b99671ce5d1cb9664c5f8636329436d/library/std/src/io/mod.rs:1698:15
[INFO] [stderr]    6:     0x7faa205d4a95 - std::sys_common::backtrace::_print::h8dac57a9f8fbf9a5
[INFO] [stderr] LLVM ERROR: IO failure on output stream: No space left on device
[INFO] [stderr]                                at /rustc/1b7dd2252b99671ce5d1cb9664c5f8636329436d/library/std/src/sys_common/backtrace.rs:47:5
[INFO] [stderr]    7:     0x7faa205d4a95 - std::sys_common::backtrace::print::hf9ecbf41d1aa712f
[INFO] [stderr]                                at /rustc/1b7dd2252b99671ce5d1cb9664c5f8636329436d/library/std/src/sys_common/backtrace.rs:34:9
[INFO] [stderr]    8:     0x7faa205d773e - std::panicking::default_hook::{{closure}}::h04c07acfc84ca028
[INFO] [stderr]                                at /rustc/1b7dd2252b99671ce5d1cb9664c5f8636329436d/library/std/src/panicking.rs:269:22
[INFO] [stderr]    9:     0x7faa205d74e5 - std::panicking::default_hook::h01f6bb23e1eceb2c
[INFO] [stderr]                                at /rustc/1b7dd2252b99671ce5d1cb9664c5f8636329436d/library/std/src/panicking.rs:288:9
[INFO] [stderr] error: could not compile `wayland-protocols` (build script)
[INFO] [stderr] warning: build failed, waiting for other jobs to finish...
[INFO] [stderr] error: could not compile `wayland-sys` (lib)
[INFO] [stderr] error: could not compile `andrew` (lib)
[INFO] [stderr] error: could not compile `rayon-core` (lib)
[INFO] [stderr] error: could not compile `wayland-client` (build script)
[INFO] [stderr] error: could not compile `num-rational` (build script) due to previous error
[INFO] [stderr] LLVM ERROR: IO failure on output stream: No space left on device
[INFO] [stdout] error: error writing dependencies to `/opt/rustwide/target/debug/deps/rayon-14d1f88dfdeab9b5.d`: No space left on device (os error 28)
[INFO] [stdout] 
[INFO] [stdout] 
[INFO] [stderr] LLVM ERROR: IO failure on output stream: No space left on device
[INFO] [stderr] error: could not compile `rayon` (lib) due to previous error
[INFO] [stderr] error: could not compile `parking_lot` (lib)
[INFO] [stderr]   10:     0x7faa238c7a35 - rustc_driver_impl[dc743aefd116e4d1]::DEFAULT_HOOK::{closure#0}::{closure#0}
[INFO] [stderr]   11:     0x7faa205d7f34 - <alloc::boxed::Box<F,A> as core::ops::function::Fn<Args>>::call::h3f2d6d8b14c4769f
[INFO] [stderr]                                at /rustc/1b7dd2252b99671ce5d1cb9664c5f8636329436d/library/alloc/src/boxed.rs:1987:9
[INFO] [stderr]   12:     0x7faa205d7f34 - std::panicking::rust_panic_with_hook::h2bb3722bbaf2f6df
[INFO] [stderr]                                at /rustc/1b7dd2252b99671ce5d1cb9664c5f8636329436d/library/std/src/panicking.rs:695:13
[INFO] [stderr]   13:     0x7faa205d7c62 - std::panicking::begin_panic_handler::{{closure}}::h91bc7f36a4be011b
[INFO] [stderr]                                at /rustc/1b7dd2252b99671ce5d1cb9664c5f8636329436d/library/std/src/panicking.rs:580:13
[INFO] [stderr]   14:     0x7faa205d5136 - std::sys_common::backtrace::__rust_end_short_backtrace::h8b3d3717114f9e59
[INFO] [stderr]                                at /rustc/1b7dd2252b99671ce5d1cb9664c5f8636329436d/library/std/src/sys_common/backtrace.rs:150:18
[INFO] [stderr]   15:     0x7faa205d7a02 - rust_begin_unwind
[INFO] [stderr]                                at /rustc/1b7dd2252b99671ce5d1cb9664c5f8636329436d/library/std/src/panicking.rs:578:5
[INFO] [stderr]   16:     0x7faa20635443 - core::panicking::panic_fmt::hfd368e3fbdabea26
[INFO] [stderr]                                at /rustc/1b7dd2252b99671ce5d1cb9664c5f8636329436d/library/core/src/panicking.rs:67:14
[INFO] [stderr]   17:     0x7faa206354dd - core::panicking::panic::h3f9042d09bd0bf2e
[INFO] [stderr]                                at /rustc/1b7dd2252b99671ce5d1cb9664c5f8636329436d/library/core/src/panicking.rs:117:5
[INFO] [stderr]   18:     0x7faa22c1079e - <rustc_metadata[265efc8f25a37d70]::rmeta::encoder::EncodeContext>::encode_crate_root
[INFO] [stderr]   19:     0x7faa22ba4f89 - rustc_metadata[265efc8f25a37d70]::rmeta::encoder::encode_metadata_impl
[INFO] [stderr]   20:     0x7faa22b98951 - rustc_data_structures[f629b2cb664ef839]::sync::join::<rustc_metadata[265efc8f25a37d70]::rmeta::encoder::encode_metadata::{closure#0}, rustc_metadata[265efc8f25a37d70]::rmeta::encoder::encode_metadata::{closure#1}, (), ()>
[INFO] [stderr] error: could not compile `gl` (build script)
[INFO] [stderr] error: could not compile `syn` (lib)
[INFO] [stderr] error: could not compile `nix` (lib)
[INFO] [stdout] error: error writing dependencies to `/opt/rustwide/target/debug/deps/x11_dl-485e647b55d41edd.d`: No space left on device (os error 28)
[INFO] [stdout] 
[INFO] [stdout] 
[INFO] [stderr] LLVM ERROR: IO failure on output stream: No space left on device
[INFO] [stderr] error: could not compile `glutin` (build script)
[INFO] [stderr] thread 'rustc' panicked at 'assertion failed: pos.get() <= self.position()', compiler/rustc_metadata/src/rmeta/encoder.rs:452:9
[INFO] [stderr] error: could not compile `x11-dl` (lib) due to previous error
[INFO] [stderr] error: could not compile `inflate` (lib)
[INFO] [stdout] error: couldn't create a temp dir: No space left on device (os error 28) at path "/opt/rustwide/target/debug/deps/rmetasuFUKD"
[INFO] [stdout] 
[INFO] [stdout] 
[INFO] [stderr] error: could not compile `deflate` (lib) due to previous error
[INFO] [stderr] thread 'rustc' panicked at 'assertion failed: pos.get() <= self.position()', compiler/rustc_metadata/src/rmeta/encoder.rs:433:9
[INFO] [stderr] error: could not compile `serde` (lib)
[INFO] running `Command { std: "docker" "inspect" "31f8a3ffc1350f5c795a36a5467474e6ca1f4acb05435fdab2aa86056da44d5b", kill_on_drop: false }`
[INFO] running `Command { std: "docker" "rm" "-f" "31f8a3ffc1350f5c795a36a5467474e6ca1f4acb05435fdab2aa86056da44d5b", kill_on_drop: false }`
[INFO] [stdout] 31f8a3ffc1350f5c795a36a5467474e6ca1f4acb05435fdab2aa86056da44d5b
