[INFO] cloning repository https://github.com/StarToLeft/RustOpenGL
[INFO] running `Command { std: "git" "-c" "credential.helper=" "-c" "credential.helper=/workspace/cargo-home/bin/git-credential-null" "clone" "--bare" "https://github.com/StarToLeft/RustOpenGL" "/workspace/cache/git-repos/https%3A%2F%2Fgithub.com%2FStarToLeft%2FRustOpenGL", kill_on_drop: false }`
[INFO] [stderr] Cloning into bare repository '/workspace/cache/git-repos/https%3A%2F%2Fgithub.com%2FStarToLeft%2FRustOpenGL'...
[INFO] running `Command { std: "git" "rev-parse" "HEAD", kill_on_drop: false }`
[INFO] [stdout] 99325fc40de96a1cbc62bdf36f0c875032d97270
[INFO] testing StarToLeft/RustOpenGL against beta-2023-04-20 for beta-1.70-1
[INFO] running `Command { std: "git" "clone" "/workspace/cache/git-repos/https%3A%2F%2Fgithub.com%2FStarToLeft%2FRustOpenGL" "/workspace/builds/worker-2-tc2/source", kill_on_drop: false }`
[INFO] [stderr] Cloning into '/workspace/builds/worker-2-tc2/source'...
[INFO] [stderr] done.
[INFO] validating manifest of git repo https://github.com/StarToLeft/RustOpenGL on toolchain beta-2023-04-20
[INFO] running `Command { std: CARGO_HOME="/workspace/cargo-home" RUSTUP_HOME="/workspace/rustup-home" "/workspace/cargo-home/bin/cargo" "+beta-2023-04-20" "metadata" "--manifest-path" "Cargo.toml" "--no-deps", kill_on_drop: false }`
[INFO] started tweaking git repo https://github.com/StarToLeft/RustOpenGL
[INFO] finished tweaking git repo https://github.com/StarToLeft/RustOpenGL
[INFO] tweaked toml for git repo https://github.com/StarToLeft/RustOpenGL written to /workspace/builds/worker-2-tc2/source/Cargo.toml
[INFO] crate git repo https://github.com/StarToLeft/RustOpenGL already has a lockfile, it will not be regenerated
[INFO] running `Command { std: CARGO_HOME="/workspace/cargo-home" RUSTUP_HOME="/workspace/rustup-home" "/workspace/cargo-home/bin/cargo" "+beta-2023-04-20" "fetch" "--manifest-path" "Cargo.toml", kill_on_drop: false }`
[INFO] [stderr] warning: the cargo feature `edition2021` has been stabilized in the 1.56 release and is no longer necessary to be listed in the manifest
[INFO] [stderr]   See https://doc.rust-lang.org/beta/cargo/reference/manifest.html#the-edition-field for more information about using this feature.
[INFO] [stderr]  Downloading crates ...
[INFO] [stderr]   Downloaded matrixmultiply v0.3.0
[INFO] [stderr]   Downloaded sysinfo v0.19.2
[INFO] [stderr]   Downloaded num_enum_derive v0.5.2
[INFO] [stderr]   Downloaded num_enum v0.5.2
[INFO] [stderr]   Downloaded weezl v0.1.4
[INFO] running `Command { std: "docker" "create" "-v" "/var/lib/crater-agent-workspace/builds/worker-2-tc2/target:/opt/rustwide/target:rw,Z" "-v" "/var/lib/crater-agent-workspace/builds/worker-2-tc2/source:/opt/rustwide/workdir:ro,Z" "-v" "/var/lib/crater-agent-workspace/cargo-home:/opt/rustwide/cargo-home:ro,Z" "-v" "/var/lib/crater-agent-workspace/rustup-home:/opt/rustwide/rustup-home:ro,Z" "-e" "SOURCE_DIR=/opt/rustwide/workdir" "-e" "CARGO_TARGET_DIR=/opt/rustwide/target" "-e" "CARGO_HOME=/opt/rustwide/cargo-home" "-e" "RUSTUP_HOME=/opt/rustwide/rustup-home" "-w" "/opt/rustwide/workdir" "-m" "1610612736" "--user" "0:0" "--network" "none" "ghcr.io/rust-lang/crates-build-env/linux@sha256:5ff2268d62e97bff2cde7d5815dd6ed5b47097566f13b8d0ca110b04b60e07ed" "/opt/rustwide/cargo-home/bin/cargo" "+beta-2023-04-20" "metadata" "--no-deps" "--format-version=1", kill_on_drop: false }`
[INFO] [stdout] 497f33fbfedf295a8359c922021a940e9f90f8a065380473a60489253bb00227
[INFO] running `Command { std: "docker" "start" "-a" "497f33fbfedf295a8359c922021a940e9f90f8a065380473a60489253bb00227", kill_on_drop: false }`
[INFO] running `Command { std: "docker" "inspect" "497f33fbfedf295a8359c922021a940e9f90f8a065380473a60489253bb00227", kill_on_drop: false }`
[INFO] running `Command { std: "docker" "rm" "-f" "497f33fbfedf295a8359c922021a940e9f90f8a065380473a60489253bb00227", kill_on_drop: false }`
[INFO] [stdout] 497f33fbfedf295a8359c922021a940e9f90f8a065380473a60489253bb00227
[INFO] running `Command { std: "docker" "create" "-v" "/var/lib/crater-agent-workspace/builds/worker-2-tc2/target:/opt/rustwide/target:rw,Z" "-v" "/var/lib/crater-agent-workspace/builds/worker-2-tc2/source:/opt/rustwide/workdir:ro,Z" "-v" "/var/lib/crater-agent-workspace/cargo-home:/opt/rustwide/cargo-home:ro,Z" "-v" "/var/lib/crater-agent-workspace/rustup-home:/opt/rustwide/rustup-home:ro,Z" "-e" "SOURCE_DIR=/opt/rustwide/workdir" "-e" "CARGO_TARGET_DIR=/opt/rustwide/target" "-e" "CARGO_INCREMENTAL=0" "-e" "RUST_BACKTRACE=full" "-e" "RUSTFLAGS=--cap-lints=warn" "-e" "RUSTDOCFLAGS=--cap-lints=warn" "-e" "CARGO_HOME=/opt/rustwide/cargo-home" "-e" "RUSTUP_HOME=/opt/rustwide/rustup-home" "-w" "/opt/rustwide/workdir" "-m" "1610612736" "--user" "0:0" "--network" "none" "ghcr.io/rust-lang/crates-build-env/linux@sha256:5ff2268d62e97bff2cde7d5815dd6ed5b47097566f13b8d0ca110b04b60e07ed" "/opt/rustwide/cargo-home/bin/cargo" "+beta-2023-04-20" "build" "--frozen" "--message-format=json", kill_on_drop: false }`
[INFO] [stdout] af8abf6861d259e87bd40c95062a2b3c8a2be2a8babffcb93563f1212e4fbddf
[INFO] running `Command { std: "docker" "start" "-a" "af8abf6861d259e87bd40c95062a2b3c8a2be2a8babffcb93563f1212e4fbddf", kill_on_drop: false }`
[INFO] [stderr] warning: the cargo feature `edition2021` has been stabilized in the 1.56 release and is no longer necessary to be listed in the manifest
[INFO] [stderr]   See https://doc.rust-lang.org/beta/cargo/reference/manifest.html#the-edition-field for more information about using this feature.
[INFO] [stderr]    Compiling cfg-if v1.0.0
[INFO] [stderr]    Compiling autocfg v1.0.1
[INFO] [stderr]    Compiling libc v0.2.98
[INFO] [stderr]    Compiling xml-rs v0.8.3
[INFO] [stderr]    Compiling proc-macro2 v1.0.26
[INFO] [stderr]    Compiling unicode-xid v0.2.1
[INFO] [stderr]    Compiling pkg-config v0.3.19
[INFO] [stderr]    Compiling scopeguard v1.1.0
[INFO] [stderr]    Compiling khronos_api v3.1.0
[INFO] [stderr]    Compiling log v0.4.14
[INFO] [stderr]    Compiling crossbeam-utils v0.8.3
[INFO] [stderr]    Compiling memoffset v0.6.3
[INFO] [stderr]    Compiling num-traits v0.2.14
[INFO] [stderr]    Compiling memchr v2.3.4
[INFO] [stderr]    Compiling gl_generator v0.14.0
[INFO] [stderr]    Compiling quote v1.0.9
[INFO] [stderr]    Compiling wayland-scanner v0.28.5
[INFO] [stderr]    Compiling wayland-sys v0.28.5
[INFO] [stderr]    Compiling libloading v0.7.0
[INFO] [stderr]    Compiling crossbeam-epoch v0.9.3
[INFO] [stderr]    Compiling crossbeam-channel v0.5.1
[INFO] [stderr]    Compiling smallvec v1.6.1
[INFO] [stderr]    Compiling dlib v0.5.0
[INFO] [stderr]    Compiling num-integer v0.1.44
[INFO] [stderr]    Compiling once_cell v1.7.2
[INFO] [stderr]    Compiling crossbeam-deque v0.8.0
[INFO] [stderr]    Compiling nix v0.20.0
[INFO] [stderr]    Compiling wayland-client v0.28.5
[INFO] [stderr]    Compiling rayon-core v1.9.0
[INFO] [stderr]    Compiling version_check v0.9.3
[INFO] [stderr]    Compiling num_cpus v1.13.0
[INFO] [stderr]    Compiling scoped-tls v1.0.0
[INFO] [stderr]    Compiling downcast-rs v1.2.0
[INFO] [stderr]    Compiling rayon v1.5.0
[INFO] [stderr]    Compiling syn v1.0.68
[INFO] [stderr]    Compiling nom v6.1.2
[INFO] [stderr]    Compiling same-file v1.0.6
[INFO] [stderr]    Compiling maybe-uninit v2.0.0
[INFO] [stderr]    Compiling nix v0.18.0
[INFO] [stderr]    Compiling walkdir v2.3.2
[INFO] [stderr]    Compiling wayland-protocols v0.28.5
[INFO] [stderr]    Compiling x11-dl v2.18.5
[INFO] [stderr]    Compiling num-bigint v0.4.0
[INFO] [stderr]    Compiling either v1.6.1
[INFO] [stderr]    Compiling getrandom v0.2.2
[INFO] [stderr]    Compiling ab_glyph_rasterizer v0.1.4
[INFO] [stderr]    Compiling rusttype v0.9.2
[INFO] [stderr]    Compiling xcursor v0.3.3
[INFO] [stderr]    Compiling crossbeam-queue v0.3.1
[INFO] [stderr]    Compiling miniz_oxide v0.4.4
[INFO] [stderr]    Compiling num-rational v0.4.0
[INFO] [stderr]    Compiling num-iter v0.1.42
[INFO] [stderr]    Compiling instant v0.1.9
[INFO] [stderr]    Compiling libloading v0.6.7
[INFO] [stderr]    Compiling crc32fast v1.2.1
[INFO] [stderr]    Compiling wayland-commons v0.28.5
[INFO] [stderr]    Compiling xdg v2.2.0
[INFO] [stderr]    Compiling adler32 v1.2.0
[INFO] [stderr]    Compiling dlib v0.4.2
[INFO] [stderr]    Compiling andrew v0.3.1
[INFO] [stderr]    Compiling parking_lot_core v0.8.3
[INFO] [stderr]    Compiling crossbeam v0.8.0
[INFO] [stderr]    Compiling net2 v0.2.37
[INFO] [stderr]    Compiling wayland-cursor v0.28.5
[INFO] [stderr]    Compiling calloop v0.6.5
[INFO] [stderr]    Compiling glutin_egl_sys v0.1.5
[INFO] [stderr]    Compiling glutin_glx_sys v0.1.7
[INFO] [stderr]    Compiling num-complex v0.4.0
[INFO] [stderr]    Compiling mio v0.7.13
[INFO] [stderr]    Compiling memmap2 v0.1.0
[INFO] [stderr]    Compiling iovec v0.1.4
[INFO] [stderr]    Compiling num-rational v0.3.2
[INFO] [stderr]    Compiling lock_api v0.4.3
[INFO] [stderr]    Compiling weezl v0.1.4
[INFO] [stderr]    Compiling winit v0.25.0
[INFO] [stderr]    Compiling byteorder v1.4.3
[INFO] [stderr]    Compiling adler v1.0.2
[INFO] [stderr]    Compiling typenum v1.13.0
[INFO] [stderr]    Compiling slab v0.4.2
[INFO] [stderr]    Compiling doc-comment v0.3.3
[INFO] [stderr]    Compiling mio v0.6.23
[INFO] [stderr]    Compiling parking_lot v0.11.1
[INFO] [stderr]    Compiling deflate v0.8.6
[INFO] [stderr]    Compiling mio-misc v1.2.1
[INFO] [stderr]    Compiling rand_core v0.6.2
[INFO] [stderr]    Compiling miniz_oxide v0.3.7
[INFO] [stderr]    Compiling jpeg-decoder v0.1.22
[INFO] [stderr]    Compiling aho-corasick v0.7.15
[INFO] [stderr]    Compiling gl v0.14.0
[INFO] [stderr]    Compiling approx v0.5.0
[INFO] [stderr]    Compiling atty v0.2.14
[INFO] [stderr]    Compiling shared_library v0.1.9
[INFO] [stderr]    Compiling raw-window-handle v0.3.3
[INFO] [stderr]    Compiling inotify-sys v0.1.5
[INFO] [stderr]    Compiling regex-syntax v0.6.23
[INFO] [stderr]    Compiling color_quant v1.1.0
[INFO] [stderr]    Compiling rawpointer v0.2.1
[INFO] [stderr]    Compiling paste v1.0.5
[INFO] [stderr]    Compiling percent-encoding v2.1.0
[INFO] [stderr]    Compiling ppv-lite86 v0.2.10
[INFO] [stderr]    Compiling lazycell v1.3.0
[INFO] [stderr]    Compiling sysinfo v0.19.2
[INFO] [stderr]    Compiling mio-extras v2.0.6
[INFO] [stderr]    Compiling rand_chacha v0.3.0
[INFO] [stderr]    Compiling simba v0.5.1
[INFO] [stderr]    Compiling matrixmultiply v0.3.0
[INFO] [stderr]    Compiling gif v0.11.2
[INFO] [stderr]    Compiling regex v1.4.5
[INFO] [stderr]    Compiling inotify v0.7.1
[INFO] [stderr]    Compiling tiff v0.6.1
[INFO] [stderr]    Compiling osmesa-sys v0.1.2
[INFO] [stderr]    Compiling png v0.16.8
[INFO] [stderr]    Compiling thiserror-impl v1.0.26
[INFO] [stderr]    Compiling nalgebra-macros v0.1.0
[INFO] [stderr]    Compiling wayland-egl v0.28.5
[INFO] [stderr]    Compiling filetime v0.2.14
[INFO] [stderr]    Compiling termcolor v1.1.2
[INFO] [stderr]    Compiling humantime v2.1.0
[INFO] [stderr]    Compiling bytemuck v1.5.1
[INFO] [stderr]    Compiling image v0.23.14
[INFO] [stderr]    Compiling env_logger v0.9.0
[INFO] [stderr]    Compiling notify v4.0.15
[INFO] [stderr]    Compiling thiserror v1.0.26
[INFO] [stderr]    Compiling rand v0.8.3
[INFO] [stderr]    Compiling colored v2.0.0
[INFO] [stderr]    Compiling num v0.4.0
[INFO] [stderr]    Compiling dashmap v4.0.2
[INFO] [stderr]    Compiling nalgebra v0.28.0
[INFO] [stderr]    Compiling smithay-client-toolkit v0.12.3
[INFO] [stderr]    Compiling glutin v0.27.0
[INFO] [stderr]    Compiling engine v0.1.0 (/opt/rustwide/workdir)
[INFO] [stdout] error[E0554]: `#![feature]` may not be used on the beta release channel
[INFO] [stdout]  --> src/lib.rs:3:1
[INFO] [stdout]   |
[INFO] [stdout] 3 | #![feature(get_mut_unchecked)]
[INFO] [stdout]   | ^^^^^^^^^^^^^^^^^^^^^^^^^^^^^^
[INFO] [stdout] 
[INFO] [stdout] 
[INFO] [stdout] error[E0554]: `#![feature]` may not be used on the beta release channel
[INFO] [stdout]  --> src/lib.rs:4:1
[INFO] [stdout]   |
[INFO] [stdout] 4 | #![feature(destructuring_assignment)]
[INFO] [stdout]   | ^^^^^^^^^^^^^^^^^^^^^^^^^^^^^^^^^^^^^ help: remove the attribute
[INFO] [stdout]   |
[INFO] [stdout]   = help: the feature `destructuring_assignment` has been stable since `1.59.0` and no longer requires an attribute to enable
[INFO] [stdout] 
[INFO] [stdout] 
[INFO] [stdout] warning: the feature `destructuring_assignment` has been stable since 1.59.0 and no longer requires an attribute to enable
[INFO] [stdout]  --> src/lib.rs:4:12
[INFO] [stdout]   |
[INFO] [stdout] 4 | #![feature(destructuring_assignment)]
[INFO] [stdout]   |            ^^^^^^^^^^^^^^^^^^^^^^^^
[INFO] [stdout]   |
[INFO] [stdout]   = note: `#[warn(stable_features)]` on by default
[INFO] [stdout] 
[INFO] [stdout] 
[INFO] [stdout] error[E0554]: `#![feature]` may not be used on the beta release channel
[INFO] [stdout]  --> src/lib.rs:3:12
[INFO] [stdout]   |
[INFO] [stdout] 3 | #![feature(get_mut_unchecked)]
[INFO] [stdout]   |            ^^^^^^^^^^^^^^^^^
[INFO] [stdout] 
[INFO] [stdout] 
[INFO] [stdout] error: aborting due to 3 previous errors; 1 warning emitted
[INFO] [stdout] 
[INFO] [stdout] 
[INFO] [stdout] For more information about this error, try `rustc --explain E0554`.
[INFO] [stdout] 
[INFO] [stderr] error: could not compile `engine` (lib) due to 4 previous errors; 1 warning emitted
[INFO] [stderr] warning: build failed, waiting for other jobs to finish...
[INFO] running `Command { std: "docker" "inspect" "af8abf6861d259e87bd40c95062a2b3c8a2be2a8babffcb93563f1212e4fbddf", kill_on_drop: false }`
[INFO] running `Command { std: "docker" "rm" "-f" "af8abf6861d259e87bd40c95062a2b3c8a2be2a8babffcb93563f1212e4fbddf", kill_on_drop: false }`
[INFO] [stdout] af8abf6861d259e87bd40c95062a2b3c8a2be2a8babffcb93563f1212e4fbddf
