[INFO] cloning repository https://github.com/SpiralP/wifi-visualizer
[INFO] running `Command { std: "git" "-c" "credential.helper=" "-c" "credential.helper=/workspace/cargo-home/bin/git-credential-null" "clone" "--bare" "https://github.com/SpiralP/wifi-visualizer" "/workspace/cache/git-repos/https%3A%2F%2Fgithub.com%2FSpiralP%2Fwifi-visualizer", kill_on_drop: false }`
[INFO] [stderr] Cloning into bare repository '/workspace/cache/git-repos/https%3A%2F%2Fgithub.com%2FSpiralP%2Fwifi-visualizer'...
[INFO] running `Command { std: "git" "rev-parse" "HEAD", kill_on_drop: false }`
[INFO] [stdout] 7f1e430d06970025481d5f31ba8c32b5c9a4d997
[INFO] testing SpiralP/wifi-visualizer against 1.69.0 for beta-1.70-1
[INFO] running `Command { std: "git" "clone" "/workspace/cache/git-repos/https%3A%2F%2Fgithub.com%2FSpiralP%2Fwifi-visualizer" "/workspace/builds/worker-3-tc1/source", kill_on_drop: false }`
[INFO] [stderr] Cloning into '/workspace/builds/worker-3-tc1/source'...
[INFO] [stderr] done.
[INFO] validating manifest of git repo https://github.com/SpiralP/wifi-visualizer on toolchain 1.69.0
[INFO] running `Command { std: CARGO_HOME="/workspace/cargo-home" RUSTUP_HOME="/workspace/rustup-home" "/workspace/cargo-home/bin/cargo" "+1.69.0" "metadata" "--manifest-path" "Cargo.toml" "--no-deps", kill_on_drop: false }`
[INFO] started tweaking git repo https://github.com/SpiralP/wifi-visualizer
[INFO] finished tweaking git repo https://github.com/SpiralP/wifi-visualizer
[INFO] tweaked toml for git repo https://github.com/SpiralP/wifi-visualizer written to /workspace/builds/worker-3-tc1/source/Cargo.toml
[INFO] crate git repo https://github.com/SpiralP/wifi-visualizer already has a lockfile, it will not be regenerated
[INFO] running `Command { std: CARGO_HOME="/workspace/cargo-home" RUSTUP_HOME="/workspace/rustup-home" "/workspace/cargo-home/bin/cargo" "+1.69.0" "fetch" "--manifest-path" "Cargo.toml", kill_on_drop: false }`
[INFO] [stderr]     Updating git repository `https://github.com/SpiralP/rust-ieee80211.git`
[INFO] [stderr]     Updating git repository `https://github.com/SpiralP/rust-parceljs.git`
[INFO] [stderr]     Updating git repository `https://github.com/SpiralP/rust-pcap.git`
[INFO] [stderr]     Updating git repository `https://github.com/SpiralP/rust-pcap-sys.git`
[INFO] [stderr]  Downloading crates ...
[INFO] [stderr]   Downloaded caps v0.3.4
[INFO] [stderr]   Downloaded siphasher v0.3.1
[INFO] [stderr]   Downloaded errno v0.2.4
[INFO] [stderr]   Downloaded clang-sys v0.29.2
[INFO] [stderr]   Downloaded eui48 v0.4.6
[INFO] [stderr]   Downloaded backtrace v0.3.45
[INFO] [stderr]   Downloaded backtrace-sys v0.1.34
[INFO] [stderr]   Downloaded h2 v0.3.0
[INFO] [stderr]   Downloaded radiotap v1.3.0
[INFO] running `Command { std: "docker" "create" "-v" "/var/lib/crater-agent-workspace/builds/worker-3-tc1/target:/opt/rustwide/target:rw,Z" "-v" "/var/lib/crater-agent-workspace/builds/worker-3-tc1/source:/opt/rustwide/workdir:ro,Z" "-v" "/var/lib/crater-agent-workspace/cargo-home:/opt/rustwide/cargo-home:ro,Z" "-v" "/var/lib/crater-agent-workspace/rustup-home:/opt/rustwide/rustup-home:ro,Z" "-e" "SOURCE_DIR=/opt/rustwide/workdir" "-e" "CARGO_TARGET_DIR=/opt/rustwide/target" "-e" "CARGO_HOME=/opt/rustwide/cargo-home" "-e" "RUSTUP_HOME=/opt/rustwide/rustup-home" "-w" "/opt/rustwide/workdir" "-m" "1610612736" "--user" "0:0" "--network" "none" "ghcr.io/rust-lang/crates-build-env/linux@sha256:5ff2268d62e97bff2cde7d5815dd6ed5b47097566f13b8d0ca110b04b60e07ed" "/opt/rustwide/cargo-home/bin/cargo" "+1.69.0" "metadata" "--no-deps" "--format-version=1", kill_on_drop: false }`
[INFO] [stdout] 6e29ce97441a62145f4604067c5c3d43be1ec469e69e8b10decb79d44e143b9c
[INFO] running `Command { std: "docker" "start" "-a" "6e29ce97441a62145f4604067c5c3d43be1ec469e69e8b10decb79d44e143b9c", kill_on_drop: false }`
[INFO] running `Command { std: "docker" "inspect" "6e29ce97441a62145f4604067c5c3d43be1ec469e69e8b10decb79d44e143b9c", kill_on_drop: false }`
[INFO] running `Command { std: "docker" "rm" "-f" "6e29ce97441a62145f4604067c5c3d43be1ec469e69e8b10decb79d44e143b9c", kill_on_drop: false }`
[INFO] [stdout] 6e29ce97441a62145f4604067c5c3d43be1ec469e69e8b10decb79d44e143b9c
[INFO] running `Command { std: "docker" "create" "-v" "/var/lib/crater-agent-workspace/builds/worker-3-tc1/target:/opt/rustwide/target:rw,Z" "-v" "/var/lib/crater-agent-workspace/builds/worker-3-tc1/source:/opt/rustwide/workdir:ro,Z" "-v" "/var/lib/crater-agent-workspace/cargo-home:/opt/rustwide/cargo-home:ro,Z" "-v" "/var/lib/crater-agent-workspace/rustup-home:/opt/rustwide/rustup-home:ro,Z" "-e" "SOURCE_DIR=/opt/rustwide/workdir" "-e" "CARGO_TARGET_DIR=/opt/rustwide/target" "-e" "CARGO_INCREMENTAL=0" "-e" "RUST_BACKTRACE=full" "-e" "RUSTFLAGS=--cap-lints=warn" "-e" "RUSTDOCFLAGS=--cap-lints=warn" "-e" "CARGO_HOME=/opt/rustwide/cargo-home" "-e" "RUSTUP_HOME=/opt/rustwide/rustup-home" "-w" "/opt/rustwide/workdir" "-m" "1610612736" "--user" "0:0" "--network" "none" "ghcr.io/rust-lang/crates-build-env/linux@sha256:5ff2268d62e97bff2cde7d5815dd6ed5b47097566f13b8d0ca110b04b60e07ed" "/opt/rustwide/cargo-home/bin/cargo" "+1.69.0" "build" "--frozen" "--message-format=json", kill_on_drop: false }`
[INFO] [stdout] b7f27fc4b84fd11777d98b38ba13186101bd35be9becdd20b0655fb1739f49fb
[INFO] running `Command { std: "docker" "start" "-a" "b7f27fc4b84fd11777d98b38ba13186101bd35be9becdd20b0655fb1739f49fb", kill_on_drop: false }`
[INFO] [stderr]    Compiling libc v0.2.126
[INFO] [stderr]    Compiling proc-macro2 v1.0.39
[INFO] [stderr]    Compiling cfg-if v0.1.10
[INFO] [stderr]    Compiling unicode-ident v1.0.1
[INFO] [stderr]    Compiling version_check v0.9.1
[INFO] [stderr]    Compiling syn v1.0.96
[INFO] [stderr]    Compiling memchr v2.3.3
[INFO] [stderr]    Compiling log v0.4.8
[INFO] [stderr]    Compiling autocfg v1.1.0
[INFO] [stderr]    Compiling typenum v1.16.0
[INFO] [stderr]    Compiling futures-core v0.3.21
[INFO] [stderr]    Compiling pin-project-lite v0.2.9
[INFO] [stderr]    Compiling getrandom v0.1.14
[INFO] [stderr]    Compiling ppv-lite86 v0.2.17
[INFO] [stderr]    Compiling smallvec v1.9.0
[INFO] [stderr]    Compiling bytes v0.5.4
[INFO] [stderr]    Compiling itoa v0.4.5
[INFO] [stderr]    Compiling fnv v1.0.6
[INFO] [stderr]    Compiling glob v0.3.0
[INFO] [stderr]    Compiling once_cell v1.13.0
[INFO] [stderr]    Compiling futures-sink v0.3.21
[INFO] [stderr]    Compiling slab v0.4.2
[INFO] [stderr]    Compiling generic-array v0.14.6
[INFO] [stderr]    Compiling byteorder v1.3.4
[INFO] [stderr]    Compiling futures-channel v0.3.21
[INFO] [stderr]    Compiling futures-task v0.3.21
[INFO] [stderr]    Compiling matches v0.1.8
[INFO] [stderr]    Compiling httparse v1.3.4
[INFO] [stderr]    Compiling http v0.2.0
[INFO] [stderr]    Compiling quick-error v1.2.3
[INFO] [stderr]    Compiling futures-util v0.3.21
[INFO] [stderr]    Compiling bitflags v1.2.1
[INFO] [stderr]    Compiling lazy_static v1.4.0
[INFO] [stderr]    Compiling pin-utils v0.1.0
[INFO] [stderr]    Compiling futures-io v0.3.21
[INFO] [stderr]    Compiling percent-encoding v2.1.0
[INFO] [stderr]    Compiling parking_lot_core v0.9.6
[INFO] [stderr]    Compiling unicode-bidi v0.3.4
[INFO] [stderr]    Compiling unicase v2.6.0
[INFO] [stderr]    Compiling unicode-normalization v0.1.12
[INFO] [stderr]    Compiling serde v1.0.104
[INFO] [stderr]    Compiling bytes v1.1.0
[INFO] [stderr]    Compiling quote v1.0.3
[INFO] [stderr]    Compiling jobserver v0.1.21
[INFO] [stderr]    Compiling scopeguard v1.1.0
[INFO] [stderr]    Compiling tokio v1.25.0
[INFO] [stderr]    Compiling cc v1.0.50
[INFO] [stderr]    Compiling rand_core v0.5.1
[INFO] [stderr]    Compiling lock_api v0.4.6
[INFO] [stderr]    Compiling indexmap v1.3.2
[INFO] [stderr]    Compiling arc-swap v0.4.8
[INFO] [stderr]    Compiling idna v0.2.0
[INFO] [stderr]    Compiling cpufeatures v0.2.5
[INFO] [stderr]    Compiling mio v0.8.5
[INFO] [stderr]    Compiling rand_pcg v0.2.1
[INFO] [stderr]    Compiling rand_chacha v0.2.2
[INFO] [stderr]    Compiling signal-hook-registry v1.2.0
[INFO] [stderr]    Compiling parking_lot v0.12.1
[INFO] [stderr]    Compiling socket2 v0.4.7
[INFO] [stderr]    Compiling num_cpus v1.12.0
[INFO] [stderr]    Compiling net2 v0.2.37
[INFO] [stderr]    Compiling iovec v0.1.4
[INFO] [stderr]    Compiling clang-sys v0.29.2
[INFO] [stderr]    Compiling rand v0.7.3
[INFO] [stderr]    Compiling url v2.1.1
[INFO] [stderr]    Compiling tracing-core v0.1.28
[INFO] [stderr]    Compiling nom v5.1.1
[INFO] [stderr]    Compiling siphasher v0.3.1
[INFO] [stderr]    Compiling libloading v0.5.2
[INFO] [stderr]    Compiling zstd-sys v1.4.15+zstd.1.4.4
[INFO] [stderr]    Compiling mio v0.6.23
[INFO] [stderr]    Compiling tracing v0.1.35
[INFO] [stderr]    Compiling mime_guess v2.0.3
[INFO] [stderr]    Compiling phf_shared v0.8.0
[INFO] [stderr]    Compiling generic-array v0.12.4
[INFO] [stderr]    Compiling getrandom v0.2.8
[INFO] [stderr]    Compiling atty v0.2.14
[INFO] [stderr]    Compiling aho-corasick v0.7.10
[INFO] [stderr]    Compiling thread_local v1.1.4
[INFO] [stderr]    Compiling ryu v1.0.3
[INFO] [stderr]    Compiling unicode-width v0.1.7
[INFO] [stderr]    Compiling byte-tools v0.3.1
[INFO] [stderr]    Compiling utf-8 v0.7.5
[INFO] [stderr]    Compiling mime v0.3.16
[INFO] [stderr]    Compiling pin-project-lite v0.1.4
[INFO] [stderr]    Compiling regex-syntax v0.6.17
[INFO] [stderr]    Compiling textwrap v0.11.0
[INFO] [stderr]    Compiling block-padding v0.1.5
[INFO] [stderr]    Compiling rand_core v0.6.4
[INFO] [stderr]    Compiling humantime v1.3.0
[INFO] [stderr]    Compiling pin-project-internal v0.4.30
[INFO] [stderr]    Compiling tokio v0.2.25
[INFO] [stderr]    Compiling termcolor v1.1.0
[INFO] [stderr]    Compiling ansi_term v0.11.0
[INFO] [stderr]    Compiling bindgen v0.53.2
[INFO] [stderr]    Compiling base64 v0.12.0
[INFO] [stderr]    Compiling remove_dir_all v0.5.2
[INFO] [stderr]    Compiling strsim v0.8.0
[INFO] [stderr]    Compiling vec_map v0.8.1
[INFO] [stderr]    Compiling try-lock v0.2.2
[INFO] [stderr]    Compiling safemem v0.3.3
[INFO] [stderr]    Compiling buf_redux v0.8.4
[INFO] [stderr]    Compiling want v0.3.0
[INFO] [stderr]    Compiling tempfile v3.1.0
[INFO] [stderr]    Compiling clap v2.33.0
[INFO] [stderr]    Compiling rand_chacha v0.3.1
[INFO] [stderr]    Compiling block-buffer v0.7.3
[INFO] [stderr]    Compiling digest v0.8.1
[INFO] [stderr]    Compiling backtrace-sys v0.1.34
[INFO] [stderr]    Compiling crypto-common v0.1.6
[INFO] [stderr]    Compiling block-buffer v0.9.0
[INFO] [stderr]    Compiling digest v0.9.0
[INFO] [stderr]    Compiling block-buffer v0.10.3
[INFO] [stderr]    Compiling which v3.1.1
[INFO] [stderr]    Compiling twoway v0.1.8
[INFO] [stderr]    Compiling num-traits v0.2.11
[INFO] [stderr]    Compiling fake-simd v0.1.2
[INFO] [stderr]    Compiling tower-service v0.3.0
[INFO] [stderr]    Compiling httpdate v0.3.2
[INFO] [stderr]    Compiling rustc-hash v1.1.0
[INFO] [stderr]    Compiling thiserror v1.0.38
[INFO] [stderr]    Compiling shlex v0.1.1
[INFO] [stderr]    Compiling peeking_take_while v0.1.2
[INFO] [stderr]    Compiling lazycell v1.2.1
[INFO] [stderr]    Compiling opaque-debug v0.2.3
[INFO] [stderr]    Compiling sha-1 v0.9.8
[INFO] [stderr]    Compiling digest v0.10.6
[INFO] [stderr]    Compiling sha-1 v0.8.2
[INFO] [stderr]    Compiling rand v0.8.5
[INFO] [stderr]    Compiling phf_generator v0.8.0
[INFO] [stderr]    Compiling headers-core v0.2.0
[INFO] [stderr]    Compiling time v0.1.42
[INFO] [stderr]    Compiling input_buffer v0.3.1
[INFO] [stderr]    Compiling num-integer v0.1.42
[INFO] [stderr]    Compiling same-file v1.0.6
[INFO] [stderr]    Compiling base64 v0.13.1
[INFO] [stderr]    Compiling failure_derive v0.1.7
[INFO] [stderr]    Compiling unicode-xid v0.2.0
[INFO] [stderr]    Compiling headers v0.3.2
[INFO] [stderr]    Compiling regex v1.3.5
[INFO] [stderr]    Compiling walkdir v2.3.1
[INFO] [stderr]    Compiling cexpr v0.4.0
[INFO] [stderr]    Compiling tungstenite v0.11.1
[INFO] [stderr]    Compiling sha-1 v0.10.1
[INFO] [stderr]    Compiling phf_codegen v0.8.0
[INFO] [stderr]    Compiling http-body v0.3.1
[INFO] [stderr]    Compiling socket2 v0.3.19
[INFO] [stderr]    Compiling error-chain v0.12.2
[INFO] [stderr]    Compiling dtoa v0.4.5
[INFO] [stderr]    Compiling scoped-tls v1.0.0
[INFO] [stderr]    Compiling rustc-demangle v0.1.16
[INFO] [stderr]    Compiling synstructure v0.12.3
[INFO] [stderr]    Compiling multipart v0.17.1
[INFO] [stderr]    Compiling http-body v0.4.5
[INFO] [stderr]    Compiling backtrace v0.3.45
[INFO] [stderr]    Compiling form_urlencoded v1.0.1
[INFO] [stderr]    Compiling urlencoding v1.0.0
[INFO] [stderr]    Compiling env_logger v0.7.1
[INFO] [stderr]    Compiling tokio-util v0.2.0
[INFO] [stderr]    Compiling rustc-serialize v0.3.24
[INFO] [stderr]    Compiling itoa v1.0.5
[INFO] [stderr]    Compiling bitops v0.1.0
[INFO] [stderr]    Compiling multipart v0.18.0
[INFO] [stderr]    Compiling rustls-pemfile v0.2.1
[INFO] [stderr]    Compiling phf v0.8.0
[INFO] [stderr]    Compiling errno v0.2.4
[INFO] [stderr]    Compiling radiotap v1.3.0
[INFO] [stderr]    Compiling open v1.4.0
[INFO] [stderr]    Compiling caps v0.3.4
[INFO] [stderr]    Compiling futures-macro v0.3.21
[INFO] [stderr]    Compiling serde_derive v1.0.104
[INFO] [stderr]    Compiling tokio-macros v1.8.0
[INFO] [stderr]    Compiling pin-project-internal v1.0.11
[INFO] [stderr]    Compiling thiserror-impl v1.0.38
[INFO] [stderr]    Compiling failure v0.1.7
[INFO] [stderr]    Compiling pin-project v1.0.11
[INFO] [stderr]    Compiling tracing-futures v0.2.5
[INFO] [stderr]    Compiling pcap-sys v0.1.0 (https://github.com/SpiralP/rust-pcap-sys.git#8281961d)
[INFO] [stderr]    Compiling pin-project v0.4.30
[INFO] [stderr]    Compiling tungstenite v0.17.3
[INFO] [stderr]    Compiling futures-executor v0.3.4
[INFO] [stderr]    Compiling h2 v0.2.2
[INFO] [stderr]    Compiling tokio-tungstenite v0.11.0
[INFO] [stderr]    Compiling futures v0.3.4
[INFO] [stdout] error[E0432]: unresolved import `futures_core::core_reexport`
[INFO] [stdout]    --> /opt/rustwide/cargo-home/registry/src/github.com-1ecc6299db9ec823/futures-0.3.4/src/lib.rs:542:9
[INFO] [stdout]     |
[INFO] [stdout] 542 | pub use futures_core::core_reexport;
[INFO] [stdout]     |         ^^^^^^^^^^^^^^^^^^^^^^^^^^^ no `core_reexport` in the root
[INFO] [stdout] 
[INFO] [stdout] 
[INFO] [stdout] error[E0433]: failed to resolve: could not find `document_join_macro` in `futures_util`
[INFO] [stdout]    --> /opt/rustwide/cargo-home/registry/src/github.com-1ecc6299db9ec823/futures-0.3.4/src/lib.rs:561:15
[INFO] [stdout]     |
[INFO] [stdout] 561 | futures_util::document_join_macro! {
[INFO] [stdout]     |               ^^^^^^^^^^^^^^^^^^^ could not find `document_join_macro` in `futures_util`
[INFO] [stdout] 
[INFO] [stdout] 
[INFO] [stdout] error[E0433]: failed to resolve: could not find `document_select_macro` in `futures_util`
[INFO] [stdout]    --> /opt/rustwide/cargo-home/registry/src/github.com-1ecc6299db9ec823/futures-0.3.4/src/lib.rs:584:15
[INFO] [stdout]     |
[INFO] [stdout] 584 | futures_util::document_select_macro! {
[INFO] [stdout]     |               ^^^^^^^^^^^^^^^^^^^^^ could not find `document_select_macro` in `futures_util`
[INFO] [stdout] 
[INFO] [stdout] 
[INFO] [stdout] error[E0603]: module `async_await` is private
[INFO] [stdout]    --> /opt/rustwide/cargo-home/registry/src/github.com-1ecc6299db9ec823/futures-0.3.4/src/lib.rs:547:23
[INFO] [stdout]     |
[INFO] [stdout] 547 | pub use futures_util::async_await;
[INFO] [stdout]     |                       ^^^^^^^^^^^ private module
[INFO] [stdout]     |
[INFO] [stdout] note: the module `async_await` is defined here
[INFO] [stdout]    --> /opt/rustwide/cargo-home/registry/src/github.com-1ecc6299db9ec823/futures-util-0.3.21/src/lib.rs:34:1
[INFO] [stdout]     |
[INFO] [stdout] 34  | mod async_await;
[INFO] [stdout]     | ^^^^^^^^^^^^^^^
[INFO] [stdout] 
[INFO] [stdout] 
[INFO] [stdout] error: aborting due to 4 previous errors
[INFO] [stdout] 
[INFO] [stdout] 
[INFO] [stdout] Some errors have detailed explanations: E0432, E0433, E0603.
[INFO] [stdout] 
[INFO] [stdout] For more information about an error, try `rustc --explain E0432`.
[INFO] [stdout] 
[INFO] [stderr] error: could not compile `futures` due to 5 previous errors
[INFO] [stderr] warning: build failed, waiting for other jobs to finish...
[INFO] running `Command { std: "docker" "inspect" "b7f27fc4b84fd11777d98b38ba13186101bd35be9becdd20b0655fb1739f49fb", kill_on_drop: false }`
[INFO] running `Command { std: "docker" "rm" "-f" "b7f27fc4b84fd11777d98b38ba13186101bd35be9becdd20b0655fb1739f49fb", kill_on_drop: false }`
[INFO] [stdout] b7f27fc4b84fd11777d98b38ba13186101bd35be9becdd20b0655fb1739f49fb
