[INFO] cloning repository https://github.com/Sofistico/RustingRl
[INFO] running `Command { std: "git" "-c" "credential.helper=" "-c" "credential.helper=/workspace/cargo-home/bin/git-credential-null" "clone" "--bare" "https://github.com/Sofistico/RustingRl" "/workspace/cache/git-repos/https%3A%2F%2Fgithub.com%2FSofistico%2FRustingRl", kill_on_drop: false }`
[INFO] [stderr] Cloning into bare repository '/workspace/cache/git-repos/https%3A%2F%2Fgithub.com%2FSofistico%2FRustingRl'...
[INFO] running `Command { std: "git" "rev-parse" "HEAD", kill_on_drop: false }`
[INFO] [stdout] 89f88df2a915b6de47edfb03cc1486fd169c4218
[INFO] testing Sofistico/RustingRl against beta-2023-04-20 for beta-1.70-1
[INFO] running `Command { std: "git" "clone" "/workspace/cache/git-repos/https%3A%2F%2Fgithub.com%2FSofistico%2FRustingRl" "/workspace/builds/worker-7-tc2/source", kill_on_drop: false }`
[INFO] [stderr] Cloning into '/workspace/builds/worker-7-tc2/source'...
[INFO] [stderr] done.
[INFO] validating manifest of git repo https://github.com/Sofistico/RustingRl on toolchain beta-2023-04-20
[INFO] running `Command { std: CARGO_HOME="/workspace/cargo-home" RUSTUP_HOME="/workspace/rustup-home" "/workspace/cargo-home/bin/cargo" "+beta-2023-04-20" "metadata" "--manifest-path" "Cargo.toml" "--no-deps", kill_on_drop: false }`
[INFO] started tweaking git repo https://github.com/Sofistico/RustingRl
[INFO] finished tweaking git repo https://github.com/Sofistico/RustingRl
[INFO] tweaked toml for git repo https://github.com/Sofistico/RustingRl written to /workspace/builds/worker-7-tc2/source/Cargo.toml
[INFO] crate git repo https://github.com/Sofistico/RustingRl already has a lockfile, it will not be regenerated
[INFO] running `Command { std: CARGO_HOME="/workspace/cargo-home" RUSTUP_HOME="/workspace/rustup-home" "/workspace/cargo-home/bin/cargo" "+beta-2023-04-20" "fetch" "--manifest-path" "Cargo.toml", kill_on_drop: false }`
[INFO] [stderr]     Updating crates.io index
[INFO] [stderr]  Downloading crates ...
[INFO] [stderr]   Downloaded specs v0.17.0
[INFO] [stderr]   Downloaded rltk v0.8.1
[INFO] [stderr]   Downloaded shred v0.12.0
[INFO] running `Command { std: "docker" "create" "-v" "/var/lib/crater-agent-workspace/builds/worker-7-tc2/target:/opt/rustwide/target:rw,Z" "-v" "/var/lib/crater-agent-workspace/builds/worker-7-tc2/source:/opt/rustwide/workdir:ro,Z" "-v" "/var/lib/crater-agent-workspace/cargo-home:/opt/rustwide/cargo-home:ro,Z" "-v" "/var/lib/crater-agent-workspace/rustup-home:/opt/rustwide/rustup-home:ro,Z" "-e" "SOURCE_DIR=/opt/rustwide/workdir" "-e" "CARGO_TARGET_DIR=/opt/rustwide/target" "-e" "CARGO_HOME=/opt/rustwide/cargo-home" "-e" "RUSTUP_HOME=/opt/rustwide/rustup-home" "-w" "/opt/rustwide/workdir" "-m" "1610612736" "--user" "0:0" "--network" "none" "ghcr.io/rust-lang/crates-build-env/linux@sha256:5ff2268d62e97bff2cde7d5815dd6ed5b47097566f13b8d0ca110b04b60e07ed" "/opt/rustwide/cargo-home/bin/cargo" "+beta-2023-04-20" "metadata" "--no-deps" "--format-version=1", kill_on_drop: false }`
[INFO] [stdout] a322bbd7f8b413f59f36311247ec549d26d60222c56040126cba4c5a51bd17b8
[INFO] running `Command { std: "docker" "start" "-a" "a322bbd7f8b413f59f36311247ec549d26d60222c56040126cba4c5a51bd17b8", kill_on_drop: false }`
[INFO] running `Command { std: "docker" "inspect" "a322bbd7f8b413f59f36311247ec549d26d60222c56040126cba4c5a51bd17b8", kill_on_drop: false }`
[INFO] running `Command { std: "docker" "rm" "-f" "a322bbd7f8b413f59f36311247ec549d26d60222c56040126cba4c5a51bd17b8", kill_on_drop: false }`
[INFO] [stdout] a322bbd7f8b413f59f36311247ec549d26d60222c56040126cba4c5a51bd17b8
[INFO] running `Command { std: "docker" "create" "-v" "/var/lib/crater-agent-workspace/builds/worker-7-tc2/target:/opt/rustwide/target:rw,Z" "-v" "/var/lib/crater-agent-workspace/builds/worker-7-tc2/source:/opt/rustwide/workdir:ro,Z" "-v" "/var/lib/crater-agent-workspace/cargo-home:/opt/rustwide/cargo-home:ro,Z" "-v" "/var/lib/crater-agent-workspace/rustup-home:/opt/rustwide/rustup-home:ro,Z" "-e" "SOURCE_DIR=/opt/rustwide/workdir" "-e" "CARGO_TARGET_DIR=/opt/rustwide/target" "-e" "CARGO_INCREMENTAL=0" "-e" "RUST_BACKTRACE=full" "-e" "RUSTFLAGS=--cap-lints=warn" "-e" "RUSTDOCFLAGS=--cap-lints=warn" "-e" "CARGO_HOME=/opt/rustwide/cargo-home" "-e" "RUSTUP_HOME=/opt/rustwide/rustup-home" "-w" "/opt/rustwide/workdir" "-m" "1610612736" "--user" "0:0" "--network" "none" "ghcr.io/rust-lang/crates-build-env/linux@sha256:5ff2268d62e97bff2cde7d5815dd6ed5b47097566f13b8d0ca110b04b60e07ed" "/opt/rustwide/cargo-home/bin/cargo" "+beta-2023-04-20" "build" "--frozen" "--message-format=json", kill_on_drop: false }`
[INFO] [stdout] 7a52cf92d5af2a1a0a37396ff0eda700fa815af25eb42df9677f65fd856bd7c1
[INFO] running `Command { std: "docker" "start" "-a" "7a52cf92d5af2a1a0a37396ff0eda700fa815af25eb42df9677f65fd856bd7c1", kill_on_drop: false }`
[INFO] [stderr]    Compiling libc v0.2.101
[INFO] [stderr]    Compiling xml-rs v0.8.4
[INFO] [stderr]    Compiling proc-macro2 v1.0.29
[INFO] [stderr]    Compiling smallvec v1.6.1
[INFO] [stderr]    Compiling memchr v2.4.1
[INFO] [stderr]    Compiling log v0.4.14
[INFO] [stderr]    Compiling pkg-config v0.3.19
[INFO] [stderr]    Compiling once_cell v1.8.0
[INFO] [stderr]    Compiling libloading v0.7.0
[INFO] [stderr]    Compiling khronos_api v3.1.0
[INFO] [stderr]    Compiling minimal-lexical v0.1.2
[INFO] [stderr]    Compiling nom v7.0.0
[INFO] [stderr]    Compiling scoped-tls v1.0.0
[INFO] [stderr]    Compiling memoffset v0.6.4
[INFO] [stderr]    Compiling instant v0.1.10
[INFO] [stderr]    Compiling ttf-parser v0.6.2
[INFO] [stderr]    Compiling nix v0.18.0
[INFO] [stderr]    Compiling safe_arch v0.5.2
[INFO] [stderr]    Compiling dlib v0.5.0
[INFO] [stderr]    Compiling crc32fast v1.2.1
[INFO] [stderr]    Compiling crossbeam-epoch v0.9.5
[INFO] [stderr]    Compiling ab_glyph_rasterizer v0.1.4
[INFO] [stderr]    Compiling xdg v2.2.0
[INFO] [stderr]    Compiling slab v0.4.4
[INFO] [stderr]    Compiling wide v0.6.5
[INFO] [stderr]    Compiling rayon-core v1.9.1
[INFO] [stderr]    Compiling gl_generator v0.14.0
[INFO] [stderr]    Compiling dlib v0.4.2
[INFO] [stderr]    Compiling wayland-sys v0.28.6
[INFO] [stderr]    Compiling x11-dl v2.18.5
[INFO] [stderr]    Compiling miniz_oxide v0.4.4
[INFO] [stderr]    Compiling ppv-lite86 v0.2.10
[INFO] [stderr]    Compiling quote v1.0.9
[INFO] [stderr]    Compiling crossbeam-deque v0.8.1
[INFO] [stderr]    Compiling aho-corasick v0.7.18
[INFO] [stderr]    Compiling ahash v0.7.4
[INFO] [stderr]    Compiling rayon v1.5.1
[INFO] [stderr]    Compiling wayland-scanner v0.28.6
[INFO] [stderr]    Compiling owned_ttf_parser v0.6.0
[INFO] [stderr]    Compiling nom v5.1.2
[INFO] [stderr]    Compiling anyhow v1.0.43
[INFO] [stderr]    Compiling adler v1.0.2
[INFO] [stderr]    Compiling png v0.16.8
[INFO] [stderr]    Compiling rusttype v0.9.2
[INFO] [stderr]    Compiling jpeg-decoder v0.1.22
[INFO] [stderr]    Compiling glow v0.10.0
[INFO] [stderr]    Compiling glutin_egl_sys v0.1.5
[INFO] [stderr]    Compiling getrandom v0.2.3
[INFO] [stderr]    Compiling nix v0.20.0
[INFO] [stderr]    Compiling parking_lot_core v0.8.5
[INFO] [stderr]    Compiling rand_core v0.6.3
[INFO] [stderr]    Compiling net2 v0.2.37
[INFO] [stderr]    Compiling parking_lot v0.11.2
[INFO] [stderr]    Compiling iovec v0.1.4
[INFO] [stderr]    Compiling mio v0.6.23
[INFO] [stderr]    Compiling ultraviolet v0.8.1
[INFO] [stderr]    Compiling memmap2 v0.1.0
[INFO] [stderr]    Compiling andrew v0.3.1
[INFO] [stderr]    Compiling glutin_glx_sys v0.1.7
[INFO] [stderr]    Compiling rand_chacha v0.3.1
[INFO] [stderr]    Compiling xcursor v0.3.4
[INFO] [stderr]    Compiling wayland-client v0.28.6
[INFO] [stderr]    Compiling wayland-protocols v0.28.6
[INFO] [stderr]    Compiling shared_library v0.1.9
[INFO] [stderr]    Compiling mio-extras v2.0.6
[INFO] [stderr]    Compiling raw-window-handle v0.3.3
[INFO] [stderr]    Compiling num_cpus v1.13.0
[INFO] [stderr]    Compiling osmesa-sys v0.1.2
[INFO] [stderr]    Compiling rand v0.8.4
[INFO] [stderr]    Compiling rand_xorshift v0.3.0
[INFO] [stderr]    Compiling bracket-geometry v0.8.3
[INFO] [stderr]    Compiling regex v1.5.4
[INFO] [stderr]    Compiling object-pool v0.5.4
[INFO] [stderr]    Compiling bracket-color v0.8.2
[INFO] [stderr]    Compiling image v0.23.14
[INFO] [stderr]    Compiling bracket-algorithm-traits v0.8.2
[INFO] [stderr]    Compiling flate2 v1.0.21
[INFO] [stderr]    Compiling crossbeam-queue v0.3.2
[INFO] [stderr]    Compiling syn v1.0.75
[INFO] [stderr]    Compiling hashbrown v0.11.2
[INFO] [stderr]    Compiling bracket-pathfinding v0.8.4
[INFO] [stderr]    Compiling tynm v0.1.6
[INFO] [stderr]    Compiling mopa v0.2.2
[INFO] [stderr]    Compiling atom v0.3.6
[INFO] [stderr]    Compiling bracket-random v0.8.2
[INFO] [stderr]    Compiling tuple_utils v0.3.0
[INFO] [stderr]    Compiling wayland-commons v0.28.6
[INFO] [stderr]    Compiling bracket-noise v0.8.2
[INFO] [stderr]    Compiling shrev v1.1.1
[INFO] [stderr]    Compiling calloop v0.6.5
[INFO] [stderr]    Compiling wayland-cursor v0.28.6
[INFO] [stderr]    Compiling wayland-egl v0.28.6
[INFO] [stderr]    Compiling hibitset v0.6.3
[INFO] [stderr]    Compiling shred v0.12.0
[INFO] [stderr]    Compiling specs v0.17.0
[INFO] [stderr]    Compiling specs-derive v0.4.1
[INFO] [stderr]    Compiling smithay-client-toolkit v0.12.3
[INFO] [stderr]    Compiling winit v0.24.0
[INFO] [stderr]    Compiling glutin v0.26.0
[INFO] [stderr]    Compiling bracket-terminal v0.8.5
[INFO] [stderr]    Compiling bracket-lib v0.8.1
[INFO] [stderr]    Compiling rltk v0.8.1
[INFO] [stderr]    Compiling rusting_rl v0.1.0 (/opt/rustwide/workdir)
[INFO] [stdout] error[E0433]: failed to resolve: use of undeclared type `VirtualKeyCode`
[INFO] [stdout]    --> src/gui.rs:227:13
[INFO] [stdout]     |
[INFO] [stdout] 227 |             VirtualKeyCode::Escape => (ItemMenuResult::Cancel, None),
[INFO] [stdout]     |             ^^^^^^^^^^^^^^ use of undeclared type `VirtualKeyCode`
[INFO] [stdout] 
[INFO] [stdout] 
[INFO] [stdout] error[E0425]: cannot find value `item_spawn_points` in this scope
[INFO] [stdout]   --> src/spawner.rs:80:16
[INFO] [stdout]    |
[INFO] [stdout] 80 |     for idx in item_spawn_points.iter() {
[INFO] [stdout]    |                ^^^^^^^^^^^^^^^^^ help: a local variable with a similar name exists: `monster_spawn_points`
[INFO] [stdout] 
[INFO] [stdout] 
[INFO] [stdout] error[E0412]: cannot find type `InBackpack` in this scope
[INFO] [stdout]    --> src/gui.rs:158:42
[INFO] [stdout]     |
[INFO] [stdout] 158 |     let backpack = gs.ecs.read_storage::<InBackpack>();
[INFO] [stdout]     |                                          ^^^^^^^^^^ not found in this scope
[INFO] [stdout]     |
[INFO] [stdout] help: consider importing this struct
[INFO] [stdout]     |
[INFO] [stdout] 1   + use crate::InBackpack;
[INFO] [stdout]     |
[INFO] [stdout] 
[INFO] [stdout] 
[INFO] [stdout] error[E0412]: cannot find type `Item` in this scope
[INFO] [stdout]   --> src/player.rs:99:36
[INFO] [stdout]    |
[INFO] [stdout] 99 |     let items = ecs.read_storage::<Item>();
[INFO] [stdout]    |                                    ^^^^ not found in this scope
[INFO] [stdout]    |
[INFO] [stdout] help: consider importing this struct
[INFO] [stdout]    |
[INFO] [stdout] 1  + use crate::Item;
[INFO] [stdout]    |
[INFO] [stdout] 
[INFO] [stdout] 
[INFO] [stdout] error[E0412]: cannot find type `GameLog` in this scope
[INFO] [stdout]    --> src/player.rs:101:39
[INFO] [stdout]     |
[INFO] [stdout] 101 |     let mut gamelog = ecs.fetch_mut::<GameLog>();
[INFO] [stdout]     |                                       ^^^^^^^ not found in this scope
[INFO] [stdout]     |
[INFO] [stdout] help: consider importing this struct
[INFO] [stdout]     |
[INFO] [stdout] 1   + use crate::GameLog;
[INFO] [stdout]     |
[INFO] [stdout] 
[INFO] [stdout] 
[INFO] [stdout] error[E0412]: cannot find type `WantsToPickupItem` in this scope
[INFO] [stdout]    --> src/player.rs:115:50
[INFO] [stdout]     |
[INFO] [stdout] 115 |             let mut pickup = ecs.write_storage::<WantsToPickupItem>();
[INFO] [stdout]     |                                                  ^^^^^^^^^^^^^^^^^ not found in this scope
[INFO] [stdout]     |
[INFO] [stdout] help: consider importing this struct
[INFO] [stdout]     |
[INFO] [stdout] 1   + use crate::WantsToPickupItem;
[INFO] [stdout]     |
[INFO] [stdout] 
[INFO] [stdout] 
[INFO] [stdout] error[E0422]: cannot find struct, variant or union type `WantsToPickupItem` in this scope
[INFO] [stdout]    --> src/player.rs:119:21
[INFO] [stdout]     |
[INFO] [stdout] 119 |                     WantsToPickupItem {
[INFO] [stdout]     |                     ^^^^^^^^^^^^^^^^^ not found in this scope
[INFO] [stdout]     |
[INFO] [stdout] help: consider importing this struct
[INFO] [stdout]     |
[INFO] [stdout] 1   + use crate::WantsToPickupItem;
[INFO] [stdout]     |
[INFO] [stdout] 
[INFO] [stdout] 
[INFO] [stdout] error[E0422]: cannot find struct, variant or union type `ItemCollectionSystem` in this scope
[INFO] [stdout]   --> src/main.rs:58:26
[INFO] [stdout]    |
[INFO] [stdout] 58 |         let mut pickup = ItemCollectionSystem {};
[INFO] [stdout]    |                          ^^^^^^^^^^^^^^^^^^^^ not found in this scope
[INFO] [stdout]    |
[INFO] [stdout] help: consider importing this struct
[INFO] [stdout]    |
[INFO] [stdout] 1  + use crate::inventory_system::ItemCollectionSystem;
[INFO] [stdout]    |
[INFO] [stdout] 
[INFO] [stdout] 
[INFO] [stdout] warning: unnecessary parentheses around block return value
[INFO] [stdout]  --> src/utils/math_util.rs:2:5
[INFO] [stdout]   |
[INFO] [stdout] 2 |     ((y * width) + x)
[INFO] [stdout]   |     ^               ^
[INFO] [stdout]   |
[INFO] [stdout]   = note: `#[warn(unused_parens)]` on by default
[INFO] [stdout] help: remove these parentheses
[INFO] [stdout]   |
[INFO] [stdout] 2 -     ((y * width) + x)
[INFO] [stdout] 2 +     (y * width) + x
[INFO] [stdout]   |
[INFO] [stdout] 
[INFO] [stdout] 
[INFO] [stdout] warning: unused import: `specs::prelude::*`
[INFO] [stdout]  --> src/spawner.rs:3:5
[INFO] [stdout]   |
[INFO] [stdout] 3 | use specs::prelude::*;
[INFO] [stdout]   |     ^^^^^^^^^^^^^^^^^
[INFO] [stdout]   |
[INFO] [stdout]   = note: `#[warn(unused_imports)]` on by default
[INFO] [stdout] 
[INFO] [stdout] 
[INFO] [stdout] warning: unused imports: `WorldExt`, `World`
[INFO] [stdout]  --> src/rect.rs:2:13
[INFO] [stdout]   |
[INFO] [stdout] 2 | use specs::{World, WorldExt};
[INFO] [stdout]   |             ^^^^^  ^^^^^^^^
[INFO] [stdout] 
[INFO] [stdout] 
[INFO] [stdout] warning: unused import: `rltk::console`
[INFO] [stdout]  --> src/systems/melee_combat_system.rs:2:5
[INFO] [stdout]   |
[INFO] [stdout] 2 | use rltk::console;
[INFO] [stdout]   |     ^^^^^^^^^^^^^
[INFO] [stdout] 
[INFO] [stdout] 
[INFO] [stdout] warning: unused import: `rltk::console`
[INFO] [stdout]  --> src/systems/damage_system.rs:2:5
[INFO] [stdout]   |
[INFO] [stdout] 2 | use rltk::console;
[INFO] [stdout]   |     ^^^^^^^^^^^^^
[INFO] [stdout] 
[INFO] [stdout] 
[INFO] [stdout] error[E0308]: mismatched types
[INFO] [stdout]   --> src/spawner.rs:62:43
[INFO] [stdout]    |
[INFO] [stdout] 62 |                 let (x, y) = room.rng_pos(&rng);
[INFO] [stdout]    |                                   ------- ^^^^ expected `RandomNumberGenerator`, found `&FetchMut<'_, ...>`
[INFO] [stdout]    |                                   |
[INFO] [stdout]    |                                   arguments to this method are incorrect
[INFO] [stdout]    |
[INFO] [stdout]    = note: expected struct `RandomNumberGenerator`
[INFO] [stdout]            found reference `&FetchMut<'_, RandomNumberGenerator>`
[INFO] [stdout] note: method defined here
[INFO] [stdout]   --> src/rect.rs:30:19
[INFO] [stdout]    |
[INFO] [stdout] 30 |     pub(crate) fn rng_pos(&self, rng: RandomNumberGenerator) -> (i32, i32) {
[INFO] [stdout]    |                   ^^^^^^^        --------------------------
[INFO] [stdout] 
[INFO] [stdout] 
[INFO] [stdout] warning: unused import: `Console`
[INFO] [stdout]  --> src/gui.rs:2:12
[INFO] [stdout]   |
[INFO] [stdout] 2 | use rltk::{Console, Rltk, RGB};
[INFO] [stdout]   |            ^^^^^^^
[INFO] [stdout] 
[INFO] [stdout] 
[INFO] [stdout] error: aborting due to 9 previous errors; 6 warnings emitted
[INFO] [stdout] 
[INFO] [stdout] 
[INFO] [stdout] Some errors have detailed explanations: E0308, E0412, E0422, E0425, E0433.
[INFO] [stdout] 
[INFO] [stdout] For more information about an error, try `rustc --explain E0308`.
[INFO] [stdout] 
[INFO] [stderr] error: could not compile `rusting_rl` (bin "rusting_rl") due to 10 previous errors; 6 warnings emitted
[INFO] running `Command { std: "docker" "inspect" "7a52cf92d5af2a1a0a37396ff0eda700fa815af25eb42df9677f65fd856bd7c1", kill_on_drop: false }`
[INFO] running `Command { std: "docker" "rm" "-f" "7a52cf92d5af2a1a0a37396ff0eda700fa815af25eb42df9677f65fd856bd7c1", kill_on_drop: false }`
[INFO] [stdout] 7a52cf92d5af2a1a0a37396ff0eda700fa815af25eb42df9677f65fd856bd7c1
