[INFO] cloning repository https://github.com/SnowflakePowered/snowflake-ingame
[INFO] running `Command { std: "git" "-c" "credential.helper=" "-c" "credential.helper=/workspace/cargo-home/bin/git-credential-null" "clone" "--bare" "https://github.com/SnowflakePowered/snowflake-ingame" "/workspace/cache/git-repos/https%3A%2F%2Fgithub.com%2FSnowflakePowered%2Fsnowflake-ingame", kill_on_drop: false }`
[INFO] [stderr] Cloning into bare repository '/workspace/cache/git-repos/https%3A%2F%2Fgithub.com%2FSnowflakePowered%2Fsnowflake-ingame'...
[INFO] running `Command { std: "git" "rev-parse" "HEAD", kill_on_drop: false }`
[INFO] [stdout] bf5a817db8ad537e2feeaf07e9d57b16f5cec715
[INFO] testing SnowflakePowered/snowflake-ingame against beta-2023-04-20 for beta-1.70-1
[INFO] running `Command { std: "git" "clone" "/workspace/cache/git-repos/https%3A%2F%2Fgithub.com%2FSnowflakePowered%2Fsnowflake-ingame" "/workspace/builds/worker-1-tc2/source", kill_on_drop: false }`
[INFO] [stderr] Cloning into '/workspace/builds/worker-1-tc2/source'...
[INFO] [stderr] done.
[INFO] validating manifest of git repo https://github.com/SnowflakePowered/snowflake-ingame on toolchain beta-2023-04-20
[INFO] running `Command { std: CARGO_HOME="/workspace/cargo-home" RUSTUP_HOME="/workspace/rustup-home" "/workspace/cargo-home/bin/cargo" "+beta-2023-04-20" "metadata" "--manifest-path" "Cargo.toml" "--no-deps", kill_on_drop: false }`
[INFO] started tweaking git repo https://github.com/SnowflakePowered/snowflake-ingame
[INFO] finished tweaking git repo https://github.com/SnowflakePowered/snowflake-ingame
[INFO] tweaked toml for git repo https://github.com/SnowflakePowered/snowflake-ingame written to /workspace/builds/worker-1-tc2/source/Cargo.toml
[INFO] crate git repo https://github.com/SnowflakePowered/snowflake-ingame already has a lockfile, it will not be regenerated
[INFO] running `Command { std: CARGO_HOME="/workspace/cargo-home" RUSTUP_HOME="/workspace/rustup-home" "/workspace/cargo-home/bin/cargo" "+beta-2023-04-20" "fetch" "--manifest-path" "Cargo.toml", kill_on_drop: false }`
[INFO] [stderr] warning: /workspace/builds/worker-1-tc2/source/snowflake-ingame/Cargo.toml: version requirement `0.37.0+1.3.209` for dependency `ash` includes semver metadata which will be ignored, removing the metadata is recommended to avoid confusion
[INFO] [stderr]     Updating crates.io index
[INFO] [stderr]  Downloading crates ...
[INFO] [stderr]   Downloaded chlorine v1.0.10
[INFO] [stderr]   Downloaded konst v0.2.13
[INFO] [stderr]   Downloaded goblin v0.5.1
[INFO] [stderr]   Downloaded slice-pool v0.4.1
[INFO] [stderr]   Downloaded ouroboros_macro v0.14.2
[INFO] [stderr]   Downloaded konst_macro_rules v0.2.13
[INFO] [stderr]   Downloaded path-absolutize v3.0.11
[INFO] [stderr]   Downloaded sysinfo v0.24.7
[INFO] [stderr]   Downloaded cstr v0.2.9
[INFO] [stderr]   Downloaded path-dedot v3.0.14
[INFO] [stderr]   Downloaded stopwatch v0.0.7
[INFO] [stderr]   Downloaded libudis86-sys v0.2.1
[INFO] [stderr]   Downloaded mmap-fixed v0.1.5
[INFO] [stderr]   Downloaded imgui v0.8.2
[INFO] [stderr]   Downloaded detour v0.8.1
[INFO] [stderr]   Downloaded ouroboros v0.14.2
[INFO] [stderr]   Downloaded dll-syringe v0.13.1
[INFO] [stderr]   Downloaded iced-x86 v1.17.0
[INFO] [stderr]   Downloaded imgui-sys v0.8.2
[INFO] running `Command { std: "docker" "create" "-v" "/var/lib/crater-agent-workspace/builds/worker-1-tc2/target:/opt/rustwide/target:rw,Z" "-v" "/var/lib/crater-agent-workspace/builds/worker-1-tc2/source:/opt/rustwide/workdir:ro,Z" "-v" "/var/lib/crater-agent-workspace/cargo-home:/opt/rustwide/cargo-home:ro,Z" "-v" "/var/lib/crater-agent-workspace/rustup-home:/opt/rustwide/rustup-home:ro,Z" "-e" "SOURCE_DIR=/opt/rustwide/workdir" "-e" "CARGO_TARGET_DIR=/opt/rustwide/target" "-e" "CARGO_HOME=/opt/rustwide/cargo-home" "-e" "RUSTUP_HOME=/opt/rustwide/rustup-home" "-w" "/opt/rustwide/workdir" "-m" "1610612736" "--user" "0:0" "--network" "none" "ghcr.io/rust-lang/crates-build-env/linux@sha256:5ff2268d62e97bff2cde7d5815dd6ed5b47097566f13b8d0ca110b04b60e07ed" "/opt/rustwide/cargo-home/bin/cargo" "+beta-2023-04-20" "metadata" "--no-deps" "--format-version=1", kill_on_drop: false }`
[INFO] [stdout] 6c9a61bbb4a600edb0fd2680a239d62c0399fe3a74e79c3017f6235f1503e736
[INFO] running `Command { std: "docker" "start" "-a" "6c9a61bbb4a600edb0fd2680a239d62c0399fe3a74e79c3017f6235f1503e736", kill_on_drop: false }`
[INFO] running `Command { std: "docker" "inspect" "6c9a61bbb4a600edb0fd2680a239d62c0399fe3a74e79c3017f6235f1503e736", kill_on_drop: false }`
[INFO] running `Command { std: "docker" "rm" "-f" "6c9a61bbb4a600edb0fd2680a239d62c0399fe3a74e79c3017f6235f1503e736", kill_on_drop: false }`
[INFO] [stdout] 6c9a61bbb4a600edb0fd2680a239d62c0399fe3a74e79c3017f6235f1503e736
[INFO] running `Command { std: "docker" "create" "-v" "/var/lib/crater-agent-workspace/builds/worker-1-tc2/target:/opt/rustwide/target:rw,Z" "-v" "/var/lib/crater-agent-workspace/builds/worker-1-tc2/source:/opt/rustwide/workdir:ro,Z" "-v" "/var/lib/crater-agent-workspace/cargo-home:/opt/rustwide/cargo-home:ro,Z" "-v" "/var/lib/crater-agent-workspace/rustup-home:/opt/rustwide/rustup-home:ro,Z" "-e" "SOURCE_DIR=/opt/rustwide/workdir" "-e" "CARGO_TARGET_DIR=/opt/rustwide/target" "-e" "CARGO_INCREMENTAL=0" "-e" "RUST_BACKTRACE=full" "-e" "RUSTFLAGS=--cap-lints=warn" "-e" "RUSTDOCFLAGS=--cap-lints=warn" "-e" "CARGO_HOME=/opt/rustwide/cargo-home" "-e" "RUSTUP_HOME=/opt/rustwide/rustup-home" "-w" "/opt/rustwide/workdir" "-m" "1610612736" "--user" "0:0" "--network" "none" "ghcr.io/rust-lang/crates-build-env/linux@sha256:5ff2268d62e97bff2cde7d5815dd6ed5b47097566f13b8d0ca110b04b60e07ed" "/opt/rustwide/cargo-home/bin/cargo" "+beta-2023-04-20" "build" "--frozen" "--message-format=json", kill_on_drop: false }`
[INFO] [stdout] 346ea5f5c52a6aa287a7e08de8ab0ae4d3e2b388379d60b38cae3a36701f1905
[INFO] running `Command { std: "docker" "start" "-a" "346ea5f5c52a6aa287a7e08de8ab0ae4d3e2b388379d60b38cae3a36701f1905", kill_on_drop: false }`
[INFO] [stderr] warning: /opt/rustwide/workdir/snowflake-ingame/Cargo.toml: version requirement `0.37.0+1.3.209` for dependency `ash` includes semver metadata which will be ignored, removing the metadata is recommended to avoid confusion
[INFO] [stderr]    Compiling libc v0.2.117
[INFO] [stderr]    Compiling proc-macro2 v1.0.36
[INFO] [stderr]    Compiling unicode-xid v0.2.2
[INFO] [stderr]    Compiling syn v1.0.86
[INFO] [stderr]    Compiling version_check v0.9.4
[INFO] [stderr]    Compiling log v0.4.14
[INFO] [stderr]    Compiling cc v1.0.72
[INFO] [stderr]    Compiling smallvec v1.8.0
[INFO] [stderr]    Compiling scopeguard v1.1.0
[INFO] [stderr]    Compiling ucd-trie v0.1.3
[INFO] [stderr]    Compiling bitflags v1.3.2
[INFO] [stderr]    Compiling khronos_api v3.1.0
[INFO] [stderr]    Compiling once_cell v1.9.0
[INFO] [stderr]    Compiling num-traits v0.2.14
[INFO] [stderr]    Compiling num-integer v0.1.44
[INFO] [stderr]    Compiling parking_lot_core v0.8.5
[INFO] [stderr]    Compiling lock_api v0.4.6
[INFO] [stderr]    Compiling rustc-serialize v0.3.24
[INFO] [stderr]    Compiling pest v2.1.3
[INFO] [stderr]    Compiling instant v0.1.12
[INFO] [stderr]    Compiling num-iter v0.1.42
[INFO] [stderr]    Compiling parking_lot_core v0.9.1
[INFO] [stderr]    Compiling static_assertions v1.1.0
[INFO] [stderr]    Compiling xml-rs v0.8.4
[INFO] [stderr]    Compiling memoffset v0.6.5
[INFO] [stderr]    Compiling serde v1.0.137
[INFO] [stderr]    Compiling proc-macro-error-attr v1.0.4
[INFO] [stderr]    Compiling proc-macro-error v1.0.4
[INFO] [stderr]    Compiling typenum v1.15.0
[INFO] [stderr]    Compiling chlorine v1.0.10
[INFO] [stderr]    Compiling generic-array v0.14.5
[INFO] [stderr]    Compiling crossbeam-utils v0.8.7
[INFO] [stderr]    Compiling winapi v0.3.9
[INFO] [stderr]    Compiling either v1.6.1
[INFO] [stderr]    Compiling Inflector v0.11.4
[INFO] [stderr]    Compiling quote v1.0.15
[INFO] [stderr]    Compiling semver-parser v0.10.2
[INFO] [stderr]    Compiling gl_generator v0.14.0
[INFO] [stderr]    Compiling memchr v2.4.1
[INFO] [stderr]    Compiling sysinfo v0.24.7
[INFO] [stderr]    Compiling rand v0.4.6
[INFO] [stderr]    Compiling imgui-sys v0.8.2
[INFO] [stderr]    Compiling semver v0.11.0
[INFO] [stderr]    Compiling libudis86-sys v0.2.1
[INFO] [stderr]    Compiling parking_lot v0.11.2
[INFO] [stderr]    Compiling rustc_version v0.3.3
[INFO] [stderr]    Compiling parking_lot v0.12.0
[INFO] [stderr]    Compiling num_cpus v1.13.1
[INFO] [stderr]    Compiling itertools v0.8.2
[INFO] [stderr]    Compiling path-dedot v3.0.14
[INFO] [stderr]    Compiling indexmap v1.8.0
[INFO] [stderr]    Compiling opengl-bindings v0.1.0 (/opt/rustwide/workdir/opengl-bindings)
[INFO] [stderr]    Compiling konst_macro_rules v0.2.13
[INFO] [stderr]    Compiling field-offset v0.3.4
[INFO] [stderr]    Compiling stable_deref_trait v1.2.0
[INFO] [stderr]    Compiling aliasable v0.1.3
[INFO] [stderr]    Compiling num-bigint v0.1.44
[INFO] [stderr]    Compiling num-complex v0.1.43
[INFO] [stderr]    Compiling windows v0.42.0
[INFO] [stderr]    Compiling plain v0.2.3
[INFO] [stderr]    Compiling ash v0.37.0+1.3.209
[INFO] [stderr]    Compiling path-absolutize v3.0.11
[INFO] [stderr]    Compiling konst v0.2.13
[INFO] [stderr]    Compiling cstr v0.2.9
[INFO] [stderr]    Compiling mio v0.8.0
[INFO] [stderr]    Compiling mmap-fixed v0.1.5
[INFO] [stderr]    Compiling region v2.2.0
[INFO] [stderr]    Compiling socket2 v0.4.4
[INFO] [stderr]    Compiling signal-hook-registry v1.4.0
[INFO] [stderr]    Compiling iced-x86 v1.17.0
[INFO] [stderr]    Compiling libloading v0.7.3
[INFO] [stderr]    Compiling num-rational v0.1.42
[INFO] [stderr]    Compiling slice-pool v0.4.1
[INFO] [stderr]    Compiling pin-project-lite v0.2.8
[INFO] [stderr]    Compiling widestring v1.0.2
[INFO] [stderr]    Compiling num v0.1.42
[INFO] [stderr]    Compiling same-file v1.0.6
[INFO] [stderr]    Compiling stopwatch v0.0.7
[INFO] [stderr]    Compiling bytes v1.1.0
[INFO] [stderr]    Compiling hashbrown v0.11.2
[INFO] [stderr]    Compiling detour v0.8.1
[INFO] [stderr]    Compiling crossbeam-channel v0.5.2
[INFO] [stderr]    Compiling dashmap v5.2.0
[INFO] [stderr]    Compiling uuid v0.8.2
[INFO] [stderr] error: could not compile `windows` (lib)
[INFO] [stderr] 
[INFO] [stderr] Caused by:
[INFO] [stderr]   process didn't exit successfully: `rustc --crate-name windows --edition=2018 /opt/rustwide/cargo-home/registry/src/index.crates.io-6f17d22bba15001f/windows-0.42.0/src/lib.rs --error-format=json --json=diagnostic-rendered-ansi,artifacts,future-incompat --crate-type lib --emit=dep-info,metadata,link -C embed-bitcode=no --cfg 'feature="Foundation"' --cfg 'feature="Win32"' --cfg 'feature="Win32_Foundation"' --cfg 'feature="Win32_Graphics"' --cfg 'feature="Win32_Graphics_Direct3D"' --cfg 'feature="Win32_Graphics_Direct3D11"' --cfg 'feature="Win32_Graphics_Direct3D12"' --cfg 'feature="Win32_Graphics_Direct3D_Fxc"' --cfg 'feature="Win32_Graphics_Dxgi"' --cfg 'feature="Win32_Graphics_Dxgi_Common"' --cfg 'feature="Win32_Graphics_Gdi"' --cfg 'feature="Win32_Graphics_Hlsl"' --cfg 'feature="Win32_Graphics_OpenGL"' --cfg 'feature="Win32_System"' --cfg 'feature="Win32_System_Com"' --cfg 'feature="Win32_System_Console"' --cfg 'feature="Win32_System_Diagnostics"' --cfg 'feature="Win32_System_Diagnostics_Debug"' --cfg 'feature="Win32_System_Diagnostics_ToolHelp"' --cfg 'feature="Win32_System_LibraryLoader"' --cfg 'feature="Win32_System_Memory"' --cfg 'feature="Win32_System_ProcessStatus"' --cfg 'feature="Win32_System_SystemServices"' --cfg 'feature="Win32_System_Threading"' --cfg 'feature="Win32_UI"' --cfg 'feature="Win32_UI_HiDpi"' --cfg 'feature="Win32_UI_Input"' --cfg 'feature="Win32_UI_Input_KeyboardAndMouse"' --cfg 'feature="Win32_UI_Shell"' --cfg 'feature="Win32_UI_WindowsAndMessaging"' --cfg 'feature="default"' -C metadata=479b91434a07f529 -C extra-filename=-479b91434a07f529 --out-dir /opt/rustwide/target/debug/deps -L dependency=/opt/rustwide/target/debug/deps --cap-lints allow --cap-lints=warn` (signal: 9, SIGKILL: kill)
[INFO] [stderr] warning: build failed, waiting for other jobs to finish...
[INFO] [stdout] error[E0554]: `#![feature]` may not be used on the beta release channel
[INFO] [stdout]  --> /opt/rustwide/cargo-home/registry/src/index.crates.io-6f17d22bba15001f/detour-0.8.1/src/lib.rs:4:3
[INFO] [stdout]   |
[INFO] [stdout] 4 |   feature(const_fn_trait_bound, unboxed_closures, abi_thiscall)
[INFO] [stdout]   |   ^^^^^^^^^^^^^^^^^^^^^^^^^^^^^^^^^^^^^^^^^^^^^^^^^^^^^^^^^^^^^
[INFO] [stdout]   |
[INFO] [stdout]   = help: the feature `const_fn_trait_bound` has been stable since `1.61.0` and no longer requires an attribute to enable
[INFO] [stdout] 
[INFO] [stdout] 
[INFO] [stdout] error[E0059]: type parameter to bare `Fn` trait must be a tuple
[INFO] [stdout]    --> /opt/rustwide/cargo-home/registry/src/index.crates.io-6f17d22bba15001f/detour-0.8.1/src/detours/statik.rs:106:8
[INFO] [stdout]     |
[INFO] [stdout] 106 |     D: Fn<T::Arguments, Output = T::Output> + Send + 'static,
[INFO] [stdout]     |        ^^^^^^^^^^^^^^^^^^^^^^^^^^^^^^^^^^^^ the trait `Tuple` is not implemented for `<T as Function>::Arguments`
[INFO] [stdout]     |
[INFO] [stdout] note: required by a bound in `Fn`
[INFO] [stdout]    --> /rustc/1b7dd2252b99671ce5d1cb9664c5f8636329436d/library/core/src/ops/function.rs:76:1
[INFO] [stdout] help: consider further restricting the associated type
[INFO] [stdout]     |
[INFO] [stdout] 106 |     D: Fn<T::Arguments, Output = T::Output> + Send + 'static, <T as Function>::Arguments: Tuple
[INFO] [stdout]     |                                                             ~~~~~~~~~~~~~~~~~~~~~~~~~~~~~~~~~~~
[INFO] [stdout] 
[INFO] [stdout] 
[INFO] [stdout] error[E0059]: type parameter to bare `Fn` trait must be a tuple
[INFO] [stdout]    --> /opt/rustwide/cargo-home/registry/src/index.crates.io-6f17d22bba15001f/detour-0.8.1/src/detours/statik.rs:157:8
[INFO] [stdout]     |
[INFO] [stdout] 157 |     C: Fn<T::Arguments, Output = T::Output> + Send + 'static,
[INFO] [stdout]     |        ^^^^^^^^^^^^^^^^^^^^^^^^^^^^^^^^^^^^ the trait `Tuple` is not implemented for `<T as Function>::Arguments`
[INFO] [stdout]     |
[INFO] [stdout] note: required by a bound in `Fn`
[INFO] [stdout]    --> /rustc/1b7dd2252b99671ce5d1cb9664c5f8636329436d/library/core/src/ops/function.rs:76:1
[INFO] [stdout] help: consider further restricting the associated type
[INFO] [stdout]     |
[INFO] [stdout] 157 |     C: Fn<T::Arguments, Output = T::Output> + Send + 'static, <T as Function>::Arguments: Tuple
[INFO] [stdout]     |                                                             ~~~~~~~~~~~~~~~~~~~~~~~~~~~~~~~~~~~
[INFO] [stdout] 
[INFO] [stdout] 
[INFO] [stdout] error: aborting due to 3 previous errors
[INFO] [stdout] 
[INFO] [stdout] 
[INFO] [stdout] Some errors have detailed explanations: E0059, E0554.
[INFO] [stdout] 
[INFO] [stdout] For more information about an error, try `rustc --explain E0059`.
[INFO] [stdout] 
[INFO] [stderr] error: could not compile `detour` (lib) due to 4 previous errors
[INFO] running `Command { std: "docker" "inspect" "346ea5f5c52a6aa287a7e08de8ab0ae4d3e2b388379d60b38cae3a36701f1905", kill_on_drop: false }`
[INFO] running `Command { std: "docker" "rm" "-f" "346ea5f5c52a6aa287a7e08de8ab0ae4d3e2b388379d60b38cae3a36701f1905", kill_on_drop: false }`
[INFO] [stdout] 346ea5f5c52a6aa287a7e08de8ab0ae4d3e2b388379d60b38cae3a36701f1905
