[INFO] cloning repository https://github.com/SmartITengineer/unidao-sVerse
[INFO] running `Command { std: "git" "-c" "credential.helper=" "-c" "credential.helper=/workspace/cargo-home/bin/git-credential-null" "clone" "--bare" "https://github.com/SmartITengineer/unidao-sVerse" "/workspace/cache/git-repos/https%3A%2F%2Fgithub.com%2FSmartITengineer%2Funidao-sVerse", kill_on_drop: false }`
[INFO] [stderr] Cloning into bare repository '/workspace/cache/git-repos/https%3A%2F%2Fgithub.com%2FSmartITengineer%2Funidao-sVerse'...
[INFO] running `Command { std: "git" "rev-parse" "HEAD", kill_on_drop: false }`
[INFO] [stdout] e543090d80da6f51f9f18c3edcaecba1eaf97804
[INFO] testing SmartITengineer/unidao-sVerse against 1.69.0 for beta-1.70-1
[INFO] running `Command { std: "git" "clone" "/workspace/cache/git-repos/https%3A%2F%2Fgithub.com%2FSmartITengineer%2Funidao-sVerse" "/workspace/builds/worker-3-tc1/source", kill_on_drop: false }`
[INFO] [stderr] Cloning into '/workspace/builds/worker-3-tc1/source'...
[INFO] [stderr] done.
[INFO] validating manifest of git repo https://github.com/SmartITengineer/unidao-sVerse on toolchain 1.69.0
[INFO] running `Command { std: CARGO_HOME="/workspace/cargo-home" RUSTUP_HOME="/workspace/rustup-home" "/workspace/cargo-home/bin/cargo" "+1.69.0" "metadata" "--manifest-path" "Cargo.toml" "--no-deps", kill_on_drop: false }`
[INFO] started tweaking git repo https://github.com/SmartITengineer/unidao-sVerse
[INFO] finished tweaking git repo https://github.com/SmartITengineer/unidao-sVerse
[INFO] tweaked toml for git repo https://github.com/SmartITengineer/unidao-sVerse written to /workspace/builds/worker-3-tc1/source/Cargo.toml
[INFO] crate git repo https://github.com/SmartITengineer/unidao-sVerse already has a lockfile, it will not be regenerated
[INFO] running `Command { std: CARGO_HOME="/workspace/cargo-home" RUSTUP_HOME="/workspace/rustup-home" "/workspace/cargo-home/bin/cargo" "+1.69.0" "fetch" "--manifest-path" "Cargo.toml", kill_on_drop: false }`
[INFO] [stderr]     Updating crates.io index
[INFO] [stderr]  Downloading crates ...
[INFO] [stderr]   Downloaded wasmer-engine v2.0.0
[INFO] [stderr]   Downloaded wasmer-engine-dylib v2.0.0
[INFO] [stderr]   Downloaded wasmer-vm v2.0.0
[INFO] [stderr]   Downloaded wasmer-compiler-cranelift v2.0.0
[INFO] [stderr]   Downloaded target-lexicon v0.12.2
[INFO] [stderr]   Downloaded parity-wasm v0.42.1
[INFO] [stderr]   Downloaded der v0.4.4
[INFO] [stderr]   Downloaded cosmwasm-storage v1.0.0-beta
[INFO] [stderr]   Downloaded cosmwasm-crypto v1.0.0-beta
[INFO] [stderr]   Downloaded crypto-bigint v0.2.10
[INFO] [stderr]   Downloaded schemars_derive v0.8.6
[INFO] [stderr]   Downloaded schemars v0.8.6
[INFO] [stderr]   Downloaded wasmer-engine-universal v2.0.0
[INFO] [stderr]   Downloaded wasmer-derive v2.0.0
[INFO] [stderr]   Downloaded wasmer-object v2.0.0
[INFO] [stderr]   Downloaded wasmer-middlewares v2.0.0
[INFO] [stderr]   Downloaded wasmer-compiler v2.0.0
[INFO] [stderr]   Downloaded wasmer v2.0.0
[INFO] [stderr]   Downloaded rkyv_derive v0.6.7
[INFO] [stderr]   Downloaded wasmer-types v2.0.0
[INFO] [stderr]   Downloaded cosmwasm-std v1.0.0-beta
[INFO] [stderr]   Downloaded wasmer-compiler-singlepass v2.0.0
[INFO] [stderr]   Downloaded cosmwasm-schema v1.0.0-beta
[INFO] [stderr]   Downloaded object v0.25.3
[INFO] [stderr]   Downloaded cosmwasm-vm v1.0.0-beta
[INFO] [stderr]   Downloaded rkyv v0.6.7
[INFO] [stderr]   Downloaded const-oid v0.6.1
[INFO] [stderr]   Downloaded cosmwasm-derive v1.0.0-beta
[INFO] [stderr]   Downloaded serde-json-wasm v0.3.1
[INFO] running `Command { std: "docker" "create" "-v" "/var/lib/crater-agent-workspace/builds/worker-3-tc1/target:/opt/rustwide/target:rw,Z" "-v" "/var/lib/crater-agent-workspace/builds/worker-3-tc1/source:/opt/rustwide/workdir:ro,Z" "-v" "/var/lib/crater-agent-workspace/cargo-home:/opt/rustwide/cargo-home:ro,Z" "-v" "/var/lib/crater-agent-workspace/rustup-home:/opt/rustwide/rustup-home:ro,Z" "-e" "SOURCE_DIR=/opt/rustwide/workdir" "-e" "CARGO_TARGET_DIR=/opt/rustwide/target" "-e" "CARGO_HOME=/opt/rustwide/cargo-home" "-e" "RUSTUP_HOME=/opt/rustwide/rustup-home" "-w" "/opt/rustwide/workdir" "-m" "1610612736" "--user" "0:0" "--network" "none" "ghcr.io/rust-lang/crates-build-env/linux@sha256:5ff2268d62e97bff2cde7d5815dd6ed5b47097566f13b8d0ca110b04b60e07ed" "/opt/rustwide/cargo-home/bin/cargo" "+1.69.0" "metadata" "--no-deps" "--format-version=1", kill_on_drop: false }`
[INFO] [stdout] 431b6f3452f4f81b17c64f4a82ec5f2c0616469f47cd30255a1f54ddf6babbf7
[INFO] running `Command { std: "docker" "start" "-a" "431b6f3452f4f81b17c64f4a82ec5f2c0616469f47cd30255a1f54ddf6babbf7", kill_on_drop: false }`
[INFO] running `Command { std: "docker" "inspect" "431b6f3452f4f81b17c64f4a82ec5f2c0616469f47cd30255a1f54ddf6babbf7", kill_on_drop: false }`
[INFO] running `Command { std: "docker" "rm" "-f" "431b6f3452f4f81b17c64f4a82ec5f2c0616469f47cd30255a1f54ddf6babbf7", kill_on_drop: false }`
[INFO] [stdout] 431b6f3452f4f81b17c64f4a82ec5f2c0616469f47cd30255a1f54ddf6babbf7
[INFO] running `Command { std: "docker" "create" "-v" "/var/lib/crater-agent-workspace/builds/worker-3-tc1/target:/opt/rustwide/target:rw,Z" "-v" "/var/lib/crater-agent-workspace/builds/worker-3-tc1/source:/opt/rustwide/workdir:ro,Z" "-v" "/var/lib/crater-agent-workspace/cargo-home:/opt/rustwide/cargo-home:ro,Z" "-v" "/var/lib/crater-agent-workspace/rustup-home:/opt/rustwide/rustup-home:ro,Z" "-e" "SOURCE_DIR=/opt/rustwide/workdir" "-e" "CARGO_TARGET_DIR=/opt/rustwide/target" "-e" "CARGO_INCREMENTAL=0" "-e" "RUST_BACKTRACE=full" "-e" "RUSTFLAGS=--cap-lints=warn" "-e" "RUSTDOCFLAGS=--cap-lints=warn" "-e" "CARGO_HOME=/opt/rustwide/cargo-home" "-e" "RUSTUP_HOME=/opt/rustwide/rustup-home" "-w" "/opt/rustwide/workdir" "-m" "1610612736" "--user" "0:0" "--network" "none" "ghcr.io/rust-lang/crates-build-env/linux@sha256:5ff2268d62e97bff2cde7d5815dd6ed5b47097566f13b8d0ca110b04b60e07ed" "/opt/rustwide/cargo-home/bin/cargo" "+1.69.0" "build" "--frozen" "--message-format=json", kill_on_drop: false }`
[INFO] [stdout] 7956d7314492160c7f17d79f669f609430026fb365813513f09029e4f9e8f9aa
[INFO] running `Command { std: "docker" "start" "-a" "7956d7314492160c7f17d79f669f609430026fb365813513f09029e4f9e8f9aa", kill_on_drop: false }`
[INFO] [stderr]     Blocking waiting for file lock on package cache
[INFO] [stderr]    Compiling proc-macro2 v1.0.29
[INFO] [stderr]    Compiling version_check v0.9.2
[INFO] [stderr]    Compiling libc v0.2.82
[INFO] [stderr]    Compiling unicode-xid v0.2.1
[INFO] [stderr]    Compiling typenum v1.12.0
[INFO] [stderr]    Compiling syn v1.0.80
[INFO] [stderr]    Compiling cfg-if v1.0.0
[INFO] [stderr]    Compiling subtle v2.4.0
[INFO] [stderr]    Compiling getrandom v0.2.2
[INFO] [stderr]    Compiling serde_derive v1.0.125
[INFO] [stderr]    Compiling serde v1.0.125
[INFO] [stderr]    Compiling zeroize v1.3.0
[INFO] [stderr]    Compiling const-oid v0.6.1
[INFO] [stderr]    Compiling getrandom v0.1.16
[INFO] [stderr]    Compiling byteorder v1.4.2
[INFO] [stderr]    Compiling cpuid-bool v0.1.2
[INFO] [stderr]    Compiling ryu v1.0.5
[INFO] [stderr]    Compiling opaque-debug v0.3.0
[INFO] [stderr]    Compiling crunchy v0.2.2
[INFO] [stderr]    Compiling der v0.4.4
[INFO] [stderr]    Compiling hex v0.4.2
[INFO] [stderr]    Compiling serde_json v1.0.61
[INFO] [stderr]    Compiling schemars v0.8.6
[INFO] [stderr]    Compiling itoa v0.4.7
[INFO] [stderr]    Compiling static_assertions v1.1.0
[INFO] [stderr]    Compiling dyn-clone v1.0.4
[INFO] [stderr]    Compiling generic-array v0.14.4
[INFO] [stderr]    Compiling base64 v0.13.0
[INFO] [stderr]    Compiling uint v0.9.1
[INFO] [stderr]    Compiling spki v0.4.1
[INFO] [stderr]    Compiling pkcs8 v0.7.6
[INFO] [stderr]    Compiling quote v1.0.8
[INFO] [stderr]    Compiling rand_core v0.6.1
[INFO] [stderr]    Compiling rand_core v0.5.1
[INFO] [stderr]    Compiling ff v0.10.1
[INFO] [stderr]    Compiling group v0.10.0
[INFO] [stderr]    Compiling digest v0.9.0
[INFO] [stderr]    Compiling crypto-bigint v0.2.10
[INFO] [stderr]    Compiling block-buffer v0.9.0
[INFO] [stderr]    Compiling crypto-mac v0.11.1
[INFO] [stderr]    Compiling sha2 v0.9.2
[INFO] [stderr]    Compiling signature v1.3.1
[INFO] [stderr]    Compiling curve25519-dalek v3.1.0
[INFO] [stderr]    Compiling hmac v0.11.0
[INFO] [stderr]    Compiling elliptic-curve v0.10.6
[INFO] [stderr]    Compiling ecdsa v0.12.4
[INFO] [stderr]    Compiling k256 v0.9.6
[INFO] [stderr]    Compiling serde_derive_internals v0.25.0
[INFO] [stderr]    Compiling thiserror-impl v1.0.23
[INFO] [stderr]    Compiling schemars_derive v0.8.6
[INFO] [stderr]    Compiling cosmwasm-derive v1.0.0-beta
[INFO] [stderr]    Compiling thiserror v1.0.23
[INFO] [stderr]    Compiling ed25519-zebra v2.2.0
[INFO] [stderr]    Compiling serde-json-wasm v0.3.1
[INFO] [stderr]    Compiling bincode2 v2.0.1
[INFO] [stderr]    Compiling cosmwasm-crypto v1.0.0-beta
[INFO] [stderr]    Compiling cosmwasm-std v1.0.0-beta
[INFO] [stderr]    Compiling cosmwasm-storage v1.0.0-beta
[INFO] [stderr]    Compiling sVerse v0.1.0 (/opt/rustwide/workdir)
[INFO] [stdout] error[E0432]: unresolved import `cosmwasm_std::ReadonlyStorage`
[INFO] [stdout]  --> src/state.rs:4:26
[INFO] [stdout]   |
[INFO] [stdout] 4 | use cosmwasm_std::{Addr, ReadonlyStorage, StdError, StdResult, Storage};
[INFO] [stdout]   |                          ^^^^^^^^^^^^^^^
[INFO] [stdout]   |                          |
[INFO] [stdout]   |                          no `ReadonlyStorage` in the root
[INFO] [stdout]   |                          help: a similar name exists in the module: `MemoryStorage`
[INFO] [stdout] 
[INFO] [stdout] 
[INFO] [stdout] error[E0432]: unresolved import `crate::viewing_key`
[INFO] [stdout]   --> src/state.rs:11:12
[INFO] [stdout]    |
[INFO] [stdout] 11 | use crate::viewing_key::ViewingKey;
[INFO] [stdout]    |            ^^^^^^^^^^^ could not find `viewing_key` in the crate root
[INFO] [stdout] 
[INFO] [stdout] 
[INFO] [stdout] error[E0432]: unresolved imports `crate::msg::status_level_to_u8`, `crate::msg::u8_to_status_level`, `crate::msg::ContractStatusLevel`
[INFO] [stdout]   --> src/state.rs:10:18
[INFO] [stdout]    |
[INFO] [stdout] 10 | use crate::msg::{status_level_to_u8, u8_to_status_level, ContractStatusLevel};
[INFO] [stdout]    |                  ^^^^^^^^^^^^^^^^^^  ^^^^^^^^^^^^^^^^^^  ^^^^^^^^^^^^^^^^^^^ no `ContractStatusLevel` in `msg`
[INFO] [stdout]    |                  |                   |
[INFO] [stdout]    |                  |                   no `u8_to_status_level` in `msg`
[INFO] [stdout]    |                  no `status_level_to_u8` in `msg`
[INFO] [stdout] 
[INFO] [stdout] 
[INFO] [stdout] error[E0432]: unresolved import `primitive_types`
[INFO] [stdout]   --> src/state.rs:14:5
[INFO] [stdout]    |
[INFO] [stdout] 14 | use primitive_types::U256;
[INFO] [stdout]    |     ^^^^^^^^^^^^^^^ use of undeclared crate or module `primitive_types`
[INFO] [stdout] 
[INFO] [stdout] 
[INFO] [stdout] error: aborting due to 4 previous errors
[INFO] [stdout] 
[INFO] [stdout] 
[INFO] [stdout] For more information about this error, try `rustc --explain E0432`.
[INFO] [stdout] 
[INFO] [stderr] error: could not compile `sVerse` due to 5 previous errors
[INFO] running `Command { std: "docker" "inspect" "7956d7314492160c7f17d79f669f609430026fb365813513f09029e4f9e8f9aa", kill_on_drop: false }`
[INFO] running `Command { std: "docker" "rm" "-f" "7956d7314492160c7f17d79f669f609430026fb365813513f09029e4f9e8f9aa", kill_on_drop: false }`
[INFO] [stdout] 7956d7314492160c7f17d79f669f609430026fb365813513f09029e4f9e8f9aa
