[INFO] cloning repository https://github.com/Skylout/RTCS_Kursovaya
[INFO] running `Command { std: "git" "-c" "credential.helper=" "-c" "credential.helper=/workspace/cargo-home/bin/git-credential-null" "clone" "--bare" "https://github.com/Skylout/RTCS_Kursovaya" "/workspace/cache/git-repos/https%3A%2F%2Fgithub.com%2FSkylout%2FRTCS_Kursovaya", kill_on_drop: false }`
[INFO] [stderr] Cloning into bare repository '/workspace/cache/git-repos/https%3A%2F%2Fgithub.com%2FSkylout%2FRTCS_Kursovaya'...
[INFO] [stderr] fatal: write error: No space left on device
[INFO] [stderr] fatal: index-pack failed
[WARN] Retrying crate fetch in 3 seconds (attempt 1)
[INFO] cloning repository https://github.com/Skylout/RTCS_Kursovaya
[INFO] running `Command { std: "git" "-c" "credential.helper=" "-c" "credential.helper=/workspace/cargo-home/bin/git-credential-null" "clone" "--bare" "https://github.com/Skylout/RTCS_Kursovaya" "/workspace/cache/git-repos/https%3A%2F%2Fgithub.com%2FSkylout%2FRTCS_Kursovaya", kill_on_drop: false }`
[INFO] [stderr] Cloning into bare repository '/workspace/cache/git-repos/https%3A%2F%2Fgithub.com%2FSkylout%2FRTCS_Kursovaya'...
[INFO] [stderr] fatal: write error: No space left on device
[INFO] [stderr] fatal: index-pack failed
[WARN] Retrying crate fetch in 3 seconds (attempt 2)
[INFO] cloning repository https://github.com/Skylout/RTCS_Kursovaya
[INFO] running `Command { std: "git" "-c" "credential.helper=" "-c" "credential.helper=/workspace/cargo-home/bin/git-credential-null" "clone" "--bare" "https://github.com/Skylout/RTCS_Kursovaya" "/workspace/cache/git-repos/https%3A%2F%2Fgithub.com%2FSkylout%2FRTCS_Kursovaya", kill_on_drop: false }`
[INFO] [stderr] Cloning into bare repository '/workspace/cache/git-repos/https%3A%2F%2Fgithub.com%2FSkylout%2FRTCS_Kursovaya'...
[INFO] [stderr] fatal: write error: No space left on device
[INFO] [stderr] fatal: index-pack failed
[WARN] Retrying crate fetch in 3 seconds (attempt 3)
[INFO] cloning repository https://github.com/Skylout/RTCS_Kursovaya
[INFO] running `Command { std: "git" "-c" "credential.helper=" "-c" "credential.helper=/workspace/cargo-home/bin/git-credential-null" "clone" "--bare" "https://github.com/Skylout/RTCS_Kursovaya" "/workspace/cache/git-repos/https%3A%2F%2Fgithub.com%2FSkylout%2FRTCS_Kursovaya", kill_on_drop: false }`
[INFO] [stderr] Cloning into bare repository '/workspace/cache/git-repos/https%3A%2F%2Fgithub.com%2FSkylout%2FRTCS_Kursovaya'...
[INFO] running `Command { std: "git" "rev-parse" "HEAD", kill_on_drop: false }`
[INFO] [stdout] 72f02b45ab03542b8446b3020cd12ef6fbbee54e
[INFO] testing Skylout/RTCS_Kursovaya against 1.69.0 for beta-1.70-1
[INFO] running `Command { std: "git" "clone" "/workspace/cache/git-repos/https%3A%2F%2Fgithub.com%2FSkylout%2FRTCS_Kursovaya" "/workspace/builds/worker-7-tc1/source", kill_on_drop: false }`
[INFO] [stderr] Cloning into '/workspace/builds/worker-7-tc1/source'...
[INFO] [stderr] done.
[INFO] [stderr] Updating files:  53% (834/1561)
Updating files:  54% (843/1561)
Updating files:  55% (859/1561)
Updating files:  56% (875/1561)
Updating files:  57% (890/1561)
Updating files:  58% (906/1561)
Updating files:  59% (921/1561)
Updating files:  60% (937/1561)
Updating files:  61% (953/1561)
Updating files:  62% (968/1561)
Updating files:  63% (984/1561)
Updating files:  64% (1000/1561)
Updating files:  65% (1015/1561)
Updating files:  66% (1031/1561)
Updating files:  67% (1046/1561)
Updating files:  68% (1062/1561)
Updating files:  69% (1078/1561)
Updating files:  70% (1093/1561)
Updating files:  71% (1109/1561)
Updating files:  72% (1124/1561)
Updating files:  73% (1140/1561)
Updating files:  74% (1156/1561)
Updating files:  75% (1171/1561)
Updating files:  76% (1187/1561)
Updating files:  77% (1202/1561)
Updating files:  78% (1218/1561)
Updating files:  79% (1234/1561)
Updating files:  80% (1249/1561)
Updating files:  81% (1265/1561)
Updating files:  82% (1281/1561)
Updating files:  83% (1296/1561)
Updating files:  84% (1312/1561)
Updating files:  85% (1327/1561)
Updating files:  86% (1343/1561)
Updating files:  87% (1359/1561)
Updating files:  88% (1374/1561)
Updating files:  89% (1390/1561)
Updating files:  90% (1405/1561)
Updating files:  91% (1421/1561)
Updating files:  92% (1437/1561)
Updating files:  92% (1444/1561)
Updating files:  93% (1452/1561)
Updating files:  94% (1468/1561)
Updating files:  94% (1473/1561)
Updating files:  95% (1483/1561)
Updating files:  96% (1499/1561)
Updating files:  97% (1515/1561)
Updating files:  98% (1530/1561)
Updating files:  99% (1546/1561)
Updating files: 100% (1561/1561)
Updating files: 100% (1561/1561), done.
[INFO] validating manifest of git repo https://github.com/Skylout/RTCS_Kursovaya on toolchain 1.69.0
[INFO] running `Command { std: CARGO_HOME="/workspace/cargo-home" RUSTUP_HOME="/workspace/rustup-home" "/workspace/cargo-home/bin/cargo" "+1.69.0" "metadata" "--manifest-path" "Cargo.toml" "--no-deps", kill_on_drop: false }`
[INFO] started tweaking git repo https://github.com/Skylout/RTCS_Kursovaya
[INFO] finished tweaking git repo https://github.com/Skylout/RTCS_Kursovaya
[INFO] tweaked toml for git repo https://github.com/Skylout/RTCS_Kursovaya written to /workspace/builds/worker-7-tc1/source/Cargo.toml
[INFO] crate git repo https://github.com/Skylout/RTCS_Kursovaya already has a lockfile, it will not be regenerated
[INFO] running `Command { std: CARGO_HOME="/workspace/cargo-home" RUSTUP_HOME="/workspace/rustup-home" "/workspace/cargo-home/bin/cargo" "+1.69.0" "fetch" "--manifest-path" "Cargo.toml", kill_on_drop: false }`
[INFO] [stderr]  Downloading crates ...
[INFO] [stderr]   Downloaded openssl v0.10.39
[INFO] running `Command { std: "docker" "create" "-v" "/var/lib/crater-agent-workspace/builds/worker-7-tc1/target:/opt/rustwide/target:rw,Z" "-v" "/var/lib/crater-agent-workspace/builds/worker-7-tc1/source:/opt/rustwide/workdir:ro,Z" "-v" "/var/lib/crater-agent-workspace/cargo-home:/opt/rustwide/cargo-home:ro,Z" "-v" "/var/lib/crater-agent-workspace/rustup-home:/opt/rustwide/rustup-home:ro,Z" "-e" "SOURCE_DIR=/opt/rustwide/workdir" "-e" "CARGO_TARGET_DIR=/opt/rustwide/target" "-e" "CARGO_HOME=/opt/rustwide/cargo-home" "-e" "RUSTUP_HOME=/opt/rustwide/rustup-home" "-w" "/opt/rustwide/workdir" "-m" "1610612736" "--user" "0:0" "--network" "none" "ghcr.io/rust-lang/crates-build-env/linux@sha256:97d61d7686bf65f8ecb15491ab51835e82dc9176a96a831f143a431b191fc501" "/opt/rustwide/cargo-home/bin/cargo" "+1.69.0" "metadata" "--no-deps" "--format-version=1", kill_on_drop: false }`
[INFO] [stdout] 4e6d0b3a9effed55b9d7a126dd4ea628579e0032c86cfe3ab709c43b6154bb20
[INFO] running `Command { std: "docker" "start" "-a" "4e6d0b3a9effed55b9d7a126dd4ea628579e0032c86cfe3ab709c43b6154bb20", kill_on_drop: false }`
[INFO] running `Command { std: "docker" "inspect" "4e6d0b3a9effed55b9d7a126dd4ea628579e0032c86cfe3ab709c43b6154bb20", kill_on_drop: false }`
[INFO] running `Command { std: "docker" "rm" "-f" "4e6d0b3a9effed55b9d7a126dd4ea628579e0032c86cfe3ab709c43b6154bb20", kill_on_drop: false }`
[INFO] [stdout] 4e6d0b3a9effed55b9d7a126dd4ea628579e0032c86cfe3ab709c43b6154bb20
[INFO] running `Command { std: "docker" "create" "-v" "/var/lib/crater-agent-workspace/builds/worker-7-tc1/target:/opt/rustwide/target:rw,Z" "-v" "/var/lib/crater-agent-workspace/builds/worker-7-tc1/source:/opt/rustwide/workdir:ro,Z" "-v" "/var/lib/crater-agent-workspace/cargo-home:/opt/rustwide/cargo-home:ro,Z" "-v" "/var/lib/crater-agent-workspace/rustup-home:/opt/rustwide/rustup-home:ro,Z" "-e" "SOURCE_DIR=/opt/rustwide/workdir" "-e" "CARGO_TARGET_DIR=/opt/rustwide/target" "-e" "CARGO_INCREMENTAL=0" "-e" "RUST_BACKTRACE=full" "-e" "RUSTFLAGS=--cap-lints=warn" "-e" "RUSTDOCFLAGS=--cap-lints=warn" "-e" "CARGO_HOME=/opt/rustwide/cargo-home" "-e" "RUSTUP_HOME=/opt/rustwide/rustup-home" "-w" "/opt/rustwide/workdir" "-m" "1610612736" "--user" "0:0" "--network" "none" "ghcr.io/rust-lang/crates-build-env/linux@sha256:97d61d7686bf65f8ecb15491ab51835e82dc9176a96a831f143a431b191fc501" "/opt/rustwide/cargo-home/bin/cargo" "+1.69.0" "build" "--frozen" "--message-format=json", kill_on_drop: false }`
[INFO] [stdout] 289ce5200a8696694eeaf13f0b6f5437548ffe171a4cad2158cc2a941daeb7c1
[INFO] running `Command { std: "docker" "start" "-a" "289ce5200a8696694eeaf13f0b6f5437548ffe171a4cad2158cc2a941daeb7c1", kill_on_drop: false }`
[INFO] [stderr]    Compiling libc v0.2.125
[INFO] [stderr]    Compiling proc-macro2 v1.0.37
[INFO] [stderr]    Compiling unicode-xid v0.2.3
[INFO] [stderr]    Compiling syn v1.0.92
[INFO] [stderr]    Compiling log v0.4.17
[INFO] [stderr]    Compiling memchr v2.5.0
[INFO] [stderr]    Compiling pin-project-lite v0.2.9
[INFO] [stderr]    Compiling cc v1.0.73
[INFO] [stderr]    Compiling pkg-config v0.3.25
[INFO] [stderr]    Compiling bytes v1.1.0
[INFO] [stderr]    Compiling itoa v1.0.1
[INFO] [stderr]    Compiling futures-task v0.3.21
[INFO] [stderr]    Compiling tracing-core v0.1.26
[INFO] [stderr]    Compiling indexmap v1.8.1
[INFO] [stderr]    Compiling serde_derive v1.0.137
[INFO] [stderr]    Compiling futures-util v0.3.21
[INFO] [stderr]    Compiling fnv v1.0.7
[INFO] [stderr]    Compiling openssl v0.10.39
[INFO] [stderr]    Compiling foreign-types-shared v0.1.1
[INFO] [stderr]    Compiling futures-io v0.3.21
[INFO] [stderr]    Compiling foreign-types v0.3.2
[INFO] [stderr] thread 'rustc' panicked at 'assertion failed: pos.get() <= self.position()', compiler/rustc_metadata/src/rmeta/encoder.rs:435:9
[INFO] [stdout] error: couldn't create a temp dir: No space left on device (os error 28) at path "/opt/rustwide/target/debug/deps/rmeta1Eh8Ca"
[INFO] [stdout] 
[INFO] [stdout] 
[INFO] [stdout] error: aborting due to previous error
[INFO] [stdout] 
[INFO] [stdout] 
[INFO] [stdout] error: linking with `cc` failed: exit status: 1
[INFO] [stdout]   |
[INFO] [stdout]   = note: LC_ALL="C" PATH="/opt/rustwide/rustup-home/toolchains/1.69.0-x86_64-unknown-linux-gnu/lib/rustlib/x86_64-unknown-linux-gnu/bin:/opt/rustwide/cargo-home/bin:/usr/local/sbin:/usr/local/bin:/usr/sbin:/usr/bin:/sbin:/bin" VSLANG="1033" "cc" "-m64" "/tmp/rustcE8B746/symbols.o" "/opt/rustwide/target/debug/build/libc-4b2a6a63cd89a90c/build_script_build-4b2a6a63cd89a90c.build_script_build.bd7e0df2-cgu.0.rcgu.o" "/opt/rustwide/target/debug/build/libc-4b2a6a63cd89a90c/build_script_build-4b2a6a63cd89a90c.build_script_build.bd7e0df2-cgu.1.rcgu.o" "/opt/rustwide/target/debug/build/libc-4b2a6a63cd89a90c/build_script_build-4b2a6a63cd89a90c.build_script_build.bd7e0df2-cgu.10.rcgu.o" "/opt/rustwide/target/debug/build/libc-4b2a6a63cd89a90c/build_script_build-4b2a6a63cd89a90c.build_script_build.bd7e0df2-cgu.11.rcgu.o" "/opt/rustwide/target/debug/build/libc-4b2a6a63cd89a90c/build_script_build-4b2a6a63cd89a90c.build_script_build.bd7e0df2-cgu.12.rcgu.o" "/opt/rustwide/target/debug/build/libc-4b2a6a63cd89a90c/build_script_build-4b2a6a63cd89a90c.build_script_build.bd7e0df2-cgu.13.rcgu.o" "/opt/rustwide/target/debug/build/libc-4b2a6a63cd89a90c/build_script_build-4b2a6a63cd89a90c.build_script_build.bd7e0df2-cgu.14.rcgu.o" "/opt/rustwide/target/debug/build/libc-4b2a6a63cd89a90c/build_script_build-4b2a6a63cd89a90c.build_script_build.bd7e0df2-cgu.15.rcgu.o" "/opt/rustwide/target/debug/build/libc-4b2a6a63cd89a90c/build_script_build-4b2a6a63cd89a90c.build_script_build.bd7e0df2-cgu.2.rcgu.o" "/opt/rustwide/target/debug/build/libc-4b2a6a63cd89a90c/build_script_build-4b2a6a63cd89a90c.build_script_build.bd7e0df2-cgu.3.rcgu.o" "/opt/rustwide/target/debug/build/libc-4b2a6a63cd89a90c/build_script_build-4b2a6a63cd89a90c.build_script_build.bd7e0df2-cgu.4.rcgu.o" "/opt/rustwide/target/debug/build/libc-4b2a6a63cd89a90c/build_script_build-4b2a6a63cd89a90c.build_script_build.bd7e0df2-cgu.5.rcgu.o" "/opt/rustwide/target/debug/build/libc-4b2a6a63cd89a90c/build_script_build-4b2a6a63cd89a90c.build_script_build.bd7e0df2-cgu.6.rcgu.o" "/opt/rustwide/target/debug/build/libc-4b2a6a63cd89a90c/build_script_build-4b2a6a63cd89a90c.build_script_build.bd7e0df2-cgu.7.rcgu.o" "/opt/rustwide/target/debug/build/libc-4b2a6a63cd89a90c/build_script_build-4b2a6a63cd89a90c.build_script_build.bd7e0df2-cgu.8.rcgu.o" "/opt/rustwide/target/debug/build/libc-4b2a6a63cd89a90c/build_script_build-4b2a6a63cd89a90c.build_script_build.bd7e0df2-cgu.9.rcgu.o" "/opt/rustwide/target/debug/build/libc-4b2a6a63cd89a90c/build_script_build-4b2a6a63cd89a90c.27fth4vfm3bmzmc4.rcgu.o" "-Wl,--as-needed" "-L" "/opt/rustwide/target/debug/deps" "-L" "/opt/rustwide/rustup-home/toolchains/1.69.0-x86_64-unknown-linux-gnu/lib/rustlib/x86_64-unknown-linux-gnu/lib" "-Wl,-Bstatic" "/opt/rustwide/rustup-home/toolchains/1.69.0-x86_64-unknown-linux-gnu/lib/rustlib/x86_64-unknown-linux-gnu/lib/libstd-89bc084783fdc439.rlib" "/opt/rustwide/rustup-home/toolchains/1.69.0-x86_64-unknown-linux-gnu/lib/rustlib/x86_64-unknown-linux-gnu/lib/libpanic_unwind-8bee4b287d4367c1.rlib" "/opt/rustwide/rustup-home/toolchains/1.69.0-x86_64-unknown-linux-gnu/lib/rustlib/x86_64-unknown-linux-gnu/lib/libobject-d61707aed80694c0.rlib" "/opt/rustwide/rustup-home/toolchains/1.69.0-x86_64-unknown-linux-gnu/lib/rustlib/x86_64-unknown-linux-gnu/lib/libmemchr-d85366256f22345b.rlib" "/opt/rustwide/rustup-home/toolchains/1.69.0-x86_64-unknown-linux-gnu/lib/rustlib/x86_64-unknown-linux-gnu/lib/libaddr2line-96069b86b8a8cae9.rlib" "/opt/rustwide/rustup-home/toolchains/1.69.0-x86_64-unknown-linux-gnu/lib/rustlib/x86_64-unknown-linux-gnu/lib/libgimli-d19d53abf68dfa6c.rlib" "/opt/rustwide/rustup-home/toolchains/1.69.0-x86_64-unknown-linux-gnu/lib/rustlib/x86_64-unknown-linux-gnu/lib/librustc_demangle-787cbccd19d64ac6.rlib" "/opt/rustwide/rustup-home/toolchains/1.69.0-x86_64-unknown-linux-gnu/lib/rustlib/x86_64-unknown-linux-gnu/lib/libstd_detect-b3837a36b830e0d0.rlib" "/opt/rustwide/rustup-home/toolchains/1.69.0-x86_64-unknown-linux-gnu/lib/rustlib/x86_64-unknown-linux-gnu/lib/libhashbrown-e3deb0e7e3f04966.rlib" "/opt/rustwide/rustup-home/toolchains/1.69.0-x86_64-unknown-linux-gnu/lib/rustlib/x86_64-unknown-linux-gnu/lib/libminiz_oxide-dabbb79c9815def4.rlib" "/opt/rustwide/rustup-home/toolchains/1.69.0-x86_64-unknown-linux-gnu/lib/rustlib/x86_64-unknown-linux-gnu/lib/libadler-305b01f34c9409f2.rlib" "/opt/rustwide/rustup-home/toolchains/1.69.0-x86_64-unknown-linux-gnu/lib/rustlib/x86_64-unknown-linux-gnu/lib/librustc_std_workspace_alloc-f833521df6074e73.rlib" "/opt/rustwide/rustup-home/toolchains/1.69.0-x86_64-unknown-linux-gnu/lib/rustlib/x86_64-unknown-linux-gnu/lib/libunwind-9ac333113350d171.rlib" "/opt/rustwide/rustup-home/toolchains/1.69.0-x86_64-unknown-linux-gnu/lib/rustlib/x86_64-unknown-linux-gnu/lib/libcfg_if-1c126114322d0eee.rlib" "/opt/rustwide/rustup-home/toolchains/1.69.0-x86_64-unknown-linux-gnu/lib/rustlib/x86_64-unknown-linux-gnu/lib/liblibc-bad9164fdeeecf92.rlib" "/opt/rustwide/rustup-home/toolchains/1.69.0-x86_64-unknown-linux-gnu/lib/rustlib/x86_64-unknown-linux-gnu/lib/liballoc-f9374b1e480fa681.rlib" "/opt/rustwide/rustup-home/toolchains/1.69.0-x86_64-unknown-linux-gnu/lib/rustlib/x86_64-unknown-linux-gnu/lib/librustc_std_workspace_core-207f06e41d9603af.rlib" "/opt/rustwide/rustup-home/toolchains/1.69.0-x86_64-unknown-linux-gnu/lib/rustlib/x86_64-unknown-linux-gnu/lib/libcore-7e2768e66e984e85.rlib" "/opt/rustwide/rustup-home/toolchains/1.69.0-x86_64-unknown-linux-gnu/lib/rustlib/x86_64-unknown-linux-gnu/lib/libcompiler_builtins-957b4aff41f8cd46.rlib" "-Wl,-Bdynamic" "-lgcc_s" "-lutil" "-lrt" "-lpthread" "-lm" "-ldl" "-lc" "-Wl,--eh-frame-hdr" "-Wl,-z,noexecstack" "-L" "/opt/rustwide/rustup-home/toolchains/1.69.0-x86_64-unknown-linux-gnu/lib/rustlib/x86_64-unknown-linux-gnu/lib" "-o" "/opt/rustwide/target/debug/build/libc-4b2a6a63cd89a90c/build_script_build-4b2a6a63cd89a90c" "-Wl,--gc-sections" "-pie" "-Wl,-z,relro,-z,now" "-nodefaultlibs"
[INFO] [stdout]   = note: /usr/bin/ld: final link failed: No space left on device
[INFO] [stdout]           collect2: error: ld returned 1 exit status
[INFO] [stdout]           
[INFO] [stdout] 
[INFO] [stdout] 
[INFO] [stderr] error: could not compile `tracing-core` due to 2 previous errors
[INFO] [stdout] error: aborting due to previous error
[INFO] [stdout] 
[INFO] [stdout] 
[INFO] [stderr] warning: build failed, waiting for other jobs to finish...
[INFO] [stdout] error: linking with `cc` failed: exit status: 1
[INFO] [stdout]   |
[INFO] [stdout]   = note: LC_ALL="C" PATH="/opt/rustwide/rustup-home/toolchains/1.69.0-x86_64-unknown-linux-gnu/lib/rustlib/x86_64-unknown-linux-gnu/bin:/opt/rustwide/cargo-home/bin:/usr/local/sbin:/usr/local/bin:/usr/sbin:/usr/bin:/sbin:/bin" VSLANG="1033" "cc" "-m64" "/tmp/rustcuadjqx/symbols.o" "/opt/rustwide/target/debug/build/log-1ac9761d866c7e2a/build_script_build-1ac9761d866c7e2a.build_script_build.459e7d5b-cgu.0.rcgu.o" "/opt/rustwide/target/debug/build/log-1ac9761d866c7e2a/build_script_build-1ac9761d866c7e2a.build_script_build.459e7d5b-cgu.1.rcgu.o" "/opt/rustwide/target/debug/build/log-1ac9761d866c7e2a/build_script_build-1ac9761d866c7e2a.build_script_build.459e7d5b-cgu.10.rcgu.o" "/opt/rustwide/target/debug/build/log-1ac9761d866c7e2a/build_script_build-1ac9761d866c7e2a.build_script_build.459e7d5b-cgu.11.rcgu.o" "/opt/rustwide/target/debug/build/log-1ac9761d866c7e2a/build_script_build-1ac9761d866c7e2a.build_script_build.459e7d5b-cgu.12.rcgu.o" "/opt/rustwide/target/debug/build/log-1ac9761d866c7e2a/build_script_build-1ac9761d866c7e2a.build_script_build.459e7d5b-cgu.13.rcgu.o" "/opt/rustwide/target/debug/build/log-1ac9761d866c7e2a/build_script_build-1ac9761d866c7e2a.build_script_build.459e7d5b-cgu.14.rcgu.o" "/opt/rustwide/target/debug/build/log-1ac9761d866c7e2a/build_script_build-1ac9761d866c7e2a.build_script_build.459e7d5b-cgu.15.rcgu.o" "/opt/rustwide/target/debug/build/log-1ac9761d866c7e2a/build_script_build-1ac9761d866c7e2a.build_script_build.459e7d5b-cgu.2.rcgu.o" "/opt/rustwide/target/debug/build/log-1ac9761d866c7e2a/build_script_build-1ac9761d866c7e2a.build_script_build.459e7d5b-cgu.3.rcgu.o" "/opt/rustwide/target/debug/build/log-1ac9761d866c7e2a/build_script_build-1ac9761d866c7e2a.build_script_build.459e7d5b-cgu.4.rcgu.o" "/opt/rustwide/target/debug/build/log-1ac9761d866c7e2a/build_script_build-1ac9761d866c7e2a.build_script_build.459e7d5b-cgu.5.rcgu.o" "/opt/rustwide/target/debug/build/log-1ac9761d866c7e2a/build_script_build-1ac9761d866c7e2a.build_script_build.459e7d5b-cgu.6.rcgu.o" "/opt/rustwide/target/debug/build/log-1ac9761d866c7e2a/build_script_build-1ac9761d866c7e2a.build_script_build.459e7d5b-cgu.7.rcgu.o" "/opt/rustwide/target/debug/build/log-1ac9761d866c7e2a/build_script_build-1ac9761d866c7e2a.build_script_build.459e7d5b-cgu.8.rcgu.o" "/opt/rustwide/target/debug/build/log-1ac9761d866c7e2a/build_script_build-1ac9761d866c7e2a.build_script_build.459e7d5b-cgu.9.rcgu.o" "/opt/rustwide/target/debug/build/log-1ac9761d866c7e2a/build_script_build-1ac9761d866c7e2a.sdswzqgon8pvmy9.rcgu.o" "-Wl,--as-needed" "-L" "/opt/rustwide/target/debug/deps" "-L" "/opt/rustwide/rustup-home/toolchains/1.69.0-x86_64-unknown-linux-gnu/lib/rustlib/x86_64-unknown-linux-gnu/lib" "-Wl,-Bstatic" "/opt/rustwide/rustup-home/toolchains/1.69.0-x86_64-unknown-linux-gnu/lib/rustlib/x86_64-unknown-linux-gnu/lib/libstd-89bc084783fdc439.rlib" "/opt/rustwide/rustup-home/toolchains/1.69.0-x86_64-unknown-linux-gnu/lib/rustlib/x86_64-unknown-linux-gnu/lib/libpanic_unwind-8bee4b287d4367c1.rlib" "/opt/rustwide/rustup-home/toolchains/1.69.0-x86_64-unknown-linux-gnu/lib/rustlib/x86_64-unknown-linux-gnu/lib/libobject-d61707aed80694c0.rlib" "/opt/rustwide/rustup-home/toolchains/1.69.0-x86_64-unknown-linux-gnu/lib/rustlib/x86_64-unknown-linux-gnu/lib/libmemchr-d85366256f22345b.rlib" "/opt/rustwide/rustup-home/toolchains/1.69.0-x86_64-unknown-linux-gnu/lib/rustlib/x86_64-unknown-linux-gnu/lib/libaddr2line-96069b86b8a8cae9.rlib" "/opt/rustwide/rustup-home/toolchains/1.69.0-x86_64-unknown-linux-gnu/lib/rustlib/x86_64-unknown-linux-gnu/lib/libgimli-d19d53abf68dfa6c.rlib" "/opt/rustwide/rustup-home/toolchains/1.69.0-x86_64-unknown-linux-gnu/lib/rustlib/x86_64-unknown-linux-gnu/lib/librustc_demangle-787cbccd19d64ac6.rlib" "/opt/rustwide/rustup-home/toolchains/1.69.0-x86_64-unknown-linux-gnu/lib/rustlib/x86_64-unknown-linux-gnu/lib/libstd_detect-b3837a36b830e0d0.rlib" "/opt/rustwide/rustup-home/toolchains/1.69.0-x86_64-unknown-linux-gnu/lib/rustlib/x86_64-unknown-linux-gnu/lib/libhashbrown-e3deb0e7e3f04966.rlib" "/opt/rustwide/rustup-home/toolchains/1.69.0-x86_64-unknown-linux-gnu/lib/rustlib/x86_64-unknown-linux-gnu/lib/libminiz_oxide-dabbb79c9815def4.rlib" "/opt/rustwide/rustup-home/toolchains/1.69.0-x86_64-unknown-linux-gnu/lib/rustlib/x86_64-unknown-linux-gnu/lib/libadler-305b01f34c9409f2.rlib" "/opt/rustwide/rustup-home/toolchains/1.69.0-x86_64-unknown-linux-gnu/lib/rustlib/x86_64-unknown-linux-gnu/lib/librustc_std_workspace_alloc-f833521df6074e73.rlib" "/opt/rustwide/rustup-home/toolchains/1.69.0-x86_64-unknown-linux-gnu/lib/rustlib/x86_64-unknown-linux-gnu/lib/libunwind-9ac333113350d171.rlib" "/opt/rustwide/rustup-home/toolchains/1.69.0-x86_64-unknown-linux-gnu/lib/rustlib/x86_64-unknown-linux-gnu/lib/libcfg_if-1c126114322d0eee.rlib" "/opt/rustwide/rustup-home/toolchains/1.69.0-x86_64-unknown-linux-gnu/lib/rustlib/x86_64-unknown-linux-gnu/lib/liblibc-bad9164fdeeecf92.rlib" "/opt/rustwide/rustup-home/toolchains/1.69.0-x86_64-unknown-linux-gnu/lib/rustlib/x86_64-unknown-linux-gnu/lib/liballoc-f9374b1e480fa681.rlib" "/opt/rustwide/rustup-home/toolchains/1.69.0-x86_64-unknown-linux-gnu/lib/rustlib/x86_64-unknown-linux-gnu/lib/librustc_std_workspace_core-207f06e41d9603af.rlib" "/opt/rustwide/rustup-home/toolchains/1.69.0-x86_64-unknown-linux-gnu/lib/rustlib/x86_64-unknown-linux-gnu/lib/libcore-7e2768e66e984e85.rlib" "/opt/rustwide/rustup-home/toolchains/1.69.0-x86_64-unknown-linux-gnu/lib/rustlib/x86_64-unknown-linux-gnu/lib/libcompiler_builtins-957b4aff41f8cd46.rlib" "-Wl,-Bdynamic" "-lgcc_s" "-lutil" "-lrt" "-lpthread" "-lm" "-ldl" "-lc" "-Wl,--eh-frame-hdr" "-Wl,-z,noexecstack" "-L" "/opt/rustwide/rustup-home/toolchains/1.69.0-x86_64-unknown-linux-gnu/lib/rustlib/x86_64-unknown-linux-gnu/lib" "-o" "/opt/rustwide/target/debug/build/log-1ac9761d866c7e2a/build_script_build-1ac9761d866c7e2a" "-Wl,--gc-sections" "-pie" "-Wl,-z,relro,-z,now" "-nodefaultlibs"
[INFO] [stdout]   = note: /usr/bin/ld: final link failed: No space left on device
[INFO] [stdout]           collect2: error: ld returned 1 exit status
[INFO] [stdout]           
[INFO] [stdout] 
[INFO] [stdout] 
[INFO] [stdout] error: aborting due to previous error
[INFO] [stdout] 
[INFO] [stdout] 
[INFO] [stderr] error: could not compile `libc` due to 2 previous errors
[INFO] [stderr] error: could not compile `log` due to 2 previous errors
[INFO] [stderr] error: could not compile `cc`
[INFO] [stderr] LLVM ERROR: IO failure on output stream: No space left on device
[INFO] [stdout] error: linking with `cc` failed: exit status: 1
[INFO] [stdout]   |
[INFO] [stdout]   = note: LC_ALL="C" PATH="/opt/rustwide/rustup-home/toolchains/1.69.0-x86_64-unknown-linux-gnu/lib/rustlib/x86_64-unknown-linux-gnu/bin:/opt/rustwide/cargo-home/bin:/usr/local/sbin:/usr/local/bin:/usr/sbin:/usr/bin:/sbin:/bin" VSLANG="1033" "cc" "-m64" "/tmp/rustcD5oZKL/symbols.o" "/opt/rustwide/target/debug/build/serde_derive-bc17fbdb63fc7509/build_script_build-bc17fbdb63fc7509.build_script_build.81820721-cgu.0.rcgu.o" "/opt/rustwide/target/debug/build/serde_derive-bc17fbdb63fc7509/build_script_build-bc17fbdb63fc7509.build_script_build.81820721-cgu.1.rcgu.o" "/opt/rustwide/target/debug/build/serde_derive-bc17fbdb63fc7509/build_script_build-bc17fbdb63fc7509.build_script_build.81820721-cgu.10.rcgu.o" "/opt/rustwide/target/debug/build/serde_derive-bc17fbdb63fc7509/build_script_build-bc17fbdb63fc7509.build_script_build.81820721-cgu.11.rcgu.o" "/opt/rustwide/target/debug/build/serde_derive-bc17fbdb63fc7509/build_script_build-bc17fbdb63fc7509.build_script_build.81820721-cgu.12.rcgu.o" "/opt/rustwide/target/debug/build/serde_derive-bc17fbdb63fc7509/build_script_build-bc17fbdb63fc7509.build_script_build.81820721-cgu.13.rcgu.o" "/opt/rustwide/target/debug/build/serde_derive-bc17fbdb63fc7509/build_script_build-bc17fbdb63fc7509.build_script_build.81820721-cgu.14.rcgu.o" "/opt/rustwide/target/debug/build/serde_derive-bc17fbdb63fc7509/build_script_build-bc17fbdb63fc7509.build_script_build.81820721-cgu.15.rcgu.o" "/opt/rustwide/target/debug/build/serde_derive-bc17fbdb63fc7509/build_script_build-bc17fbdb63fc7509.build_script_build.81820721-cgu.2.rcgu.o" "/opt/rustwide/target/debug/build/serde_derive-bc17fbdb63fc7509/build_script_build-bc17fbdb63fc7509.build_script_build.81820721-cgu.3.rcgu.o" "/opt/rustwide/target/debug/build/serde_derive-bc17fbdb63fc7509/build_script_build-bc17fbdb63fc7509.build_script_build.81820721-cgu.4.rcgu.o" "/opt/rustwide/target/debug/build/serde_derive-bc17fbdb63fc7509/build_script_build-bc17fbdb63fc7509.build_script_build.81820721-cgu.5.rcgu.o" "/opt/rustwide/target/debug/build/serde_derive-bc17fbdb63fc7509/build_script_build-bc17fbdb63fc7509.build_script_build.81820721-cgu.6.rcgu.o" "/opt/rustwide/target/debug/build/serde_derive-bc17fbdb63fc7509/build_script_build-bc17fbdb63fc7509.build_script_build.81820721-cgu.7.rcgu.o" "/opt/rustwide/target/debug/build/serde_derive-bc17fbdb63fc7509/build_script_build-bc17fbdb63fc7509.build_script_build.81820721-cgu.8.rcgu.o" "/opt/rustwide/target/debug/build/serde_derive-bc17fbdb63fc7509/build_script_build-bc17fbdb63fc7509.build_script_build.81820721-cgu.9.rcgu.o" "/opt/rustwide/target/debug/build/serde_derive-bc17fbdb63fc7509/build_script_build-bc17fbdb63fc7509.ol9l157cpqm8vwi.rcgu.o" "-Wl,--as-needed" "-L" "/opt/rustwide/target/debug/deps" "-L" "/opt/rustwide/rustup-home/toolchains/1.69.0-x86_64-unknown-linux-gnu/lib/rustlib/x86_64-unknown-linux-gnu/lib" "-Wl,-Bstatic" "/opt/rustwide/rustup-home/toolchains/1.69.0-x86_64-unknown-linux-gnu/lib/rustlib/x86_64-unknown-linux-gnu/lib/libstd-89bc084783fdc439.rlib" "/opt/rustwide/rustup-home/toolchains/1.69.0-x86_64-unknown-linux-gnu/lib/rustlib/x86_64-unknown-linux-gnu/lib/libpanic_unwind-8bee4b287d4367c1.rlib" "/opt/rustwide/rustup-home/toolchains/1.69.0-x86_64-unknown-linux-gnu/lib/rustlib/x86_64-unknown-linux-gnu/lib/libobject-d61707aed80694c0.rlib" "/opt/rustwide/rustup-home/toolchains/1.69.0-x86_64-unknown-linux-gnu/lib/rustlib/x86_64-unknown-linux-gnu/lib/libmemchr-d85366256f22345b.rlib" "/opt/rustwide/rustup-home/toolchains/1.69.0-x86_64-unknown-linux-gnu/lib/rustlib/x86_64-unknown-linux-gnu/lib/libaddr2line-96069b86b8a8cae9.rlib" "/opt/rustwide/rustup-home/toolchains/1.69.0-x86_64-unknown-linux-gnu/lib/rustlib/x86_64-unknown-linux-gnu/lib/libgimli-d19d53abf68dfa6c.rlib" "/opt/rustwide/rustup-home/toolchains/1.69.0-x86_64-unknown-linux-gnu/lib/rustlib/x86_64-unknown-linux-gnu/lib/librustc_demangle-787cbccd19d64ac6.rlib" "/opt/rustwide/rustup-home/toolchains/1.69.0-x86_64-unknown-linux-gnu/lib/rustlib/x86_64-unknown-linux-gnu/lib/libstd_detect-b3837a36b830e0d0.rlib" "/opt/rustwide/rustup-home/toolchains/1.69.0-x86_64-unknown-linux-gnu/lib/rustlib/x86_64-unknown-linux-gnu/lib/libhashbrown-e3deb0e7e3f04966.rlib" "/opt/rustwide/rustup-home/toolchains/1.69.0-x86_64-unknown-linux-gnu/lib/rustlib/x86_64-unknown-linux-gnu/lib/libminiz_oxide-dabbb79c9815def4.rlib" "/opt/rustwide/rustup-home/toolchains/1.69.0-x86_64-unknown-linux-gnu/lib/rustlib/x86_64-unknown-linux-gnu/lib/libadler-305b01f34c9409f2.rlib" "/opt/rustwide/rustup-home/toolchains/1.69.0-x86_64-unknown-linux-gnu/lib/rustlib/x86_64-unknown-linux-gnu/lib/librustc_std_workspace_alloc-f833521df6074e73.rlib" "/opt/rustwide/rustup-home/toolchains/1.69.0-x86_64-unknown-linux-gnu/lib/rustlib/x86_64-unknown-linux-gnu/lib/libunwind-9ac333113350d171.rlib" "/opt/rustwide/rustup-home/toolchains/1.69.0-x86_64-unknown-linux-gnu/lib/rustlib/x86_64-unknown-linux-gnu/lib/libcfg_if-1c126114322d0eee.rlib" "/opt/rustwide/rustup-home/toolchains/1.69.0-x86_64-unknown-linux-gnu/lib/rustlib/x86_64-unknown-linux-gnu/lib/liblibc-bad9164fdeeecf92.rlib" "/opt/rustwide/rustup-home/toolchains/1.69.0-x86_64-unknown-linux-gnu/lib/rustlib/x86_64-unknown-linux-gnu/lib/liballoc-f9374b1e480fa681.rlib" "/opt/rustwide/rustup-home/toolchains/1.69.0-x86_64-unknown-linux-gnu/lib/rustlib/x86_64-unknown-linux-gnu/lib/librustc_std_workspace_core-207f06e41d9603af.rlib" "/opt/rustwide/rustup-home/toolchains/1.69.0-x86_64-unknown-linux-gnu/lib/rustlib/x86_64-unknown-linux-gnu/lib/libcore-7e2768e66e984e85.rlib" "/opt/rustwide/rustup-home/toolchains/1.69.0-x86_64-unknown-linux-gnu/lib/rustlib/x86_64-unknown-linux-gnu/lib/libcompiler_builtins-957b4aff41f8cd46.rlib" "-Wl,-Bdynamic" "-lgcc_s" "-lutil" "-lrt" "-lpthread" "-lm" "-ldl" "-lc" "-Wl,--eh-frame-hdr" "-Wl,-z,noexecstack" "-L" "/opt/rustwide/rustup-home/toolchains/1.69.0-x86_64-unknown-linux-gnu/lib/rustlib/x86_64-unknown-linux-gnu/lib" "-o" "/opt/rustwide/target/debug/build/serde_derive-bc17fbdb63fc7509/build_script_build-bc17fbdb63fc7509" "-Wl,--gc-sections" "-pie" "-Wl,-z,relro,-z,now" "-nodefaultlibs"
[INFO] [stdout]   = note: /usr/bin/ld: final link failed: No space left on device
[INFO] [stdout]           collect2: error: ld returned 1 exit status
[INFO] [stdout]           
[INFO] [stdout] 
[INFO] [stdout] 
[INFO] [stdout] error: aborting due to previous error
[INFO] [stdout] 
[INFO] [stdout] 
[INFO] [stderr] error: could not compile `pkg-config`
[INFO] [stderr] error: could not compile `serde_derive` due to 2 previous errors
[INFO] [stderr] LLVM ERROR: IO failure on output stream: No space left on device
[INFO] [stdout] error: linking with `cc` failed: exit status: 1
[INFO] [stdout]   |
[INFO] [stdout]   = note: LC_ALL="C" PATH="/opt/rustwide/rustup-home/toolchains/1.69.0-x86_64-unknown-linux-gnu/lib/rustlib/x86_64-unknown-linux-gnu/bin:/opt/rustwide/cargo-home/bin:/usr/local/sbin:/usr/local/bin:/usr/sbin:/usr/bin:/sbin:/bin" VSLANG="1033" "cc" "-m64" "/tmp/rustc3ZfGLU/symbols.o" "/opt/rustwide/target/debug/build/futures-util-bef6ce87770917e7/build_script_build-bef6ce87770917e7.build_script_build.6f4eff04-cgu.0.rcgu.o" "/opt/rustwide/target/debug/build/futures-util-bef6ce87770917e7/build_script_build-bef6ce87770917e7.build_script_build.6f4eff04-cgu.1.rcgu.o" "/opt/rustwide/target/debug/build/futures-util-bef6ce87770917e7/build_script_build-bef6ce87770917e7.build_script_build.6f4eff04-cgu.10.rcgu.o" "/opt/rustwide/target/debug/build/futures-util-bef6ce87770917e7/build_script_build-bef6ce87770917e7.build_script_build.6f4eff04-cgu.11.rcgu.o" "/opt/rustwide/target/debug/build/futures-util-bef6ce87770917e7/build_script_build-bef6ce87770917e7.build_script_build.6f4eff04-cgu.12.rcgu.o" "/opt/rustwide/target/debug/build/futures-util-bef6ce87770917e7/build_script_build-bef6ce87770917e7.build_script_build.6f4eff04-cgu.13.rcgu.o" "/opt/rustwide/target/debug/build/futures-util-bef6ce87770917e7/build_script_build-bef6ce87770917e7.build_script_build.6f4eff04-cgu.14.rcgu.o" "/opt/rustwide/target/debug/build/futures-util-bef6ce87770917e7/build_script_build-bef6ce87770917e7.build_script_build.6f4eff04-cgu.15.rcgu.o" "/opt/rustwide/target/debug/build/futures-util-bef6ce87770917e7/build_script_build-bef6ce87770917e7.build_script_build.6f4eff04-cgu.2.rcgu.o" "/opt/rustwide/target/debug/build/futures-util-bef6ce87770917e7/build_script_build-bef6ce87770917e7.build_script_build.6f4eff04-cgu.3.rcgu.o" "/opt/rustwide/target/debug/build/futures-util-bef6ce87770917e7/build_script_build-bef6ce87770917e7.build_script_build.6f4eff04-cgu.4.rcgu.o" "/opt/rustwide/target/debug/build/futures-util-bef6ce87770917e7/build_script_build-bef6ce87770917e7.build_script_build.6f4eff04-cgu.5.rcgu.o" "/opt/rustwide/target/debug/build/futures-util-bef6ce87770917e7/build_script_build-bef6ce87770917e7.build_script_build.6f4eff04-cgu.6.rcgu.o" "/opt/rustwide/target/debug/build/futures-util-bef6ce87770917e7/build_script_build-bef6ce87770917e7.build_script_build.6f4eff04-cgu.7.rcgu.o" "/opt/rustwide/target/debug/build/futures-util-bef6ce87770917e7/build_script_build-bef6ce87770917e7.build_script_build.6f4eff04-cgu.8.rcgu.o" "/opt/rustwide/target/debug/build/futures-util-bef6ce87770917e7/build_script_build-bef6ce87770917e7.build_script_build.6f4eff04-cgu.9.rcgu.o" "/opt/rustwide/target/debug/build/futures-util-bef6ce87770917e7/build_script_build-bef6ce87770917e7.2thkknggypmi1erv.rcgu.o" "-Wl,--as-needed" "-L" "/opt/rustwide/target/debug/deps" "-L" "/opt/rustwide/rustup-home/toolchains/1.69.0-x86_64-unknown-linux-gnu/lib/rustlib/x86_64-unknown-linux-gnu/lib" "-Wl,-Bstatic" "/opt/rustwide/rustup-home/toolchains/1.69.0-x86_64-unknown-linux-gnu/lib/rustlib/x86_64-unknown-linux-gnu/lib/libstd-89bc084783fdc439.rlib" "/opt/rustwide/rustup-home/toolchains/1.69.0-x86_64-unknown-linux-gnu/lib/rustlib/x86_64-unknown-linux-gnu/lib/libpanic_unwind-8bee4b287d4367c1.rlib" "/opt/rustwide/rustup-home/toolchains/1.69.0-x86_64-unknown-linux-gnu/lib/rustlib/x86_64-unknown-linux-gnu/lib/libobject-d61707aed80694c0.rlib" "/opt/rustwide/rustup-home/toolchains/1.69.0-x86_64-unknown-linux-gnu/lib/rustlib/x86_64-unknown-linux-gnu/lib/libmemchr-d85366256f22345b.rlib" "/opt/rustwide/rustup-home/toolchains/1.69.0-x86_64-unknown-linux-gnu/lib/rustlib/x86_64-unknown-linux-gnu/lib/libaddr2line-96069b86b8a8cae9.rlib" "/opt/rustwide/rustup-home/toolchains/1.69.0-x86_64-unknown-linux-gnu/lib/rustlib/x86_64-unknown-linux-gnu/lib/libgimli-d19d53abf68dfa6c.rlib" "/opt/rustwide/rustup-home/toolchains/1.69.0-x86_64-unknown-linux-gnu/lib/rustlib/x86_64-unknown-linux-gnu/lib/librustc_demangle-787cbccd19d64ac6.rlib" "/opt/rustwide/rustup-home/toolchains/1.69.0-x86_64-unknown-linux-gnu/lib/rustlib/x86_64-unknown-linux-gnu/lib/libstd_detect-b3837a36b830e0d0.rlib" "/opt/rustwide/rustup-home/toolchains/1.69.0-x86_64-unknown-linux-gnu/lib/rustlib/x86_64-unknown-linux-gnu/lib/libhashbrown-e3deb0e7e3f04966.rlib" "/opt/rustwide/rustup-home/toolchains/1.69.0-x86_64-unknown-linux-gnu/lib/rustlib/x86_64-unknown-linux-gnu/lib/libminiz_oxide-dabbb79c9815def4.rlib" "/opt/rustwide/rustup-home/toolchains/1.69.0-x86_64-unknown-linux-gnu/lib/rustlib/x86_64-unknown-linux-gnu/lib/libadler-305b01f34c9409f2.rlib" "/opt/rustwide/rustup-home/toolchains/1.69.0-x86_64-unknown-linux-gnu/lib/rustlib/x86_64-unknown-linux-gnu/lib/librustc_std_workspace_alloc-f833521df6074e73.rlib" "/opt/rustwide/rustup-home/toolchains/1.69.0-x86_64-unknown-linux-gnu/lib/rustlib/x86_64-unknown-linux-gnu/lib/libunwind-9ac333113350d171.rlib" "/opt/rustwide/rustup-home/toolchains/1.69.0-x86_64-unknown-linux-gnu/lib/rustlib/x86_64-unknown-linux-gnu/lib/libcfg_if-1c126114322d0eee.rlib" "/opt/rustwide/rustup-home/toolchains/1.69.0-x86_64-unknown-linux-gnu/lib/rustlib/x86_64-unknown-linux-gnu/lib/liblibc-bad9164fdeeecf92.rlib" "/opt/rustwide/rustup-home/toolchains/1.69.0-x86_64-unknown-linux-gnu/lib/rustlib/x86_64-unknown-linux-gnu/lib/liballoc-f9374b1e480fa681.rlib" "/opt/rustwide/rustup-home/toolchains/1.69.0-x86_64-unknown-linux-gnu/lib/rustlib/x86_64-unknown-linux-gnu/lib/librustc_std_workspace_core-207f06e41d9603af.rlib" "/opt/rustwide/rustup-home/toolchains/1.69.0-x86_64-unknown-linux-gnu/lib/rustlib/x86_64-unknown-linux-gnu/lib/libcore-7e2768e66e984e85.rlib" "/opt/rustwide/rustup-home/toolchains/1.69.0-x86_64-unknown-linux-gnu/lib/rustlib/x86_64-unknown-linux-gnu/lib/libcompiler_builtins-957b4aff41f8cd46.rlib" "-Wl,-Bdynamic" "-lgcc_s" "-lutil" "-lrt" "-lpthread" "-lm" "-ldl" "-lc" "-Wl,--eh-frame-hdr" "-Wl,-z,noexecstack" "-L" "/opt/rustwide/rustup-home/toolchains/1.69.0-x86_64-unknown-linux-gnu/lib/rustlib/x86_64-unknown-linux-gnu/lib" "-o" "/opt/rustwide/target/debug/build/futures-util-bef6ce87770917e7/build_script_build-bef6ce87770917e7" "-Wl,--gc-sections" "-pie" "-Wl,-z,relro,-z,now" "-nodefaultlibs"
[INFO] [stdout]   = note: /usr/bin/ld: final link failed: No space left on device
[INFO] [stdout]           collect2: error: ld returned 1 exit status
[INFO] [stdout]           
[INFO] [stdout] 
[INFO] [stdout] 
[INFO] [stdout] error: aborting due to previous error
[INFO] [stdout] 
[INFO] [stdout] 
[INFO] [stdout] error: linking with `cc` failed: exit status: 1
[INFO] [stdout]   |
[INFO] [stdout]   = note: LC_ALL="C" PATH="/opt/rustwide/rustup-home/toolchains/1.69.0-x86_64-unknown-linux-gnu/lib/rustlib/x86_64-unknown-linux-gnu/bin:/opt/rustwide/cargo-home/bin:/usr/local/sbin:/usr/local/bin:/usr/sbin:/usr/bin:/sbin:/bin" VSLANG="1033" "cc" "-m64" "/tmp/rustcUhCfI5/symbols.o" "/opt/rustwide/target/debug/build/memchr-a25ec5df75f0f72b/build_script_build-a25ec5df75f0f72b.build_script_build.c8ddf880-cgu.0.rcgu.o" "/opt/rustwide/target/debug/build/memchr-a25ec5df75f0f72b/build_script_build-a25ec5df75f0f72b.build_script_build.c8ddf880-cgu.1.rcgu.o" "/opt/rustwide/target/debug/build/memchr-a25ec5df75f0f72b/build_script_build-a25ec5df75f0f72b.build_script_build.c8ddf880-cgu.10.rcgu.o" "/opt/rustwide/target/debug/build/memchr-a25ec5df75f0f72b/build_script_build-a25ec5df75f0f72b.build_script_build.c8ddf880-cgu.11.rcgu.o" "/opt/rustwide/target/debug/build/memchr-a25ec5df75f0f72b/build_script_build-a25ec5df75f0f72b.build_script_build.c8ddf880-cgu.12.rcgu.o" "/opt/rustwide/target/debug/build/memchr-a25ec5df75f0f72b/build_script_build-a25ec5df75f0f72b.build_script_build.c8ddf880-cgu.13.rcgu.o" "/opt/rustwide/target/debug/build/memchr-a25ec5df75f0f72b/build_script_build-a25ec5df75f0f72b.build_script_build.c8ddf880-cgu.14.rcgu.o" "/opt/rustwide/target/debug/build/memchr-a25ec5df75f0f72b/build_script_build-a25ec5df75f0f72b.build_script_build.c8ddf880-cgu.15.rcgu.o" "/opt/rustwide/target/debug/build/memchr-a25ec5df75f0f72b/build_script_build-a25ec5df75f0f72b.build_script_build.c8ddf880-cgu.2.rcgu.o" "/opt/rustwide/target/debug/build/memchr-a25ec5df75f0f72b/build_script_build-a25ec5df75f0f72b.build_script_build.c8ddf880-cgu.3.rcgu.o" "/opt/rustwide/target/debug/build/memchr-a25ec5df75f0f72b/build_script_build-a25ec5df75f0f72b.build_script_build.c8ddf880-cgu.4.rcgu.o" "/opt/rustwide/target/debug/build/memchr-a25ec5df75f0f72b/build_script_build-a25ec5df75f0f72b.build_script_build.c8ddf880-cgu.5.rcgu.o" "/opt/rustwide/target/debug/build/memchr-a25ec5df75f0f72b/build_script_build-a25ec5df75f0f72b.build_script_build.c8ddf880-cgu.6.rcgu.o" "/opt/rustwide/target/debug/build/memchr-a25ec5df75f0f72b/build_script_build-a25ec5df75f0f72b.build_script_build.c8ddf880-cgu.7.rcgu.o" "/opt/rustwide/target/debug/build/memchr-a25ec5df75f0f72b/build_script_build-a25ec5df75f0f72b.build_script_build.c8ddf880-cgu.8.rcgu.o" "/opt/rustwide/target/debug/build/memchr-a25ec5df75f0f72b/build_script_build-a25ec5df75f0f72b.build_script_build.c8ddf880-cgu.9.rcgu.o" "/opt/rustwide/target/debug/build/memchr-a25ec5df75f0f72b/build_script_build-a25ec5df75f0f72b.3nrs4zrgjvl6h50v.rcgu.o" "-Wl,--as-needed" "-L" "/opt/rustwide/target/debug/deps" "-L" "/opt/rustwide/rustup-home/toolchains/1.69.0-x86_64-unknown-linux-gnu/lib/rustlib/x86_64-unknown-linux-gnu/lib" "-Wl,-Bstatic" "/opt/rustwide/rustup-home/toolchains/1.69.0-x86_64-unknown-linux-gnu/lib/rustlib/x86_64-unknown-linux-gnu/lib/libstd-89bc084783fdc439.rlib" "/opt/rustwide/rustup-home/toolchains/1.69.0-x86_64-unknown-linux-gnu/lib/rustlib/x86_64-unknown-linux-gnu/lib/libpanic_unwind-8bee4b287d4367c1.rlib" "/opt/rustwide/rustup-home/toolchains/1.69.0-x86_64-unknown-linux-gnu/lib/rustlib/x86_64-unknown-linux-gnu/lib/libobject-d61707aed80694c0.rlib" "/opt/rustwide/rustup-home/toolchains/1.69.0-x86_64-unknown-linux-gnu/lib/rustlib/x86_64-unknown-linux-gnu/lib/libmemchr-d85366256f22345b.rlib" "/opt/rustwide/rustup-home/toolchains/1.69.0-x86_64-unknown-linux-gnu/lib/rustlib/x86_64-unknown-linux-gnu/lib/libaddr2line-96069b86b8a8cae9.rlib" "/opt/rustwide/rustup-home/toolchains/1.69.0-x86_64-unknown-linux-gnu/lib/rustlib/x86_64-unknown-linux-gnu/lib/libgimli-d19d53abf68dfa6c.rlib" "/opt/rustwide/rustup-home/toolchains/1.69.0-x86_64-unknown-linux-gnu/lib/rustlib/x86_64-unknown-linux-gnu/lib/librustc_demangle-787cbccd19d64ac6.rlib" "/opt/rustwide/rustup-home/toolchains/1.69.0-x86_64-unknown-linux-gnu/lib/rustlib/x86_64-unknown-linux-gnu/lib/libstd_detect-b3837a36b830e0d0.rlib" "/opt/rustwide/rustup-home/toolchains/1.69.0-x86_64-unknown-linux-gnu/lib/rustlib/x86_64-unknown-linux-gnu/lib/libhashbrown-e3deb0e7e3f04966.rlib" "/opt/rustwide/rustup-home/toolchains/1.69.0-x86_64-unknown-linux-gnu/lib/rustlib/x86_64-unknown-linux-gnu/lib/libminiz_oxide-dabbb79c9815def4.rlib" "/opt/rustwide/rustup-home/toolchains/1.69.0-x86_64-unknown-linux-gnu/lib/rustlib/x86_64-unknown-linux-gnu/lib/libadler-305b01f34c9409f2.rlib" "/opt/rustwide/rustup-home/toolchains/1.69.0-x86_64-unknown-linux-gnu/lib/rustlib/x86_64-unknown-linux-gnu/lib/librustc_std_workspace_alloc-f833521df6074e73.rlib" "/opt/rustwide/rustup-home/toolchains/1.69.0-x86_64-unknown-linux-gnu/lib/rustlib/x86_64-unknown-linux-gnu/lib/libunwind-9ac333113350d171.rlib" "/opt/rustwide/rustup-home/toolchains/1.69.0-x86_64-unknown-linux-gnu/lib/rustlib/x86_64-unknown-linux-gnu/lib/libcfg_if-1c126114322d0eee.rlib" "/opt/rustwide/rustup-home/toolchains/1.69.0-x86_64-unknown-linux-gnu/lib/rustlib/x86_64-unknown-linux-gnu/lib/liblibc-bad9164fdeeecf92.rlib" "/opt/rustwide/rustup-home/toolchains/1.69.0-x86_64-unknown-linux-gnu/lib/rustlib/x86_64-unknown-linux-gnu/lib/liballoc-f9374b1e480fa681.rlib" "/opt/rustwide/rustup-home/toolchains/1.69.0-x86_64-unknown-linux-gnu/lib/rustlib/x86_64-unknown-linux-gnu/lib/librustc_std_workspace_core-207f06e41d9603af.rlib" "/opt/rustwide/rustup-home/toolchains/1.69.0-x86_64-unknown-linux-gnu/lib/rustlib/x86_64-unknown-linux-gnu/lib/libcore-7e2768e66e984e85.rlib" "/opt/rustwide/rustup-home/toolchains/1.69.0-x86_64-unknown-linux-gnu/lib/rustlib/x86_64-unknown-linux-gnu/lib/libcompiler_builtins-957b4aff41f8cd46.rlib" "-Wl,-Bdynamic" "-lgcc_s" "-lutil" "-lrt" "-lpthread" "-lm" "-ldl" "-lc" "-Wl,--eh-frame-hdr" "-Wl,-z,noexecstack" "-L" "/opt/rustwide/rustup-home/toolchains/1.69.0-x86_64-unknown-linux-gnu/lib/rustlib/x86_64-unknown-linux-gnu/lib" "-o" "/opt/rustwide/target/debug/build/memchr-a25ec5df75f0f72b/build_script_build-a25ec5df75f0f72b" "-Wl,--gc-sections" "-pie" "-Wl,-z,relro,-z,now" "-nodefaultlibs"
[INFO] [stdout]   = note: /usr/bin/ld: final link failed: No space left on device
[INFO] [stdout]           collect2: error: ld returned 1 exit status
[INFO] [stdout]           
[INFO] [stdout] 
[INFO] [stdout] 
[INFO] [stdout] error: aborting due to previous error
[INFO] [stdout] 
[INFO] [stdout] 
[INFO] [stdout] error: linking with `cc` failed: exit status: 1
[INFO] [stdout]   |
[INFO] [stdout]   = note: LC_ALL="C" PATH="/opt/rustwide/rustup-home/toolchains/1.69.0-x86_64-unknown-linux-gnu/lib/rustlib/x86_64-unknown-linux-gnu/bin:/opt/rustwide/cargo-home/bin:/usr/local/sbin:/usr/local/bin:/usr/sbin:/usr/bin:/sbin:/bin" VSLANG="1033" "cc" "-m64" "/tmp/rustcRHeoFw/symbols.o" "/opt/rustwide/target/debug/build/openssl-f39e7507125a5a8d/build_script_build-f39e7507125a5a8d.build_script_build.16599d2e-cgu.0.rcgu.o" "/opt/rustwide/target/debug/build/openssl-f39e7507125a5a8d/build_script_build-f39e7507125a5a8d.build_script_build.16599d2e-cgu.1.rcgu.o" "/opt/rustwide/target/debug/build/openssl-f39e7507125a5a8d/build_script_build-f39e7507125a5a8d.build_script_build.16599d2e-cgu.10.rcgu.o" "/opt/rustwide/target/debug/build/openssl-f39e7507125a5a8d/build_script_build-f39e7507125a5a8d.build_script_build.16599d2e-cgu.11.rcgu.o" "/opt/rustwide/target/debug/build/openssl-f39e7507125a5a8d/build_script_build-f39e7507125a5a8d.build_script_build.16599d2e-cgu.12.rcgu.o" "/opt/rustwide/target/debug/build/openssl-f39e7507125a5a8d/build_script_build-f39e7507125a5a8d.build_script_build.16599d2e-cgu.13.rcgu.o" "/opt/rustwide/target/debug/build/openssl-f39e7507125a5a8d/build_script_build-f39e7507125a5a8d.build_script_build.16599d2e-cgu.14.rcgu.o" "/opt/rustwide/target/debug/build/openssl-f39e7507125a5a8d/build_script_build-f39e7507125a5a8d.build_script_build.16599d2e-cgu.15.rcgu.o" "/opt/rustwide/target/debug/build/openssl-f39e7507125a5a8d/build_script_build-f39e7507125a5a8d.build_script_build.16599d2e-cgu.2.rcgu.o" "/opt/rustwide/target/debug/build/openssl-f39e7507125a5a8d/build_script_build-f39e7507125a5a8d.build_script_build.16599d2e-cgu.3.rcgu.o" "/opt/rustwide/target/debug/build/openssl-f39e7507125a5a8d/build_script_build-f39e7507125a5a8d.build_script_build.16599d2e-cgu.4.rcgu.o" "/opt/rustwide/target/debug/build/openssl-f39e7507125a5a8d/build_script_build-f39e7507125a5a8d.build_script_build.16599d2e-cgu.5.rcgu.o" "/opt/rustwide/target/debug/build/openssl-f39e7507125a5a8d/build_script_build-f39e7507125a5a8d.build_script_build.16599d2e-cgu.6.rcgu.o" "/opt/rustwide/target/debug/build/openssl-f39e7507125a5a8d/build_script_build-f39e7507125a5a8d.build_script_build.16599d2e-cgu.7.rcgu.o" "/opt/rustwide/target/debug/build/openssl-f39e7507125a5a8d/build_script_build-f39e7507125a5a8d.build_script_build.16599d2e-cgu.8.rcgu.o" "/opt/rustwide/target/debug/build/openssl-f39e7507125a5a8d/build_script_build-f39e7507125a5a8d.build_script_build.16599d2e-cgu.9.rcgu.o" "/opt/rustwide/target/debug/build/openssl-f39e7507125a5a8d/build_script_build-f39e7507125a5a8d.4s5501359slenpb0.rcgu.o" "-Wl,--as-needed" "-L" "/opt/rustwide/target/debug/deps" "-L" "/opt/rustwide/rustup-home/toolchains/1.69.0-x86_64-unknown-linux-gnu/lib/rustlib/x86_64-unknown-linux-gnu/lib" "-Wl,-Bstatic" "/opt/rustwide/rustup-home/toolchains/1.69.0-x86_64-unknown-linux-gnu/lib/rustlib/x86_64-unknown-linux-gnu/lib/libstd-89bc084783fdc439.rlib" "/opt/rustwide/rustup-home/toolchains/1.69.0-x86_64-unknown-linux-gnu/lib/rustlib/x86_64-unknown-linux-gnu/lib/libpanic_unwind-8bee4b287d4367c1.rlib" "/opt/rustwide/rustup-home/toolchains/1.69.0-x86_64-unknown-linux-gnu/lib/rustlib/x86_64-unknown-linux-gnu/lib/libobject-d61707aed80694c0.rlib" "/opt/rustwide/rustup-home/toolchains/1.69.0-x86_64-unknown-linux-gnu/lib/rustlib/x86_64-unknown-linux-gnu/lib/libmemchr-d85366256f22345b.rlib" "/opt/rustwide/rustup-home/toolchains/1.69.0-x86_64-unknown-linux-gnu/lib/rustlib/x86_64-unknown-linux-gnu/lib/libaddr2line-96069b86b8a8cae9.rlib" "/opt/rustwide/rustup-home/toolchains/1.69.0-x86_64-unknown-linux-gnu/lib/rustlib/x86_64-unknown-linux-gnu/lib/libgimli-d19d53abf68dfa6c.rlib" "/opt/rustwide/rustup-home/toolchains/1.69.0-x86_64-unknown-linux-gnu/lib/rustlib/x86_64-unknown-linux-gnu/lib/librustc_demangle-787cbccd19d64ac6.rlib" "/opt/rustwide/rustup-home/toolchains/1.69.0-x86_64-unknown-linux-gnu/lib/rustlib/x86_64-unknown-linux-gnu/lib/libstd_detect-b3837a36b830e0d0.rlib" "/opt/rustwide/rustup-home/toolchains/1.69.0-x86_64-unknown-linux-gnu/lib/rustlib/x86_64-unknown-linux-gnu/lib/libhashbrown-e3deb0e7e3f04966.rlib" "/opt/rustwide/rustup-home/toolchains/1.69.0-x86_64-unknown-linux-gnu/lib/rustlib/x86_64-unknown-linux-gnu/lib/libminiz_oxide-dabbb79c9815def4.rlib" "/opt/rustwide/rustup-home/toolchains/1.69.0-x86_64-unknown-linux-gnu/lib/rustlib/x86_64-unknown-linux-gnu/lib/libadler-305b01f34c9409f2.rlib" "/opt/rustwide/rustup-home/toolchains/1.69.0-x86_64-unknown-linux-gnu/lib/rustlib/x86_64-unknown-linux-gnu/lib/librustc_std_workspace_alloc-f833521df6074e73.rlib" "/opt/rustwide/rustup-home/toolchains/1.69.0-x86_64-unknown-linux-gnu/lib/rustlib/x86_64-unknown-linux-gnu/lib/libunwind-9ac333113350d171.rlib" "/opt/rustwide/rustup-home/toolchains/1.69.0-x86_64-unknown-linux-gnu/lib/rustlib/x86_64-unknown-linux-gnu/lib/libcfg_if-1c126114322d0eee.rlib" "/opt/rustwide/rustup-home/toolchains/1.69.0-x86_64-unknown-linux-gnu/lib/rustlib/x86_64-unknown-linux-gnu/lib/liblibc-bad9164fdeeecf92.rlib" "/opt/rustwide/rustup-home/toolchains/1.69.0-x86_64-unknown-linux-gnu/lib/rustlib/x86_64-unknown-linux-gnu/lib/liballoc-f9374b1e480fa681.rlib" "/opt/rustwide/rustup-home/toolchains/1.69.0-x86_64-unknown-linux-gnu/lib/rustlib/x86_64-unknown-linux-gnu/lib/librustc_std_workspace_core-207f06e41d9603af.rlib" "/opt/rustwide/rustup-home/toolchains/1.69.0-x86_64-unknown-linux-gnu/lib/rustlib/x86_64-unknown-linux-gnu/lib/libcore-7e2768e66e984e85.rlib" "/opt/rustwide/rustup-home/toolchains/1.69.0-x86_64-unknown-linux-gnu/lib/rustlib/x86_64-unknown-linux-gnu/lib/libcompiler_builtins-957b4aff41f8cd46.rlib" "-Wl,-Bdynamic" "-lgcc_s" "-lutil" "-lrt" "-lpthread" "-lm" "-ldl" "-lc" "-Wl,--eh-frame-hdr" "-Wl,-z,noexecstack" "-L" "/opt/rustwide/rustup-home/toolchains/1.69.0-x86_64-unknown-linux-gnu/lib/rustlib/x86_64-unknown-linux-gnu/lib" "-o" "/opt/rustwide/target/debug/build/openssl-f39e7507125a5a8d/build_script_build-f39e7507125a5a8d" "-Wl,--gc-sections" "-pie" "-Wl,-z,relro,-z,now" "-nodefaultlibs"
[INFO] [stdout]   = note: /usr/bin/ld: final link failed: No space left on device
[INFO] [stdout]           collect2: error: ld returned 1 exit status
[INFO] [stdout]           
[INFO] [stdout] 
[INFO] [stdout] 
[INFO] [stderr] error: could not compile `futures-task`
[INFO] [stdout] error: aborting due to previous error
[INFO] [stdout] 
[INFO] [stdout] 
[INFO] [stderr] error: could not compile `openssl` due to 2 previous errors
[INFO] [stdout] error: linking with `cc` failed: exit status: 1
[INFO] [stdout]   |
[INFO] [stdout]   = note: LC_ALL="C" PATH="/opt/rustwide/rustup-home/toolchains/1.69.0-x86_64-unknown-linux-gnu/lib/rustlib/x86_64-unknown-linux-gnu/bin:/opt/rustwide/cargo-home/bin:/usr/local/sbin:/usr/local/bin:/usr/sbin:/usr/bin:/sbin:/bin" VSLANG="1033" "cc" "-m64" "/tmp/rustcQXd6N5/symbols.o" "/opt/rustwide/target/debug/build/proc-macro2-84c188d265997493/build_script_build-84c188d265997493.build_script_build.3d558a5a-cgu.0.rcgu.o" "/opt/rustwide/target/debug/build/proc-macro2-84c188d265997493/build_script_build-84c188d265997493.build_script_build.3d558a5a-cgu.1.rcgu.o" "/opt/rustwide/target/debug/build/proc-macro2-84c188d265997493/build_script_build-84c188d265997493.build_script_build.3d558a5a-cgu.10.rcgu.o" "/opt/rustwide/target/debug/build/proc-macro2-84c188d265997493/build_script_build-84c188d265997493.build_script_build.3d558a5a-cgu.11.rcgu.o" "/opt/rustwide/target/debug/build/proc-macro2-84c188d265997493/build_script_build-84c188d265997493.build_script_build.3d558a5a-cgu.12.rcgu.o" "/opt/rustwide/target/debug/build/proc-macro2-84c188d265997493/build_script_build-84c188d265997493.build_script_build.3d558a5a-cgu.13.rcgu.o" "/opt/rustwide/target/debug/build/proc-macro2-84c188d265997493/build_script_build-84c188d265997493.build_script_build.3d558a5a-cgu.14.rcgu.o" "/opt/rustwide/target/debug/build/proc-macro2-84c188d265997493/build_script_build-84c188d265997493.build_script_build.3d558a5a-cgu.15.rcgu.o" "/opt/rustwide/target/debug/build/proc-macro2-84c188d265997493/build_script_build-84c188d265997493.build_script_build.3d558a5a-cgu.2.rcgu.o" "/opt/rustwide/target/debug/build/proc-macro2-84c188d265997493/build_script_build-84c188d265997493.build_script_build.3d558a5a-cgu.3.rcgu.o" "/opt/rustwide/target/debug/build/proc-macro2-84c188d265997493/build_script_build-84c188d265997493.build_script_build.3d558a5a-cgu.4.rcgu.o" "/opt/rustwide/target/debug/build/proc-macro2-84c188d265997493/build_script_build-84c188d265997493.build_script_build.3d558a5a-cgu.5.rcgu.o" "/opt/rustwide/target/debug/build/proc-macro2-84c188d265997493/build_script_build-84c188d265997493.build_script_build.3d558a5a-cgu.6.rcgu.o" "/opt/rustwide/target/debug/build/proc-macro2-84c188d265997493/build_script_build-84c188d265997493.build_script_build.3d558a5a-cgu.7.rcgu.o" "/opt/rustwide/target/debug/build/proc-macro2-84c188d265997493/build_script_build-84c188d265997493.build_script_build.3d558a5a-cgu.8.rcgu.o" "/opt/rustwide/target/debug/build/proc-macro2-84c188d265997493/build_script_build-84c188d265997493.build_script_build.3d558a5a-cgu.9.rcgu.o" "/opt/rustwide/target/debug/build/proc-macro2-84c188d265997493/build_script_build-84c188d265997493.1j74d9ng725hmhpn.rcgu.o" "-Wl,--as-needed" "-L" "/opt/rustwide/target/debug/deps" "-L" "/opt/rustwide/rustup-home/toolchains/1.69.0-x86_64-unknown-linux-gnu/lib/rustlib/x86_64-unknown-linux-gnu/lib" "-Wl,-Bstatic" "/opt/rustwide/rustup-home/toolchains/1.69.0-x86_64-unknown-linux-gnu/lib/rustlib/x86_64-unknown-linux-gnu/lib/libstd-89bc084783fdc439.rlib" "/opt/rustwide/rustup-home/toolchains/1.69.0-x86_64-unknown-linux-gnu/lib/rustlib/x86_64-unknown-linux-gnu/lib/libpanic_unwind-8bee4b287d4367c1.rlib" "/opt/rustwide/rustup-home/toolchains/1.69.0-x86_64-unknown-linux-gnu/lib/rustlib/x86_64-unknown-linux-gnu/lib/libobject-d61707aed80694c0.rlib" "/opt/rustwide/rustup-home/toolchains/1.69.0-x86_64-unknown-linux-gnu/lib/rustlib/x86_64-unknown-linux-gnu/lib/libmemchr-d85366256f22345b.rlib" "/opt/rustwide/rustup-home/toolchains/1.69.0-x86_64-unknown-linux-gnu/lib/rustlib/x86_64-unknown-linux-gnu/lib/libaddr2line-96069b86b8a8cae9.rlib" "/opt/rustwide/rustup-home/toolchains/1.69.0-x86_64-unknown-linux-gnu/lib/rustlib/x86_64-unknown-linux-gnu/lib/libgimli-d19d53abf68dfa6c.rlib" "/opt/rustwide/rustup-home/toolchains/1.69.0-x86_64-unknown-linux-gnu/lib/rustlib/x86_64-unknown-linux-gnu/lib/librustc_demangle-787cbccd19d64ac6.rlib" "/opt/rustwide/rustup-home/toolchains/1.69.0-x86_64-unknown-linux-gnu/lib/rustlib/x86_64-unknown-linux-gnu/lib/libstd_detect-b3837a36b830e0d0.rlib" "/opt/rustwide/rustup-home/toolchains/1.69.0-x86_64-unknown-linux-gnu/lib/rustlib/x86_64-unknown-linux-gnu/lib/libhashbrown-e3deb0e7e3f04966.rlib" "/opt/rustwide/rustup-home/toolchains/1.69.0-x86_64-unknown-linux-gnu/lib/rustlib/x86_64-unknown-linux-gnu/lib/libminiz_oxide-dabbb79c9815def4.rlib" "/opt/rustwide/rustup-home/toolchains/1.69.0-x86_64-unknown-linux-gnu/lib/rustlib/x86_64-unknown-linux-gnu/lib/libadler-305b01f34c9409f2.rlib" "/opt/rustwide/rustup-home/toolchains/1.69.0-x86_64-unknown-linux-gnu/lib/rustlib/x86_64-unknown-linux-gnu/lib/librustc_std_workspace_alloc-f833521df6074e73.rlib" "/opt/rustwide/rustup-home/toolchains/1.69.0-x86_64-unknown-linux-gnu/lib/rustlib/x86_64-unknown-linux-gnu/lib/libunwind-9ac333113350d171.rlib" "/opt/rustwide/rustup-home/toolchains/1.69.0-x86_64-unknown-linux-gnu/lib/rustlib/x86_64-unknown-linux-gnu/lib/libcfg_if-1c126114322d0eee.rlib" "/opt/rustwide/rustup-home/toolchains/1.69.0-x86_64-unknown-linux-gnu/lib/rustlib/x86_64-unknown-linux-gnu/lib/liblibc-bad9164fdeeecf92.rlib" "/opt/rustwide/rustup-home/toolchains/1.69.0-x86_64-unknown-linux-gnu/lib/rustlib/x86_64-unknown-linux-gnu/lib/liballoc-f9374b1e480fa681.rlib" "/opt/rustwide/rustup-home/toolchains/1.69.0-x86_64-unknown-linux-gnu/lib/rustlib/x86_64-unknown-linux-gnu/lib/librustc_std_workspace_core-207f06e41d9603af.rlib" "/opt/rustwide/rustup-home/toolchains/1.69.0-x86_64-unknown-linux-gnu/lib/rustlib/x86_64-unknown-linux-gnu/lib/libcore-7e2768e66e984e85.rlib" "/opt/rustwide/rustup-home/toolchains/1.69.0-x86_64-unknown-linux-gnu/lib/rustlib/x86_64-unknown-linux-gnu/lib/libcompiler_builtins-957b4aff41f8cd46.rlib" "-Wl,-Bdynamic" "-lgcc_s" "-lutil" "-lrt" "-lpthread" "-lm" "-ldl" "-lc" "-Wl,--eh-frame-hdr" "-Wl,-z,noexecstack" "-L" "/opt/rustwide/rustup-home/toolchains/1.69.0-x86_64-unknown-linux-gnu/lib/rustlib/x86_64-unknown-linux-gnu/lib" "-o" "/opt/rustwide/target/debug/build/proc-macro2-84c188d265997493/build_script_build-84c188d265997493" "-Wl,--gc-sections" "-pie" "-Wl,-z,relro,-z,now" "-nodefaultlibs"
[INFO] [stdout]   = note: /usr/bin/ld: final link failed: No space left on device
[INFO] [stdout]           collect2: error: ld returned 1 exit status
[INFO] [stdout]           
[INFO] [stdout] 
[INFO] [stdout] 
[INFO] [stdout] error: aborting due to previous error
[INFO] [stdout] 
[INFO] [stdout] 
[INFO] [stderr] error: could not compile `proc-macro2` due to 2 previous errors
[INFO] [stderr] error: could not compile `memchr` due to 2 previous errors
[INFO] [stderr] error: could not compile `futures-util` due to 2 previous errors
[INFO] [stderr] LLVM ERROR: IO failure on output stream: No space left on device
[INFO] [stderr] LLVM ERROR: IO failure on output stream: No space left on device
[INFO] [stderr] error: could not compile `futures-io`
[INFO] [stdout] error: linking with `cc` failed: exit status: 1
[INFO] [stdout]   |
[INFO] [stdout]   = note: LC_ALL="C" PATH="/opt/rustwide/rustup-home/toolchains/1.69.0-x86_64-unknown-linux-gnu/lib/rustlib/x86_64-unknown-linux-gnu/bin:/opt/rustwide/cargo-home/bin:/usr/local/sbin:/usr/local/bin:/usr/sbin:/usr/bin:/sbin:/bin" VSLANG="1033" "cc" "-m64" "/tmp/rustcQc1Mp5/symbols.o" "/opt/rustwide/target/debug/build/syn-3801872a7bacf05a/build_script_build-3801872a7bacf05a.build_script_build.0ee2eb5e-cgu.0.rcgu.o" "/opt/rustwide/target/debug/build/syn-3801872a7bacf05a/build_script_build-3801872a7bacf05a.build_script_build.0ee2eb5e-cgu.1.rcgu.o" "/opt/rustwide/target/debug/build/syn-3801872a7bacf05a/build_script_build-3801872a7bacf05a.build_script_build.0ee2eb5e-cgu.10.rcgu.o" "/opt/rustwide/target/debug/build/syn-3801872a7bacf05a/build_script_build-3801872a7bacf05a.build_script_build.0ee2eb5e-cgu.11.rcgu.o" "/opt/rustwide/target/debug/build/syn-3801872a7bacf05a/build_script_build-3801872a7bacf05a.build_script_build.0ee2eb5e-cgu.12.rcgu.o" "/opt/rustwide/target/debug/build/syn-3801872a7bacf05a/build_script_build-3801872a7bacf05a.build_script_build.0ee2eb5e-cgu.13.rcgu.o" "/opt/rustwide/target/debug/build/syn-3801872a7bacf05a/build_script_build-3801872a7bacf05a.build_script_build.0ee2eb5e-cgu.14.rcgu.o" "/opt/rustwide/target/debug/build/syn-3801872a7bacf05a/build_script_build-3801872a7bacf05a.build_script_build.0ee2eb5e-cgu.15.rcgu.o" "/opt/rustwide/target/debug/build/syn-3801872a7bacf05a/build_script_build-3801872a7bacf05a.build_script_build.0ee2eb5e-cgu.2.rcgu.o" "/opt/rustwide/target/debug/build/syn-3801872a7bacf05a/build_script_build-3801872a7bacf05a.build_script_build.0ee2eb5e-cgu.3.rcgu.o" "/opt/rustwide/target/debug/build/syn-3801872a7bacf05a/build_script_build-3801872a7bacf05a.build_script_build.0ee2eb5e-cgu.4.rcgu.o" "/opt/rustwide/target/debug/build/syn-3801872a7bacf05a/build_script_build-3801872a7bacf05a.build_script_build.0ee2eb5e-cgu.5.rcgu.o" "/opt/rustwide/target/debug/build/syn-3801872a7bacf05a/build_script_build-3801872a7bacf05a.build_script_build.0ee2eb5e-cgu.6.rcgu.o" "/opt/rustwide/target/debug/build/syn-3801872a7bacf05a/build_script_build-3801872a7bacf05a.build_script_build.0ee2eb5e-cgu.7.rcgu.o" "/opt/rustwide/target/debug/build/syn-3801872a7bacf05a/build_script_build-3801872a7bacf05a.build_script_build.0ee2eb5e-cgu.8.rcgu.o" "/opt/rustwide/target/debug/build/syn-3801872a7bacf05a/build_script_build-3801872a7bacf05a.build_script_build.0ee2eb5e-cgu.9.rcgu.o" "/opt/rustwide/target/debug/build/syn-3801872a7bacf05a/build_script_build-3801872a7bacf05a.11s75avphkpk1yzl.rcgu.o" "-Wl,--as-needed" "-L" "/opt/rustwide/target/debug/deps" "-L" "/opt/rustwide/rustup-home/toolchains/1.69.0-x86_64-unknown-linux-gnu/lib/rustlib/x86_64-unknown-linux-gnu/lib" "-Wl,-Bstatic" "/opt/rustwide/rustup-home/toolchains/1.69.0-x86_64-unknown-linux-gnu/lib/rustlib/x86_64-unknown-linux-gnu/lib/libstd-89bc084783fdc439.rlib" "/opt/rustwide/rustup-home/toolchains/1.69.0-x86_64-unknown-linux-gnu/lib/rustlib/x86_64-unknown-linux-gnu/lib/libpanic_unwind-8bee4b287d4367c1.rlib" "/opt/rustwide/rustup-home/toolchains/1.69.0-x86_64-unknown-linux-gnu/lib/rustlib/x86_64-unknown-linux-gnu/lib/libobject-d61707aed80694c0.rlib" "/opt/rustwide/rustup-home/toolchains/1.69.0-x86_64-unknown-linux-gnu/lib/rustlib/x86_64-unknown-linux-gnu/lib/libmemchr-d85366256f22345b.rlib" "/opt/rustwide/rustup-home/toolchains/1.69.0-x86_64-unknown-linux-gnu/lib/rustlib/x86_64-unknown-linux-gnu/lib/libaddr2line-96069b86b8a8cae9.rlib" "/opt/rustwide/rustup-home/toolchains/1.69.0-x86_64-unknown-linux-gnu/lib/rustlib/x86_64-unknown-linux-gnu/lib/libgimli-d19d53abf68dfa6c.rlib" "/opt/rustwide/rustup-home/toolchains/1.69.0-x86_64-unknown-linux-gnu/lib/rustlib/x86_64-unknown-linux-gnu/lib/librustc_demangle-787cbccd19d64ac6.rlib" "/opt/rustwide/rustup-home/toolchains/1.69.0-x86_64-unknown-linux-gnu/lib/rustlib/x86_64-unknown-linux-gnu/lib/libstd_detect-b3837a36b830e0d0.rlib" "/opt/rustwide/rustup-home/toolchains/1.69.0-x86_64-unknown-linux-gnu/lib/rustlib/x86_64-unknown-linux-gnu/lib/libhashbrown-e3deb0e7e3f04966.rlib" "/opt/rustwide/rustup-home/toolchains/1.69.0-x86_64-unknown-linux-gnu/lib/rustlib/x86_64-unknown-linux-gnu/lib/libminiz_oxide-dabbb79c9815def4.rlib" "/opt/rustwide/rustup-home/toolchains/1.69.0-x86_64-unknown-linux-gnu/lib/rustlib/x86_64-unknown-linux-gnu/lib/libadler-305b01f34c9409f2.rlib" "/opt/rustwide/rustup-home/toolchains/1.69.0-x86_64-unknown-linux-gnu/lib/rustlib/x86_64-unknown-linux-gnu/lib/librustc_std_workspace_alloc-f833521df6074e73.rlib" "/opt/rustwide/rustup-home/toolchains/1.69.0-x86_64-unknown-linux-gnu/lib/rustlib/x86_64-unknown-linux-gnu/lib/libunwind-9ac333113350d171.rlib" "/opt/rustwide/rustup-home/toolchains/1.69.0-x86_64-unknown-linux-gnu/lib/rustlib/x86_64-unknown-linux-gnu/lib/libcfg_if-1c126114322d0eee.rlib" "/opt/rustwide/rustup-home/toolchains/1.69.0-x86_64-unknown-linux-gnu/lib/rustlib/x86_64-unknown-linux-gnu/lib/liblibc-bad9164fdeeecf92.rlib" "/opt/rustwide/rustup-home/toolchains/1.69.0-x86_64-unknown-linux-gnu/lib/rustlib/x86_64-unknown-linux-gnu/lib/liballoc-f9374b1e480fa681.rlib" "/opt/rustwide/rustup-home/toolchains/1.69.0-x86_64-unknown-linux-gnu/lib/rustlib/x86_64-unknown-linux-gnu/lib/librustc_std_workspace_core-207f06e41d9603af.rlib" "/opt/rustwide/rustup-home/toolchains/1.69.0-x86_64-unknown-linux-gnu/lib/rustlib/x86_64-unknown-linux-gnu/lib/libcore-7e2768e66e984e85.rlib" "/opt/rustwide/rustup-home/toolchains/1.69.0-x86_64-unknown-linux-gnu/lib/rustlib/x86_64-unknown-linux-gnu/lib/libcompiler_builtins-957b4aff41f8cd46.rlib" "-Wl,-Bdynamic" "-lgcc_s" "-lutil" "-lrt" "-lpthread" "-lm" "-ldl" "-lc" "-Wl,--eh-frame-hdr" "-Wl,-z,noexecstack" "-L" "/opt/rustwide/rustup-home/toolchains/1.69.0-x86_64-unknown-linux-gnu/lib/rustlib/x86_64-unknown-linux-gnu/lib" "-o" "/opt/rustwide/target/debug/build/syn-3801872a7bacf05a/build_script_build-3801872a7bacf05a" "-Wl,--gc-sections" "-pie" "-Wl,-z,relro,-z,now" "-nodefaultlibs"
[INFO] [stdout]   = note: /usr/bin/ld: final link failed: No space left on device
[INFO] [stdout]           collect2: error: ld returned 1 exit status
[INFO] [stdout]           
[INFO] [stdout] 
[INFO] [stdout] 
[INFO] [stdout] error: aborting due to previous error
[INFO] [stdout] 
[INFO] [stdout] 
[INFO] [stderr] error: could not compile `bytes`
[INFO] [stderr] error: could not compile `syn` due to 2 previous errors
[INFO] running `Command { std: "docker" "inspect" "289ce5200a8696694eeaf13f0b6f5437548ffe171a4cad2158cc2a941daeb7c1", kill_on_drop: false }`
[INFO] running `Command { std: "docker" "rm" "-f" "289ce5200a8696694eeaf13f0b6f5437548ffe171a4cad2158cc2a941daeb7c1", kill_on_drop: false }`
[INFO] [stdout] 289ce5200a8696694eeaf13f0b6f5437548ffe171a4cad2158cc2a941daeb7c1
