[INFO] cloning repository https://github.com/Sixmorphugus/bevy_wgpu_problem_minimal_repro
[INFO] running `Command { std: "git" "-c" "credential.helper=" "-c" "credential.helper=/workspace/cargo-home/bin/git-credential-null" "clone" "--bare" "https://github.com/Sixmorphugus/bevy_wgpu_problem_minimal_repro" "/workspace/cache/git-repos/https%3A%2F%2Fgithub.com%2FSixmorphugus%2Fbevy_wgpu_problem_minimal_repro", kill_on_drop: false }`
[INFO] [stderr] Cloning into bare repository '/workspace/cache/git-repos/https%3A%2F%2Fgithub.com%2FSixmorphugus%2Fbevy_wgpu_problem_minimal_repro'...
[INFO] running `Command { std: "git" "rev-parse" "HEAD", kill_on_drop: false }`
[INFO] [stdout] 048537c3f83854f35f9441d1f37cb04158bb4e20
[INFO] testing Sixmorphugus/bevy_wgpu_problem_minimal_repro against 1.69.0 for beta-1.70-1
[INFO] running `Command { std: "git" "clone" "/workspace/cache/git-repos/https%3A%2F%2Fgithub.com%2FSixmorphugus%2Fbevy_wgpu_problem_minimal_repro" "/workspace/builds/worker-7-tc1/source", kill_on_drop: false }`
[INFO] [stderr] Cloning into '/workspace/builds/worker-7-tc1/source'...
[INFO] [stderr] done.
[INFO] validating manifest of git repo https://github.com/Sixmorphugus/bevy_wgpu_problem_minimal_repro on toolchain 1.69.0
[INFO] running `Command { std: CARGO_HOME="/workspace/cargo-home" RUSTUP_HOME="/workspace/rustup-home" "/workspace/cargo-home/bin/cargo" "+1.69.0" "metadata" "--manifest-path" "Cargo.toml" "--no-deps", kill_on_drop: false }`
[INFO] started tweaking git repo https://github.com/Sixmorphugus/bevy_wgpu_problem_minimal_repro
[INFO] finished tweaking git repo https://github.com/Sixmorphugus/bevy_wgpu_problem_minimal_repro
[INFO] tweaked toml for git repo https://github.com/Sixmorphugus/bevy_wgpu_problem_minimal_repro written to /workspace/builds/worker-7-tc1/source/Cargo.toml
[INFO] crate git repo https://github.com/Sixmorphugus/bevy_wgpu_problem_minimal_repro already has a lockfile, it will not be regenerated
[INFO] running `Command { std: CARGO_HOME="/workspace/cargo-home" RUSTUP_HOME="/workspace/rustup-home" "/workspace/cargo-home/bin/cargo" "+1.69.0" "fetch" "--manifest-path" "Cargo.toml", kill_on_drop: false }`
[INFO] [stderr]     Updating git repository `https://github.com/gfx-rs/wgpu`
[INFO] [stderr]     Updating git repository `https://github.com/gfx-rs/naga`
[INFO] [stderr]     Updating git repository `https://github.com/gfx-rs/metal-rs`
[INFO] [stderr]     Updating git repository `https://github.com/gfx-rs/d3d12-rs.git`
[INFO] [stderr]  Downloading crates ...
[INFO] [stderr]   Downloaded ash v0.35.2+1.2.203
[INFO] running `Command { std: "docker" "create" "-v" "/var/lib/crater-agent-workspace/builds/worker-7-tc1/target:/opt/rustwide/target:rw,Z" "-v" "/var/lib/crater-agent-workspace/builds/worker-7-tc1/source:/opt/rustwide/workdir:ro,Z" "-v" "/var/lib/crater-agent-workspace/cargo-home:/opt/rustwide/cargo-home:ro,Z" "-v" "/var/lib/crater-agent-workspace/rustup-home:/opt/rustwide/rustup-home:ro,Z" "-e" "SOURCE_DIR=/opt/rustwide/workdir" "-e" "CARGO_TARGET_DIR=/opt/rustwide/target" "-e" "CARGO_HOME=/opt/rustwide/cargo-home" "-e" "RUSTUP_HOME=/opt/rustwide/rustup-home" "-w" "/opt/rustwide/workdir" "-m" "1610612736" "--user" "0:0" "--network" "none" "ghcr.io/rust-lang/crates-build-env/linux@sha256:97d61d7686bf65f8ecb15491ab51835e82dc9176a96a831f143a431b191fc501" "/opt/rustwide/cargo-home/bin/cargo" "+1.69.0" "metadata" "--no-deps" "--format-version=1", kill_on_drop: false }`
[INFO] [stdout] 6239087df8dbec683b72805a59d605728ddfc823d8d33b769c3c0a0325d6377e
[INFO] running `Command { std: "docker" "start" "-a" "6239087df8dbec683b72805a59d605728ddfc823d8d33b769c3c0a0325d6377e", kill_on_drop: false }`
[INFO] running `Command { std: "docker" "inspect" "6239087df8dbec683b72805a59d605728ddfc823d8d33b769c3c0a0325d6377e", kill_on_drop: false }`
[INFO] running `Command { std: "docker" "rm" "-f" "6239087df8dbec683b72805a59d605728ddfc823d8d33b769c3c0a0325d6377e", kill_on_drop: false }`
[INFO] [stdout] 6239087df8dbec683b72805a59d605728ddfc823d8d33b769c3c0a0325d6377e
[INFO] running `Command { std: "docker" "create" "-v" "/var/lib/crater-agent-workspace/builds/worker-7-tc1/target:/opt/rustwide/target:rw,Z" "-v" "/var/lib/crater-agent-workspace/builds/worker-7-tc1/source:/opt/rustwide/workdir:ro,Z" "-v" "/var/lib/crater-agent-workspace/cargo-home:/opt/rustwide/cargo-home:ro,Z" "-v" "/var/lib/crater-agent-workspace/rustup-home:/opt/rustwide/rustup-home:ro,Z" "-e" "SOURCE_DIR=/opt/rustwide/workdir" "-e" "CARGO_TARGET_DIR=/opt/rustwide/target" "-e" "CARGO_INCREMENTAL=0" "-e" "RUST_BACKTRACE=full" "-e" "RUSTFLAGS=--cap-lints=warn" "-e" "RUSTDOCFLAGS=--cap-lints=warn" "-e" "CARGO_HOME=/opt/rustwide/cargo-home" "-e" "RUSTUP_HOME=/opt/rustwide/rustup-home" "-w" "/opt/rustwide/workdir" "-m" "1610612736" "--user" "0:0" "--network" "none" "ghcr.io/rust-lang/crates-build-env/linux@sha256:97d61d7686bf65f8ecb15491ab51835e82dc9176a96a831f143a431b191fc501" "/opt/rustwide/cargo-home/bin/cargo" "+1.69.0" "build" "--frozen" "--message-format=json", kill_on_drop: false }`
[INFO] [stdout] 2035264f9863ff47430bae47413907ec198f7bd9d4879b1902e8a6d10e67793f
[INFO] running `Command { std: "docker" "start" "-a" "2035264f9863ff47430bae47413907ec198f7bd9d4879b1902e8a6d10e67793f", kill_on_drop: false }`
[INFO] [stderr]    Compiling cfg-if v1.0.0
[INFO] [stderr]    Compiling libc v0.2.121
[INFO] [stderr]    Compiling proc-macro2 v1.0.36
[INFO] [stderr]    Compiling unicode-xid v0.2.2
[INFO] [stderr]    Compiling autocfg v1.1.0
[INFO] [stderr]    Compiling syn v1.0.89
[INFO] [stderr]    Compiling serde_derive v1.0.136
[INFO] [stderr]    Compiling serde v1.0.136
[INFO] [stderr]    Compiling once_cell v1.10.0
[INFO] [stderr]    Compiling bitflags v1.3.2
[INFO] [stderr]    Compiling lazy_static v1.4.0
[INFO] [stderr]    Compiling version_check v0.9.4
[INFO] [stderr]    Compiling log v0.4.16
[INFO] [stderr]    Compiling memchr v2.4.1
[INFO] [stderr]    Compiling hashbrown v0.11.2
[INFO] [stderr]    Compiling instant v0.1.12
[INFO] [stderr]    Compiling parking_lot_core v0.8.5
[INFO] [stderr]    Compiling pkg-config v0.3.24
[INFO] [stderr]    Compiling scopeguard v1.1.0
[INFO] [stderr]    Compiling pin-project-lite v0.2.8
[INFO] [stderr]    Compiling lock_api v0.4.6
[INFO] [stderr]    Compiling downcast-rs v1.2.0
[INFO] [stderr]    Compiling tracing-core v0.1.23
[INFO] [stderr]    Compiling ahash v0.7.6
[INFO] [stderr]    Compiling indexmap v1.8.0
[INFO] [stderr]    Compiling futures-core v0.3.21
[INFO] [stderr]    Compiling byteorder v1.4.3
[INFO] [stderr]    Compiling cache-padded v1.2.0
[INFO] [stderr]    Compiling erased-serde v0.3.20
[INFO] [stderr]    Compiling concurrent-queue v1.2.2
[INFO] [stderr]    Compiling memoffset v0.6.5
[INFO] [stderr]    Compiling bytemuck v1.8.0
[INFO] [stderr]    Compiling waker-fn v1.1.0
[INFO] [stderr]    Compiling parking v2.0.0
[INFO] [stderr]    Compiling futures-io v0.3.21
[INFO] [stderr]    Compiling fxhash v0.2.1
[INFO] [stderr]    Compiling fastrand v1.7.0
[INFO] [stderr]    Compiling libloading v0.7.3
[INFO] [stderr]    Compiling event-listener v2.5.2
[INFO] [stderr]    Compiling slab v0.4.5
[INFO] [stderr]    Compiling async-task v4.2.0
[INFO] [stderr]    Compiling fixedbitset v0.4.1
[INFO] [stderr]    Compiling xml-rs v0.8.4
[INFO] [stderr]    Compiling quote v1.0.17
[INFO] [stderr]    Compiling async-channel v1.6.1
[INFO] [stderr]    Compiling wayland-sys v0.29.4
[INFO] [stderr]    Compiling futures-lite v1.12.0
[INFO] [stderr]    Compiling num-traits v0.2.14
[INFO] [stderr]    Compiling dlib v0.5.0
[INFO] [stderr]    Compiling regex-syntax v0.6.25
[INFO] [stderr]    Compiling cty v0.2.2
[INFO] [stderr]    Compiling scoped-tls v1.0.0
[INFO] [stderr]    Compiling getrandom v0.2.5
[INFO] [stderr]    Compiling wayland-scanner v0.29.4
[INFO] [stderr]    Compiling minimal-lexical v0.2.1
[INFO] [stderr]    Compiling raw-window-handle v0.4.2
[INFO] [stderr]    Compiling crossbeam-utils v0.8.8
[INFO] [stderr]    Compiling tracing-log v0.1.2
[INFO] [stderr]    Compiling libudev-sys v0.1.4
[INFO] [stderr]    Compiling thread_local v1.1.4
[INFO] [stderr]    Compiling sharded-slab v0.1.4
[INFO] [stderr]    Compiling ansi_term v0.12.1
[INFO] [stderr]    Compiling smithay-client-toolkit v0.15.3
[INFO] [stderr]    Compiling nom v7.1.1
[INFO] [stderr]    Compiling num_cpus v1.13.1
[INFO] [stderr]    Compiling nix v0.22.3
[INFO] [stderr]    Compiling inotify-sys v0.1.5
[INFO] [stderr]    Compiling async-executor v1.4.1
[INFO] [stderr]    Compiling rand_core v0.6.3
[INFO] [stderr]    Compiling x11-dl v2.19.1
[INFO] [stderr]    Compiling same-file v1.0.6
[INFO] [stderr]    Compiling ppv-lite86 v0.2.16
[INFO] [stderr]    Compiling bevy_tasks v0.6.0
[INFO] [stderr]    Compiling anyhow v1.0.56
[INFO] [stderr]    Compiling walkdir v2.3.2
[INFO] [stderr]    Compiling crossbeam-channel v0.5.4
[INFO] [stderr]    Compiling inotify v0.9.6
[INFO] [stderr]    Compiling mio v0.7.14
[INFO] [stderr]    Compiling filetime v0.2.15
[INFO] [stderr]    Compiling rand_chacha v0.3.1
[INFO] [stderr]    Compiling memmap2 v0.3.1
[INFO] [stderr]    Compiling nix v0.23.1
[INFO] [stderr]    Compiling wayland-client v0.29.4
[INFO] [stderr]    Compiling regex-automata v0.1.10
[INFO] [stderr]    Compiling wayland-protocols v0.29.4
[INFO] [stderr] LLVM ERROR: IO failure on output stream: No space left on device
[INFO] [stderr] LLVM ERROR: IO failure on output stream: No space left on device
[INFO] [stderr] LLVM ERROR: IO failure on output stream: No space left on device
[INFO] [stderr] error: could not compile `mio`
[INFO] [stderr] warning: build failed, waiting for other jobs to finish...
[INFO] [stderr] error: could not compile `memmap2`
[INFO] [stderr] error: could not compile `inotify`
[INFO] [stderr] error: failed to write `/opt/rustwide/target/debug/build/anyhow-dc4fc60d3517bf9a/root-output`
[INFO] [stderr] 
[INFO] [stderr] Caused by:
[INFO] [stderr]   No space left on device (os error 28)
[INFO] [stderr] LLVM ERROR: IO failure on output stream: No space left on device
[INFO] [stdout] error: couldn't create a temp dir: No space left on device (os error 28) at path "/opt/rustwide/target/debug/deps/rmetaEWIhsl"
[INFO] [stdout] 
[INFO] [stdout] 
[INFO] [stdout] error: couldn't create a temp dir: No space left on device (os error 28) at path "/opt/rustwide/target/debug/build/wayland-client-8932aaac37035f70/rmetaKFC58x"
[INFO] [stdout] 
[INFO] [stdout] 
[INFO] [stderr] error: could not compile `bevy_tasks`
[INFO] [stderr] error: could not compile `wayland-client` due to previous error
[INFO] [stderr] error: could not compile `crossbeam-channel` due to previous error
[INFO] [stdout] error: couldn't create a temp dir: No space left on device (os error 28) at path "/opt/rustwide/target/debug/deps/rmetavgExNL"
[INFO] [stdout] 
[INFO] [stdout] 
[INFO] [stdout] error: couldn't create a temp dir: No space left on device (os error 28) at path "/opt/rustwide/target/debug/build/wayland-protocols-21554c42adcbb1b4/rmetaWjtZZ5"
[INFO] [stdout] 
[INFO] [stdout] 
[INFO] [stderr] error: could not compile `rand_chacha` due to previous error
[INFO] [stderr] error: could not compile `wayland-protocols` due to previous error
[INFO] [stderr] LLVM ERROR: IO failure on output stream: No space left on device
[INFO] [stderr] error: could not compile `regex-syntax`
[INFO] [stderr] thread 'rustc' panicked at 'assertion failed: pos.get() <= self.position()', compiler/rustc_metadata/src/rmeta/encoder.rs:435:9
[INFO] [stderr] error: could not compile `nom`
[INFO] [stderr] thread 'rustc' panicked at 'assertion failed: pos.get() <= self.position()', compiler/rustc_metadata/src/rmeta/encoder.rs:435:9
[INFO] [stdout] error: error writing dependencies to `/opt/rustwide/target/debug/deps/nix-797b2463301b82f9.d`: No space left on device (os error 28)
[INFO] [stdout] 
[INFO] [stdout] 
[INFO] [stderr] error: could not compile `nix` due to previous error
[INFO] [stderr] error: could not compile `regex-automata`
[INFO] [stderr] thread 'rustc' panicked at 'assertion failed: pos.get() <= self.position()', compiler/rustc_metadata/src/rmeta/encoder.rs:435:9
[INFO] [stderr] error: could not compile `serde`
[INFO] [stdout] error: couldn't create a temp dir: No space left on device (os error 28) at path "/opt/rustwide/target/debug/deps/rmetaUcGYjl"
[INFO] [stdout] 
[INFO] [stdout] 
[INFO] [stdout] error: couldn't create a temp dir: No space left on device (os error 28) at path "/opt/rustwide/target/debug/deps/rmetanUdOD3"
[INFO] [stdout] 
[INFO] [stdout] 
[INFO] [stderr] error: could not compile `syn` due to previous error
[INFO] [stderr] error: could not compile `nix` due to previous error
[INFO] running `Command { std: "docker" "inspect" "2035264f9863ff47430bae47413907ec198f7bd9d4879b1902e8a6d10e67793f", kill_on_drop: false }`
[INFO] running `Command { std: "docker" "rm" "-f" "2035264f9863ff47430bae47413907ec198f7bd9d4879b1902e8a6d10e67793f", kill_on_drop: false }`
[INFO] [stdout] 2035264f9863ff47430bae47413907ec198f7bd9d4879b1902e8a6d10e67793f
