[INFO] cloning repository https://github.com/Simon-Bertrand/NumRu
[INFO] running `Command { std: "git" "-c" "credential.helper=" "-c" "credential.helper=/workspace/cargo-home/bin/git-credential-null" "clone" "--bare" "https://github.com/Simon-Bertrand/NumRu" "/workspace/cache/git-repos/https%3A%2F%2Fgithub.com%2FSimon-Bertrand%2FNumRu", kill_on_drop: false }`
[INFO] [stderr] Cloning into bare repository '/workspace/cache/git-repos/https%3A%2F%2Fgithub.com%2FSimon-Bertrand%2FNumRu'...
[INFO] running `Command { std: "git" "rev-parse" "HEAD", kill_on_drop: false }`
[INFO] [stdout] 4d22b5c1b0977c490b6e6f04c3610f8fc65cefe9
[INFO] testing Simon-Bertrand/NumRu against beta-2023-04-20 for beta-1.70-1
[INFO] running `Command { std: "git" "clone" "/workspace/cache/git-repos/https%3A%2F%2Fgithub.com%2FSimon-Bertrand%2FNumRu" "/workspace/builds/worker-5-tc2/source", kill_on_drop: false }`
[INFO] [stderr] Cloning into '/workspace/builds/worker-5-tc2/source'...
[INFO] [stderr] done.
[INFO] validating manifest of git repo https://github.com/Simon-Bertrand/NumRu on toolchain beta-2023-04-20
[INFO] running `Command { std: CARGO_HOME="/workspace/cargo-home" RUSTUP_HOME="/workspace/rustup-home" "/workspace/cargo-home/bin/cargo" "+beta-2023-04-20" "metadata" "--manifest-path" "Cargo.toml" "--no-deps", kill_on_drop: false }`
[INFO] started tweaking git repo https://github.com/Simon-Bertrand/NumRu
[INFO] finished tweaking git repo https://github.com/Simon-Bertrand/NumRu
[INFO] tweaked toml for git repo https://github.com/Simon-Bertrand/NumRu written to /workspace/builds/worker-5-tc2/source/Cargo.toml
[INFO] crate git repo https://github.com/Simon-Bertrand/NumRu already has a lockfile, it will not be regenerated
[INFO] running `Command { std: CARGO_HOME="/workspace/cargo-home" RUSTUP_HOME="/workspace/rustup-home" "/workspace/cargo-home/bin/cargo" "+beta-2023-04-20" "fetch" "--manifest-path" "Cargo.toml", kill_on_drop: false }`
[INFO] running `Command { std: "docker" "create" "-v" "/var/lib/crater-agent-workspace/builds/worker-5-tc2/target:/opt/rustwide/target:rw,Z" "-v" "/var/lib/crater-agent-workspace/builds/worker-5-tc2/source:/opt/rustwide/workdir:ro,Z" "-v" "/var/lib/crater-agent-workspace/cargo-home:/opt/rustwide/cargo-home:ro,Z" "-v" "/var/lib/crater-agent-workspace/rustup-home:/opt/rustwide/rustup-home:ro,Z" "-e" "SOURCE_DIR=/opt/rustwide/workdir" "-e" "CARGO_TARGET_DIR=/opt/rustwide/target" "-e" "CARGO_HOME=/opt/rustwide/cargo-home" "-e" "RUSTUP_HOME=/opt/rustwide/rustup-home" "-w" "/opt/rustwide/workdir" "-m" "1610612736" "--user" "0:0" "--network" "none" "ghcr.io/rust-lang/crates-build-env/linux@sha256:5ff2268d62e97bff2cde7d5815dd6ed5b47097566f13b8d0ca110b04b60e07ed" "/opt/rustwide/cargo-home/bin/cargo" "+beta-2023-04-20" "metadata" "--no-deps" "--format-version=1", kill_on_drop: false }`
[INFO] [stdout] a1373df319ff00e0e834933b1135bb2852b14172e1d73d3466c6889f71701f6b
[INFO] running `Command { std: "docker" "start" "-a" "a1373df319ff00e0e834933b1135bb2852b14172e1d73d3466c6889f71701f6b", kill_on_drop: false }`
[INFO] running `Command { std: "docker" "inspect" "a1373df319ff00e0e834933b1135bb2852b14172e1d73d3466c6889f71701f6b", kill_on_drop: false }`
[INFO] running `Command { std: "docker" "rm" "-f" "a1373df319ff00e0e834933b1135bb2852b14172e1d73d3466c6889f71701f6b", kill_on_drop: false }`
[INFO] [stdout] a1373df319ff00e0e834933b1135bb2852b14172e1d73d3466c6889f71701f6b
[INFO] running `Command { std: "docker" "create" "-v" "/var/lib/crater-agent-workspace/builds/worker-5-tc2/target:/opt/rustwide/target:rw,Z" "-v" "/var/lib/crater-agent-workspace/builds/worker-5-tc2/source:/opt/rustwide/workdir:ro,Z" "-v" "/var/lib/crater-agent-workspace/cargo-home:/opt/rustwide/cargo-home:ro,Z" "-v" "/var/lib/crater-agent-workspace/rustup-home:/opt/rustwide/rustup-home:ro,Z" "-e" "SOURCE_DIR=/opt/rustwide/workdir" "-e" "CARGO_TARGET_DIR=/opt/rustwide/target" "-e" "CARGO_INCREMENTAL=0" "-e" "RUST_BACKTRACE=full" "-e" "RUSTFLAGS=--cap-lints=warn" "-e" "RUSTDOCFLAGS=--cap-lints=warn" "-e" "CARGO_HOME=/opt/rustwide/cargo-home" "-e" "RUSTUP_HOME=/opt/rustwide/rustup-home" "-w" "/opt/rustwide/workdir" "-m" "1610612736" "--user" "0:0" "--network" "none" "ghcr.io/rust-lang/crates-build-env/linux@sha256:5ff2268d62e97bff2cde7d5815dd6ed5b47097566f13b8d0ca110b04b60e07ed" "/opt/rustwide/cargo-home/bin/cargo" "+beta-2023-04-20" "build" "--frozen" "--message-format=json", kill_on_drop: false }`
[INFO] [stdout] 8fbee1d475ec5f5c4bc318f0455edc61cf0df0232cfbf4e2b545eeb26b8b505d
[INFO] running `Command { std: "docker" "start" "-a" "8fbee1d475ec5f5c4bc318f0455edc61cf0df0232cfbf4e2b545eeb26b8b505d", kill_on_drop: false }`
[INFO] [stderr]    Compiling autocfg v1.0.1
[INFO] [stderr]    Compiling libc v0.2.101
[INFO] [stderr]    Compiling memchr v2.4.1
[INFO] [stderr]    Compiling ppv-lite86 v0.2.10
[INFO] [stderr]    Compiling regex-automata v0.1.10
[INFO] [stderr]    Compiling num-traits v0.2.14
[INFO] [stderr]    Compiling num-integer v0.1.44
[INFO] [stderr]    Compiling num-bigint v0.4.2
[INFO] [stderr]    Compiling num-rational v0.4.0
[INFO] [stderr]    Compiling csv-core v0.1.10
[INFO] [stderr]    Compiling bstr v0.2.17
[INFO] [stderr]    Compiling getrandom v0.2.3
[INFO] [stderr]    Compiling atty v0.2.14
[INFO] [stderr]    Compiling colored v2.0.0
[INFO] [stderr]    Compiling rand_core v0.6.3
[INFO] [stderr]    Compiling csv v1.1.6
[INFO] [stderr]    Compiling rand_chacha v0.3.1
[INFO] [stderr]    Compiling rand v0.8.4
[INFO] [stderr]    Compiling rust-matrix v0.1.0 (/opt/rustwide/workdir)
[INFO] [stdout] error[E0425]: cannot find value `min` in this scope
[INFO] [stdout]   --> src/matrix/math/scalers.rs:47:70
[INFO] [stdout]    |
[INFO] [stdout] 47 | ...                   for el in this.row_iter(i){r.push((*el - min)/(max-min))}
[INFO] [stdout]    |                                                                ^^^ not found in this scope
[INFO] [stdout]    |
[INFO] [stdout] help: consider importing one of these items
[INFO] [stdout]    |
[INFO] [stdout] 1  + use core::cmp::min;
[INFO] [stdout]    |
[INFO] [stdout] 1  + use std::cmp::min;
[INFO] [stdout]    |
[INFO] [stdout] 
[INFO] [stdout] 
[INFO] [stdout] error[E0425]: cannot find value `max` in this scope
[INFO] [stdout]   --> src/matrix/math/scalers.rs:47:76
[INFO] [stdout]    |
[INFO] [stdout] 47 | ...                   for el in this.row_iter(i){r.push((*el - min)/(max-min))}
[INFO] [stdout]    |                                                                      ^^^ not found in this scope
[INFO] [stdout]    |
[INFO] [stdout] help: consider importing one of these items
[INFO] [stdout]    |
[INFO] [stdout] 1  + use core::cmp::max;
[INFO] [stdout]    |
[INFO] [stdout] 1  + use std::cmp::max;
[INFO] [stdout]    |
[INFO] [stdout] 
[INFO] [stdout] 
[INFO] [stdout] error[E0425]: cannot find value `min` in this scope
[INFO] [stdout]   --> src/matrix/math/scalers.rs:47:80
[INFO] [stdout]    |
[INFO] [stdout] 47 | ...                   for el in this.row_iter(i){r.push((*el - min)/(max-min))}
[INFO] [stdout]    |                                                                          ^^^ not found in this scope
[INFO] [stdout]    |
[INFO] [stdout] help: consider importing one of these items
[INFO] [stdout]    |
[INFO] [stdout] 1  + use core::cmp::min;
[INFO] [stdout]    |
[INFO] [stdout] 1  + use std::cmp::min;
[INFO] [stdout]    |
[INFO] [stdout] 
[INFO] [stdout] 
[INFO] [stdout] warning: unnecessary braces around index expression
[INFO] [stdout]   --> src/matrix/matrix.rs:65:39
[INFO] [stdout]    |
[INFO] [stdout] 65 | ...a.values[{if self.axe {self.ind_axe*self.data.shape.1 + self.index-1} else {(self.index-1)*self.data.shape.1 + self.ind_axe}}])
[INFO] [stdout]    |             ^                                                                                                                  ^
[INFO] [stdout]    |
[INFO] [stdout]    = note: `#[warn(unused_braces)]` on by default
[INFO] [stdout] help: remove these braces
[INFO] [stdout]    |
[INFO] [stdout] 65 -         return Some(&self.data.values[{if self.axe {self.ind_axe*self.data.shape.1 + self.index-1} else {(self.index-1)*self.data.shape.1 + self.ind_axe}}])
[INFO] [stdout] 65 +         return Some(&self.data.values[if self.axe {self.ind_axe*self.data.shape.1 + self.index-1} else {(self.index-1)*self.data.shape.1 + self.ind_axe}])
[INFO] [stdout]    |
[INFO] [stdout] 
[INFO] [stdout] 
[INFO] [stdout] error[E0369]: cannot add `T` to `T`
[INFO] [stdout]   --> src/matrix/math/scalers.rs:16:48
[INFO] [stdout]    |
[INFO] [stdout] 16 |     if shape%2 ==0 {(sorted_values[shape/2 -1] + sorted_values[shape/2])/FromPrimitive::from_usize(100).unwrap() * FromPrimitive::from_us...
[INFO] [stdout]    |                      ------------------------- ^ ---------------------- T
[INFO] [stdout]    |                      |
[INFO] [stdout]    |                      T
[INFO] [stdout]    |
[INFO] [stdout] help: consider restricting type parameter `T`
[INFO] [stdout]    |
[INFO] [stdout] 15 | fn core_percentile<T: std::ops::Add>(sorted_values : &Vec<T>, percentile : usize, shape : usize) -> T {
[INFO] [stdout]    |                     +++++++++++++++
[INFO] [stdout] 
[INFO] [stdout] 
[INFO] [stdout] error[E0308]: mismatched types
[INFO] [stdout]   --> src/matrix/math/scalers.rs:15:86
[INFO] [stdout]    |
[INFO] [stdout] 15 | fn core_percentile<T>(sorted_values : &Vec<T>, percentile : usize, shape : usize) -> T {
[INFO] [stdout]    |    --------------- -                                                                 ^ expected type parameter `T`, found `()`
[INFO] [stdout]    |    |               |
[INFO] [stdout]    |    |               this type parameter
[INFO] [stdout]    |    implicitly returns `()` as its body has no tail or `return` expression
[INFO] [stdout]    |
[INFO] [stdout]    = note: expected type parameter `T`
[INFO] [stdout]                    found unit type `()`
[INFO] [stdout] 
[INFO] [stdout] 
[INFO] [stdout] error: aborting due to 5 previous errors; 1 warning emitted
[INFO] [stdout] 
[INFO] [stdout] 
[INFO] [stdout] Some errors have detailed explanations: E0308, E0369, E0425.
[INFO] [stdout] 
[INFO] [stdout] For more information about an error, try `rustc --explain E0308`.
[INFO] [stdout] 
[INFO] [stderr] error: could not compile `rust-matrix` (lib) due to 6 previous errors; 1 warning emitted
[INFO] [stderr] warning: build failed, waiting for other jobs to finish...
[INFO] running `Command { std: "docker" "inspect" "8fbee1d475ec5f5c4bc318f0455edc61cf0df0232cfbf4e2b545eeb26b8b505d", kill_on_drop: false }`
[INFO] running `Command { std: "docker" "rm" "-f" "8fbee1d475ec5f5c4bc318f0455edc61cf0df0232cfbf4e2b545eeb26b8b505d", kill_on_drop: false }`
[INFO] [stdout] 8fbee1d475ec5f5c4bc318f0455edc61cf0df0232cfbf4e2b545eeb26b8b505d
