[INFO] cloning repository https://github.com/Simhyeon/gdengine
[INFO] running `Command { std: "git" "-c" "credential.helper=" "-c" "credential.helper=/workspace/cargo-home/bin/git-credential-null" "clone" "--bare" "https://github.com/Simhyeon/gdengine" "/workspace/cache/git-repos/https%3A%2F%2Fgithub.com%2FSimhyeon%2Fgdengine", kill_on_drop: false }`
[INFO] [stderr] Cloning into bare repository '/workspace/cache/git-repos/https%3A%2F%2Fgithub.com%2FSimhyeon%2Fgdengine'...
[INFO] running `Command { std: "git" "rev-parse" "HEAD", kill_on_drop: false }`
[INFO] [stdout] 2b0a3caae0c64116ff5e274b3766400694a64632
[INFO] testing Simhyeon/gdengine against beta-2023-04-20 for beta-1.70-1
[INFO] running `Command { std: "git" "clone" "/workspace/cache/git-repos/https%3A%2F%2Fgithub.com%2FSimhyeon%2Fgdengine" "/workspace/builds/worker-7-tc2/source", kill_on_drop: false }`
[INFO] [stderr] Cloning into '/workspace/builds/worker-7-tc2/source'...
[INFO] [stderr] done.
[INFO] validating manifest of git repo https://github.com/Simhyeon/gdengine on toolchain beta-2023-04-20
[INFO] running `Command { std: CARGO_HOME="/workspace/cargo-home" RUSTUP_HOME="/workspace/rustup-home" "/workspace/cargo-home/bin/cargo" "+beta-2023-04-20" "metadata" "--manifest-path" "Cargo.toml" "--no-deps", kill_on_drop: false }`
[INFO] started tweaking git repo https://github.com/Simhyeon/gdengine
[INFO] finished tweaking git repo https://github.com/Simhyeon/gdengine
[INFO] tweaked toml for git repo https://github.com/Simhyeon/gdengine written to /workspace/builds/worker-7-tc2/source/Cargo.toml
[INFO] crate git repo https://github.com/Simhyeon/gdengine already has a lockfile, it will not be regenerated
[INFO] running `Command { std: CARGO_HOME="/workspace/cargo-home" RUSTUP_HOME="/workspace/rustup-home" "/workspace/cargo-home/bin/cargo" "+beta-2023-04-20" "fetch" "--manifest-path" "Cargo.toml", kill_on_drop: false }`
[INFO] [stderr]     Updating crates.io index
[INFO] [stderr]  Downloading crates ...
[INFO] [stderr]   Downloaded imagesize v0.9.0
[INFO] [stderr]   Downloaded comrak v0.12.1
[INFO] [stderr]   Downloaded evalexpr v6.6.0
[INFO] [stderr]   Downloaded clap v3.0.3
[INFO] [stderr]   Downloaded rad_ext_template v0.1.0
[INFO] [stderr]   Downloaded gcalc v0.3.0
[INFO] running `Command { std: "docker" "create" "-v" "/var/lib/crater-agent-workspace/builds/worker-7-tc2/target:/opt/rustwide/target:rw,Z" "-v" "/var/lib/crater-agent-workspace/builds/worker-7-tc2/source:/opt/rustwide/workdir:ro,Z" "-v" "/var/lib/crater-agent-workspace/cargo-home:/opt/rustwide/cargo-home:ro,Z" "-v" "/var/lib/crater-agent-workspace/rustup-home:/opt/rustwide/rustup-home:ro,Z" "-e" "SOURCE_DIR=/opt/rustwide/workdir" "-e" "CARGO_TARGET_DIR=/opt/rustwide/target" "-e" "CARGO_HOME=/opt/rustwide/cargo-home" "-e" "RUSTUP_HOME=/opt/rustwide/rustup-home" "-w" "/opt/rustwide/workdir" "-m" "1610612736" "--user" "0:0" "--network" "none" "ghcr.io/rust-lang/crates-build-env/linux@sha256:5ff2268d62e97bff2cde7d5815dd6ed5b47097566f13b8d0ca110b04b60e07ed" "/opt/rustwide/cargo-home/bin/cargo" "+beta-2023-04-20" "metadata" "--no-deps" "--format-version=1", kill_on_drop: false }`
[INFO] [stdout] df5e24f23f32cbaaa4d67c9b8e91d56929ee659b968aefc50bc6dcd8a1f07668
[INFO] running `Command { std: "docker" "start" "-a" "df5e24f23f32cbaaa4d67c9b8e91d56929ee659b968aefc50bc6dcd8a1f07668", kill_on_drop: false }`
[INFO] running `Command { std: "docker" "inspect" "df5e24f23f32cbaaa4d67c9b8e91d56929ee659b968aefc50bc6dcd8a1f07668", kill_on_drop: false }`
[INFO] running `Command { std: "docker" "rm" "-f" "df5e24f23f32cbaaa4d67c9b8e91d56929ee659b968aefc50bc6dcd8a1f07668", kill_on_drop: false }`
[INFO] [stdout] df5e24f23f32cbaaa4d67c9b8e91d56929ee659b968aefc50bc6dcd8a1f07668
[INFO] running `Command { std: "docker" "create" "-v" "/var/lib/crater-agent-workspace/builds/worker-7-tc2/target:/opt/rustwide/target:rw,Z" "-v" "/var/lib/crater-agent-workspace/builds/worker-7-tc2/source:/opt/rustwide/workdir:ro,Z" "-v" "/var/lib/crater-agent-workspace/cargo-home:/opt/rustwide/cargo-home:ro,Z" "-v" "/var/lib/crater-agent-workspace/rustup-home:/opt/rustwide/rustup-home:ro,Z" "-e" "SOURCE_DIR=/opt/rustwide/workdir" "-e" "CARGO_TARGET_DIR=/opt/rustwide/target" "-e" "CARGO_INCREMENTAL=0" "-e" "RUST_BACKTRACE=full" "-e" "RUSTFLAGS=--cap-lints=warn" "-e" "RUSTDOCFLAGS=--cap-lints=warn" "-e" "CARGO_HOME=/opt/rustwide/cargo-home" "-e" "RUSTUP_HOME=/opt/rustwide/rustup-home" "-w" "/opt/rustwide/workdir" "-m" "1610612736" "--user" "0:0" "--network" "none" "ghcr.io/rust-lang/crates-build-env/linux@sha256:5ff2268d62e97bff2cde7d5815dd6ed5b47097566f13b8d0ca110b04b60e07ed" "/opt/rustwide/cargo-home/bin/cargo" "+beta-2023-04-20" "build" "--frozen" "--message-format=json", kill_on_drop: false }`
[INFO] [stdout] ade170656c621d2c97f62d054b09dc5e631718bfea7676ec737b5016ac13f001
[INFO] running `Command { std: "docker" "start" "-a" "ade170656c621d2c97f62d054b09dc5e631718bfea7676ec737b5016ac13f001", kill_on_drop: false }`
[INFO] [stderr]     Blocking waiting for file lock on package cache
[INFO] [stderr]    Compiling libc v0.2.101
[INFO] [stderr]    Compiling autocfg v1.0.1
[INFO] [stderr]    Compiling proc-macro2 v1.0.28
[INFO] [stderr]    Compiling unicode-xid v0.2.2
[INFO] [stderr]    Compiling syn v1.0.74
[INFO] [stderr]    Compiling cc v1.0.70
[INFO] [stderr]    Compiling memchr v2.4.1
[INFO] [stderr]    Compiling log v0.4.14
[INFO] [stderr]    Compiling pkg-config v0.3.24
[INFO] [stderr]    Compiling version_check v0.9.3
[INFO] [stderr]    Compiling itoa v0.4.8
[INFO] [stderr]    Compiling lazy_static v1.4.0
[INFO] [stderr]    Compiling serde_derive v1.0.130
[INFO] [stderr]    Compiling serde v1.0.130
[INFO] [stderr]    Compiling ucd-trie v0.1.3
[INFO] [stderr]    Compiling ryu v1.0.5
[INFO] [stderr]    Compiling hashbrown v0.11.2
[INFO] [stderr]    Compiling crc32fast v1.3.0
[INFO] [stderr]    Compiling regex-syntax v0.6.25
[INFO] [stderr]    Compiling pest v2.1.3
[INFO] [stderr]    Compiling cmake v0.1.46
[INFO] [stderr]    Compiling pin-project-lite v0.2.7
[INFO] [stderr]    Compiling indexmap v1.7.0
[INFO] [stderr]    Compiling num-traits v0.2.14
[INFO] [stderr]    Compiling num-integer v0.1.44
[INFO] [stderr]    Compiling bytes v1.1.0
[INFO] [stderr]    Compiling futures-core v0.3.17
[INFO] [stderr]    Compiling tokio v1.11.0
[INFO] [stderr]    Compiling standback v0.2.17
[INFO] [stderr]    Compiling mio v0.7.13
[INFO] [stderr]    Compiling fnv v1.0.7
[INFO] [stderr]    Compiling untrusted v0.7.1
[INFO] [stderr]    Compiling quote v1.0.9
[INFO] [stderr]    Compiling aho-corasick v0.7.18
[INFO] [stderr]    Compiling spin v0.5.2
[INFO] [stderr]    Compiling serde_json v1.0.66
[INFO] [stderr]    Compiling once_cell v1.8.0
[INFO] [stderr]    Compiling freetype-sys v0.13.1
[INFO] [stderr]    Compiling semver-parser v0.10.2
[INFO] [stderr]    Compiling ring v0.16.20
[INFO] [stderr]    Compiling expat-sys v2.1.6
[INFO] [stderr]    Compiling num_cpus v1.13.0
[INFO] [stderr]    Compiling futures-macro v0.3.17
[INFO] [stderr]    Compiling percent-encoding v2.1.0
[INFO] [stderr]    Compiling base64 v0.13.0
[INFO] [stderr]    Compiling futures-task v0.3.17
[INFO] [stderr]    Compiling adler32 v1.2.0
[INFO] [stderr]    Compiling matches v0.1.9
[INFO] [stderr]    Compiling proc-macro-nested v0.1.7
[INFO] [stderr]    Compiling byteorder v1.4.3
[INFO] [stderr]    Compiling tinyvec v1.3.1
[INFO] [stderr]    Compiling servo-fontconfig-sys v5.1.0
[INFO] [stderr]    Compiling futures-util v0.3.17
[INFO] [stderr]    Compiling semver v0.11.0
[INFO] [stderr]    Compiling num-rational v0.3.2
[INFO] [stderr]    Compiling num-iter v0.1.42
[INFO] [stderr]    Compiling unicase v2.6.0
[INFO] [stderr]    Compiling const_fn v0.4.8
[INFO] [stderr]    Compiling unicode-width v0.1.8
[INFO] [stderr]    Compiling rustc_version v0.3.3
[INFO] [stderr]    Compiling same-file v1.0.6
[INFO] [stderr]    Compiling walkdir v2.3.2
[INFO] [stderr]    Compiling regex v1.5.4
[INFO] [stderr]    Compiling deflate v0.8.6
[INFO] [stderr]    Compiling miniz_oxide v0.3.7
[INFO] [stderr]    Compiling form_urlencoded v1.0.1
[INFO] [stderr]    Compiling onig_sys v69.7.1
[INFO] [stderr]    Compiling pathfinder_simd v0.5.1
[INFO] [stderr]    Compiling http v0.2.4
[INFO] [stderr]    Compiling getrandom v0.2.3
[INFO] [stderr]    Compiling unicode-normalization v0.1.19
[INFO] [stderr]    Compiling miniz_oxide v0.4.4
[INFO] [stderr]    Compiling time v0.2.27
[INFO] [stderr]    Compiling tracing-core v0.1.19
[INFO] [stderr]    Compiling slab v0.4.4
[INFO] [stderr]    Compiling parking_lot_core v0.8.5
[INFO] [stderr]    Compiling signal-hook v0.3.13
[INFO] [stderr]    Compiling httparse v1.5.1
[INFO] [stderr]    Compiling pin-utils v0.1.0
[INFO] [stderr]    Compiling color_quant v1.1.0
[INFO] [stderr]    Compiling futures-channel v0.3.17
[INFO] [stderr]    Compiling futures-sink v0.3.17
[INFO] [stderr]    Compiling unicode-bidi v0.3.6
[INFO] [stderr]    Compiling futures-io v0.3.17
[INFO] [stderr]    Compiling tracing v0.1.26
[INFO] [stderr]    Compiling png v0.16.8
[INFO] [stderr]    Compiling rand_core v0.6.3
[INFO] [stderr]    Compiling atty v0.2.14
[INFO] [stderr]    Compiling signal-hook-registry v1.4.0
[INFO] [stderr]    Compiling time v0.1.44
[INFO] [stderr]    Compiling idna v0.2.3
[INFO] [stderr]    Compiling dirs-sys-next v0.1.2
[INFO] [stderr]    Compiling cookie v0.14.4
[INFO] [stderr]    Compiling instant v0.1.12
[INFO] [stderr]    Compiling safemem v0.3.3
[INFO] [stderr]    Compiling scopeguard v1.1.0
[INFO] [stderr]    Compiling ppv-lite86 v0.2.16
[INFO] [stderr]    Compiling adler v1.0.2
[INFO] [stderr]    Compiling smallvec v1.7.0
[INFO] [stderr]    Compiling weezl v0.1.5
[INFO] [stderr]    Compiling jpeg-decoder v0.1.22
[INFO] [stderr]    Compiling plotters-backend v0.3.2
[INFO] [stderr]    Compiling regex-automata v0.1.10
[INFO] [stderr]    Compiling try-lock v0.2.3
[INFO] [stderr]    Compiling maplit v1.0.2
[INFO] [stderr]    Compiling bytemuck v1.7.3
[INFO] [stderr]    Compiling url v2.2.2
[INFO] [stderr]    Compiling pest_meta v2.1.3
[INFO] [stderr]    Compiling tokio-util v0.6.8
[INFO] [stderr]    Compiling rand_chacha v0.3.1
[INFO] [stderr]    Compiling gif v0.11.3
[INFO] [stderr]    Compiling want v0.3.0
[INFO] [stderr]    Compiling image v0.23.14
[INFO] [stderr]    Compiling webpki v0.21.4
[INFO] [stderr]    Compiling sct v0.6.1
[INFO] [stderr]    Compiling http-body v0.4.3
[INFO] [stderr]    Compiling rustls v0.19.1
[INFO] [stderr]    Compiling lock_api v0.4.5
[INFO] [stderr]    Compiling line-wrap v0.1.1
[INFO] [stderr]    Compiling dirs-next v2.0.0
[INFO] [stderr]    Compiling chrono v0.4.19
[INFO] [stderr]    Compiling pathfinder_geometry v0.5.1
[INFO] [stderr]    Compiling mime_guess v2.0.3
[INFO] [stderr]    Compiling servo-fontconfig v0.5.1
[INFO] [stderr]    Compiling freetype v0.7.0
[INFO] [stderr]    Compiling csv-core v0.1.10
[INFO] [stderr]    Compiling dirs-sys v0.3.6
[INFO] [stderr]    Compiling socket2 v0.4.1
[INFO] [stderr]    Compiling time v0.3.5
[INFO] [stderr]    Compiling xml-rs v0.8.4
[INFO] [stderr]    Compiling linked-hash-map v0.5.4
[INFO] [stderr]    Compiling thiserror-impl v1.0.26
[INFO] [stderr]    Compiling time-macros-impl v0.1.2
[INFO] [stderr]    Compiling smawk v0.3.1
[INFO] [stderr]    Compiling float-ord v0.2.0
[INFO] [stderr]    Compiling tower-service v0.3.1
[INFO] [stderr]    Compiling httpdate v1.0.1
[INFO] [stderr]    Compiling encoding_rs v0.8.28
[INFO] [stderr]    Compiling unicode-linebreak v0.1.2
[INFO] [stderr]    Compiling font-kit v0.10.1
[INFO] [stderr]    Compiling plotters-bitmap v0.3.1
[INFO] [stderr]    Compiling yaml-rust v0.4.5
[INFO] [stderr]    Compiling dirs v3.0.2
[INFO] [stderr]    Compiling signal-hook-mio v0.2.1
[INFO] [stderr]    Compiling flate2 v1.0.22
[INFO] [stderr]    Compiling onig v6.3.1
[INFO] [stderr]    Compiling parking_lot v0.11.2
[INFO] [stderr]    Compiling pest_generator v2.1.3
[INFO] [stderr]    Compiling time-macros v0.1.1
[INFO] [stderr]    Compiling tokio-rustls v0.22.0
[INFO] [stderr]    Compiling publicsuffix v1.5.6
[INFO] [stderr]    Compiling rand v0.8.4
[INFO] [stderr]    Compiling plotters-svg v0.3.1
[INFO] [stderr]    Compiling textwrap v0.11.0
[INFO] [stderr]    Compiling ttf-parser v0.12.3
[INFO] [stderr]    Compiling lazycell v1.3.0
[INFO] [stderr]    Compiling mime v0.3.16
[INFO] [stderr]    Compiling unchecked-index v0.2.2
[INFO] [stderr]    Compiling either v1.6.1
[INFO] [stderr]    Compiling thiserror v1.0.26
[INFO] [stderr]    Compiling lipsum v0.8.0
[INFO] [stderr]    Compiling pest_derive v2.1.0
[INFO] [stderr]    Compiling twoway v0.2.2
[INFO] [stderr]    Compiling cindex v0.4.0 (https://github.com/simhyeon/cindex#a8ebaca2)
[INFO] [stderr]    Compiling which v4.2.2
[INFO] [stderr]    Compiling clap v2.34.0
[INFO] [stderr]    Compiling crossterm v0.20.0
[INFO] [stderr]    Compiling xdg v2.4.0
[INFO] [stderr]    Compiling webpki-roots v0.21.1
[INFO] [stderr]    Compiling colored v2.0.0
[INFO] [stderr]    Compiling os_str_bytes v6.0.0
[INFO] [stderr]    Compiling ipnet v2.3.1
[INFO] [stderr]    Compiling shell-words v1.0.0
[INFO] [stderr]    Compiling unicode_categories v0.1.1
[INFO] [stderr]    Compiling textwrap v0.14.2
[INFO] [stderr]    Compiling similar v2.1.0
[INFO] [stderr]    Compiling entities v1.0.1
[INFO] [stderr]    Compiling typed-arena v1.7.0
[INFO] [stderr]    Compiling rad_ext_template v0.1.0
[INFO] [stderr]    Compiling evalexpr v6.6.0
[INFO] [stderr]    Compiling plotters v0.3.1
[INFO] [stderr]    Compiling clap v3.0.3
[INFO] [stderr]    Compiling dotenv v0.15.0
[INFO] [stderr]    Compiling imagesize v0.9.0
[INFO] [stderr]    Compiling h2 v0.3.4
[INFO] [stderr]    Compiling hyper v0.14.12
[INFO] [stderr]    Compiling bstr v0.2.17
[INFO] [stderr]    Compiling bincode v1.3.3
[INFO] [stderr]    Compiling plist v1.3.1
[INFO] [stderr]    Compiling serde_urlencoded v0.7.0
[INFO] [stderr]    Compiling csv v1.1.6
[INFO] [stderr]    Compiling syntect v4.6.0
[INFO] [stderr]    Compiling cookie_store v0.12.0
[INFO] [stderr]    Compiling gdlogue v0.1.0
[INFO] [stderr]    Compiling gcalc v0.3.0
[INFO] [stderr]    Compiling r4d v2.1.0 (https://github.com/simhyeon/r4d?branch=dev#3b2abd36)
[INFO] [stderr]    Compiling comrak v0.12.1
[INFO] [stderr]    Compiling hyper-rustls v0.22.1
[INFO] [stderr]    Compiling reqwest v0.11.4
[INFO] [stderr]    Compiling gdengine v0.5.0 (/opt/rustwide/workdir)
[INFO] [stdout] error[E0433]: failed to resolve: use of undeclared crate or module `r4d`
[INFO] [stdout]  --> src/macro_extension.rs:3:5
[INFO] [stdout]   |
[INFO] [stdout] 3 | use r4d::rad_ext_template::*;
[INFO] [stdout]   |     ^^^ use of undeclared crate or module `r4d`
[INFO] [stdout]   |
[INFO] [stdout] help: there is a crate or module with a similar name
[INFO] [stdout]   |
[INFO] [stdout] 3 | use rad::rad_ext_template::*;
[INFO] [stdout]   |     ~~~
[INFO] [stdout] 
[INFO] [stdout] 
[INFO] [stdout] error[E0432]: unresolved import `r4d`
[INFO] [stdout]  --> src/renderer/flowchartgvz.rs:2:5
[INFO] [stdout]   |
[INFO] [stdout] 2 | use r4d::{Processor, RadStorage, StorageOutput};
[INFO] [stdout]   |     ^^^ use of undeclared crate or module `r4d`
[INFO] [stdout]   |
[INFO] [stdout] help: there is a crate or module with a similar name
[INFO] [stdout]   |
[INFO] [stdout] 2 | use rad::{Processor, RadStorage, StorageOutput};
[INFO] [stdout]   |     ~~~
[INFO] [stdout] 
[INFO] [stdout] 
[INFO] [stdout] error[E0432]: unresolved import `r4d`
[INFO] [stdout]  --> src/renderer/flowchartjs.rs:5:5
[INFO] [stdout]   |
[INFO] [stdout] 5 | use r4d::{Processor, RadResult, WriteOption};
[INFO] [stdout]   |     ^^^ use of undeclared crate or module `r4d`
[INFO] [stdout]   |
[INFO] [stdout] help: there is a crate or module with a similar name
[INFO] [stdout]   |
[INFO] [stdout] 5 | use rad::{Processor, RadResult, WriteOption};
[INFO] [stdout]   |     ~~~
[INFO] [stdout] 
[INFO] [stdout] 
[INFO] [stdout] error[E0432]: unresolved import `r4d`
[INFO] [stdout]  --> src/renderer/gdlogue.rs:7:5
[INFO] [stdout]   |
[INFO] [stdout] 7 | use r4d::{Processor, RadResult, WriteOption};
[INFO] [stdout]   |     ^^^ use of undeclared crate or module `r4d`
[INFO] [stdout]   |
[INFO] [stdout] help: there is a crate or module with a similar name
[INFO] [stdout]   |
[INFO] [stdout] 7 | use rad::{Processor, RadResult, WriteOption};
[INFO] [stdout]   |     ~~~
[INFO] [stdout] 
[INFO] [stdout] 
[INFO] [stdout] error[E0432]: unresolved import `r4d`
[INFO] [stdout]  --> src/renderer/marp.rs:6:5
[INFO] [stdout]   |
[INFO] [stdout] 6 | use r4d::{ExtMacroBuilder, Processor, RadResult};
[INFO] [stdout]   |     ^^^ use of undeclared crate or module `r4d`
[INFO] [stdout]   |
[INFO] [stdout] help: there is a crate or module with a similar name
[INFO] [stdout]   |
[INFO] [stdout] 6 | use rad::{ExtMacroBuilder, Processor, RadResult};
[INFO] [stdout]   |     ~~~
[INFO] [stdout] 
[INFO] [stdout] 
[INFO] [stdout] error[E0432]: unresolved import `r4d`
[INFO] [stdout]  --> src/renderer/models.rs:4:5
[INFO] [stdout]   |
[INFO] [stdout] 4 | use r4d::Processor;
[INFO] [stdout]   |     ^^^ use of undeclared crate or module `r4d`
[INFO] [stdout]   |
[INFO] [stdout] help: there is a crate or module with a similar name
[INFO] [stdout]   |
[INFO] [stdout] 4 | use rad::Processor;
[INFO] [stdout]   |     ~~~
[INFO] [stdout] 
[INFO] [stdout] 
[INFO] [stdout] error[E0432]: unresolved import `r4d`
[INFO] [stdout]  --> src/renderer/pandoc.rs:5:5
[INFO] [stdout]   |
[INFO] [stdout] 5 | use r4d::Processor;
[INFO] [stdout]   |     ^^^ use of undeclared crate or module `r4d`
[INFO] [stdout]   |
[INFO] [stdout] help: there is a crate or module with a similar name
[INFO] [stdout]   |
[INFO] [stdout] 5 | use rad::Processor;
[INFO] [stdout]   |     ~~~
[INFO] [stdout] 
[INFO] [stdout] 
[INFO] [stdout] error[E0432]: unresolved import `r4d`
[INFO] [stdout]  --> src/renderer/webuibts.rs:4:5
[INFO] [stdout]   |
[INFO] [stdout] 4 | use r4d::{Processor, RadResult, WriteOption};
[INFO] [stdout]   |     ^^^ use of undeclared crate or module `r4d`
[INFO] [stdout]   |
[INFO] [stdout] help: there is a crate or module with a similar name
[INFO] [stdout]   |
[INFO] [stdout] 4 | use rad::{Processor, RadResult, WriteOption};
[INFO] [stdout]   |     ~~~
[INFO] [stdout] 
[INFO] [stdout] 
[INFO] [stdout] error[E0432]: unresolved import `r4d`
[INFO] [stdout]  --> src/error.rs:1:5
[INFO] [stdout]   |
[INFO] [stdout] 1 | use r4d::RadError;
[INFO] [stdout]   |     ^^^ use of undeclared crate or module `r4d`
[INFO] [stdout]   |
[INFO] [stdout] help: there is a crate or module with a similar name
[INFO] [stdout]   |
[INFO] [stdout] 1 | use rad::RadError;
[INFO] [stdout]   |     ~~~
[INFO] [stdout] 
[INFO] [stdout] 
[INFO] [stdout] error[E0432]: unresolved import `r4d`
[INFO] [stdout]  --> src/executor.rs:6:5
[INFO] [stdout]   |
[INFO] [stdout] 6 | use r4d::CommentType;
[INFO] [stdout]   |     ^^^ use of undeclared crate or module `r4d`
[INFO] [stdout]   |
[INFO] [stdout] help: there is a crate or module with a similar name
[INFO] [stdout]   |
[INFO] [stdout] 6 | use rad::CommentType;
[INFO] [stdout]   |     ~~~
[INFO] [stdout] 
[INFO] [stdout] 
[INFO] [stdout] error[E0432]: unresolved import `r4d`
[INFO] [stdout]  --> src/executor.rs:7:5
[INFO] [stdout]   |
[INFO] [stdout] 7 | use r4d::RadResult;
[INFO] [stdout]   |     ^^^ use of undeclared crate or module `r4d`
[INFO] [stdout]   |
[INFO] [stdout] help: there is a crate or module with a similar name
[INFO] [stdout]   |
[INFO] [stdout] 7 | use rad::RadResult;
[INFO] [stdout]   |     ~~~
[INFO] [stdout] 
[INFO] [stdout] 
[INFO] [stdout] error[E0432]: unresolved import `r4d`
[INFO] [stdout]  --> src/executor.rs:8:5
[INFO] [stdout]   |
[INFO] [stdout] 8 | use r4d::{AuthType, DiffOption, Processor, WriteOption};
[INFO] [stdout]   |     ^^^ use of undeclared crate or module `r4d`
[INFO] [stdout]   |
[INFO] [stdout] help: there is a crate or module with a similar name
[INFO] [stdout]   |
[INFO] [stdout] 8 | use rad::{AuthType, DiffOption, Processor, WriteOption};
[INFO] [stdout]   |     ~~~
[INFO] [stdout] 
[INFO] [stdout] 
[INFO] [stdout] error[E0432]: unresolved import `r4d`
[INFO] [stdout]  --> src/renderer/mediawiki.rs:6:5
[INFO] [stdout]   |
[INFO] [stdout] 6 | use r4d::{Processor, RadStorage, StorageOutput, StorageResult, WriteOption};
[INFO] [stdout]   |     ^^^ use of undeclared crate or module `r4d`
[INFO] [stdout]   |
[INFO] [stdout] help: there is a crate or module with a similar name
[INFO] [stdout]   |
[INFO] [stdout] 6 | use rad::{Processor, RadStorage, StorageOutput, StorageResult, WriteOption};
[INFO] [stdout]   |     ~~~
[INFO] [stdout] 
[INFO] [stdout] 
[INFO] [stdout] error[E0432]: unresolved import `r4d`
[INFO] [stdout]  --> src/renderer/plot.rs:9:5
[INFO] [stdout]   |
[INFO] [stdout] 9 | use r4d::{Processor, RadStorage, StorageOutput, StorageResult};
[INFO] [stdout]   |     ^^^ use of undeclared crate or module `r4d`
[INFO] [stdout]   |
[INFO] [stdout] help: there is a crate or module with a similar name
[INFO] [stdout]   |
[INFO] [stdout] 9 | use rad::{Processor, RadStorage, StorageOutput, StorageResult};
[INFO] [stdout]   |     ~~~
[INFO] [stdout] 
[INFO] [stdout] 
[INFO] [stdout] error[E0432]: unresolved import `r4d`
[INFO] [stdout]  --> src/macro_extension.rs:4:5
[INFO] [stdout]   |
[INFO] [stdout] 4 | use r4d::{ExtMacroBuilder, MacroType, Processor, RadError, RadResult};
[INFO] [stdout]   |     ^^^ use of undeclared crate or module `r4d`
[INFO] [stdout]   |
[INFO] [stdout] help: there is a crate or module with a similar name
[INFO] [stdout]   |
[INFO] [stdout] 4 | use rad::{ExtMacroBuilder, MacroType, Processor, RadError, RadResult};
[INFO] [stdout]   |     ~~~
[INFO] [stdout] 
[INFO] [stdout] 
[INFO] [stdout] error: cannot find macro `deterred_template` in this scope
[INFO] [stdout]   --> src/macro_extension.rs:19:23
[INFO] [stdout]    |
[INFO] [stdout] 19 |             .deterred(deterred_template!(
[INFO] [stdout]    |                       ^^^^^^^^^^^^^^^^^
[INFO] [stdout] 
[INFO] [stdout] 
[INFO] [stdout] error: cannot find macro `deterred_template` in this scope
[INFO] [stdout]   --> src/macro_extension.rs:33:23
[INFO] [stdout]    |
[INFO] [stdout] 33 |             .deterred(deterred_template!(
[INFO] [stdout]    |                       ^^^^^^^^^^^^^^^^^
[INFO] [stdout] 
[INFO] [stdout] 
[INFO] [stdout] error: cannot find macro `function_template` in this scope
[INFO] [stdout]   --> src/macro_extension.rs:52:23
[INFO] [stdout]    |
[INFO] [stdout] 52 |             .function(function_template!(
[INFO] [stdout]    |                       ^^^^^^^^^^^^^^^^^
[INFO] [stdout] 
[INFO] [stdout] 
[INFO] [stdout] error: cannot find macro `function_template` in this scope
[INFO] [stdout]   --> src/macro_extension.rs:68:23
[INFO] [stdout]    |
[INFO] [stdout] 68 |             .function(function_template!(
[INFO] [stdout]    |                       ^^^^^^^^^^^^^^^^^
[INFO] [stdout] 
[INFO] [stdout] 
[INFO] [stdout] error: cannot find macro `function_template` in this scope
[INFO] [stdout]   --> src/macro_extension.rs:81:23
[INFO] [stdout]    |
[INFO] [stdout] 81 |             .function(function_template!(
[INFO] [stdout]    |                       ^^^^^^^^^^^^^^^^^
[INFO] [stdout] 
[INFO] [stdout] 
[INFO] [stdout] error[E0433]: failed to resolve: use of undeclared crate or module `r4d`
[INFO] [stdout]   --> src/renderer/flowchartgvz.rs:80:46
[INFO] [stdout]    |
[INFO] [stdout] 80 |     fn update(&mut self, args: &[String]) -> r4d::StorageResult<()> {
[INFO] [stdout]    |                                              ^^^ use of undeclared crate or module `r4d`
[INFO] [stdout]    |
[INFO] [stdout] help: there is a crate or module with a similar name
[INFO] [stdout]    |
[INFO] [stdout] 80 |     fn update(&mut self, args: &[String]) -> rad::StorageResult<()> {
[INFO] [stdout]    |                                              ~~~
[INFO] [stdout] 
[INFO] [stdout] 
[INFO] [stdout] error[E0433]: failed to resolve: use of undeclared crate or module `r4d`
[INFO] [stdout]   --> src/renderer/flowchartgvz.rs:85:39
[INFO] [stdout]    |
[INFO] [stdout] 85 |     fn extract(&mut self, _: bool) -> r4d::StorageResult<Option<r4d::StorageOutput>> {
[INFO] [stdout]    |                                       ^^^ use of undeclared crate or module `r4d`
[INFO] [stdout]    |
[INFO] [stdout] help: there is a crate or module with a similar name
[INFO] [stdout]    |
[INFO] [stdout] 85 |     fn extract(&mut self, _: bool) -> rad::StorageResult<Option<r4d::StorageOutput>> {
[INFO] [stdout]    |                                       ~~~
[INFO] [stdout] 
[INFO] [stdout] 
[INFO] [stdout] error[E0433]: failed to resolve: use of undeclared crate or module `r4d`
[INFO] [stdout]   --> src/renderer/flowchartgvz.rs:85:65
[INFO] [stdout]    |
[INFO] [stdout] 85 |     fn extract(&mut self, _: bool) -> r4d::StorageResult<Option<r4d::StorageOutput>> {
[INFO] [stdout]    |                                                                 ^^^ use of undeclared crate or module `r4d`
[INFO] [stdout]    |
[INFO] [stdout] help: there is a crate or module with a similar name
[INFO] [stdout]    |
[INFO] [stdout] 85 |     fn extract(&mut self, _: bool) -> r4d::StorageResult<Option<rad::StorageOutput>> {
[INFO] [stdout]    |                                                                 ~~~
[INFO] [stdout] 
[INFO] [stdout] 
[INFO] [stdout] error[E0433]: failed to resolve: use of undeclared crate or module `r4d`
[INFO] [stdout]   --> src/renderer/flowchartgvz.rs:86:17
[INFO] [stdout]    |
[INFO] [stdout] 86 |         Ok(Some(r4d::StorageOutput::Text(self.dot_src.clone())))
[INFO] [stdout]    |                 ^^^ use of undeclared crate or module `r4d`
[INFO] [stdout]    |
[INFO] [stdout] help: there is a crate or module with a similar name
[INFO] [stdout]    |
[INFO] [stdout] 86 |         Ok(Some(rad::StorageOutput::Text(self.dot_src.clone())))
[INFO] [stdout]    |                 ~~~
[INFO] [stdout] help: consider importing this enum
[INFO] [stdout]    |
[INFO] [stdout] 1  + use rad::StorageOutput;
[INFO] [stdout]    |
[INFO] [stdout] help: if you import `StorageOutput`, refer to it directly
[INFO] [stdout]    |
[INFO] [stdout] 86 -         Ok(Some(r4d::StorageOutput::Text(self.dot_src.clone())))
[INFO] [stdout] 86 +         Ok(Some(StorageOutput::Text(self.dot_src.clone())))
[INFO] [stdout]    |
[INFO] [stdout] 
[INFO] [stdout] 
[INFO] [stdout] warning: unused import: `std::fs::canonicalize`
[INFO] [stdout]  --> src/macro_extension.rs:1:5
[INFO] [stdout]   |
[INFO] [stdout] 1 | use std::fs::canonicalize;
[INFO] [stdout]   |     ^^^^^^^^^^^^^^^^^^^^^
[INFO] [stdout]   |
[INFO] [stdout]   = note: `#[warn(unused_imports)]` on by default
[INFO] [stdout] 
[INFO] [stdout] 
[INFO] [stdout] error: aborting due to 24 previous errors; 1 warning emitted
[INFO] [stdout] 
[INFO] [stdout] 
[INFO] [stdout] Some errors have detailed explanations: E0432, E0433.
[INFO] [stdout] 
[INFO] [stdout] For more information about an error, try `rustc --explain E0432`.
[INFO] [stdout] 
[INFO] [stderr] error: could not compile `gdengine` (bin "gde") due to 25 previous errors; 1 warning emitted
[INFO] running `Command { std: "docker" "inspect" "ade170656c621d2c97f62d054b09dc5e631718bfea7676ec737b5016ac13f001", kill_on_drop: false }`
[INFO] running `Command { std: "docker" "rm" "-f" "ade170656c621d2c97f62d054b09dc5e631718bfea7676ec737b5016ac13f001", kill_on_drop: false }`
[INFO] [stdout] ade170656c621d2c97f62d054b09dc5e631718bfea7676ec737b5016ac13f001
