[INFO] cloning repository https://github.com/Sheyne/scorekeeper
[INFO] running `Command { std: "git" "-c" "credential.helper=" "-c" "credential.helper=/workspace/cargo-home/bin/git-credential-null" "clone" "--bare" "https://github.com/Sheyne/scorekeeper" "/workspace/cache/git-repos/https%3A%2F%2Fgithub.com%2FSheyne%2Fscorekeeper", kill_on_drop: false }`
[INFO] [stderr] Cloning into bare repository '/workspace/cache/git-repos/https%3A%2F%2Fgithub.com%2FSheyne%2Fscorekeeper'...
[INFO] running `Command { std: "git" "rev-parse" "HEAD", kill_on_drop: false }`
[INFO] [stdout] abb2963eda632e97456fad1e9426b172a99a084b
[INFO] testing Sheyne/scorekeeper against 1.69.0 for beta-1.70-1
[INFO] running `Command { std: "git" "clone" "/workspace/cache/git-repos/https%3A%2F%2Fgithub.com%2FSheyne%2Fscorekeeper" "/workspace/builds/worker-3-tc1/source", kill_on_drop: false }`
[INFO] [stderr] Cloning into '/workspace/builds/worker-3-tc1/source'...
[INFO] [stderr] done.
[INFO] validating manifest of git repo https://github.com/Sheyne/scorekeeper on toolchain 1.69.0
[INFO] running `Command { std: CARGO_HOME="/workspace/cargo-home" RUSTUP_HOME="/workspace/rustup-home" "/workspace/cargo-home/bin/cargo" "+1.69.0" "metadata" "--manifest-path" "Cargo.toml" "--no-deps", kill_on_drop: false }`
[INFO] started tweaking git repo https://github.com/Sheyne/scorekeeper
[INFO] finished tweaking git repo https://github.com/Sheyne/scorekeeper
[INFO] tweaked toml for git repo https://github.com/Sheyne/scorekeeper written to /workspace/builds/worker-3-tc1/source/Cargo.toml
[INFO] crate git repo https://github.com/Sheyne/scorekeeper already has a lockfile, it will not be regenerated
[INFO] running `Command { std: CARGO_HOME="/workspace/cargo-home" RUSTUP_HOME="/workspace/rustup-home" "/workspace/cargo-home/bin/cargo" "+1.69.0" "fetch" "--manifest-path" "Cargo.toml", kill_on_drop: false }`
[INFO] [stderr]  Downloading crates ...
[INFO] [stderr]   Downloaded ref-cast v1.0.8
[INFO] [stderr]   Downloaded ref-cast-impl v1.0.8
[INFO] [stderr]   Downloaded generator v0.7.1
[INFO] [stderr]   Downloaded sqlx-rt v0.6.0
[INFO] [stderr]   Downloaded multer v2.0.3
[INFO] [stderr]   Downloaded sqlx-macros v0.6.0
[INFO] [stderr]   Downloaded rocket_dyn_templates v0.1.0-rc.2
[INFO] [stderr]   Downloaded ucd-trie v0.1.4
[INFO] [stderr]   Downloaded normpath v0.3.2
[INFO] [stderr]   Downloaded tera v1.16.0
[INFO] [stderr]   Downloaded tracing-subscriber v0.3.14
[INFO] [stderr]   Downloaded sqlx-core v0.6.0
[INFO] [stderr]   Downloaded ubyte v0.10.2
[INFO] [stderr]   Downloaded md-5 v0.10.1
[INFO] [stderr]   Downloaded filetime v0.2.17
[INFO] [stderr]   Downloaded hashlink v0.8.0
[INFO] [stderr]   Downloaded whoami v1.2.1
[INFO] [stderr]   Downloaded sqlx v0.6.0
[INFO] [stderr]   Downloaded windows v0.32.0
[INFO] running `Command { std: "docker" "create" "-v" "/var/lib/crater-agent-workspace/builds/worker-3-tc1/target:/opt/rustwide/target:rw,Z" "-v" "/var/lib/crater-agent-workspace/builds/worker-3-tc1/source:/opt/rustwide/workdir:ro,Z" "-v" "/var/lib/crater-agent-workspace/cargo-home:/opt/rustwide/cargo-home:ro,Z" "-v" "/var/lib/crater-agent-workspace/rustup-home:/opt/rustwide/rustup-home:ro,Z" "-e" "SOURCE_DIR=/opt/rustwide/workdir" "-e" "CARGO_TARGET_DIR=/opt/rustwide/target" "-e" "CARGO_HOME=/opt/rustwide/cargo-home" "-e" "RUSTUP_HOME=/opt/rustwide/rustup-home" "-w" "/opt/rustwide/workdir" "-m" "1610612736" "--user" "0:0" "--network" "none" "ghcr.io/rust-lang/crates-build-env/linux@sha256:5ff2268d62e97bff2cde7d5815dd6ed5b47097566f13b8d0ca110b04b60e07ed" "/opt/rustwide/cargo-home/bin/cargo" "+1.69.0" "metadata" "--no-deps" "--format-version=1", kill_on_drop: false }`
[INFO] [stdout] 71ab454df08f995edfa654f0ffd8c38ac186cad7993072becfae3dbd60515057
[INFO] running `Command { std: "docker" "start" "-a" "71ab454df08f995edfa654f0ffd8c38ac186cad7993072becfae3dbd60515057", kill_on_drop: false }`
[INFO] running `Command { std: "docker" "inspect" "71ab454df08f995edfa654f0ffd8c38ac186cad7993072becfae3dbd60515057", kill_on_drop: false }`
[INFO] running `Command { std: "docker" "rm" "-f" "71ab454df08f995edfa654f0ffd8c38ac186cad7993072becfae3dbd60515057", kill_on_drop: false }`
[INFO] [stdout] 71ab454df08f995edfa654f0ffd8c38ac186cad7993072becfae3dbd60515057
[INFO] running `Command { std: "docker" "create" "-v" "/var/lib/crater-agent-workspace/builds/worker-3-tc1/target:/opt/rustwide/target:rw,Z" "-v" "/var/lib/crater-agent-workspace/builds/worker-3-tc1/source:/opt/rustwide/workdir:ro,Z" "-v" "/var/lib/crater-agent-workspace/cargo-home:/opt/rustwide/cargo-home:ro,Z" "-v" "/var/lib/crater-agent-workspace/rustup-home:/opt/rustwide/rustup-home:ro,Z" "-e" "SOURCE_DIR=/opt/rustwide/workdir" "-e" "CARGO_TARGET_DIR=/opt/rustwide/target" "-e" "CARGO_INCREMENTAL=0" "-e" "RUST_BACKTRACE=full" "-e" "RUSTFLAGS=--cap-lints=warn" "-e" "RUSTDOCFLAGS=--cap-lints=warn" "-e" "CARGO_HOME=/opt/rustwide/cargo-home" "-e" "RUSTUP_HOME=/opt/rustwide/rustup-home" "-w" "/opt/rustwide/workdir" "-m" "1610612736" "--user" "0:0" "--network" "none" "ghcr.io/rust-lang/crates-build-env/linux@sha256:5ff2268d62e97bff2cde7d5815dd6ed5b47097566f13b8d0ca110b04b60e07ed" "/opt/rustwide/cargo-home/bin/cargo" "+1.69.0" "build" "--frozen" "--message-format=json", kill_on_drop: false }`
[INFO] [stdout] 0385a7f536e9698baf14b35da5bc5748baf7e61a75750d845ade120cf181e2a3
[INFO] running `Command { std: "docker" "start" "-a" "0385a7f536e9698baf14b35da5bc5748baf7e61a75750d845ade120cf181e2a3", kill_on_drop: false }`
[INFO] [stderr]    Compiling version_check v0.9.4
[INFO] [stderr]    Compiling libc v0.2.126
[INFO] [stderr]    Compiling proc-macro2 v1.0.40
[INFO] [stderr]    Compiling quote v1.0.20
[INFO] [stderr]    Compiling unicode-ident v1.0.2
[INFO] [stderr]    Compiling syn v1.0.98
[INFO] [stderr]    Compiling once_cell v1.13.0
[INFO] [stderr]    Compiling typenum v1.15.0
[INFO] [stderr]    Compiling log v0.4.17
[INFO] [stderr]    Compiling serde_derive v1.0.139
[INFO] [stderr]    Compiling generic-array v0.14.5
[INFO] [stderr]    Compiling itoa v1.0.2
[INFO] [stderr]    Compiling ppv-lite86 v0.2.16
[INFO] [stderr]    Compiling subtle v2.4.1
[INFO] [stderr]    Compiling futures-channel v0.3.21
[INFO] [stderr]    Compiling serde v1.0.139
[INFO] [stderr]    Compiling ahash v0.7.6
[INFO] [stderr]    Compiling cpufeatures v0.2.2
[INFO] [stderr]    Compiling openssl-sys v0.9.75
[INFO] [stderr]    Compiling getrandom v0.2.7
[INFO] [stderr]    Compiling num_cpus v1.13.1
[INFO] [stderr]    Compiling socket2 v0.4.4
[INFO] [stderr]    Compiling uncased v0.9.7
[INFO] [stderr]    Compiling rand_core v0.6.3
[INFO] [stderr]    Compiling rand_chacha v0.3.1
[INFO] [stderr]    Compiling hashbrown v0.12.3
[INFO] [stderr]    Compiling tokio v1.20.0
[INFO] [stderr]    Compiling smallvec v1.9.0
[INFO] [stderr]    Compiling mio v0.8.4
[INFO] [stderr]    Compiling rand v0.8.5
[INFO] [stderr]    Compiling signal-hook-registry v1.4.0
[INFO] [stderr]    Compiling block-buffer v0.10.2
[INFO] [stderr]    Compiling crypto-common v0.1.6
[INFO] [stderr]    Compiling digest v0.10.3
[INFO] [stderr]    Compiling proc-macro2-diagnostics v0.9.1
[INFO] [stderr]    Compiling futures-task v0.3.21
[INFO] [stderr]    Compiling hmac v0.12.1
[INFO] [stderr]    Compiling num-traits v0.2.15
[INFO] [stderr]    Compiling futures-util v0.3.21
[INFO] [stderr]    Compiling openssl v0.10.41
[INFO] [stderr]    Compiling yansi v0.5.1
[INFO] [stderr]    Compiling siphasher v0.3.10
[INFO] [stderr]    Compiling hkdf v0.12.3
[INFO] [stderr]    Compiling sha2 v0.10.2
[INFO] [stderr]    Compiling tracing-core v0.1.28
[INFO] [stderr]    Compiling either v1.7.0
[INFO] [stderr]    Compiling futures-io v0.3.21
[INFO] [stderr]    Compiling futures-sink v0.3.21
[INFO] [stderr]    Compiling opaque-debug v0.3.0
[INFO] [stderr]    Compiling tracing v0.1.35
[INFO] [stderr]    Compiling native-tls v0.2.10
[INFO] [stderr]    Compiling cipher v0.3.0
[INFO] [stderr]    Compiling universal-hash v0.4.1
[INFO] [stderr]    Compiling http v0.2.8
[INFO] [stderr]    Compiling serde_json v1.0.82
[INFO] [stderr]    Compiling polyval v0.5.3
[INFO] [stderr]    Compiling phf_shared v0.10.0
[INFO] [stderr]    Compiling indexmap v1.9.1
[INFO] [stderr]    Compiling crossbeam-utils v0.8.10
[INFO] [stderr]    Compiling ryu v1.0.10
[INFO] [stderr]    Compiling ghash v0.4.4
[INFO] [stderr]    Compiling aes v0.7.5
[INFO] [stderr]    Compiling ctr v0.8.0
[INFO] [stderr]    Compiling aead v0.4.3
[INFO] [stderr]    Compiling cookie v0.16.0
[INFO] [stderr]    Compiling time-macros v0.2.4
[INFO] [stderr]    Compiling regex-syntax v0.6.27
[INFO] [stderr]    Compiling parking_lot_core v0.8.5
[INFO] [stderr]    Compiling num_threads v0.1.6
[INFO] [stderr]    Compiling aes-gcm v0.9.4
[INFO] [stderr]    Compiling unicode-normalization v0.1.21
[INFO] [stderr]    Compiling http-body v0.4.5
[INFO] [stderr]    Compiling regex v1.6.0
[INFO] [stderr]    Compiling phf_generator v0.10.0
[INFO] [stderr]    Compiling instant v0.1.12
[INFO] [stderr]    Compiling tower-service v0.3.2
[INFO] [stderr]    Compiling crossbeam-queue v0.3.5
[INFO] [stderr]    Compiling inlinable_string v0.1.15
[INFO] [stderr]    Compiling time v0.3.11
[INFO] [stderr]    Compiling ref-cast v1.0.8
[INFO] [stderr]    Compiling parse-zoneinfo v0.3.0
[INFO] [stderr]    Compiling phf_codegen v0.10.0
[INFO] [stderr]    Compiling phf v0.10.1
[INFO] [stderr]    Compiling aho-corasick v0.7.18
[INFO] [stderr]    Compiling tokio-macros v1.8.0
[INFO] [stderr]    Compiling openssl-macros v0.1.0
[INFO] [stderr]    Compiling futures-macro v0.3.21
[INFO] [stderr]    Compiling pear_codegen v0.2.3
[INFO] [stderr]    Compiling ref-cast-impl v1.0.8
[INFO] [stderr]    Compiling num-integer v0.1.45
[INFO] [stderr]    Compiling minimal-lexical v0.2.1
[INFO] [stderr]    Compiling pear v0.2.3
[INFO] [stderr]    Compiling same-file v1.0.6
[INFO] [stderr]    Compiling ucd-trie v0.1.4
[INFO] [stderr]    Compiling pest v2.1.3
[INFO] [stderr]    Compiling walkdir v2.3.2
[INFO] [stderr]    Compiling nom v7.1.1
[INFO] [stderr]    Compiling parking_lot v0.11.2
[INFO] [stderr]    Compiling thiserror-impl v1.0.31
[INFO] [stderr]    Compiling chrono-tz-build v0.0.2
[INFO] [stderr]    Compiling tokio-util v0.7.3
[INFO] [stderr]    Compiling idna v0.2.3
[INFO] [stderr]    Compiling want v0.3.0
[INFO] [stderr]    Compiling devise_core v0.3.1
[INFO] [stderr]    Compiling itertools v0.10.3
[INFO] [stderr]    Compiling dirs-sys v0.3.7
[INFO] [stderr]    Compiling stable-pattern v0.1.0
[INFO] [stderr]    Compiling bstr v0.2.17
[INFO] [stderr]    Compiling unic-char-range v0.9.0
[INFO] [stderr]    Compiling unic-common v0.9.0
[INFO] [stderr]    Compiling state v0.5.3
[INFO] [stderr]    Compiling crc-catalog v2.1.0
[INFO] [stderr]    Compiling maplit v1.0.2
[INFO] [stderr]    Compiling unicode_categories v0.1.1
[INFO] [stderr]    Compiling net2 v0.2.37
[INFO] [stderr]    Compiling pest_meta v2.1.3
[INFO] [stderr]    Compiling crc v3.0.0
[INFO] [stderr]    Compiling futures v0.3.21
[INFO] [stderr]    Compiling sqlformat v0.1.8
[INFO] [stderr]    Compiling devise_codegen v0.3.1
[INFO] [stderr]    Compiling globset v0.4.9
[INFO] [stderr]    Compiling unic-ucd-version v0.9.0
[INFO] [stderr]    Compiling unic-char-property v0.9.0
[INFO] [stderr]    Compiling thiserror v1.0.31
[INFO] [stderr]    Compiling dirs v4.0.0
[INFO] [stderr]    Compiling hyper v0.14.20
[INFO] [stderr]    Compiling url v2.2.2
[INFO] [stderr]    Compiling h2 v0.3.13
[INFO] [stderr]    Compiling chrono-tz v0.6.1
[INFO] [stderr]    Compiling tokio-stream v0.1.9
[INFO] [stderr]    Compiling tokio-native-tls v0.3.0
[INFO] [stderr]    Compiling futures-executor v0.3.21
[INFO] [stderr]    Compiling futures-intrusive v0.4.0
[INFO] [stderr]    Compiling stringprep v0.1.2
[INFO] [stderr]    Compiling atoi v1.0.0
[INFO] [stderr]    Compiling sha-1 v0.10.0
[INFO] [stderr]    Compiling md-5 v0.10.1
[INFO] [stderr]    Compiling hashlink v0.8.0
[INFO] [stderr]    Compiling iovec v0.1.4
[INFO] [stderr]    Compiling figment v0.10.6
[INFO] [stderr]    Compiling multer v2.0.3
[INFO] [stderr]    Compiling thread_local v1.1.4
[INFO] [stderr]    Compiling atomic v0.5.1
[INFO] [stderr]    Compiling paste v1.0.7
[INFO] [stderr]    Compiling async-trait v0.1.56
[INFO] [stderr]    Compiling event-listener v2.5.2
[INFO] [stderr]    Compiling hex v0.4.3
[INFO] [stderr]    Compiling whoami v1.2.1
[INFO] [stderr]    Compiling byteorder v1.4.3
[INFO] [stderr]    Compiling ignore v0.4.18
[INFO] [stderr]    Compiling mio v0.6.23
[INFO] [stderr]    Compiling rocket_http v0.5.0-rc.2
[INFO] [stderr]    Compiling chrono v0.4.19
[INFO] [stderr]    Compiling sqlx-rt v0.6.0
[INFO] [stderr]    Compiling devise v0.3.1
[INFO] [stderr]    Compiling toml v0.5.9
[INFO] [stderr]    Compiling unic-ucd-segment v0.9.0
[INFO] [stderr]    Compiling pest_generator v2.1.3
[INFO] [stderr]    Compiling parking_lot_core v0.9.3
[INFO] [stderr]    Compiling async-stream-impl v0.3.3
[INFO] [stderr]    Compiling inotify-sys v0.1.5
[INFO] [stderr]    Compiling rocket v0.5.0-rc.2
[INFO] [stderr]    Compiling unicode-segmentation v1.9.0
[INFO] [stderr]    Compiling glob v0.3.0
[INFO] [stderr]    Compiling spin v0.9.4
[INFO] [stderr]    Compiling lazycell v1.3.0
[INFO] [stderr]    Compiling deunicode v0.4.3
[INFO] [stderr]    Compiling mio-extras v2.0.6
[INFO] [stderr]    Compiling heck v0.4.0
[INFO] [stderr]    Compiling slug v0.1.4
[INFO] [stderr]    Compiling tempfile v3.3.0
[INFO] [stderr]    Compiling async-stream v0.3.3
[INFO] [stderr]    Compiling pest_derive v2.1.0
[INFO] [stderr]    Compiling sqlx-core v0.6.0
[INFO] [stderr]    Compiling inotify v0.7.1
[INFO] [stderr]    Compiling rocket_codegen v0.5.0-rc.2
[INFO] [stderr]    Compiling unic-segment v0.9.0
[INFO] [stderr]    Compiling parking_lot v0.12.1
[INFO] [stderr]    Compiling globwalk v0.8.1
[INFO] [stderr]    Compiling ubyte v0.10.2
[INFO] [stderr]    Compiling filetime v0.2.17
[INFO] [stderr]    Compiling atty v0.2.14
[INFO] [stderr]    Compiling anyhow v1.0.58
[INFO] [stderr]    Compiling humansize v1.1.1
[INFO] [stderr]    Compiling dotenv v0.15.0
[INFO] [stderr]    Compiling binascii v0.1.4
[INFO] [stderr]    Compiling notify v4.0.17
[INFO] [stderr]    Compiling normpath v0.3.2
[INFO] [stderr]    Compiling tera v1.16.0
[INFO] [stderr]    Compiling sqlx-macros v0.6.0
[INFO] [stderr]    Compiling sqlx v0.6.0
[INFO] [stderr]    Compiling rocket_dyn_templates v0.1.0-rc.2
[INFO] [stderr]    Compiling scorekeeper v0.1.0 (/opt/rustwide/workdir)
[INFO] [stdout] error: `DATABASE_URL` must be set to use query macros
[INFO] [stdout]    --> src/tysiac.rs:182:16
[INFO] [stdout]     |
[INFO] [stdout] 182 |       let game = sqlx::query!(
[INFO] [stdout]     |  ________________^
[INFO] [stdout] 183 | |         "SELECT id, player_1, player_2, player_3
[INFO] [stdout] 184 | |          FROM tysiac_games
[INFO] [stdout] 185 | |          WHERE id = $1",
[INFO] [stdout] 186 | |         game_id
[INFO] [stdout] 187 | |     )
[INFO] [stdout]     | |_____^
[INFO] [stdout]     |
[INFO] [stdout]     = note: this error originates in the macro `$crate::sqlx_macros::expand_query` which comes from the expansion of the macro `sqlx::query` (in Nightly builds, run with -Z macro-backtrace for more info)
[INFO] [stdout] 
[INFO] [stdout] 
[INFO] [stdout] error: `DATABASE_URL` must be set to use query macros
[INFO] [stdout]    --> src/tysiac.rs:190:18
[INFO] [stdout]     |
[INFO] [stdout] 190 |       let scores = sqlx::query_as!(RoundScores,
[INFO] [stdout]     |  __________________^
[INFO] [stdout] 191 | |         r#"SELECT index, player_1, player_2, player_3, bid_winner  as "bid_winner: _", winning_bid, played_bid
[INFO] [stdout] 192 | |          FROM tysiac_scores
[INFO] [stdout] 193 | |          WHERE game_id = $1
[INFO] [stdout] 194 | |          ORDER BY index"#,
[INFO] [stdout] 195 | |         game_id
[INFO] [stdout] 196 | |     )
[INFO] [stdout]     | |_____^
[INFO] [stdout]     |
[INFO] [stdout]     = note: this error originates in the macro `$crate::sqlx_macros::expand_query` which comes from the expansion of the macro `sqlx::query_as` (in Nightly builds, run with -Z macro-backtrace for more info)
[INFO] [stdout] 
[INFO] [stdout] 
[INFO] [stdout] error: `DATABASE_URL` must be set to use query macros
[INFO] [stdout]    --> src/tysiac.rs:199:21
[INFO] [stdout]     |
[INFO] [stdout] 199 |       let next_game = sqlx::query!(
[INFO] [stdout]     |  _____________________^
[INFO] [stdout] 200 | |         "SELECT id
[INFO] [stdout] 201 | |          FROM tysiac_games
[INFO] [stdout] 202 | |          WHERE id > $1
[INFO] [stdout] 203 | |          ORDER BY id ASC",
[INFO] [stdout] 204 | |         game_id
[INFO] [stdout] 205 | |     )
[INFO] [stdout]     | |_____^
[INFO] [stdout]     |
[INFO] [stdout]     = note: this error originates in the macro `$crate::sqlx_macros::expand_query` which comes from the expansion of the macro `sqlx::query` (in Nightly builds, run with -Z macro-backtrace for more info)
[INFO] [stdout] 
[INFO] [stdout] 
[INFO] [stdout] error: `DATABASE_URL` must be set to use query macros
[INFO] [stdout]    --> src/tysiac.rs:207:21
[INFO] [stdout]     |
[INFO] [stdout] 207 |       let prev_game = sqlx::query!(
[INFO] [stdout]     |  _____________________^
[INFO] [stdout] 208 | |         "SELECT id
[INFO] [stdout] 209 | |          FROM tysiac_games
[INFO] [stdout] 210 | |          WHERE id < $1
[INFO] [stdout] 211 | |          ORDER BY id DESC",
[INFO] [stdout] 212 | |         game_id
[INFO] [stdout] 213 | |     )
[INFO] [stdout]     | |_____^
[INFO] [stdout]     |
[INFO] [stdout]     = note: this error originates in the macro `$crate::sqlx_macros::expand_query` which comes from the expansion of the macro `sqlx::query` (in Nightly builds, run with -Z macro-backtrace for more info)
[INFO] [stdout] 
[INFO] [stdout] 
[INFO] [stdout] error: `DATABASE_URL` must be set to use query macros
[INFO] [stdout]    --> src/tysiac.rs:244:18
[INFO] [stdout]     |
[INFO] [stdout] 244 |       let result = sqlx::query!(
[INFO] [stdout]     |  __________________^
[INFO] [stdout] 245 | |         "INSERT INTO tysiac_games (player_1, player_2, player_3)
[INFO] [stdout] 246 | |          VALUES ($1, $2, $3) RETURNING id",
[INFO] [stdout] 247 | |         player_names.player_1_name,
[INFO] [stdout] 248 | |         player_names.player_2_name,
[INFO] [stdout] 249 | |         player_names.player_3_name,
[INFO] [stdout] 250 | |     )
[INFO] [stdout]     | |_____^
[INFO] [stdout]     |
[INFO] [stdout]     = note: this error originates in the macro `$crate::sqlx_macros::expand_query` which comes from the expansion of the macro `sqlx::query` (in Nightly builds, run with -Z macro-backtrace for more info)
[INFO] [stdout] 
[INFO] [stdout] 
[INFO] [stdout] error: `DATABASE_URL` must be set to use query macros
[INFO] [stdout]    --> src/tysiac.rs:347:16
[INFO] [stdout]     |
[INFO] [stdout] 347 |       let sums = sqlx::query!(
[INFO] [stdout]     |  ________________^
[INFO] [stdout] 348 | |         "SELECT sum(player_1) as player_1, sum(player_2) as player_2, sum(player_3) as player_3 FROM tysiac_scores WHERE game_id = $1", g...
[INFO] [stdout] 349 | |     )
[INFO] [stdout]     | |_____^
[INFO] [stdout]     |
[INFO] [stdout]     = note: this error originates in the macro `$crate::sqlx_macros::expand_query` which comes from the expansion of the macro `sqlx::query` (in Nightly builds, run with -Z macro-backtrace for more info)
[INFO] [stdout] 
[INFO] [stdout] 
[INFO] [stdout] error: `DATABASE_URL` must be set to use query macros
[INFO] [stdout]    --> src/tysiac.rs:359:5
[INFO] [stdout]     |
[INFO] [stdout] 359 | /     sqlx::query!(
[INFO] [stdout] 360 | |         "INSERT INTO tysiac_scores (game_id, player_1, player_2, player_3, bid_winner, winning_bid, played_bid )
[INFO] [stdout] 361 | |          VALUES ($1, $2, $3, $4, $5, $6, $7)",
[INFO] [stdout] 362 | |         game_id,
[INFO] [stdout] ...   |
[INFO] [stdout] 368 | |         player_scores.playing_bid,
[INFO] [stdout] 369 | |     )
[INFO] [stdout]     | |_____^
[INFO] [stdout]     |
[INFO] [stdout]     = note: this error originates in the macro `$crate::sqlx_macros::expand_query` which comes from the expansion of the macro `sqlx::query` (in Nightly builds, run with -Z macro-backtrace for more info)
[INFO] [stdout] 
[INFO] [stdout] 
[INFO] [stdout] error: `DATABASE_URL` must be set to use query macros
[INFO] [stdout]    --> src/tysiac.rs:410:17
[INFO] [stdout]     |
[INFO] [stdout] 410 | /                 sqlx::query!(
[INFO] [stdout] 411 | |                     "DELETE FROM tysiac_scores
[INFO] [stdout] 412 | |                 WHERE index=$1;",
[INFO] [stdout] 413 | |                     index,
[INFO] [stdout] 414 | |                 )
[INFO] [stdout]     | |_________________^
[INFO] [stdout]     |
[INFO] [stdout]     = note: this error originates in the macro `$crate::sqlx_macros::expand_query` which comes from the expansion of the macro `sqlx::query` (in Nightly builds, run with -Z macro-backtrace for more info)
[INFO] [stdout] 
[INFO] [stdout] 
[INFO] [stdout] error: `DATABASE_URL` must be set to use query macros
[INFO] [stdout]    --> src/tysiac.rs:417:17
[INFO] [stdout]     |
[INFO] [stdout] 417 | /                 sqlx::query!(
[INFO] [stdout] 418 | |                     "UPDATE tysiac_scores
[INFO] [stdout] 419 | |                 SET player_1=$1, player_2=$2, player_3=$3, bid_winner=$4, winning_bid=$5, played_bid=$6
[INFO] [stdout] 420 | |                 WHERE index=$7;",
[INFO] [stdout] ...   |
[INFO] [stdout] 427 | |                     index,
[INFO] [stdout] 428 | |                 )
[INFO] [stdout]     | |_________________^
[INFO] [stdout]     |
[INFO] [stdout]     = note: this error originates in the macro `$crate::sqlx_macros::expand_query` which comes from the expansion of the macro `sqlx::query` (in Nightly builds, run with -Z macro-backtrace for more info)
[INFO] [stdout] 
[INFO] [stdout] 
[INFO] [stdout] error: `DATABASE_URL` must be set to use query macros
[INFO] [stdout]   --> src/main.rs:26:18
[INFO] [stdout]    |
[INFO] [stdout] 26 |     let result = sqlx::query!("select id from tysiac_games order by id desc",)
[INFO] [stdout]    |                  ^^^^^^^^^^^^^^^^^^^^^^^^^^^^^^^^^^^^^^^^^^^^^^^^^^^^^^^^^^^^^
[INFO] [stdout]    |
[INFO] [stdout]    = note: this error originates in the macro `$crate::sqlx_macros::expand_query` which comes from the expansion of the macro `sqlx::query` (in Nightly builds, run with -Z macro-backtrace for more info)
[INFO] [stdout] 
[INFO] [stdout] 
[INFO] [stdout] error[E0599]: no method named `as_mut` found for struct `Pin<_>` in the current scope
[INFO] [stdout]    --> src/tysiac.rs:216:48
[INFO] [stdout]     |
[INFO] [stdout] 216 |     let (game, scores, next_game, prev_game) = try_join!(game, scores, next_game, prev_game)?;
[INFO] [stdout]     |                                                ^^^^^^^^^^^^^^^^^^^^^^^^^^^^^^^^^^^^^^^^^^^^^ method not found in `Pin<_>`
[INFO] [stdout]    --> /rustc/84c898d65adf2f39a5a98507f1fe0ce10a2b8dbc/library/core/src/pin.rs:722:12
[INFO] [stdout]     |
[INFO] [stdout]     = note: the method is available for `Pin<_>` here
[INFO] [stdout]     |
[INFO] [stdout]     = note: the method was found for
[INFO] [stdout]             - `Pin<P>`
[INFO] [stdout]     = note: this error originates in the macro `$crate::try_join` which comes from the expansion of the macro `try_join` (in Nightly builds, run with -Z macro-backtrace for more info)
[INFO] [stdout] 
[INFO] [stdout] 
[INFO] [stdout] error[E0599]: no method named `as_mut` found for struct `Pin<_>` in the current scope
[INFO] [stdout]    --> src/tysiac.rs:216:48
[INFO] [stdout]     |
[INFO] [stdout] 216 |     let (game, scores, next_game, prev_game) = try_join!(game, scores, next_game, prev_game)?;
[INFO] [stdout]     |                                                ^^^^^^^^^^^^^^^^^^^^^^^^^^^^^^^^^^^^^^^^^^^^^ method not found in `Pin<_>`
[INFO] [stdout]    --> /rustc/84c898d65adf2f39a5a98507f1fe0ce10a2b8dbc/library/core/src/pin.rs:722:12
[INFO] [stdout]     |
[INFO] [stdout]     = note: the method is available for `Pin<_>` here
[INFO] [stdout]     |
[INFO] [stdout]     = note: the method was found for
[INFO] [stdout]             - `Pin<P>`
[INFO] [stdout]     = note: this error originates in the macro `$crate::try_join` which comes from the expansion of the macro `try_join` (in Nightly builds, run with -Z macro-backtrace for more info)
[INFO] [stdout] 
[INFO] [stdout] 
[INFO] [stdout] error[E0599]: no method named `take_output` found for struct `Pin<_>` in the current scope
[INFO] [stdout]    --> src/tysiac.rs:216:48
[INFO] [stdout]     |
[INFO] [stdout] 216 |     let (game, scores, next_game, prev_game) = try_join!(game, scores, next_game, prev_game)?;
[INFO] [stdout]     |                                                ^^^^^^^^^^^^^^^^^^^^^^^^^^^^^^^^^^^^^^^^^^^^^ method not found in `Pin<_>`
[INFO] [stdout]     |
[INFO] [stdout]     = note: this error originates in the macro `$crate::try_join` which comes from the expansion of the macro `try_join` (in Nightly builds, run with -Z macro-backtrace for more info)
[INFO] [stdout] 
[INFO] [stdout] 
[INFO] [stdout] error[E0599]: no method named `take_output` found for struct `Pin<_>` in the current scope
[INFO] [stdout]    --> src/tysiac.rs:216:48
[INFO] [stdout]     |
[INFO] [stdout] 216 |     let (game, scores, next_game, prev_game) = try_join!(game, scores, next_game, prev_game)?;
[INFO] [stdout]     |                                                ^^^^^^^^^^^^^^^^^^^^^^^^^^^^^^^^^^^^^^^^^^^^^
[INFO] [stdout]     |                                                |
[INFO] [stdout]     |                                                method not found in `Pin<_>`
[INFO] [stdout]     |
[INFO] [stdout]     = note: this error originates in the macro `$crate::try_join` which comes from the expansion of the macro `try_join` (in Nightly builds, run with -Z macro-backtrace for more info)
[INFO] [stdout] 
[INFO] [stdout] 
[INFO] [stdout] error: aborting due to 14 previous errors
[INFO] [stdout] 
[INFO] [stdout] 
[INFO] [stdout] For more information about this error, try `rustc --explain E0599`.
[INFO] [stdout] 
[INFO] [stderr] error: could not compile `scorekeeper` due to 15 previous errors
[INFO] running `Command { std: "docker" "inspect" "0385a7f536e9698baf14b35da5bc5748baf7e61a75750d845ade120cf181e2a3", kill_on_drop: false }`
[INFO] running `Command { std: "docker" "rm" "-f" "0385a7f536e9698baf14b35da5bc5748baf7e61a75750d845ade120cf181e2a3", kill_on_drop: false }`
[INFO] [stdout] 0385a7f536e9698baf14b35da5bc5748baf7e61a75750d845ade120cf181e2a3
