[INFO] cloning repository https://github.com/SheSnake/game_room_server
[INFO] running `Command { std: "git" "-c" "credential.helper=" "-c" "credential.helper=/workspace/cargo-home/bin/git-credential-null" "clone" "--bare" "https://github.com/SheSnake/game_room_server" "/workspace/cache/git-repos/https%3A%2F%2Fgithub.com%2FSheSnake%2Fgame_room_server", kill_on_drop: false }`
[INFO] [stderr] Cloning into bare repository '/workspace/cache/git-repos/https%3A%2F%2Fgithub.com%2FSheSnake%2Fgame_room_server'...
[INFO] running `Command { std: "git" "rev-parse" "HEAD", kill_on_drop: false }`
[INFO] [stdout] 680d3817241b0b3b461aaa6a85496cb303a54416
[INFO] testing SheSnake/game_room_server against beta-2023-04-20 for beta-1.70-1
[INFO] running `Command { std: "git" "clone" "/workspace/cache/git-repos/https%3A%2F%2Fgithub.com%2FSheSnake%2Fgame_room_server" "/workspace/builds/worker-3-tc2/source", kill_on_drop: false }`
[INFO] [stderr] Cloning into '/workspace/builds/worker-3-tc2/source'...
[INFO] [stderr] done.
[INFO] validating manifest of git repo https://github.com/SheSnake/game_room_server on toolchain beta-2023-04-20
[INFO] running `Command { std: CARGO_HOME="/workspace/cargo-home" RUSTUP_HOME="/workspace/rustup-home" "/workspace/cargo-home/bin/cargo" "+beta-2023-04-20" "metadata" "--manifest-path" "Cargo.toml" "--no-deps", kill_on_drop: false }`
[INFO] started tweaking git repo https://github.com/SheSnake/game_room_server
[INFO] finished tweaking git repo https://github.com/SheSnake/game_room_server
[INFO] tweaked toml for git repo https://github.com/SheSnake/game_room_server written to /workspace/builds/worker-3-tc2/source/Cargo.toml
[INFO] crate git repo https://github.com/SheSnake/game_room_server already has a lockfile, it will not be regenerated
[INFO] running `Command { std: CARGO_HOME="/workspace/cargo-home" RUSTUP_HOME="/workspace/rustup-home" "/workspace/cargo-home/bin/cargo" "+beta-2023-04-20" "fetch" "--manifest-path" "Cargo.toml", kill_on_drop: false }`
[INFO] [stderr]  Downloading crates ...
[INFO] [stderr]   Downloaded num_enum_derive v0.4.2
[INFO] [stderr]   Downloaded num_enum v0.4.2
[INFO] [stderr]   Downloaded rdkafka v0.23.1
[INFO] [stderr]   Downloaded rdkafka-sys v1.3.1
[INFO] running `Command { std: "docker" "create" "-v" "/var/lib/crater-agent-workspace/builds/worker-3-tc2/target:/opt/rustwide/target:rw,Z" "-v" "/var/lib/crater-agent-workspace/builds/worker-3-tc2/source:/opt/rustwide/workdir:ro,Z" "-v" "/var/lib/crater-agent-workspace/cargo-home:/opt/rustwide/cargo-home:ro,Z" "-v" "/var/lib/crater-agent-workspace/rustup-home:/opt/rustwide/rustup-home:ro,Z" "-e" "SOURCE_DIR=/opt/rustwide/workdir" "-e" "CARGO_TARGET_DIR=/opt/rustwide/target" "-e" "CARGO_HOME=/opt/rustwide/cargo-home" "-e" "RUSTUP_HOME=/opt/rustwide/rustup-home" "-w" "/opt/rustwide/workdir" "-m" "1610612736" "--user" "0:0" "--network" "none" "ghcr.io/rust-lang/crates-build-env/linux@sha256:5ff2268d62e97bff2cde7d5815dd6ed5b47097566f13b8d0ca110b04b60e07ed" "/opt/rustwide/cargo-home/bin/cargo" "+beta-2023-04-20" "metadata" "--no-deps" "--format-version=1", kill_on_drop: false }`
[INFO] [stdout] 8742ce9952d9f06aba14dd4c79d93005dd7de9692f3783d00bcf83adb1ea13dd
[INFO] running `Command { std: "docker" "start" "-a" "8742ce9952d9f06aba14dd4c79d93005dd7de9692f3783d00bcf83adb1ea13dd", kill_on_drop: false }`
[INFO] running `Command { std: "docker" "inspect" "8742ce9952d9f06aba14dd4c79d93005dd7de9692f3783d00bcf83adb1ea13dd", kill_on_drop: false }`
[INFO] running `Command { std: "docker" "rm" "-f" "8742ce9952d9f06aba14dd4c79d93005dd7de9692f3783d00bcf83adb1ea13dd", kill_on_drop: false }`
[INFO] [stdout] 8742ce9952d9f06aba14dd4c79d93005dd7de9692f3783d00bcf83adb1ea13dd
[INFO] running `Command { std: "docker" "create" "-v" "/var/lib/crater-agent-workspace/builds/worker-3-tc2/target:/opt/rustwide/target:rw,Z" "-v" "/var/lib/crater-agent-workspace/builds/worker-3-tc2/source:/opt/rustwide/workdir:ro,Z" "-v" "/var/lib/crater-agent-workspace/cargo-home:/opt/rustwide/cargo-home:ro,Z" "-v" "/var/lib/crater-agent-workspace/rustup-home:/opt/rustwide/rustup-home:ro,Z" "-e" "SOURCE_DIR=/opt/rustwide/workdir" "-e" "CARGO_TARGET_DIR=/opt/rustwide/target" "-e" "CARGO_INCREMENTAL=0" "-e" "RUST_BACKTRACE=full" "-e" "RUSTFLAGS=--cap-lints=warn" "-e" "RUSTDOCFLAGS=--cap-lints=warn" "-e" "CARGO_HOME=/opt/rustwide/cargo-home" "-e" "RUSTUP_HOME=/opt/rustwide/rustup-home" "-w" "/opt/rustwide/workdir" "-m" "1610612736" "--user" "0:0" "--network" "none" "ghcr.io/rust-lang/crates-build-env/linux@sha256:5ff2268d62e97bff2cde7d5815dd6ed5b47097566f13b8d0ca110b04b60e07ed" "/opt/rustwide/cargo-home/bin/cargo" "+beta-2023-04-20" "build" "--frozen" "--message-format=json", kill_on_drop: false }`
[INFO] [stdout] 900e793a8a692de066da2bd6c55cc291a6042a82d1be715a1835adda56e7add6
[INFO] running `Command { std: "docker" "start" "-a" "900e793a8a692de066da2bd6c55cc291a6042a82d1be715a1835adda56e7add6", kill_on_drop: false }`
[INFO] [stderr]    Compiling proc-macro2 v1.0.8
[INFO] [stderr]    Compiling unicode-xid v0.2.0
[INFO] [stderr]    Compiling syn v1.0.14
[INFO] [stderr]    Compiling libc v0.2.66
[INFO] [stderr]    Compiling cfg-if v0.1.10
[INFO] [stderr]    Compiling serde v1.0.104
[INFO] [stderr]    Compiling memchr v2.3.2
[INFO] [stderr]    Compiling slab v0.4.2
[INFO] [stderr]    Compiling futures-core v0.3.4
[INFO] [stderr]    Compiling proc-macro2 v0.4.30
[INFO] [stderr]    Compiling log v0.4.8
[INFO] [stderr]    Compiling futures-sink v0.3.4
[INFO] [stderr]    Compiling proc-macro-nested v0.1.3
[INFO] [stderr]    Compiling autocfg v1.0.0
[INFO] [stderr]    Compiling pkg-config v0.3.17
[INFO] [stderr]    Compiling unicode-xid v0.1.0
[INFO] [stderr]    Compiling syn v0.15.44
[INFO] [stderr]    Compiling cc v1.0.50
[INFO] [stderr]    Compiling futures-task v0.3.4
[INFO] [stderr]    Compiling futures-channel v0.3.4
[INFO] [stderr]    Compiling byteorder v1.3.4
[INFO] [stderr]    Compiling getrandom v0.1.14
[INFO] [stderr]    Compiling pin-utils v0.1.0-alpha.4
[INFO] [stderr]    Compiling futures-io v0.3.4
[INFO] [stderr]    Compiling num-traits v0.2.11
[INFO] [stderr]    Compiling matches v0.1.8
[INFO] [stderr]    Compiling arc-swap v0.4.4
[INFO] [stderr]    Compiling ryu v1.0.2
[INFO] [stderr]    Compiling smallvec v1.2.0
[INFO] [stderr]    Compiling num-integer v0.1.42
[INFO] [stderr]    Compiling unicode-bidi v0.3.4
[INFO] [stderr]    Compiling void v1.0.2
[INFO] [stderr]    Compiling fnv v1.0.6
[INFO] [stderr]    Compiling rdkafka-sys v1.3.1
[INFO] [stderr]    Compiling ppv-lite86 v0.2.6
[INFO] [stderr]    Compiling pin-project-lite v0.1.4
[INFO] [stderr]    Compiling unicode-normalization v0.1.12
[INFO] [stderr]    Compiling lazy_static v1.4.0
[INFO] [stderr]    Compiling bytes v0.5.4
[INFO] [stderr]    Compiling itoa v0.4.5
[INFO] [stderr]    Compiling unreachable v1.0.0
[INFO] [stderr]    Compiling either v1.5.3
[INFO] [stderr]    Compiling percent-encoding v2.1.0
[INFO] [stderr]    Compiling ascii v0.9.3
[INFO] [stderr]    Compiling quote v0.6.13
[INFO] [stderr]    Compiling quote v1.0.2
[INFO] [stderr]    Compiling iovec v0.1.4
[INFO] [stderr]    Compiling net2 v0.2.33
[INFO] [stderr]    Compiling num_cpus v1.12.0
[INFO] [stderr]    Compiling signal-hook-registry v1.2.0
[INFO] [stderr]    Compiling c2-chacha v0.2.3
[INFO] [stderr]    Compiling time v0.1.42
[INFO] [stderr]    Compiling libz-sys v1.0.25
[INFO] [stderr]    Compiling mio v0.6.21
[INFO] [stderr]    Compiling rand_core v0.5.1
[INFO] [stderr]    Compiling combine v3.8.1
[INFO] [stderr]    Compiling dtoa v0.4.5
[INFO] [stderr]    Compiling idna v0.2.0
[INFO] [stderr]    Compiling sha1 v0.6.0
[INFO] [stderr]    Compiling rand_chacha v0.2.1
[INFO] [stderr]    Compiling rand v0.7.3
[INFO] [stderr]    Compiling chrono v0.4.10
[INFO] [stderr]    Compiling url v2.1.1
[INFO] [stderr]    Compiling mio-uds v0.6.7
[INFO] [stderr]    Compiling derivative v1.0.4
[INFO] [stderr]    Compiling serde_derive v1.0.104
[INFO] [stderr]    Compiling proc-macro-hack v0.5.11
[INFO] [stderr]    Compiling tokio-macros v0.2.4
[INFO] [stderr]    Compiling tokio v0.2.11
[INFO] [stderr]    Compiling futures-macro v0.3.4
[INFO] [stderr]    Compiling futures-util v0.3.4
[INFO] [stderr]    Compiling futures-executor v0.3.4
[INFO] [stderr]    Compiling tokio-util v0.2.0
[INFO] [stderr]    Compiling futures v0.3.4
[INFO] [stderr]    Compiling redis v0.15.1
[INFO] [stderr]    Compiling toml v0.5.6
[INFO] [stderr]    Compiling serde_json v1.0.48
[INFO] [stderr]    Compiling serde_bytes v0.10.5
[INFO] [stderr]    Compiling bincode v1.2.1
[INFO] [stderr]    Compiling proc-macro-crate v0.1.4
[INFO] [stderr]    Compiling num_enum_derive v0.4.2
[INFO] [stderr]    Compiling num_enum v0.4.2
[INFO] [stderr]    Compiling rdkafka v0.23.1
[INFO] [stderr]    Compiling game_server v0.1.0 (/opt/rustwide/workdir)
[INFO] [stdout] warning: unused import: `rdkafka::util::get_rdkafka_version`
[INFO] [stdout]   --> src/server_net/mod.rs:22:5
[INFO] [stdout]    |
[INFO] [stdout] 22 | use rdkafka::util::get_rdkafka_version;
[INFO] [stdout]    |     ^^^^^^^^^^^^^^^^^^^^^^^^^^^^^^^^^^
[INFO] [stdout]    |
[INFO] [stdout]    = note: `#[warn(unused_imports)]` on by default
[INFO] [stdout] 
[INFO] [stdout] 
[INFO] [stdout] warning: unused import: `rdkafka::util::get_rdkafka_version`
[INFO] [stdout]   --> src/main.rs:26:5
[INFO] [stdout]    |
[INFO] [stdout] 26 | use rdkafka::util::get_rdkafka_version;
[INFO] [stdout]    |     ^^^^^^^^^^^^^^^^^^^^^^^^^^^^^^^^^^
[INFO] [stdout] 
[INFO] [stdout] 
[INFO] [stdout] error[E0793]: reference to packed field is unaligned
[INFO] [stdout]    --> src/game/mod.rs:175:13
[INFO] [stdout]     |
[INFO] [stdout] 175 |             next_card_msg.provide_cards.clear();
[INFO] [stdout]     |             ^^^^^^^^^^^^^^^^^^^^^^^^^^^^^^^^^^^
[INFO] [stdout]     |
[INFO] [stdout]     = note: fields of packed structs are not properly aligned, and creating a misaligned reference is undefined behavior (even if that reference is never dereferenced)
[INFO] [stdout]     = help: copy the field contents to a local variable, or replace the reference with a raw pointer and use `read_unaligned`/`write_unaligned` (loads and stores via `*p` must be properly aligned even when using raw pointers)
[INFO] [stdout] 
[INFO] [stdout] 
[INFO] [stdout] error[E0793]: reference to packed field is unaligned
[INFO] [stdout]    --> src/game/mod.rs:681:37
[INFO] [stdout]     |
[INFO] [stdout] 681 |                     user_cur_score: msg.user_cur_score.clone(),
[INFO] [stdout]     |                                     ^^^^^^^^^^^^^^^^^^^^^^^^^^
[INFO] [stdout]     |
[INFO] [stdout]     = note: fields of packed structs are not properly aligned, and creating a misaligned reference is undefined behavior (even if that reference is never dereferenced)
[INFO] [stdout]     = help: copy the field contents to a local variable, or replace the reference with a raw pointer and use `read_unaligned`/`write_unaligned` (loads and stores via `*p` must be properly aligned even when using raw pointers)
[INFO] [stdout] 
[INFO] [stdout] 
[INFO] [stdout] error[E0308]: mismatched types
[INFO] [stdout]   --> src/game/room/mod.rs:60:76
[INFO] [stdout]    |
[INFO] [stdout] 60 |       pub async fn get_room_topic(&self, room_id: &String) -> Option<String> {
[INFO] [stdout]    |  ____________________________________________________________________________^
[INFO] [stdout] 61 | |     }
[INFO] [stdout]    | |_____^ expected `Option<String>`, found `()`
[INFO] [stdout]    |
[INFO] [stdout]    = note:   expected enum `std::option::Option<std::string::String>`
[INFO] [stdout]            found unit type `()`
[INFO] [stdout] 
[INFO] [stdout] 
[INFO] [stdout] error[E0793]: reference to packed field is unaligned
[INFO] [stdout]    --> src/server_net/mod.rs:234:144
[INFO] [stdout]     |
[INFO] [stdout] 234 | ...                   println!("has read header, cur_head:{}, cur size:{}, need_len:{}", session.cur_head, session.cur_size, &header.len);
[INFO] [stdout]     |                                                                                                                              ^^^^^^^^^^^
[INFO] [stdout]     |
[INFO] [stdout]     = note: fields of packed structs are not properly aligned, and creating a misaligned reference is undefined behavior (even if that reference is never dereferenced)
[INFO] [stdout]     = help: copy the field contents to a local variable, or replace the reference with a raw pointer and use `read_unaligned`/`write_unaligned` (loads and stores via `*p` must be properly aligned even when using raw pointers)
[INFO] [stdout] 
[INFO] [stdout] 
[INFO] [stdout] warning: unreachable statement
[INFO] [stdout]    --> src/game/majiang_state.rs:302:9
[INFO] [stdout]     |
[INFO] [stdout] 301 |         return;
[INFO] [stdout]     |         ------ any code following this expression is unreachable
[INFO] [stdout] 302 |         let mut in_wait_rsp = false;
[INFO] [stdout]     |         ^^^^^^^^^^^^^^^^^^^^^^^^^^^^ unreachable statement
[INFO] [stdout]     |
[INFO] [stdout]     = note: `#[warn(unreachable_code)]` on by default
[INFO] [stdout] 
[INFO] [stdout] 
[INFO] [stdout] warning: unused import: `redis::AsyncCommands`
[INFO] [stdout]  --> src/game/room/mod.rs:9:5
[INFO] [stdout]   |
[INFO] [stdout] 9 | use redis::AsyncCommands;
[INFO] [stdout]   |     ^^^^^^^^^^^^^^^^^^^^
[INFO] [stdout] 
[INFO] [stdout] 
[INFO] [stdout] error: aborting due to 4 previous errors; 4 warnings emitted
[INFO] [stdout] 
[INFO] [stdout] 
[INFO] [stdout] Some errors have detailed explanations: E0308, E0793.
[INFO] [stdout] 
[INFO] [stdout] For more information about an error, try `rustc --explain E0308`.
[INFO] [stdout] 
[INFO] [stderr] error: could not compile `game_server` (bin "game_server") due to 5 previous errors; 4 warnings emitted
[INFO] running `Command { std: "docker" "inspect" "900e793a8a692de066da2bd6c55cc291a6042a82d1be715a1835adda56e7add6", kill_on_drop: false }`
[INFO] running `Command { std: "docker" "rm" "-f" "900e793a8a692de066da2bd6c55cc291a6042a82d1be715a1835adda56e7add6", kill_on_drop: false }`
[INFO] [stdout] 900e793a8a692de066da2bd6c55cc291a6042a82d1be715a1835adda56e7add6
