[INFO] cloning repository https://github.com/ShaunKarran/stm32f411e-rust-blinky
[INFO] running `Command { std: "git" "-c" "credential.helper=" "-c" "credential.helper=/workspace/cargo-home/bin/git-credential-null" "clone" "--bare" "https://github.com/ShaunKarran/stm32f411e-rust-blinky" "/workspace/cache/git-repos/https%3A%2F%2Fgithub.com%2FShaunKarran%2Fstm32f411e-rust-blinky", kill_on_drop: false }`
[INFO] [stderr] Cloning into bare repository '/workspace/cache/git-repos/https%3A%2F%2Fgithub.com%2FShaunKarran%2Fstm32f411e-rust-blinky'...
[INFO] running `Command { std: "git" "rev-parse" "HEAD", kill_on_drop: false }`
[INFO] [stdout] cdf4075ec569e828bbc6b74fc3ace7806816cb93
[INFO] testing ShaunKarran/stm32f411e-rust-blinky against 1.69.0 for beta-1.70-1
[INFO] running `Command { std: "git" "clone" "/workspace/cache/git-repos/https%3A%2F%2Fgithub.com%2FShaunKarran%2Fstm32f411e-rust-blinky" "/workspace/builds/worker-4-tc1/source", kill_on_drop: false }`
[INFO] [stderr] Cloning into '/workspace/builds/worker-4-tc1/source'...
[INFO] [stderr] done.
[INFO] validating manifest of git repo https://github.com/ShaunKarran/stm32f411e-rust-blinky on toolchain 1.69.0
[INFO] running `Command { std: CARGO_HOME="/workspace/cargo-home" RUSTUP_HOME="/workspace/rustup-home" "/workspace/cargo-home/bin/cargo" "+1.69.0" "metadata" "--manifest-path" "Cargo.toml" "--no-deps", kill_on_drop: false }`
[INFO] removed /workspace/builds/worker-4-tc1/source/.cargo/config
[INFO] started tweaking git repo https://github.com/ShaunKarran/stm32f411e-rust-blinky
[INFO] finished tweaking git repo https://github.com/ShaunKarran/stm32f411e-rust-blinky
[INFO] tweaked toml for git repo https://github.com/ShaunKarran/stm32f411e-rust-blinky written to /workspace/builds/worker-4-tc1/source/Cargo.toml
[INFO] crate git repo https://github.com/ShaunKarran/stm32f411e-rust-blinky already has a lockfile, it will not be regenerated
[INFO] running `Command { std: CARGO_HOME="/workspace/cargo-home" RUSTUP_HOME="/workspace/rustup-home" "/workspace/cargo-home/bin/cargo" "+1.69.0" "fetch" "--manifest-path" "Cargo.toml", kill_on_drop: false }`
[INFO] [stderr]     Updating git repository `https://github.com/ShaunKarran/stm32f411e-disco`
[INFO] [stderr]     Updating git repository `https://github.com/NathanielPerkins/stm32f411xx-memory-map`
[INFO] [stderr]  Downloading crates ...
[INFO] [stderr]   Downloaded volatile-register v0.1.2
[INFO] [stderr]   Downloaded r0 v0.1.0
[INFO] [stderr]   Downloaded compiler-builtins-snapshot v0.0.20161008+c56faf22abb39724008148d58f12bcd43b6d236b
[INFO] [stderr]   Downloaded cortex-m v0.1.5
[INFO] running `Command { std: "docker" "create" "-v" "/var/lib/crater-agent-workspace/builds/worker-4-tc1/target:/opt/rustwide/target:rw,Z" "-v" "/var/lib/crater-agent-workspace/builds/worker-4-tc1/source:/opt/rustwide/workdir:ro,Z" "-v" "/var/lib/crater-agent-workspace/cargo-home:/opt/rustwide/cargo-home:ro,Z" "-v" "/var/lib/crater-agent-workspace/rustup-home:/opt/rustwide/rustup-home:ro,Z" "-e" "SOURCE_DIR=/opt/rustwide/workdir" "-e" "CARGO_TARGET_DIR=/opt/rustwide/target" "-e" "CARGO_HOME=/opt/rustwide/cargo-home" "-e" "RUSTUP_HOME=/opt/rustwide/rustup-home" "-w" "/opt/rustwide/workdir" "-m" "1610612736" "--user" "0:0" "--network" "none" "ghcr.io/rust-lang/crates-build-env/linux@sha256:5ff2268d62e97bff2cde7d5815dd6ed5b47097566f13b8d0ca110b04b60e07ed" "/opt/rustwide/cargo-home/bin/cargo" "+1.69.0" "metadata" "--no-deps" "--format-version=1", kill_on_drop: false }`
[INFO] [stdout] a9f506a2aee1fe11989cd59256ec8e6118613f3c4e5e61c16cbcd07682198026
[INFO] running `Command { std: "docker" "start" "-a" "a9f506a2aee1fe11989cd59256ec8e6118613f3c4e5e61c16cbcd07682198026", kill_on_drop: false }`
[INFO] running `Command { std: "docker" "inspect" "a9f506a2aee1fe11989cd59256ec8e6118613f3c4e5e61c16cbcd07682198026", kill_on_drop: false }`
[INFO] running `Command { std: "docker" "rm" "-f" "a9f506a2aee1fe11989cd59256ec8e6118613f3c4e5e61c16cbcd07682198026", kill_on_drop: false }`
[INFO] [stdout] a9f506a2aee1fe11989cd59256ec8e6118613f3c4e5e61c16cbcd07682198026
[INFO] running `Command { std: "docker" "create" "-v" "/var/lib/crater-agent-workspace/builds/worker-4-tc1/target:/opt/rustwide/target:rw,Z" "-v" "/var/lib/crater-agent-workspace/builds/worker-4-tc1/source:/opt/rustwide/workdir:ro,Z" "-v" "/var/lib/crater-agent-workspace/cargo-home:/opt/rustwide/cargo-home:ro,Z" "-v" "/var/lib/crater-agent-workspace/rustup-home:/opt/rustwide/rustup-home:ro,Z" "-e" "SOURCE_DIR=/opt/rustwide/workdir" "-e" "CARGO_TARGET_DIR=/opt/rustwide/target" "-e" "CARGO_INCREMENTAL=0" "-e" "RUST_BACKTRACE=full" "-e" "RUSTFLAGS=--cap-lints=warn" "-e" "RUSTDOCFLAGS=--cap-lints=warn" "-e" "CARGO_HOME=/opt/rustwide/cargo-home" "-e" "RUSTUP_HOME=/opt/rustwide/rustup-home" "-w" "/opt/rustwide/workdir" "-m" "1610612736" "--user" "0:0" "--network" "none" "ghcr.io/rust-lang/crates-build-env/linux@sha256:5ff2268d62e97bff2cde7d5815dd6ed5b47097566f13b8d0ca110b04b60e07ed" "/opt/rustwide/cargo-home/bin/cargo" "+1.69.0" "build" "--frozen" "--message-format=json", kill_on_drop: false }`
[INFO] [stdout] 2f9721991020bd9af1d37c700ba85a7fda91ad23b914b15593e568246853005d
[INFO] running `Command { std: "docker" "start" "-a" "2f9721991020bd9af1d37c700ba85a7fda91ad23b914b15593e568246853005d", kill_on_drop: false }`
[INFO] [stderr]    Compiling volatile-register v0.1.2
[INFO] [stderr]    Compiling stm32f411e-disco v0.1.0 (https://github.com/ShaunKarran/stm32f411e-disco#1f0d9dd0)
[INFO] [stderr]    Compiling rlibc v1.0.0
[INFO] [stderr]    Compiling r0 v0.1.0
[INFO] [stderr]    Compiling stm32f411xx-memory-map v0.1.0 (https://github.com/NathanielPerkins/stm32f411xx-memory-map#ca13d547)
[INFO] [stderr]    Compiling compiler-builtins-snapshot v0.0.20161008+c56faf22abb39724008148d58f12bcd43b6d236b
[INFO] [stderr]    Compiling cortex-m v0.1.5
[INFO] [stdout] error[E0557]: feature has been removed
[INFO] [stdout]   --> /opt/rustwide/cargo-home/registry/src/github.com-1ecc6299db9ec823/cortex-m-0.1.5/src/lib.rs:15:12
[INFO] [stdout]    |
[INFO] [stdout] 15 | #![feature(const_fn)]
[INFO] [stdout]    |            ^^^^^^^^ feature has been removed
[INFO] [stdout]    |
[INFO] [stdout]    = note: split into finer-grained feature gates
[INFO] [stdout] 
[INFO] [stdout] 
[INFO] [stdout] error[E0554]: `#![feature]` may not be used on the stable release channel
[INFO] [stdout]  --> /opt/rustwide/cargo-home/registry/src/github.com-1ecc6299db9ec823/compiler-builtins-snapshot-0.0.20161008+c56faf22abb39724008148d58f12bcd43b6d236b/src/lib.rs:4:1
[INFO] [stdout]   |
[INFO] [stdout] 4 | #![feature(asm)]
[INFO] [stdout]   | ^^^^^^^^^^^^^^^^
[INFO] [stdout] 
[INFO] [stdout] 
[INFO] [stdout] error[E0554]: `#![feature]` may not be used on the stable release channel
[INFO] [stdout]  --> /opt/rustwide/cargo-home/registry/src/github.com-1ecc6299db9ec823/compiler-builtins-snapshot-0.0.20161008+c56faf22abb39724008148d58f12bcd43b6d236b/src/lib.rs:5:1
[INFO] [stdout]   |
[INFO] [stdout] 5 | #![feature(core_intrinsics)]
[INFO] [stdout]   | ^^^^^^^^^^^^^^^^^^^^^^^^^^^^
[INFO] [stdout] 
[INFO] [stdout] 
[INFO] [stdout] error[E0554]: `#![feature]` may not be used on the stable release channel
[INFO] [stdout]  --> /opt/rustwide/cargo-home/registry/src/github.com-1ecc6299db9ec823/compiler-builtins-snapshot-0.0.20161008+c56faf22abb39724008148d58f12bcd43b6d236b/src/lib.rs:6:1
[INFO] [stdout]   |
[INFO] [stdout] 6 | #![feature(linkage)]
[INFO] [stdout]   | ^^^^^^^^^^^^^^^^^^^^
[INFO] [stdout] 
[INFO] [stdout] 
[INFO] [stdout] error[E0554]: `#![feature]` may not be used on the stable release channel
[INFO] [stdout]  --> /opt/rustwide/cargo-home/registry/src/github.com-1ecc6299db9ec823/compiler-builtins-snapshot-0.0.20161008+c56faf22abb39724008148d58f12bcd43b6d236b/src/lib.rs:7:1
[INFO] [stdout]   |
[INFO] [stdout] 7 | #![feature(naked_functions)]
[INFO] [stdout]   | ^^^^^^^^^^^^^^^^^^^^^^^^^^^^
[INFO] [stdout] 
[INFO] [stdout] 
[INFO] [stdout] error[E0554]: `#![feature]` may not be used on the stable release channel
[INFO] [stdout]  --> /opt/rustwide/cargo-home/registry/src/github.com-1ecc6299db9ec823/compiler-builtins-snapshot-0.0.20161008+c56faf22abb39724008148d58f12bcd43b6d236b/src/lib.rs:4:12
[INFO] [stdout]   |
[INFO] [stdout] 4 | #![feature(asm)]
[INFO] [stdout]   |            ^^^
[INFO] [stdout] 
[INFO] [stdout] 
[INFO] [stdout] error[E0554]: `#![feature]` may not be used on the stable release channel
[INFO] [stdout]  --> /opt/rustwide/cargo-home/registry/src/github.com-1ecc6299db9ec823/compiler-builtins-snapshot-0.0.20161008+c56faf22abb39724008148d58f12bcd43b6d236b/src/lib.rs:5:12
[INFO] [stdout]   |
[INFO] [stdout] 5 | #![feature(core_intrinsics)]
[INFO] [stdout]   |            ^^^^^^^^^^^^^^^
[INFO] [stdout] 
[INFO] [stdout] 
[INFO] [stdout] error: cannot find macro `asm` in this scope
[INFO] [stdout]   --> /opt/rustwide/cargo-home/registry/src/github.com-1ecc6299db9ec823/cortex-m-0.1.5/src/asm.rs:56:9
[INFO] [stdout]    |
[INFO] [stdout] 56 |         asm!("nop" :::: "volatile");
[INFO] [stdout]    |         ^^^
[INFO] [stdout]    |
[INFO] [stdout]    = help: consider importing this macro:
[INFO] [stdout]            core::arch::asm
[INFO] [stdout] 
[INFO] [stdout] 
[INFO] [stdout] error[E0554]: `#![feature]` may not be used on the stable release channel
[INFO] [stdout]   --> /opt/rustwide/cargo-home/registry/src/github.com-1ecc6299db9ec823/cortex-m-0.1.5/src/lib.rs:14:12
[INFO] [stdout]    |
[INFO] [stdout] 14 | #![feature(asm)]
[INFO] [stdout]    |            ^^^
[INFO] [stdout] 
[INFO] [stdout] 
[INFO] [stdout] error: aborting due to 3 previous errors
[INFO] [stdout] 
[INFO] [stdout] 
[INFO] [stdout] Some errors have detailed explanations: E0554, E0557.
[INFO] [stdout] 
[INFO] [stdout] For more information about an error, try `rustc --explain E0554`.
[INFO] [stdout] 
[INFO] [stderr] error: could not compile `cortex-m` due to 4 previous errors
[INFO] [stderr] warning: build failed, waiting for other jobs to finish...
[INFO] [stdout] error: aborting due to 6 previous errors
[INFO] [stdout] 
[INFO] [stdout] 
[INFO] [stdout] For more information about this error, try `rustc --explain E0554`.
[INFO] [stdout] 
[INFO] [stderr] error: could not compile `compiler-builtins-snapshot` due to 7 previous errors
[INFO] running `Command { std: "docker" "inspect" "2f9721991020bd9af1d37c700ba85a7fda91ad23b914b15593e568246853005d", kill_on_drop: false }`
[INFO] running `Command { std: "docker" "rm" "-f" "2f9721991020bd9af1d37c700ba85a7fda91ad23b914b15593e568246853005d", kill_on_drop: false }`
[INFO] [stdout] 2f9721991020bd9af1d37c700ba85a7fda91ad23b914b15593e568246853005d
