[INFO] cloning repository https://github.com/ShashankKumarSaxena/Mitron-Support
[INFO] running `Command { std: "git" "-c" "credential.helper=" "-c" "credential.helper=/workspace/cargo-home/bin/git-credential-null" "clone" "--bare" "https://github.com/ShashankKumarSaxena/Mitron-Support" "/workspace/cache/git-repos/https%3A%2F%2Fgithub.com%2FShashankKumarSaxena%2FMitron-Support", kill_on_drop: false }`
[INFO] [stderr] Cloning into bare repository '/workspace/cache/git-repos/https%3A%2F%2Fgithub.com%2FShashankKumarSaxena%2FMitron-Support'...
[INFO] running `Command { std: "git" "rev-parse" "HEAD", kill_on_drop: false }`
[INFO] [stdout] 4622896d9d71c02a3959150933114fed441bb359
[INFO] testing ShashankKumarSaxena/Mitron-Support against beta-2023-04-20 for beta-1.70-1
[INFO] running `Command { std: "git" "clone" "/workspace/cache/git-repos/https%3A%2F%2Fgithub.com%2FShashankKumarSaxena%2FMitron-Support" "/workspace/builds/worker-1-tc2/source", kill_on_drop: false }`
[INFO] [stderr] Cloning into '/workspace/builds/worker-1-tc2/source'...
[INFO] [stderr] done.
[INFO] validating manifest of git repo https://github.com/ShashankKumarSaxena/Mitron-Support on toolchain beta-2023-04-20
[INFO] running `Command { std: CARGO_HOME="/workspace/cargo-home" RUSTUP_HOME="/workspace/rustup-home" "/workspace/cargo-home/bin/cargo" "+beta-2023-04-20" "metadata" "--manifest-path" "Cargo.toml" "--no-deps", kill_on_drop: false }`
[INFO] started tweaking git repo https://github.com/ShashankKumarSaxena/Mitron-Support
[INFO] finished tweaking git repo https://github.com/ShashankKumarSaxena/Mitron-Support
[INFO] tweaked toml for git repo https://github.com/ShashankKumarSaxena/Mitron-Support written to /workspace/builds/worker-1-tc2/source/Cargo.toml
[INFO] crate git repo https://github.com/ShashankKumarSaxena/Mitron-Support already has a lockfile, it will not be regenerated
[INFO] running `Command { std: CARGO_HOME="/workspace/cargo-home" RUSTUP_HOME="/workspace/rustup-home" "/workspace/cargo-home/bin/cargo" "+beta-2023-04-20" "fetch" "--manifest-path" "Cargo.toml", kill_on_drop: false }`
[INFO] [stderr] warning: dependency (sqlx) specified without providing a local path, Git repository, or version to use. This will be considered an error in future versions
[INFO] [stderr]     Blocking waiting for file lock on package cache
[INFO] [stderr]     Updating crates.io index
[INFO] [stderr]     Blocking waiting for file lock on package cache
[INFO] [stderr]  Downloading crates ...
[INFO] [stderr]   Downloaded command_attr v0.4.1
[INFO] [stderr]   Downloaded dashmap v5.2.0
[INFO] [stderr]   Downloaded mio v0.8.1
[INFO] running `Command { std: "docker" "create" "-v" "/var/lib/crater-agent-workspace/builds/worker-1-tc2/target:/opt/rustwide/target:rw,Z" "-v" "/var/lib/crater-agent-workspace/builds/worker-1-tc2/source:/opt/rustwide/workdir:ro,Z" "-v" "/var/lib/crater-agent-workspace/cargo-home:/opt/rustwide/cargo-home:ro,Z" "-v" "/var/lib/crater-agent-workspace/rustup-home:/opt/rustwide/rustup-home:ro,Z" "-e" "SOURCE_DIR=/opt/rustwide/workdir" "-e" "CARGO_TARGET_DIR=/opt/rustwide/target" "-e" "CARGO_HOME=/opt/rustwide/cargo-home" "-e" "RUSTUP_HOME=/opt/rustwide/rustup-home" "-w" "/opt/rustwide/workdir" "-m" "1610612736" "--user" "0:0" "--network" "none" "ghcr.io/rust-lang/crates-build-env/linux@sha256:5ff2268d62e97bff2cde7d5815dd6ed5b47097566f13b8d0ca110b04b60e07ed" "/opt/rustwide/cargo-home/bin/cargo" "+beta-2023-04-20" "metadata" "--no-deps" "--format-version=1", kill_on_drop: false }`
[INFO] [stdout] 738b05ebbae9cddc5f342e825b6580bda7ff46a0719ea13cbe24438068f24178
[INFO] running `Command { std: "docker" "start" "-a" "738b05ebbae9cddc5f342e825b6580bda7ff46a0719ea13cbe24438068f24178", kill_on_drop: false }`
[INFO] running `Command { std: "docker" "inspect" "738b05ebbae9cddc5f342e825b6580bda7ff46a0719ea13cbe24438068f24178", kill_on_drop: false }`
[INFO] running `Command { std: "docker" "rm" "-f" "738b05ebbae9cddc5f342e825b6580bda7ff46a0719ea13cbe24438068f24178", kill_on_drop: false }`
[INFO] [stdout] 738b05ebbae9cddc5f342e825b6580bda7ff46a0719ea13cbe24438068f24178
[INFO] running `Command { std: "docker" "create" "-v" "/var/lib/crater-agent-workspace/builds/worker-1-tc2/target:/opt/rustwide/target:rw,Z" "-v" "/var/lib/crater-agent-workspace/builds/worker-1-tc2/source:/opt/rustwide/workdir:ro,Z" "-v" "/var/lib/crater-agent-workspace/cargo-home:/opt/rustwide/cargo-home:ro,Z" "-v" "/var/lib/crater-agent-workspace/rustup-home:/opt/rustwide/rustup-home:ro,Z" "-e" "SOURCE_DIR=/opt/rustwide/workdir" "-e" "CARGO_TARGET_DIR=/opt/rustwide/target" "-e" "CARGO_INCREMENTAL=0" "-e" "RUST_BACKTRACE=full" "-e" "RUSTFLAGS=--cap-lints=warn" "-e" "RUSTDOCFLAGS=--cap-lints=warn" "-e" "CARGO_HOME=/opt/rustwide/cargo-home" "-e" "RUSTUP_HOME=/opt/rustwide/rustup-home" "-w" "/opt/rustwide/workdir" "-m" "1610612736" "--user" "0:0" "--network" "none" "ghcr.io/rust-lang/crates-build-env/linux@sha256:5ff2268d62e97bff2cde7d5815dd6ed5b47097566f13b8d0ca110b04b60e07ed" "/opt/rustwide/cargo-home/bin/cargo" "+beta-2023-04-20" "build" "--frozen" "--message-format=json", kill_on_drop: false }`
[INFO] [stdout] a0f30535f3ea3f907184a82ec5333b6c350f796daf2707d729b0788a464eadc1
[INFO] running `Command { std: "docker" "start" "-a" "a0f30535f3ea3f907184a82ec5333b6c350f796daf2707d729b0788a464eadc1", kill_on_drop: false }`
[INFO] [stderr] warning: dependency (sqlx) specified without providing a local path, Git repository, or version to use. This will be considered an error in future versions
[INFO] [stderr]    Compiling version_check v0.9.4
[INFO] [stderr]    Compiling proc-macro2 v1.0.36
[INFO] [stderr]    Compiling syn v1.0.86
[INFO] [stderr]    Compiling libc v0.2.119
[INFO] [stderr]    Compiling autocfg v1.1.0
[INFO] [stderr]    Compiling once_cell v1.10.0
[INFO] [stderr]    Compiling memchr v2.4.1
[INFO] [stderr]    Compiling pin-project-lite v0.2.8
[INFO] [stderr]    Compiling futures-core v0.3.21
[INFO] [stderr]    Compiling cc v1.0.73
[INFO] [stderr]    Compiling log v0.4.14
[INFO] [stderr]    Compiling serde_derive v1.0.136
[INFO] [stderr]    Compiling typenum v1.15.0
[INFO] [stderr]    Compiling futures-io v0.3.21
[INFO] [stderr]    Compiling slab v0.4.5
[INFO] [stderr]    Compiling serde v1.0.136
[INFO] [stderr]    Compiling pkg-config v0.3.24
[INFO] [stderr]    Compiling cache-padded v1.2.0
[INFO] [stderr]    Compiling pin-utils v0.1.0
[INFO] [stderr]    Compiling itoa v1.0.1
[INFO] [stderr]    Compiling concurrent-queue v1.2.2
[INFO] [stderr]    Compiling value-bag v1.0.0-alpha.8
[INFO] [stderr]    Compiling fastrand v1.7.0
[INFO] [stderr]    Compiling waker-fn v1.1.0
[INFO] [stderr]    Compiling parking v2.0.0
[INFO] [stderr]    Compiling generic-array v0.14.5
[INFO] [stderr]    Compiling tinyvec_macros v0.1.0
[INFO] [stderr]    Compiling bytes v1.1.0
[INFO] [stderr]    Compiling event-listener v2.5.2
[INFO] [stderr]    Compiling tinyvec v1.5.1
[INFO] [stderr]    Compiling matches v0.1.9
[INFO] [stderr]    Compiling ahash v0.7.6
[INFO] [stderr]    Compiling unicode-bidi v0.3.7
[INFO] [stderr]    Compiling foreign-types-shared v0.1.1
[INFO] [stderr]    Compiling openssl v0.10.38
[INFO] [stderr]    Compiling form_urlencoded v1.0.1
[INFO] [stderr]    Compiling native-tls v0.2.8
[INFO] [stderr]    Compiling foreign-types v0.3.2
[INFO] [stderr]    Compiling bitflags v1.3.2
[INFO] [stderr]    Compiling num-traits v0.2.14
[INFO] [stderr]    Compiling async-task v4.2.0
[INFO] [stderr]    Compiling openssl-probe v0.1.5
[INFO] [stderr]    Compiling signal-hook v0.3.13
[INFO] [stderr]    Compiling async-channel v1.6.1
[INFO] [stderr]    Compiling futures-sink v0.3.21
[INFO] [stderr]    Compiling socket2 v0.4.4
[INFO] [stderr]    Compiling num_cpus v1.13.1
[INFO] [stderr]    Compiling getrandom v0.2.5
[INFO] [stderr]    Compiling quote v1.0.15
[INFO] [stderr]    Compiling futures-lite v1.12.0
[INFO] [stderr]    Compiling signal-hook-registry v1.4.0
[INFO] [stderr]    Compiling futures-task v0.3.21
[INFO] [stderr]    Compiling futures-channel v0.3.21
[INFO] [stderr]    Compiling atomic-waker v1.0.0
[INFO] [stderr]    Compiling openssl-sys v0.9.72
[INFO] [stderr]    Compiling unicode-normalization v0.1.19
[INFO] [stderr]    Compiling ring v0.16.20
[INFO] [stderr]    Compiling crossbeam-utils v0.8.7
[INFO] [stderr]    Compiling async-mutex v1.4.0
[INFO] [stderr]    Compiling smallvec v1.8.0
[INFO] [stderr]    Compiling cpufeatures v0.2.1
[INFO] [stderr]    Compiling futures-util v0.3.21
[INFO] [stderr]    Compiling hashbrown v0.11.2
[INFO] [stderr]    Compiling blocking v1.2.0
[INFO] [stderr]    Compiling async-executor v1.4.1
[INFO] [stderr]    Compiling untrusted v0.7.1
[INFO] [stderr]    Compiling spin v0.5.2
[INFO] [stderr]    Compiling rand_core v0.6.3
[INFO] [stderr]    Compiling async-lock v2.5.0
[INFO] [stderr]    Compiling idna v0.2.3
[INFO] [stderr]    Compiling indexmap v1.8.0
[INFO] [stderr]    Compiling num-integer v0.1.44
[INFO] [stderr]    Compiling tracing-core v0.1.23
[INFO] [stderr]    Compiling ppv-lite86 v0.2.16
[INFO] [stderr]    Compiling scopeguard v1.1.0
[INFO] [stderr]    Compiling serde_json v1.0.79
[INFO] [stderr]    Compiling ryu v1.0.9
[INFO] [stderr]    Compiling opaque-debug v0.3.0
[INFO] [stderr]    Compiling lock_api v0.4.6
[INFO] [stderr]    Compiling http v0.2.6
[INFO] [stderr]    Compiling httparse v1.6.0
[INFO] [stderr]    Compiling nom v7.1.0
[INFO] [stderr]    Compiling rustls v0.20.4
[INFO] [stderr]    Compiling subtle v2.4.1
[INFO] [stderr]    Compiling rand_chacha v0.3.1
[INFO] [stderr]    Compiling parking_lot_core v0.8.5
[INFO] [stderr]    Compiling digest v0.9.0
[INFO] [stderr]    Compiling unicase v2.6.0
[INFO] [stderr]    Compiling instant v0.1.12
[INFO] [stderr]    Compiling base64 v0.13.0
[INFO] [stderr]    Compiling minimal-lexical v0.2.1
[INFO] [stderr]    Compiling block-buffer v0.9.0
[INFO] [stderr]    Compiling crossbeam-queue v0.3.4
[INFO] [stderr]    Compiling try-lock v0.2.3
[INFO] [stderr]    Compiling unicode_categories v0.1.1
[INFO] [stderr]    Compiling rand v0.8.5
[INFO] [stderr]    Compiling url v2.2.2
[INFO] [stderr]    Compiling parking_lot v0.11.2
[INFO] [stderr]    Compiling crypto-common v0.1.6
[INFO] [stderr]    Compiling block-buffer v0.10.4
[INFO] [stderr]    Compiling time v0.1.43
[INFO] [stderr]    Compiling dirs-sys v0.3.6
[INFO] [stderr]    Compiling byteorder v1.4.3
[INFO] [stderr]    Compiling parking_lot_core v0.9.7
[INFO] [stderr]    Compiling httpdate v1.0.2
[INFO] [stderr]    Compiling crc-catalog v1.1.1
[INFO] [stderr]    Compiling tower-service v0.3.1
[INFO] [stderr]    Compiling crc v2.1.0
[INFO] [stderr]    Compiling dirs v4.0.0
[INFO] [stderr]    Compiling mime_guess v2.0.4
[INFO] [stderr]    Compiling http-body v0.4.4
[INFO] [stderr]    Compiling digest v0.10.6
[INFO] [stderr]    Compiling futures-intrusive v0.4.0
[INFO] [stderr]    Compiling crypto-mac v0.11.1
[INFO] [stderr]    Compiling hashlink v0.7.0
[INFO] [stderr]    Compiling atoi v0.4.0
[INFO] [stderr]    Compiling stringprep v0.1.2
[INFO] [stderr]    Compiling miniz_oxide v0.4.4
[INFO] [stderr]    Compiling crc32fast v1.3.2
[INFO] [stderr]    Compiling hex v0.4.3
[INFO] [stderr]    Compiling regex-syntax v0.6.25
[INFO] [stderr]    Compiling whoami v1.2.1
[INFO] [stderr]    Compiling encoding_rs v0.8.30
[INFO] [stderr]    Compiling paste v1.0.6
[INFO] [stderr]    Compiling uuid v0.8.2
[INFO] [stderr]    Compiling hmac v0.11.0
[INFO] [stderr]    Compiling sha-1 v0.10.1
[INFO] [stderr]    Compiling chrono v0.4.19
[INFO] [stderr]    Compiling sha-1 v0.9.8
[INFO] [stderr]    Compiling webpki v0.22.0
[INFO] [stderr]    Compiling sct v0.7.0
[INFO] [stderr]    Compiling md-5 v0.9.1
[INFO] [stderr]    Compiling sha2 v0.9.9
[INFO] [stderr]    Compiling unicode-segmentation v1.9.0
[INFO] [stderr]    Compiling async-trait v0.1.52
[INFO] [stderr]    Compiling utf-8 v0.7.6
[INFO] [stderr]    Compiling rustversion v1.0.12
[INFO] [stderr]    Compiling webpki-roots v0.22.2
[INFO] [stderr]    Compiling mime v0.3.16
[INFO] [stderr]    Compiling heck v0.3.3
[INFO] [stderr]    Compiling parking_lot v0.12.1
[INFO] [stderr]    Compiling rustls-pemfile v0.3.0
[INFO] [stderr]    Compiling ordered-float v2.10.0
[INFO] [stderr]    Compiling regex-automata v0.1.10
[INFO] [stderr]    Compiling dotenv v0.15.0
[INFO] [stderr]    Compiling ipnet v2.4.0
[INFO] [stderr]    Compiling serenity v0.11.5
[INFO] [stderr]    Compiling time-core v0.1.0
[INFO] [stderr]    Compiling regex v1.5.5
[INFO] [stderr]    Compiling flate2 v1.0.22
[INFO] [stderr]    Compiling futures v0.3.21
[INFO] [stderr]    Compiling thread_local v1.1.4
[INFO] [stderr]    Compiling sharded-slab v0.1.4
[INFO] [stderr]    Compiling typemap_rev v0.1.5
[INFO] [stderr]    Compiling static_assertions v1.1.0
[INFO] [stderr]    Compiling levenshtein v1.0.5
[INFO] [stderr]    Compiling ansi_term v0.12.1
[INFO] [stderr]    Compiling uwl v0.6.0
[INFO] [stderr]    Compiling matchers v0.0.1
[INFO] [stderr]    Compiling ctor v0.1.21
[INFO] [stderr]    Compiling thiserror-impl v1.0.30
[INFO] [stderr]    Compiling tokio-macros v1.7.0
[INFO] [stderr]    Compiling tracing-attributes v0.1.20
[INFO] [stderr]    Compiling command_attr v0.4.1
[INFO] [stderr]    Compiling mio v0.8.1
[INFO] [stderr]    Compiling polling v2.2.0
[INFO] [stderr]    Compiling want v0.3.0
[INFO] [stderr]    Compiling kv-log-macro v1.0.7
[INFO] [stderr]    Compiling tracing-log v0.1.2
[INFO] [stderr]    Compiling thiserror v1.0.30
[INFO] [stderr]    Compiling tracing v0.1.32
[INFO] [stderr]    Compiling async-io v1.6.0
[INFO] [stderr]    Compiling tokio v1.17.0
[INFO] [stderr]    Compiling async-global-executor v2.0.3
[INFO] [stderr]    Compiling async-process v1.3.0
[INFO] [stderr]    Compiling async-std v1.10.0
[INFO] [stderr]    Compiling tokio-util v0.6.9
[INFO] [stderr]    Compiling tokio-rustls v0.23.2
[INFO] [stderr]    Compiling tokio-native-tls v0.3.0
[INFO] [stderr]    Compiling async-native-tls v0.3.3
[INFO] [stderr]    Compiling h2 v0.3.12
[INFO] [stderr]    Compiling sqlx-rt v0.5.11
[INFO] [stderr]    Compiling either v1.6.1
[INFO] [stderr]    Compiling itertools v0.10.3
[INFO] [stderr]    Compiling serde_urlencoded v0.7.1
[INFO] [stderr]    Compiling time v0.3.20
[INFO] [stderr]    Compiling dashmap v5.2.0
[INFO] [stderr]    Compiling serde-value v0.7.0
[INFO] [stderr]    Compiling tracing-serde v0.1.3
[INFO] [stderr]    Compiling tungstenite v0.17.3
[INFO] [stderr]    Compiling tracing-subscriber v0.2.25
[INFO] [stderr]    Compiling async-tungstenite v0.17.2
[INFO] [stderr]    Compiling sqlformat v0.1.8
[INFO] [stderr]    Compiling sqlx-core v0.5.11
[INFO] [stderr]    Compiling hyper v0.14.17
[INFO] [stderr]    Compiling sqlx-macros v0.5.11
[INFO] [stderr]    Compiling hyper-tls v0.5.0
[INFO] [stderr]    Compiling hyper-rustls v0.23.0
[INFO] [stderr]    Compiling reqwest v0.11.10
[INFO] [stderr]    Compiling sqlx v0.5.11
[INFO] [stderr]    Compiling Mitron-Support v0.1.0 (/opt/rustwide/workdir)
[INFO] [stdout] error: `DATABASE_URL` must be set, or `cargo sqlx prepare` must have been run and sqlx-data.json must exist, to use query macros
[INFO] [stdout]   --> src/commands/starboard/starboard.rs:56:5
[INFO] [stdout]    |
[INFO] [stdout] 56 | /     sqlx::query!(
[INFO] [stdout] 57 | |         "UPDATE guildconfig SET starboard_activate = TRUE, starboard_channel = $1 WHERE id = $2",
[INFO] [stdout] 58 | |         starboard_channel.0 as i64,
[INFO] [stdout] 59 | |         guild_id as i64
[INFO] [stdout] 60 | |     )
[INFO] [stdout]    | |_____^
[INFO] [stdout]    |
[INFO] [stdout]    = note: this error originates in the macro `$crate::sqlx_macros::expand_query` which comes from the expansion of the macro `sqlx::query` (in Nightly builds, run with -Z macro-backtrace for more info)
[INFO] [stdout] 
[INFO] [stdout] 
[INFO] [stdout] error: `DATABASE_URL` must be set, or `cargo sqlx prepare` must have been run and sqlx-data.json must exist, to use query macros
[INFO] [stdout]   --> src/commands/starboard/starboard.rs:96:5
[INFO] [stdout]    |
[INFO] [stdout] 96 | /     sqlx::query!(
[INFO] [stdout] 97 | |         "UPDATE guildconfig SET starboard_activate = FALSE, starboard_channel = NULL WHERE id = $1",
[INFO] [stdout] 98 | |         guild_id as i64
[INFO] [stdout] 99 | |     )
[INFO] [stdout]    | |_____^
[INFO] [stdout]    |
[INFO] [stdout]    = note: this error originates in the macro `$crate::sqlx_macros::expand_query` which comes from the expansion of the macro `sqlx::query` (in Nightly builds, run with -Z macro-backtrace for more info)
[INFO] [stdout] 
[INFO] [stdout] 
[INFO] [stdout] error: `DATABASE_URL` must be set, or `cargo sqlx prepare` must have been run and sqlx-data.json must exist, to use query macros
[INFO] [stdout]    --> src/commands/starboard/starboard.rs:132:22
[INFO] [stdout]     |
[INFO] [stdout] 132 |       let guild_data = sqlx::query!(
[INFO] [stdout]     |  ______________________^
[INFO] [stdout] 133 | |         "SELECT * FROM guildconfig WHERE id = $1",
[INFO] [stdout] 134 | |         msg.guild_id.unwrap().0 as i64
[INFO] [stdout] 135 | |     )
[INFO] [stdout]     | |_____^
[INFO] [stdout]     |
[INFO] [stdout]     = note: this error originates in the macro `$crate::sqlx_macros::expand_query` which comes from the expansion of the macro `sqlx::query` (in Nightly builds, run with -Z macro-backtrace for more info)
[INFO] [stdout] 
[INFO] [stdout] 
[INFO] [stdout] error: `DATABASE_URL` must be set, or `cargo sqlx prepare` must have been run and sqlx-data.json must exist, to use query macros
[INFO] [stdout]    --> src/commands/starboard/starboard.rs:172:5
[INFO] [stdout]     |
[INFO] [stdout] 172 | /     sqlx::query!(
[INFO] [stdout] 173 | |         "UPDATE guildconfig SET starboard_threshold = $1 WHERE id = $2",
[INFO] [stdout] 174 | |         new_threshold as i32,
[INFO] [stdout] 175 | |         msg.guild_id.unwrap().0 as i64
[INFO] [stdout] 176 | |     )
[INFO] [stdout]     | |_____^
[INFO] [stdout]     |
[INFO] [stdout]     = note: this error originates in the macro `$crate::sqlx_macros::expand_query` which comes from the expansion of the macro `sqlx::query` (in Nightly builds, run with -Z macro-backtrace for more info)
[INFO] [stdout] 
[INFO] [stdout] 
[INFO] [stdout] error: `DATABASE_URL` must be set, or `cargo sqlx prepare` must have been run and sqlx-data.json must exist, to use query macros
[INFO] [stdout]    --> src/commands/starboard/starboard.rs:210:28
[INFO] [stdout]     |
[INFO] [stdout] 210 |       let starboard_config = sqlx::query!(
[INFO] [stdout]     |  ____________________________^
[INFO] [stdout] 211 | |         "SELECT * FROM guildconfig WHERE id = $1;",
[INFO] [stdout] 212 | |         msg.guild_id.unwrap().0 as i64
[INFO] [stdout] 213 | |     )
[INFO] [stdout]     | |_____^
[INFO] [stdout]     |
[INFO] [stdout]     = note: this error originates in the macro `$crate::sqlx_macros::expand_query` which comes from the expansion of the macro `sqlx::query` (in Nightly builds, run with -Z macro-backtrace for more info)
[INFO] [stdout] 
[INFO] [stdout] 
[INFO] [stdout] error: `DATABASE_URL` must be set, or `cargo sqlx prepare` must have been run and sqlx-data.json must exist, to use query macros
[INFO] [stdout]   --> src/commands/status/botstatus.rs:76:5
[INFO] [stdout]    |
[INFO] [stdout] 76 | /     sqlx::query!(
[INFO] [stdout] 77 | |         "UPDATE guildconfig SET watcher_channel = $1, watcher_message = $2 WHERE id = $3;",
[INFO] [stdout] 78 | |         channel_id.0 as i64,
[INFO] [stdout] 79 | |         status_msg.id.0 as i64,
[INFO] [stdout] 80 | |         msg.guild_id.unwrap().0 as i64,
[INFO] [stdout] 81 | |     )
[INFO] [stdout]    | |_____^
[INFO] [stdout]    |
[INFO] [stdout]    = note: this error originates in the macro `$crate::sqlx_macros::expand_query` which comes from the expansion of the macro `sqlx::query` (in Nightly builds, run with -Z macro-backtrace for more info)
[INFO] [stdout] 
[INFO] [stdout] 
[INFO] [stdout] error: `DATABASE_URL` must be set, or `cargo sqlx prepare` must have been run and sqlx-data.json must exist, to use query macros
[INFO] [stdout]   --> src/commands/status/task.rs:24:24
[INFO] [stdout]    |
[INFO] [stdout] 24 |     let watcher_data = sqlx::query!("SELECT watcher_channel, watcher_message FROM guildconfig;")
[INFO] [stdout]    |                        ^^^^^^^^^^^^^^^^^^^^^^^^^^^^^^^^^^^^^^^^^^^^^^^^^^^^^^^^^^^^^^^^^^^^^^^^^
[INFO] [stdout]    |
[INFO] [stdout]    = note: this error originates in the macro `$crate::sqlx_macros::expand_query` which comes from the expansion of the macro `sqlx::query` (in Nightly builds, run with -Z macro-backtrace for more info)
[INFO] [stdout] 
[INFO] [stdout] 
[INFO] [stdout] error: `DATABASE_URL` must be set, or `cargo sqlx prepare` must have been run and sqlx-data.json must exist, to use query macros
[INFO] [stdout]   --> src/events/reaction_add_event.rs:23:22
[INFO] [stdout]    |
[INFO] [stdout] 23 |       let guild_data = sqlx::query!(
[INFO] [stdout]    |  ______________________^
[INFO] [stdout] 24 | |         "SELECT * FROM guildconfig WHERE id = $1",
[INFO] [stdout] 25 | |         add_reaction.guild_id.unwrap().0 as i64
[INFO] [stdout] 26 | |     )
[INFO] [stdout]    | |_____^
[INFO] [stdout]    |
[INFO] [stdout]    = note: this error originates in the macro `$crate::sqlx_macros::expand_query` which comes from the expansion of the macro `sqlx::query` (in Nightly builds, run with -Z macro-backtrace for more info)
[INFO] [stdout] 
[INFO] [stdout] 
[INFO] [stdout] error: `DATABASE_URL` must be set, or `cargo sqlx prepare` must have been run and sqlx-data.json must exist, to use query macros
[INFO] [stdout]   --> src/events/reaction_add_event.rs:48:16
[INFO] [stdout]    |
[INFO] [stdout] 48 |       let flag = sqlx::query!(
[INFO] [stdout]    |  ________________^
[INFO] [stdout] 49 | |         "SELECT EXISTS(SELECT 1 FROM starboard_message WHERE star_msg_id = $1);",
[INFO] [stdout] 50 | |         add_reaction.message_id.0 as i64
[INFO] [stdout] 51 | |     )
[INFO] [stdout]    | |_____^
[INFO] [stdout]    |
[INFO] [stdout]    = note: this error originates in the macro `$crate::sqlx_macros::expand_query` which comes from the expansion of the macro `sqlx::query` (in Nightly builds, run with -Z macro-backtrace for more info)
[INFO] [stdout] 
[INFO] [stdout] 
[INFO] [stdout] error: `DATABASE_URL` must be set, or `cargo sqlx prepare` must have been run and sqlx-data.json must exist, to use query macros
[INFO] [stdout]   --> src/events/reaction_add_event.rs:60:44
[INFO] [stdout]    |
[INFO] [stdout] 60 |           let mut starboard_msg_data = match sqlx::query!(
[INFO] [stdout]    |  ____________________________________________^
[INFO] [stdout] 61 | |             "SELECT * FROM starboard_message WHERE star_msg_id = $1",
[INFO] [stdout] 62 | |             add_reaction.message_id.0 as i64
[INFO] [stdout] 63 | |         )
[INFO] [stdout]    | |_________^
[INFO] [stdout]    |
[INFO] [stdout]    = note: this error originates in the macro `$crate::sqlx_macros::expand_query` which comes from the expansion of the macro `sqlx::query` (in Nightly builds, run with -Z macro-backtrace for more info)
[INFO] [stdout] 
[INFO] [stdout] 
[INFO] [stdout] error: `DATABASE_URL` must be set, or `cargo sqlx prepare` must have been run and sqlx-data.json must exist, to use query macros
[INFO] [stdout]    --> src/events/reaction_add_event.rs:154:9
[INFO] [stdout]     |
[INFO] [stdout] 154 | ...   sqlx::query!("INSERT INTO starboard_message (stars_count, message_id, guild_id, author_id, channel_id, star_msg_id) VALUES ($1, $2, $3, $4, $5, $6)", stars as i64, final_msg.unwrap().id.0 as i64, add_reaction.guild_id.unwrap().0 as i64, add_reaction.user_id.unwrap().0 as i64, add_reaction.channel_id.0 as i64, starboard_reaction_message.id.0 as i64)
[INFO] [stdout]     |       ^^^^^^^^^^^^^^^^^^^^^^^^^^^^^^^^^^^^^^^^^^^^^^^^^^^^^^^^^^^^^^^^^^^^^^^^^^^^^^^^^^^^^^^^^^^^^^^^^^^^^^^^^^^^^^^^^^^^^^^^^^^^^^^^^^^^^^^^^^^^^^^^^^^^^^^^^^^^^^^^^^^^^^^^^^^^^^^^^^^^^^^^^^^^^^^^^^^^^^^^^^^^^^^^^^^^^^^^^^^^^^^^^^^^^^^^^^^^^^^^^^^^^^^^^^^^^^^^^^^^^^^^^^^^^^^^^^^^^^^^^^^^^^^^^^^^^^^^^^^^^^^^^^^^^^^^^^^^^^^^^^^^^^^^^^^^^^^^^^^^^^^^^^^^^^
[INFO] [stdout]     |
[INFO] [stdout]     = note: this error originates in the macro `$crate::sqlx_macros::expand_query` which comes from the expansion of the macro `sqlx::query` (in Nightly builds, run with -Z macro-backtrace for more info)
[INFO] [stdout] 
[INFO] [stdout] 
[INFO] [stdout] error: No such file or directory (os error 2)
[INFO] [stdout]   --> src/main.rs:80:11
[INFO] [stdout]    |
[INFO] [stdout] 80 |     match sqlx::migrate!("./migrations").run(&_pool).await {
[INFO] [stdout]    |           ^^^^^^^^^^^^^^^^^^^^^^^^^^^^^^
[INFO] [stdout]    |
[INFO] [stdout]    = note: this error originates in the macro `$crate::sqlx_macros::migrate` which comes from the expansion of the macro `sqlx::migrate` (in Nightly builds, run with -Z macro-backtrace for more info)
[INFO] [stdout] 
[INFO] [stdout] 
[INFO] [stdout] error[E0432]: unresolved import `serenity::client::bridge::gateway::GatewayIntents`
[INFO] [stdout]   --> src/main.rs:16:5
[INFO] [stdout]    |
[INFO] [stdout] 16 |     client::bridge::gateway::GatewayIntents,
[INFO] [stdout]    |     ^^^^^^^^^^^^^^^^^^^^^^^^^^^^^^^^^^^^^^^ no `GatewayIntents` in `client::bridge::gateway`
[INFO] [stdout]    |
[INFO] [stdout]    = help: consider importing this struct instead:
[INFO] [stdout]            serenity::prelude::GatewayIntents
[INFO] [stdout] 
[INFO] [stdout] 
[INFO] [stdout] warning: unused imports: `ActionRow`, `model::user::User`
[INFO] [stdout]  --> src/commands/reaction_roles/reactionroles.rs:4:46
[INFO] [stdout]   |
[INFO] [stdout] 4 |     model::interactions::message_component::{ActionRow, ButtonStyle},
[INFO] [stdout]   |                                              ^^^^^^^^^
[INFO] [stdout] 5 |     model::prelude::*,
[INFO] [stdout] 6 |     model::user::User,
[INFO] [stdout]   |     ^^^^^^^^^^^^^^^^^
[INFO] [stdout]   |
[INFO] [stdout]   = note: `#[warn(unused_imports)]` on by default
[INFO] [stdout] 
[INFO] [stdout] 
[INFO] [stdout] warning: unused import: `std::i64`
[INFO] [stdout]  --> src/commands/starboard/starboard.rs:7:5
[INFO] [stdout]   |
[INFO] [stdout] 7 | use std::i64;
[INFO] [stdout]   |     ^^^^^^^^
[INFO] [stdout] 
[INFO] [stdout] 
[INFO] [stdout] warning: unused import: `reqwest::Error`
[INFO] [stdout]  --> src/commands/status/botstatus.rs:2:5
[INFO] [stdout]   |
[INFO] [stdout] 2 | use reqwest::Error;
[INFO] [stdout]   |     ^^^^^^^^^^^^^^
[INFO] [stdout] 
[INFO] [stdout] 
[INFO] [stdout] warning: unused imports: `Deserialize`, `Serialize`
[INFO] [stdout]  --> src/commands/status/task.rs:3:13
[INFO] [stdout]   |
[INFO] [stdout] 3 | use serde::{Deserialize, Serialize};
[INFO] [stdout]   |             ^^^^^^^^^^^  ^^^^^^^^^
[INFO] [stdout] 
[INFO] [stdout] 
[INFO] [stdout] warning: unused imports: `Args`, `CommandResult`, `macros::command`, `model::prelude::*`
[INFO] [stdout]  --> src/commands/status/task.rs:5:27
[INFO] [stdout]   |
[INFO] [stdout] 5 |     framework::standard::{macros::command, Args, CommandResult},
[INFO] [stdout]   |                           ^^^^^^^^^^^^^^^  ^^^^  ^^^^^^^^^^^^^
[INFO] [stdout] 6 |     model::prelude::*,
[INFO] [stdout]   |     ^^^^^^^^^^^^^^^^^
[INFO] [stdout] 
[INFO] [stdout] 
[INFO] [stdout] warning: unused imports: `AtomicBool`, `Ordering`
[INFO] [stdout]   --> src/commands/status/task.rs:11:14
[INFO] [stdout]    |
[INFO] [stdout] 11 |     atomic::{AtomicBool, Ordering},
[INFO] [stdout]    |              ^^^^^^^^^^  ^^^^^^^^
[INFO] [stdout] 
[INFO] [stdout] 
[INFO] [stdout] warning: unused import: `model::gateway::Activity`
[INFO] [stdout]  --> src/events/guild_member_addition_event.rs:2:16
[INFO] [stdout]   |
[INFO] [stdout] 2 | use serenity::{model::gateway::Activity, model::guild::Member, model::prelude::*, prelude::*};
[INFO] [stdout]   |                ^^^^^^^^^^^^^^^^^^^^^^^^
[INFO] [stdout] 
[INFO] [stdout] 
[INFO] [stdout] warning: unused import: `error`
[INFO] [stdout]  --> src/events/ready_event.rs:4:15
[INFO] [stdout]   |
[INFO] [stdout] 4 | use tracing::{error, info};
[INFO] [stdout]   |               ^^^^^
[INFO] [stdout] 
[INFO] [stdout] 
[INFO] [stdout] warning: unused imports: `CommandGroup`, `CommandResult`, `model::webhook::Webhook`
[INFO] [stdout]   --> src/main.rs:18:20
[INFO] [stdout]    |
[INFO] [stdout] 18 |         standard::{CommandGroup, CommandResult},
[INFO] [stdout]    |                    ^^^^^^^^^^^^  ^^^^^^^^^^^^^
[INFO] [stdout] ...
[INFO] [stdout] 22 |     model::webhook::Webhook,
[INFO] [stdout]    |     ^^^^^^^^^^^^^^^^^^^^^^^
[INFO] [stdout] 
[INFO] [stdout] 
[INFO] [stdout] warning: unused imports: `Arc`, `Ordering`
[INFO] [stdout]   --> src/main.rs:31:26
[INFO] [stdout]    |
[INFO] [stdout] 31 |     atomic::{AtomicBool, Ordering},
[INFO] [stdout]    |                          ^^^^^^^^
[INFO] [stdout] 32 |     Arc,
[INFO] [stdout]    |     ^^^
[INFO] [stdout] 
[INFO] [stdout] 
[INFO] [stdout] warning: use of deprecated type alias `serenity::model::interactions::message_component::ActionRow`: use `model::application::component::ActionRow`
[INFO] [stdout]  --> src/commands/reaction_roles/reactionroles.rs:4:46
[INFO] [stdout]   |
[INFO] [stdout] 4 |     model::interactions::message_component::{ActionRow, ButtonStyle},
[INFO] [stdout]   |                                              ^^^^^^^^^
[INFO] [stdout]   |
[INFO] [stdout]   = note: `#[warn(deprecated)]` on by default
[INFO] [stdout] 
[INFO] [stdout] 
[INFO] [stdout] warning: use of deprecated type alias `serenity::model::interactions::message_component::ButtonStyle`: use `model::application::component::ButtonStyle`
[INFO] [stdout]  --> src/commands/reaction_roles/reactionroles.rs:4:57
[INFO] [stdout]   |
[INFO] [stdout] 4 |     model::interactions::message_component::{ActionRow, ButtonStyle},
[INFO] [stdout]   |                                                         ^^^^^^^^^^^
[INFO] [stdout] 
[INFO] [stdout] 
[INFO] [stdout] warning: use of deprecated type alias `serenity::model::interactions::message_component::ButtonStyle`: use `model::application::component::ButtonStyle`
[INFO] [stdout]   --> src/commands/reaction_roles/reactionroles.rs:22:17
[INFO] [stdout]    |
[INFO] [stdout] 22 |         b.style(ButtonStyle::Primary);
[INFO] [stdout]    |                 ^^^^^^^^^^^
[INFO] [stdout] 
[INFO] [stdout] 
[INFO] [stdout] warning: use of deprecated type alias `serenity::model::interactions::Interaction`: use `model::application::interaction::Interaction`
[INFO] [stdout]  --> src/events/interaction_create_event.rs:2:36
[INFO] [stdout]   |
[INFO] [stdout] 2 | use serenity::model::interactions::Interaction;
[INFO] [stdout]   |                                    ^^^^^^^^^^^
[INFO] [stdout] 
[INFO] [stdout] 
[INFO] [stdout] warning: use of deprecated type alias `serenity::model::interactions::InteractionResponseType`: use `model::application::interaction::InteractionResponseType`
[INFO] [stdout]  --> src/events/interaction_create_event.rs:3:36
[INFO] [stdout]   |
[INFO] [stdout] 3 | use serenity::model::interactions::InteractionResponseType;
[INFO] [stdout]   |                                    ^^^^^^^^^^^^^^^^^^^^^^^
[INFO] [stdout] 
[INFO] [stdout] 
[INFO] [stdout] warning: use of deprecated type alias `serenity::model::interactions::InteractionType`: use `model::application::interaction::InteractionType`
[INFO] [stdout]  --> src/events/interaction_create_event.rs:4:36
[INFO] [stdout]   |
[INFO] [stdout] 4 | use serenity::model::interactions::InteractionType;
[INFO] [stdout]   |                                    ^^^^^^^^^^^^^^^
[INFO] [stdout] 
[INFO] [stdout] 
[INFO] [stdout] warning: use of deprecated type alias `serenity::model::interactions::Interaction`: use `model::application::interaction::Interaction`
[INFO] [stdout]  --> src/events/interaction_create_event.rs:9:60
[INFO] [stdout]   |
[INFO] [stdout] 9 | pub async fn interaction_create(ctx: Context, interaction: Interaction) {
[INFO] [stdout]   |                                                            ^^^^^^^^^^^
[INFO] [stdout] 
[INFO] [stdout] 
[INFO] [stdout] warning: use of deprecated type alias `serenity::model::interactions::InteractionType`: use `model::application::interaction::InteractionType`
[INFO] [stdout]   --> src/events/interaction_create_event.rs:10:30
[INFO] [stdout]    |
[INFO] [stdout] 10 |     if interaction.kind() == InteractionType::MessageComponent {
[INFO] [stdout]    |                              ^^^^^^^^^^^^^^^
[INFO] [stdout] 
[INFO] [stdout] 
[INFO] [stdout] warning: use of deprecated type alias `serenity::model::interactions::InteractionResponseType`: use `model::application::interaction::InteractionResponseType`
[INFO] [stdout]   --> src/events/interaction_create_event.rs:52:28
[INFO] [stdout]    |
[INFO] [stdout] 52 |                     i.kind(InteractionResponseType::ChannelMessageWithSource);
[INFO] [stdout]    |                            ^^^^^^^^^^^^^^^^^^^^^^^
[INFO] [stdout] 
[INFO] [stdout] 
[INFO] [stdout] warning: use of deprecated type alias `serenity::model::interactions::InteractionApplicationCommandCallbackDataFlags`: use `model::application::interaction::MessageFlags`
[INFO] [stdout]   --> src/events/interaction_create_event.rs:54:33
[INFO] [stdout]    |
[INFO] [stdout] 54 |                         d.flags(InteractionApplicationCommandCallbackDataFlags::EPHEMERAL);
[INFO] [stdout]    |                                 ^^^^^^^^^^^^^^^^^^^^^^^^^^^^^^^^^^^^^^^^^^^^^^
[INFO] [stdout] 
[INFO] [stdout] 
[INFO] [stdout] warning: use of deprecated type alias `serenity::model::interactions::InteractionResponseType`: use `model::application::interaction::InteractionResponseType`
[INFO] [stdout]   --> src/events/interaction_create_event.rs:69:28
[INFO] [stdout]    |
[INFO] [stdout] 69 |                     i.kind(InteractionResponseType::ChannelMessageWithSource);
[INFO] [stdout]    |                            ^^^^^^^^^^^^^^^^^^^^^^^
[INFO] [stdout] 
[INFO] [stdout] 
[INFO] [stdout] warning: use of deprecated type alias `serenity::model::interactions::InteractionApplicationCommandCallbackDataFlags`: use `model::application::interaction::MessageFlags`
[INFO] [stdout]   --> src/events/interaction_create_event.rs:71:33
[INFO] [stdout]    |
[INFO] [stdout] 71 |                         d.flags(InteractionApplicationCommandCallbackDataFlags::EPHEMERAL);
[INFO] [stdout]    |                                 ^^^^^^^^^^^^^^^^^^^^^^^^^^^^^^^^^^^^^^^^^^^^^^
[INFO] [stdout] 
[INFO] [stdout] 
[INFO] [stdout] warning: use of deprecated type alias `serenity::model::interactions::Interaction`: use `model::application::interaction::Interaction`
[INFO] [stdout]   --> src/listeners.rs:41:69
[INFO] [stdout]    |
[INFO] [stdout] 41 |     async fn interaction_create(&self, _ctx: Context, _interaction: Interaction) {
[INFO] [stdout]    |                                                                     ^^^^^^^^^^^
[INFO] [stdout] 
[INFO] [stdout] 
[INFO] [stdout] warning: use of deprecated type alias `serenity::model::interactions::message_component::ButtonStyle`: use `model::application::component::ButtonStyle`
[INFO] [stdout]  --> src/utils/paginator.rs:6:45
[INFO] [stdout]   |
[INFO] [stdout] 6 |     model::interactions::message_component::ButtonStyle,
[INFO] [stdout]   |                                             ^^^^^^^^^^^
[INFO] [stdout] 
[INFO] [stdout] 
[INFO] [stdout] warning: use of deprecated type alias `serenity::model::interactions::InteractionResponseType`: use `model::application::interaction::InteractionResponseType`
[INFO] [stdout]  --> src/utils/paginator.rs:9:23
[INFO] [stdout]   |
[INFO] [stdout] 9 |         interactions::InteractionResponseType,
[INFO] [stdout]   |                       ^^^^^^^^^^^^^^^^^^^^^^^
[INFO] [stdout] 
[INFO] [stdout] 
[INFO] [stdout] warning: use of deprecated type alias `serenity::model::interactions::InteractionResponseType`: use `model::application::interaction::InteractionResponseType`
[INFO] [stdout]   --> src/utils/paginator.rs:91:32
[INFO] [stdout]    |
[INFO] [stdout] 91 |                         r.kind(InteractionResponseType::UpdateMessage);
[INFO] [stdout]    |                                ^^^^^^^^^^^^^^^^^^^^^^^
[INFO] [stdout] 
[INFO] [stdout] 
[INFO] [stdout] warning: use of deprecated type alias `serenity::model::interactions::InteractionResponseType`: use `model::application::interaction::InteractionResponseType`
[INFO] [stdout]    --> src/utils/paginator.rs:106:36
[INFO] [stdout]     |
[INFO] [stdout] 106 | ...                   r.kind(InteractionResponseType::UpdateMessage);
[INFO] [stdout]     |                              ^^^^^^^^^^^^^^^^^^^^^^^
[INFO] [stdout] 
[INFO] [stdout] 
[INFO] [stdout] warning: use of deprecated type alias `serenity::model::interactions::InteractionResponseType`: use `model::application::interaction::InteractionResponseType`
[INFO] [stdout]    --> src/utils/paginator.rs:125:36
[INFO] [stdout]     |
[INFO] [stdout] 125 | ...                   r.kind(InteractionResponseType::UpdateMessage);
[INFO] [stdout]     |                              ^^^^^^^^^^^^^^^^^^^^^^^
[INFO] [stdout] 
[INFO] [stdout] 
[INFO] [stdout] warning: use of deprecated type alias `serenity::model::interactions::InteractionResponseType`: use `model::application::interaction::InteractionResponseType`
[INFO] [stdout]    --> src/utils/paginator.rs:141:32
[INFO] [stdout]     |
[INFO] [stdout] 141 |                         r.kind(InteractionResponseType::UpdateMessage);
[INFO] [stdout]     |                                ^^^^^^^^^^^^^^^^^^^^^^^
[INFO] [stdout] 
[INFO] [stdout] 
[INFO] [stdout] warning: use of deprecated type alias `serenity::model::interactions::message_component::ButtonStyle`: use `model::application::component::ButtonStyle`
[INFO] [stdout]   --> src/utils/paginator.rs:25:31
[INFO] [stdout]    |
[INFO] [stdout] 25 |         backward_button.style(ButtonStyle::Primary);
[INFO] [stdout]    |                               ^^^^^^^^^^^
[INFO] [stdout] 
[INFO] [stdout] 
[INFO] [stdout] warning: use of deprecated type alias `serenity::model::interactions::message_component::ButtonStyle`: use `model::application::component::ButtonStyle`
[INFO] [stdout]   --> src/utils/paginator.rs:31:20
[INFO] [stdout]    |
[INFO] [stdout] 31 |         back.style(ButtonStyle::Primary);
[INFO] [stdout]    |                    ^^^^^^^^^^^
[INFO] [stdout] 
[INFO] [stdout] 
[INFO] [stdout] warning: use of deprecated type alias `serenity::model::interactions::message_component::ButtonStyle`: use `model::application::component::ButtonStyle`
[INFO] [stdout]   --> src/utils/paginator.rs:37:20
[INFO] [stdout]    |
[INFO] [stdout] 37 |         stop.style(ButtonStyle::Primary);
[INFO] [stdout]    |                    ^^^^^^^^^^^
[INFO] [stdout] 
[INFO] [stdout] 
[INFO] [stdout] warning: use of deprecated type alias `serenity::model::interactions::message_component::ButtonStyle`: use `model::application::component::ButtonStyle`
[INFO] [stdout]   --> src/utils/paginator.rs:44:20
[INFO] [stdout]    |
[INFO] [stdout] 44 |         next.style(ButtonStyle::Primary);
[INFO] [stdout]    |                    ^^^^^^^^^^^
[INFO] [stdout] 
[INFO] [stdout] 
[INFO] [stdout] warning: use of deprecated type alias `serenity::model::interactions::message_component::ButtonStyle`: use `model::application::component::ButtonStyle`
[INFO] [stdout]   --> src/utils/paginator.rs:49:30
[INFO] [stdout]    |
[INFO] [stdout] 49 |         forward_button.style(ButtonStyle::Primary);
[INFO] [stdout]    |                              ^^^^^^^^^^^
[INFO] [stdout] 
[INFO] [stdout] 
[INFO] [stdout] error[E0277]: `std::option::Option<std::string::String>` is not a future
[INFO] [stdout]   --> src/events/guild_member_addition_event.rs:39:13
[INFO] [stdout]    |
[INFO] [stdout] 39 |             .await
[INFO] [stdout]    |             ^^^^^^
[INFO] [stdout]    |             |
[INFO] [stdout]    |             `std::option::Option<std::string::String>` is not a future
[INFO] [stdout]    |             help: remove the `.await`
[INFO] [stdout]    |
[INFO] [stdout]    = help: the trait `std::future::Future` is not implemented for `std::option::Option<std::string::String>`
[INFO] [stdout]    = note: std::option::Option<std::string::String> must be a future or must implement `IntoFuture` to be awaited
[INFO] [stdout]    = note: required for `std::option::Option<std::string::String>` to implement `std::future::IntoFuture`
[INFO] [stdout] 
[INFO] [stdout] 
[INFO] [stdout] error[E0050]: method `guild_member_addition` has 4 parameters but the declaration in trait `serenity::prelude::EventHandler::guild_member_addition` has 3
[INFO] [stdout]   --> src/listeners.rs:29:36
[INFO] [stdout]    |
[INFO] [stdout] 29 |     async fn guild_member_addition(&self, _ctx: Context, _guild_id: GuildId, _new_member: Member) {
[INFO] [stdout]    |                                    ^^^^^^^^^^^^^^^^^^^^^^^^^^^^^^^^^^^^^^^^^^^^^^^^^^^^^^^^^^^^^ expected 3 parameters, found 4
[INFO] [stdout]    |
[INFO] [stdout]    = note: `guild_member_addition` from trait: `fn(&'life0 Self, serenity::prelude::Context, serenity::model::guild::Member) -> std::pin::Pin<Box<(dyn std::future::Future<Output = ()> + std::marker::Send + 'async_trait)>>`
[INFO] [stdout] 
[INFO] [stdout] 
[INFO] [stdout] warning: variable does not need to be mutable
[INFO] [stdout]   --> src/utils/paginator.rs:61:9
[INFO] [stdout]    |
[INFO] [stdout] 61 |     let mut paginate_msg = msg
[INFO] [stdout]    |         ----^^^^^^^^^^^^
[INFO] [stdout]    |         |
[INFO] [stdout]    |         help: remove this `mut`
[INFO] [stdout]    |
[INFO] [stdout]    = note: `#[warn(unused_mut)]` on by default
[INFO] [stdout] 
[INFO] [stdout] 
[INFO] [stdout] error[E0277]: `std::option::Option<(serenity::model::id::RoleId, i64)>` is not a future
[INFO] [stdout]    --> src/commands/reaction_roles/reactionroles.rs:196:57
[INFO] [stdout]     |
[INFO] [stdout] 196 |     let top_role_id = client_mem.highest_role_info(&ctx).await.unwrap();
[INFO] [stdout]     |                                                         ^^^^^^
[INFO] [stdout]     |                                                         |
[INFO] [stdout]     |                                                         `std::option::Option<(serenity::model::id::RoleId, i64)>` is not a future
[INFO] [stdout]     |                                                         help: remove the `.await`
[INFO] [stdout]     |
[INFO] [stdout]     = help: the trait `std::future::Future` is not implemented for `std::option::Option<(serenity::model::id::RoleId, i64)>`
[INFO] [stdout]     = note: std::option::Option<(serenity::model::id::RoleId, i64)> must be a future or must implement `IntoFuture` to be awaited
[INFO] [stdout]     = note: required for `std::option::Option<(serenity::model::id::RoleId, i64)>` to implement `std::future::IntoFuture`
[INFO] [stdout] 
[INFO] [stdout] 
[INFO] [stdout] warning: unreachable expression
[INFO] [stdout]    --> src/commands/welcomer/welcome.rs:137:5
[INFO] [stdout]     |
[INFO] [stdout] 90  | /     match msg.guild_id {
[INFO] [stdout] 91  | |         Some(guild_id) => {
[INFO] [stdout] 92  | |             let cursor = sqlx::query("SELECT welcome_channel_id FROM guildconfig WHERE id = $1")
[INFO] [stdout] 93  | |                 .bind(i64::from(guild_id))
[INFO] [stdout] ...   |
[INFO] [stdout] 134 | |         }
[INFO] [stdout] 135 | |     }
[INFO] [stdout]     | |_____- any code following this `match` expression is unreachable, as all arms diverge
[INFO] [stdout] 136 |
[INFO] [stdout] 137 |       Ok(())
[INFO] [stdout]     |       ^^^^^^ unreachable expression
[INFO] [stdout]     |
[INFO] [stdout]     = note: `#[warn(unreachable_code)]` on by default
[INFO] [stdout] 
[INFO] [stdout] 
[INFO] [stdout] warning: unreachable expression
[INFO] [stdout]    --> src/commands/welcomer/welcome.rs:196:5
[INFO] [stdout]     |
[INFO] [stdout] 153 | /     match msg.guild_id {
[INFO] [stdout] 154 | |         Some(guild_id) => {
[INFO] [stdout] 155 | |             if args.is_empty() {
[INFO] [stdout] 156 | |                 msg.channel_id.send_message(&ctx.http, |m| {
[INFO] [stdout] ...   |
[INFO] [stdout] 193 | |         }
[INFO] [stdout] 194 | |     }
[INFO] [stdout]     | |_____- any code following this `match` expression is unreachable, as all arms diverge
[INFO] [stdout] 195 |
[INFO] [stdout] 196 |       Ok(())
[INFO] [stdout]     |       ^^^^^^ unreachable expression
[INFO] [stdout] 
[INFO] [stdout] 
[INFO] [stdout] warning: unreachable expression
[INFO] [stdout]    --> src/commands/welcomer/welcome.rs:248:5
[INFO] [stdout]     |
[INFO] [stdout] 212 | /     match msg.guild_id {
[INFO] [stdout] 213 | |         Some(guild_id) => {
[INFO] [stdout] 214 | |             if args.is_empty() {
[INFO] [stdout] 215 | |                 msg.channel_id.send_message(&ctx.http, |m| {
[INFO] [stdout] ...   |
[INFO] [stdout] 245 | |         }
[INFO] [stdout] 246 | |     }
[INFO] [stdout]     | |_____- any code following this `match` expression is unreachable, as all arms diverge
[INFO] [stdout] 247 |
[INFO] [stdout] 248 |       Ok(())
[INFO] [stdout]     |       ^^^^^^ unreachable expression
[INFO] [stdout] 
[INFO] [stdout] 
[INFO] [stdout] error[E0599]: no function or associated item named `new_with_token` found for struct `serenity::http::Http` in the current scope
[INFO] [stdout]   --> src/main.rs:48:22
[INFO] [stdout]    |
[INFO] [stdout] 48 |     let http = Http::new_with_token(&TOKEN);
[INFO] [stdout]    |                      ^^^^^^^^^^^^^^ function or associated item not found in `Http`
[INFO] [stdout] 
[INFO] [stdout] 
[INFO] [stdout] error[E0061]: this function takes 2 arguments but 1 argument was supplied
[INFO] [stdout]    --> src/main.rs:93:19
[INFO] [stdout]     |
[INFO] [stdout] 93  |     let mut bot = Client::builder(&TOKEN)
[INFO] [stdout]     |                   ^^^^^^^^^^^^^^^-------- an argument of type `serenity::prelude::GatewayIntents` is missing
[INFO] [stdout]     |
[INFO] [stdout] note: associated function defined here
[INFO] [stdout]    --> /opt/rustwide/cargo-home/registry/src/index.crates.io-6f17d22bba15001f/serenity-0.11.5/src/client/mod.rs:656:12
[INFO] [stdout]     |
[INFO] [stdout] 656 |     pub fn builder(token: impl AsRef<str>, intents: GatewayIntents) -> ClientBuilder {
[INFO] [stdout]     |            ^^^^^^^
[INFO] [stdout] help: provide the argument
[INFO] [stdout]     |
[INFO] [stdout] 93  |     let mut bot = Client::builder(&TOKEN, /* serenity::prelude::GatewayIntents */)
[INFO] [stdout]     |                                  ~~~~~~~~~~~~~~~~~~~~~~~~~~~~~~~~~~~~~~~~~~~~~~~~~
[INFO] [stdout] 
[INFO] [stdout] 
[INFO] [stdout] warning: unused import: `sqlx::Executor`
[INFO] [stdout]  --> src/events/reaction_add_event.rs:3:5
[INFO] [stdout]   |
[INFO] [stdout] 3 | use sqlx::Executor;
[INFO] [stdout]   |     ^^^^^^^^^^^^^^
[INFO] [stdout] 
[INFO] [stdout] 
[INFO] [stdout] warning: unused import: `http::CacheHttp`
[INFO] [stdout]  --> src/events/reaction_add_event.rs:2:38
[INFO] [stdout]   |
[INFO] [stdout] 2 | use serenity::{builder::CreateEmbed, http::CacheHttp, model::prelude::*, prelude::*};
[INFO] [stdout]   |                                      ^^^^^^^^^^^^^^^
[INFO] [stdout] 
[INFO] [stdout] 
[INFO] [stdout] error: aborting due to 18 previous errors; 40 warnings emitted
[INFO] [stdout] 
[INFO] [stdout] 
[INFO] [stdout] Some errors have detailed explanations: E0050, E0061, E0277, E0432, E0599.
[INFO] [stdout] 
[INFO] [stdout] For more information about an error, try `rustc --explain E0050`.
[INFO] [stdout] 
[INFO] [stderr] error: could not compile `Mitron-Support` (bin "Mitron-Support") due to 19 previous errors; 40 warnings emitted
[INFO] running `Command { std: "docker" "inspect" "a0f30535f3ea3f907184a82ec5333b6c350f796daf2707d729b0788a464eadc1", kill_on_drop: false }`
[INFO] running `Command { std: "docker" "rm" "-f" "a0f30535f3ea3f907184a82ec5333b6c350f796daf2707d729b0788a464eadc1", kill_on_drop: false }`
[INFO] [stdout] a0f30535f3ea3f907184a82ec5333b6c350f796daf2707d729b0788a464eadc1
