[INFO] cloning repository https://github.com/ShadowWolf/deathlike
[INFO] running `Command { std: "git" "-c" "credential.helper=" "-c" "credential.helper=/workspace/cargo-home/bin/git-credential-null" "clone" "--bare" "https://github.com/ShadowWolf/deathlike" "/workspace/cache/git-repos/https%3A%2F%2Fgithub.com%2FShadowWolf%2Fdeathlike", kill_on_drop: false }`
[INFO] [stderr] Cloning into bare repository '/workspace/cache/git-repos/https%3A%2F%2Fgithub.com%2FShadowWolf%2Fdeathlike'...
[INFO] running `Command { std: "git" "rev-parse" "HEAD", kill_on_drop: false }`
[INFO] [stdout] 4038d111e29c2ccc5a498e9bee565c7f7a3acd3d
[INFO] testing ShadowWolf/deathlike against 1.69.0 for beta-1.70-1
[INFO] running `Command { std: "git" "clone" "/workspace/cache/git-repos/https%3A%2F%2Fgithub.com%2FShadowWolf%2Fdeathlike" "/workspace/builds/worker-4-tc1/source", kill_on_drop: false }`
[INFO] [stderr] Cloning into '/workspace/builds/worker-4-tc1/source'...
[INFO] [stderr] done.
[INFO] validating manifest of git repo https://github.com/ShadowWolf/deathlike on toolchain 1.69.0
[INFO] running `Command { std: CARGO_HOME="/workspace/cargo-home" RUSTUP_HOME="/workspace/rustup-home" "/workspace/cargo-home/bin/cargo" "+1.69.0" "metadata" "--manifest-path" "Cargo.toml" "--no-deps", kill_on_drop: false }`
[INFO] started tweaking git repo https://github.com/ShadowWolf/deathlike
[INFO] finished tweaking git repo https://github.com/ShadowWolf/deathlike
[INFO] tweaked toml for git repo https://github.com/ShadowWolf/deathlike written to /workspace/builds/worker-4-tc1/source/Cargo.toml
[INFO] crate git repo https://github.com/ShadowWolf/deathlike already has a lockfile, it will not be regenerated
[INFO] running `Command { std: CARGO_HOME="/workspace/cargo-home" RUSTUP_HOME="/workspace/rustup-home" "/workspace/cargo-home/bin/cargo" "+1.69.0" "fetch" "--manifest-path" "Cargo.toml", kill_on_drop: false }`
[INFO] [stderr]  Downloading crates ...
[INFO] [stderr]   Downloaded wasm-timer v0.1.3
[INFO] [stderr]   Downloaded bracket-lib v0.8.1
[INFO] [stderr]   Downloaded rltk v0.8.1
[INFO] [stderr]   Downloaded wide v0.5.5
[INFO] [stderr]   Downloaded ultraviolet v0.7.5
[INFO] [stderr]   Downloaded ctrlc v3.1.8
[INFO] [stderr]   Downloaded slotmap v0.3.0
[INFO] [stderr]   Downloaded glow v0.4.0
[INFO] [stderr]   Downloaded bracket-algorithm-traits v0.8.2
[INFO] [stderr]   Downloaded bracket-pathfinding v0.8.4
[INFO] [stderr]   Downloaded bracket-noise v0.8.2
[INFO] [stderr]   Downloaded bracket-random v0.8.2
[INFO] [stderr]   Downloaded bracket-color v0.8.2
[INFO] [stderr]   Downloaded atom v0.3.6
[INFO] [stderr]   Downloaded object-pool v0.5.3
[INFO] [stderr]   Downloaded bracket-terminal v0.8.2
[INFO] [stderr]   Downloaded bracket-geometry v0.8.2
[INFO] [stderr]   Downloaded wayland-egl v0.28.5
[INFO] running `Command { std: "docker" "create" "-v" "/var/lib/crater-agent-workspace/builds/worker-4-tc1/target:/opt/rustwide/target:rw,Z" "-v" "/var/lib/crater-agent-workspace/builds/worker-4-tc1/source:/opt/rustwide/workdir:ro,Z" "-v" "/var/lib/crater-agent-workspace/cargo-home:/opt/rustwide/cargo-home:ro,Z" "-v" "/var/lib/crater-agent-workspace/rustup-home:/opt/rustwide/rustup-home:ro,Z" "-e" "SOURCE_DIR=/opt/rustwide/workdir" "-e" "CARGO_TARGET_DIR=/opt/rustwide/target" "-e" "CARGO_HOME=/opt/rustwide/cargo-home" "-e" "RUSTUP_HOME=/opt/rustwide/rustup-home" "-w" "/opt/rustwide/workdir" "-m" "1610612736" "--user" "0:0" "--network" "none" "ghcr.io/rust-lang/crates-build-env/linux@sha256:5ff2268d62e97bff2cde7d5815dd6ed5b47097566f13b8d0ca110b04b60e07ed" "/opt/rustwide/cargo-home/bin/cargo" "+1.69.0" "metadata" "--no-deps" "--format-version=1", kill_on_drop: false }`
[INFO] [stdout] a1d028424cb4cf11945c5e53ac073f8ea2742cadf8dc9dce9373d1df84bb164e
[INFO] running `Command { std: "docker" "start" "-a" "a1d028424cb4cf11945c5e53ac073f8ea2742cadf8dc9dce9373d1df84bb164e", kill_on_drop: false }`
[INFO] running `Command { std: "docker" "inspect" "a1d028424cb4cf11945c5e53ac073f8ea2742cadf8dc9dce9373d1df84bb164e", kill_on_drop: false }`
[INFO] running `Command { std: "docker" "rm" "-f" "a1d028424cb4cf11945c5e53ac073f8ea2742cadf8dc9dce9373d1df84bb164e", kill_on_drop: false }`
[INFO] [stdout] a1d028424cb4cf11945c5e53ac073f8ea2742cadf8dc9dce9373d1df84bb164e
[INFO] running `Command { std: "docker" "create" "-v" "/var/lib/crater-agent-workspace/builds/worker-4-tc1/target:/opt/rustwide/target:rw,Z" "-v" "/var/lib/crater-agent-workspace/builds/worker-4-tc1/source:/opt/rustwide/workdir:ro,Z" "-v" "/var/lib/crater-agent-workspace/cargo-home:/opt/rustwide/cargo-home:ro,Z" "-v" "/var/lib/crater-agent-workspace/rustup-home:/opt/rustwide/rustup-home:ro,Z" "-e" "SOURCE_DIR=/opt/rustwide/workdir" "-e" "CARGO_TARGET_DIR=/opt/rustwide/target" "-e" "CARGO_INCREMENTAL=0" "-e" "RUST_BACKTRACE=full" "-e" "RUSTFLAGS=--cap-lints=warn" "-e" "RUSTDOCFLAGS=--cap-lints=warn" "-e" "CARGO_HOME=/opt/rustwide/cargo-home" "-e" "RUSTUP_HOME=/opt/rustwide/rustup-home" "-w" "/opt/rustwide/workdir" "-m" "1610612736" "--user" "0:0" "--network" "none" "ghcr.io/rust-lang/crates-build-env/linux@sha256:5ff2268d62e97bff2cde7d5815dd6ed5b47097566f13b8d0ca110b04b60e07ed" "/opt/rustwide/cargo-home/bin/cargo" "+1.69.0" "build" "--frozen" "--message-format=json", kill_on_drop: false }`
[INFO] [stdout] b6ad7b8a64663d9ef292dac199ddf84abff0a38d0eb7ee8eafafd7b3a807f651
[INFO] running `Command { std: "docker" "start" "-a" "b6ad7b8a64663d9ef292dac199ddf84abff0a38d0eb7ee8eafafd7b3a807f651", kill_on_drop: false }`
[INFO] [stderr]    Compiling libc v0.2.88
[INFO] [stderr]    Compiling autocfg v1.0.1
[INFO] [stderr]    Compiling proc-macro2 v1.0.24
[INFO] [stderr]    Compiling lazy_static v1.4.0
[INFO] [stderr]    Compiling unicode-xid v0.2.1
[INFO] [stderr]    Compiling xml-rs v0.8.3
[INFO] [stderr]    Compiling log v0.4.14
[INFO] [stderr]    Compiling smallvec v1.6.1
[INFO] [stderr]    Compiling bitflags v1.2.1
[INFO] [stderr]    Compiling memchr v2.3.4
[INFO] [stderr]    Compiling scopeguard v1.1.0
[INFO] [stderr]    Compiling pkg-config v0.3.19
[INFO] [stderr]    Compiling syn v1.0.62
[INFO] [stderr]    Compiling cfg-if v0.1.10
[INFO] [stderr]    Compiling version_check v0.9.2
[INFO] [stderr]    Compiling khronos_api v3.1.0
[INFO] [stderr]    Compiling quote v1.0.9
[INFO] [stderr]    Compiling once_cell v1.7.2
[INFO] [stderr]    Compiling serde_derive v1.0.124
[INFO] [stderr]    Compiling serde v1.0.124
[INFO] [stderr]    Compiling wayland-sys v0.28.5
[INFO] [stderr]    Compiling wayland-scanner v0.28.5
[INFO] [stderr]    Compiling libloading v0.7.0
[INFO] [stderr]    Compiling maybe-uninit v2.0.0
[INFO] [stderr]    Compiling gl_generator v0.14.0
[INFO] [stderr]    Compiling dlib v0.5.0
[INFO] [stderr]    Compiling nom v6.1.2
[INFO] [stderr]    Compiling crossbeam-utils v0.8.3
[INFO] [stderr]    Compiling getrandom v0.2.2
[INFO] [stderr]    Compiling bytemuck v1.5.1
[INFO] [stderr]    Compiling downcast-rs v1.2.0
[INFO] [stderr]    Compiling scoped-tls v1.0.0
[INFO] [stderr]    Compiling nix v0.20.0
[INFO] [stderr]    Compiling memoffset v0.6.1
[INFO] [stderr]    Compiling num-traits v0.2.14
[INFO] [stderr]    Compiling nix v0.18.0
[INFO] [stderr]    Compiling ttf-parser v0.6.2
[INFO] [stderr]    Compiling wayland-client v0.28.5
[INFO] [stderr]    Compiling wayland-protocols v0.28.5
[INFO] [stderr]    Compiling safe_arch v0.5.2
[INFO] [stderr]    Compiling x11-dl v2.18.5
[INFO] [stderr]    Compiling num-integer v0.1.44
[INFO] [stderr]    Compiling owned_ttf_parser v0.6.0
[INFO] [stderr]    Compiling instant v0.1.9
[INFO] [stderr]    Compiling same-file v1.0.6
[INFO] [stderr]    Compiling ab_glyph_rasterizer v0.1.4
[INFO] [stderr]    Compiling crc32fast v1.2.1
[INFO] [stderr]    Compiling rusttype v0.9.2
[INFO] [stderr]    Compiling walkdir v2.3.1
[INFO] [stderr]    Compiling parking_lot_core v0.8.3
[INFO] [stderr]    Compiling wide v0.5.5
[INFO] [stderr]    Compiling xcursor v0.3.3
[INFO] [stderr]    Compiling rand_core v0.6.2
[INFO] [stderr]    Compiling wayland-commons v0.28.5
[INFO] [stderr]    Compiling iovec v0.1.4
[INFO] [stderr]    Compiling net2 v0.2.37
[INFO] [stderr]    Compiling lock_api v0.4.2
[INFO] [stderr]    Compiling libloading v0.6.7
[INFO] [stderr]    Compiling xdg v2.2.0
[INFO] [stderr]    Compiling byteorder v1.4.2
[INFO] [stderr]    Compiling rayon-core v1.9.0
[INFO] [stderr]    Compiling adler32 v1.2.0
[INFO] [stderr]    Compiling slab v0.4.2
[INFO] [stderr]    Compiling andrew v0.3.1
[INFO] [stderr]    Compiling dlib v0.4.2
[INFO] [stderr]    Compiling mio v0.6.23
[INFO] [stderr]    Compiling parking_lot v0.11.1
[INFO] [stderr]    Compiling wayland-cursor v0.28.5
[INFO] [stderr]    Compiling ultraviolet v0.7.5
[INFO] [stderr]    Compiling crossbeam-epoch v0.9.3
[INFO] [stderr]    Compiling glutin_egl_sys v0.1.5
[INFO] [stderr]    Compiling calloop v0.6.5
[INFO] [stderr]    Compiling glutin_glx_sys v0.1.7
[INFO] [stderr]    Compiling memmap2 v0.1.0
[INFO] [stderr]    Compiling gl_generator v0.13.1
[INFO] [stderr]    Compiling miniz_oxide v0.4.4
[INFO] [stderr]    Compiling num-rational v0.3.2
[INFO] [stderr]    Compiling num-iter v0.1.42
[INFO] [stderr]    Compiling ppv-lite86 v0.2.10
[INFO] [stderr]    Compiling lazycell v1.3.0
[INFO] [stderr]    Compiling mio-extras v2.0.6
[INFO] [stderr]    Compiling glow v0.4.0
[INFO] [stderr]    Compiling rand_chacha v0.3.0
[INFO] [stderr]    Compiling crossbeam-deque v0.8.0
[INFO] [stderr]    Compiling miniz_oxide v0.3.7
[INFO] [stderr]    Compiling deflate v0.8.6
[INFO] [stderr]    Compiling crossbeam-channel v0.5.0
[INFO] [stderr]    Compiling shared_library v0.1.9
[INFO] [stderr]    Compiling parking_lot_core v0.7.2
[INFO] [stderr]    Compiling num_cpus v1.13.0
[INFO] [stderr]    Compiling raw-window-handle v0.3.3
[INFO] [stderr]    Compiling nom v5.1.2
[INFO] [stderr]    Compiling thread_local v1.1.3
[INFO] [stderr]    Compiling aho-corasick v0.7.15
[INFO] [stderr]    Compiling rayon v1.5.0
[INFO] [stderr]    Compiling lock_api v0.3.4
[INFO] [stderr]    Compiling regex-syntax v0.6.22
[INFO] [stderr]    Compiling adler v1.0.2
[INFO] [stderr]    Compiling percent-encoding v2.1.0
[INFO] [stderr]    Compiling parking_lot v0.10.2
[INFO] [stderr]    Compiling png v0.16.8
[INFO] [stderr]    Compiling osmesa-sys v0.1.2
[INFO] [stderr]    Compiling rand v0.8.3
[INFO] [stderr]    Compiling regex v1.4.3
[INFO] [stderr]    Compiling wayland-egl v0.28.5
[INFO] [stderr]    Compiling hashbrown v0.7.2
[INFO] [stderr]    Compiling crossbeam-utils v0.7.2
[INFO] [stderr]    Compiling jpeg-decoder v0.1.22
[INFO] [stderr]    Compiling color_quant v1.1.0
[INFO] [stderr]    Compiling either v1.6.1
[INFO] [stderr]    Compiling image v0.23.14
[INFO] [stderr]    Compiling flate2 v1.0.20
[INFO] [stderr]    Compiling object-pool v0.5.3
[INFO] [stderr]    Compiling ctrlc v3.1.8
[INFO] [stderr]    Compiling bracket-geometry v0.8.2
[INFO] [stderr]    Compiling rand_xorshift v0.3.0
[INFO] [stderr]    Compiling bracket-algorithm-traits v0.8.2
[INFO] [stderr]    Compiling bracket-random v0.8.2
[INFO] [stderr]    Compiling bracket-color v0.8.2
[INFO] [stderr]    Compiling ahash v0.3.8
[INFO] [stderr]    Compiling ryu v1.0.5
[INFO] [stderr]    Compiling tynm v0.1.6
[INFO] [stderr]    Compiling bracket-noise v0.8.2
[INFO] [stderr]    Compiling bracket-pathfinding v0.8.4
[INFO] [stderr]    Compiling arrayvec v0.5.2
[INFO] [stderr]    Compiling serde_json v1.0.64
[INFO] [stderr]    Compiling atom v0.3.6
[INFO] [stderr]    Compiling mopa v0.2.2
[INFO] [stderr]    Compiling crossbeam-queue v0.2.3
[INFO] [stderr]    Compiling hibitset v0.6.3
[INFO] [stderr]    Compiling shred v0.10.2
[INFO] [stderr]    Compiling tuple_utils v0.3.0
[INFO] [stderr]    Compiling itoa v0.4.7
[INFO] [stderr]    Compiling shrev v1.1.1
[INFO] [stderr]    Compiling specs-derive v0.4.1
[INFO] [stderr]    Compiling specs v0.16.1
[INFO] [stderr]    Compiling smithay-client-toolkit v0.12.3
[INFO] [stderr]    Compiling winit v0.24.0
[INFO] [stderr]    Compiling glutin v0.26.0
[INFO] [stderr]    Compiling bracket-terminal v0.8.2
[INFO] [stderr]    Compiling bracket-lib v0.8.1
[INFO] [stderr]    Compiling rltk v0.8.1
[INFO] [stderr]    Compiling deathlike v0.1.0 (/opt/rustwide/workdir)
[INFO] [stdout] error[E0412]: cannot find type `PrefablLevel` in module `prefab_levels`
[INFO] [stdout]   --> src/map_builders/prefab_builder.rs:11:38
[INFO] [stdout]    |
[INFO] [stdout] 11 |     Constant { level: prefab_levels::PrefablLevel },
[INFO] [stdout]    |                                      ^^^^^^^^^^^^ help: a struct with a similar name exists: `PrefabLevel`
[INFO] [stdout]    |
[INFO] [stdout]   ::: src/map_builders/prefab_levels.rs:2:1
[INFO] [stdout]    |
[INFO] [stdout] 2  | pub struct PrefabLevel {
[INFO] [stdout]    | ---------------------- similarly named struct `PrefabLevel` defined here
[INFO] [stdout] 
[INFO] [stdout] 
[INFO] [stdout] error[E0425]: cannot find value `y` in this scope
[INFO] [stdout]    --> src/map_builders/prefab_builder.rs:113:24
[INFO] [stdout]     |
[INFO] [stdout] 113 |                     y: y as i32 / self.map.width,
[INFO] [stdout]     |                        ^ help: a local variable with a similar name exists: `i`
[INFO] [stdout] 
[INFO] [stdout] 
[INFO] [stdout] warning: unused import: `SHOW_MAPGEN_VISUALIZER`
[INFO] [stdout]  --> src/map_builders/bsp_dungeon.rs:3:53
[INFO] [stdout]   |
[INFO] [stdout] 3 | use crate::{spawner, Map, Position, Rect, TileType, SHOW_MAPGEN_VISUALIZER, impl_map_builder_with_rooms};
[INFO] [stdout]   |                                                     ^^^^^^^^^^^^^^^^^^^^^^
[INFO] [stdout]   |
[INFO] [stdout]   = note: `#[warn(unused_imports)]` on by default
[INFO] [stdout] 
[INFO] [stdout] 
[INFO] [stdout] warning: unused import: `SHOW_MAPGEN_VISUALIZER`
[INFO] [stdout]  --> src/map_builders/bsp_interior.rs:2:53
[INFO] [stdout]   |
[INFO] [stdout] 2 | use crate::{spawner, Map, Position, Rect, TileType, SHOW_MAPGEN_VISUALIZER, impl_map_builder_with_rooms};
[INFO] [stdout]   |                                                     ^^^^^^^^^^^^^^^^^^^^^^
[INFO] [stdout] 
[INFO] [stdout] 
[INFO] [stdout] warning: unused import: `SHOW_MAPGEN_VISUALIZER`
[INFO] [stdout]  --> src/map_builders/cellular_automata.rs:1:28
[INFO] [stdout]   |
[INFO] [stdout] 1 | use crate::{Map, Position, SHOW_MAPGEN_VISUALIZER, TileType, spawner, impl_map_builder_with_noise_areas};
[INFO] [stdout]   |                            ^^^^^^^^^^^^^^^^^^^^^^
[INFO] [stdout] 
[INFO] [stdout] 
[INFO] [stdout] warning: unused import: `SHOW_MAPGEN_VISUALIZER`
[INFO] [stdout]  --> src/map_builders/simple_map.rs:4:53
[INFO] [stdout]   |
[INFO] [stdout] 4 | use crate::{Map, spawner, Position, Rect, TileType, SHOW_MAPGEN_VISUALIZER, impl_map_builder_with_rooms};
[INFO] [stdout]   |                                                     ^^^^^^^^^^^^^^^^^^^^^^
[INFO] [stdout] 
[INFO] [stdout] 
[INFO] [stdout] warning: unused import: `SHOW_MAPGEN_VISUALIZER`
[INFO] [stdout]  --> src/map_builders/drunkard.rs:2:37
[INFO] [stdout]   |
[INFO] [stdout] 2 | use crate::{Map, Position, spawner, SHOW_MAPGEN_VISUALIZER, TileType, impl_map_builder_with_noise_areas};
[INFO] [stdout]   |                                     ^^^^^^^^^^^^^^^^^^^^^^
[INFO] [stdout] 
[INFO] [stdout] 
[INFO] [stdout] warning: unused import: `SHOW_MAPGEN_VISUALIZER`
[INFO] [stdout]  --> src/map_builders/maze.rs:2:37
[INFO] [stdout]   |
[INFO] [stdout] 2 | use crate::{Map, Position, spawner, SHOW_MAPGEN_VISUALIZER, TileType, impl_map_builder_with_noise_areas};
[INFO] [stdout]   |                                     ^^^^^^^^^^^^^^^^^^^^^^
[INFO] [stdout] 
[INFO] [stdout] 
[INFO] [stdout] warning: unused import: `SHOW_MAPGEN_VISUALIZER`
[INFO] [stdout]  --> src/map_builders/dla.rs:1:47
[INFO] [stdout]   |
[INFO] [stdout] 1 | use crate::{Position, Map, TileType, spawner, SHOW_MAPGEN_VISUALIZER, impl_map_builder_with_noise_areas};
[INFO] [stdout]   |                                               ^^^^^^^^^^^^^^^^^^^^^^
[INFO] [stdout] 
[INFO] [stdout] 
[INFO] [stdout] warning: unused import: `SHOW_MAPGEN_VISUALIZER`
[INFO] [stdout]  --> src/map_builders/voronoi.rs:1:28
[INFO] [stdout]   |
[INFO] [stdout] 1 | use crate::{Position, Map, SHOW_MAPGEN_VISUALIZER, spawner, TileType, impl_map_builder_with_noise_areas};
[INFO] [stdout]   |                            ^^^^^^^^^^^^^^^^^^^^^^
[INFO] [stdout] 
[INFO] [stdout] 
[INFO] [stdout] warning: unused import: `SHOW_MAPGEN_VISUALIZER`
[INFO] [stdout]  --> src/map_builders/waveform_collapse/mod.rs:9:28
[INFO] [stdout]   |
[INFO] [stdout] 9 | use crate::{Map, Position, SHOW_MAPGEN_VISUALIZER, TileType, spawner, impl_map_builder_with_noise_areas};
[INFO] [stdout]   |                            ^^^^^^^^^^^^^^^^^^^^^^
[INFO] [stdout] 
[INFO] [stdout] 
[INFO] [stdout] warning: unused import: `rltk::XpCell`
[INFO] [stdout]  --> src/map_builders/prefab_builder.rs:1:5
[INFO] [stdout]   |
[INFO] [stdout] 1 | use rltk::XpCell;
[INFO] [stdout]   |     ^^^^^^^^^^^^
[INFO] [stdout] 
[INFO] [stdout] 
[INFO] [stdout] warning: unused import: `SHOW_MAPGEN_VISUALIZER`
[INFO] [stdout]  --> src/map_builders/prefab_builder.rs:3:28
[INFO] [stdout]   |
[INFO] [stdout] 3 | use crate::{Map, Position, SHOW_MAPGEN_VISUALIZER, spawner, TileType};
[INFO] [stdout]   |                            ^^^^^^^^^^^^^^^^^^^^^^
[INFO] [stdout] 
[INFO] [stdout] 
[INFO] [stdout] error[E0277]: the type `[map::TileType]` cannot be indexed by `&usize`
[INFO] [stdout]   --> src/map_builders/prefab_builder.rs:30:36
[INFO] [stdout]    |
[INFO] [stdout] 30 |             assert!(self.map.tiles[location] == TileType::Floor);
[INFO] [stdout]    |                                    ^^^^^^^^ slice indices are of type `usize` or ranges of `usize`
[INFO] [stdout]    |
[INFO] [stdout]    = help: the trait `SliceIndex<[map::TileType]>` is not implemented for `&usize`
[INFO] [stdout]    = help: the trait `SliceIndex<[T]>` is implemented for `usize`
[INFO] [stdout]    = note: required for `Vec<map::TileType>` to implement `std::ops::Index<&usize>`
[INFO] [stdout] help: dereference this index
[INFO] [stdout]    |
[INFO] [stdout] 30 |             assert!(self.map.tiles[*location] == TileType::Floor);
[INFO] [stdout]    |                                    +
[INFO] [stdout] 
[INFO] [stdout] 
[INFO] [stdout] error[E0610]: `char` is a primitive type and therefore doesn't have fields
[INFO] [stdout]    --> src/map_builders/prefab_builder.rs:134:95
[INFO] [stdout]     |
[INFO] [stdout] 134 |                 rltk::console::log(format!("Unknown glyph found while loading map: {}", (cell.ch as u8) as char))
[INFO] [stdout]     |                                                                                               ^^
[INFO] [stdout] 
[INFO] [stdout] 
[INFO] [stdout] error: aborting due to 4 previous errors; 11 warnings emitted
[INFO] [stdout] 
[INFO] [stdout] 
[INFO] [stdout] Some errors have detailed explanations: E0277, E0412, E0425, E0610.
[INFO] [stdout] 
[INFO] [stdout] For more information about an error, try `rustc --explain E0277`.
[INFO] [stdout] 
[INFO] [stderr] error: could not compile `deathlike` due to 5 previous errors; 11 warnings emitted
[INFO] running `Command { std: "docker" "inspect" "b6ad7b8a64663d9ef292dac199ddf84abff0a38d0eb7ee8eafafd7b3a807f651", kill_on_drop: false }`
[INFO] running `Command { std: "docker" "rm" "-f" "b6ad7b8a64663d9ef292dac199ddf84abff0a38d0eb7ee8eafafd7b3a807f651", kill_on_drop: false }`
[INFO] [stdout] b6ad7b8a64663d9ef292dac199ddf84abff0a38d0eb7ee8eafafd7b3a807f651
