[INFO] cloning repository https://github.com/Shaddaaa/gfx_hal_test
[INFO] running `Command { std: "git" "-c" "credential.helper=" "-c" "credential.helper=/workspace/cargo-home/bin/git-credential-null" "clone" "--bare" "https://github.com/Shaddaaa/gfx_hal_test" "/workspace/cache/git-repos/https%3A%2F%2Fgithub.com%2FShaddaaa%2Fgfx_hal_test", kill_on_drop: false }`
[INFO] [stderr] Cloning into bare repository '/workspace/cache/git-repos/https%3A%2F%2Fgithub.com%2FShaddaaa%2Fgfx_hal_test'...
[INFO] running `Command { std: "git" "rev-parse" "HEAD", kill_on_drop: false }`
[INFO] [stdout] 1b63c8e86104f3e27a7b2631705c322d8a97442a
[INFO] testing Shaddaaa/gfx_hal_test against 1.69.0 for beta-1.70-1
[INFO] running `Command { std: "git" "clone" "/workspace/cache/git-repos/https%3A%2F%2Fgithub.com%2FShaddaaa%2Fgfx_hal_test" "/workspace/builds/worker-1-tc1/source", kill_on_drop: false }`
[INFO] [stderr] Cloning into '/workspace/builds/worker-1-tc1/source'...
[INFO] [stderr] done.
[INFO] validating manifest of git repo https://github.com/Shaddaaa/gfx_hal_test on toolchain 1.69.0
[INFO] running `Command { std: CARGO_HOME="/workspace/cargo-home" RUSTUP_HOME="/workspace/rustup-home" "/workspace/cargo-home/bin/cargo" "+1.69.0" "metadata" "--manifest-path" "Cargo.toml" "--no-deps", kill_on_drop: false }`
[INFO] started tweaking git repo https://github.com/Shaddaaa/gfx_hal_test
[INFO] finished tweaking git repo https://github.com/Shaddaaa/gfx_hal_test
[INFO] tweaked toml for git repo https://github.com/Shaddaaa/gfx_hal_test written to /workspace/builds/worker-1-tc1/source/Cargo.toml
[INFO] crate git repo https://github.com/Shaddaaa/gfx_hal_test already has a lockfile, it will not be regenerated
[INFO] running `Command { std: CARGO_HOME="/workspace/cargo-home" RUSTUP_HOME="/workspace/rustup-home" "/workspace/cargo-home/bin/cargo" "+1.69.0" "fetch" "--manifest-path" "Cargo.toml", kill_on_drop: false }`
[INFO] [stderr]     Updating git repository `https://github.com/gfx-rs/gfx.git`
[INFO] [stderr]     Updating git repository `https://github.com/gfx-rs/d3d12-rs`
[INFO] [stderr]     Updating git repository `https://github.com/gfx-rs/naga`
[INFO] [stderr]  Downloading crates ...
[INFO] [stderr]   Downloaded weezl v0.1.0
[INFO] [stderr]   Downloaded dispatch v0.1.4
[INFO] [stderr]   Downloaded winit v0.20.0
[INFO] running `Command { std: "docker" "create" "-v" "/var/lib/crater-agent-workspace/builds/worker-1-tc1/target:/opt/rustwide/target:rw,Z" "-v" "/var/lib/crater-agent-workspace/builds/worker-1-tc1/source:/opt/rustwide/workdir:ro,Z" "-v" "/var/lib/crater-agent-workspace/cargo-home:/opt/rustwide/cargo-home:ro,Z" "-v" "/var/lib/crater-agent-workspace/rustup-home:/opt/rustwide/rustup-home:ro,Z" "-e" "SOURCE_DIR=/opt/rustwide/workdir" "-e" "CARGO_TARGET_DIR=/opt/rustwide/target" "-e" "CARGO_HOME=/opt/rustwide/cargo-home" "-e" "RUSTUP_HOME=/opt/rustwide/rustup-home" "-w" "/opt/rustwide/workdir" "-m" "1610612736" "--user" "0:0" "--network" "none" "ghcr.io/rust-lang/crates-build-env/linux@sha256:5ff2268d62e97bff2cde7d5815dd6ed5b47097566f13b8d0ca110b04b60e07ed" "/opt/rustwide/cargo-home/bin/cargo" "+1.69.0" "metadata" "--no-deps" "--format-version=1", kill_on_drop: false }`
[INFO] [stdout] 41ef85ad67c8605e9531ec800ab53a57ef39e4194c6c912be758b32be2346739
[INFO] running `Command { std: "docker" "start" "-a" "41ef85ad67c8605e9531ec800ab53a57ef39e4194c6c912be758b32be2346739", kill_on_drop: false }`
[INFO] running `Command { std: "docker" "inspect" "41ef85ad67c8605e9531ec800ab53a57ef39e4194c6c912be758b32be2346739", kill_on_drop: false }`
[INFO] running `Command { std: "docker" "rm" "-f" "41ef85ad67c8605e9531ec800ab53a57ef39e4194c6c912be758b32be2346739", kill_on_drop: false }`
[INFO] [stdout] 41ef85ad67c8605e9531ec800ab53a57ef39e4194c6c912be758b32be2346739
[INFO] running `Command { std: "docker" "create" "-v" "/var/lib/crater-agent-workspace/builds/worker-1-tc1/target:/opt/rustwide/target:rw,Z" "-v" "/var/lib/crater-agent-workspace/builds/worker-1-tc1/source:/opt/rustwide/workdir:ro,Z" "-v" "/var/lib/crater-agent-workspace/cargo-home:/opt/rustwide/cargo-home:ro,Z" "-v" "/var/lib/crater-agent-workspace/rustup-home:/opt/rustwide/rustup-home:ro,Z" "-e" "SOURCE_DIR=/opt/rustwide/workdir" "-e" "CARGO_TARGET_DIR=/opt/rustwide/target" "-e" "CARGO_INCREMENTAL=0" "-e" "RUST_BACKTRACE=full" "-e" "RUSTFLAGS=--cap-lints=warn" "-e" "RUSTDOCFLAGS=--cap-lints=warn" "-e" "CARGO_HOME=/opt/rustwide/cargo-home" "-e" "RUSTUP_HOME=/opt/rustwide/rustup-home" "-w" "/opt/rustwide/workdir" "-m" "1610612736" "--user" "0:0" "--network" "none" "ghcr.io/rust-lang/crates-build-env/linux@sha256:5ff2268d62e97bff2cde7d5815dd6ed5b47097566f13b8d0ca110b04b60e07ed" "/opt/rustwide/cargo-home/bin/cargo" "+1.69.0" "build" "--frozen" "--message-format=json", kill_on_drop: false }`
[INFO] [stdout] 30ca262cb80bfdbbca71badae3c283bc77991748426e79fcfedef82a8b29cc64
[INFO] running `Command { std: "docker" "start" "-a" "30ca262cb80bfdbbca71badae3c283bc77991748426e79fcfedef82a8b29cc64", kill_on_drop: false }`
[INFO] [stderr]    Compiling autocfg v1.0.1
[INFO] [stderr]    Compiling libc v0.2.77
[INFO] [stderr]    Compiling byteorder v1.3.4
[INFO] [stderr]    Compiling log v0.4.11
[INFO] [stderr]    Compiling proc-macro2 v1.0.23
[INFO] [stderr]    Compiling unicode-xid v0.2.1
[INFO] [stderr]    Compiling syn v1.0.64
[INFO] [stderr]    Compiling libloading v0.6.3
[INFO] [stderr]    Compiling rayon-core v1.8.1
[INFO] [stderr]    Compiling lazycell v1.3.0
[INFO] [stderr]    Compiling smallvec v1.4.2
[INFO] [stderr]    Compiling bit-vec v0.6.3
[INFO] [stderr]    Compiling adler32 v1.2.0
[INFO] [stderr]    Compiling instant v0.1.7
[INFO] [stderr]    Compiling serde_derive v1.0.116
[INFO] [stderr]    Compiling wayland-client v0.23.6
[INFO] [stderr]    Compiling wayland-protocols v0.23.6
[INFO] [stderr]    Compiling pkg-config v0.3.18
[INFO] [stderr]    Compiling crc32fast v1.2.0
[INFO] [stderr]    Compiling bit-set v0.5.2
[INFO] [stderr]    Compiling winapi v0.3.9
[INFO] [stderr]    Compiling downcast-rs v1.2.0
[INFO] [stderr]    Compiling miniz_oxide v0.3.7
[INFO] [stderr]    Compiling serde v1.0.116
[INFO] [stderr]    Compiling either v1.6.1
[INFO] [stderr]    Compiling libloading v0.7.0
[INFO] [stderr]    Compiling num-traits v0.2.12
[INFO] [stderr]    Compiling crossbeam-utils v0.7.2
[INFO] [stderr]    Compiling memoffset v0.5.6
[INFO] [stderr]    Compiling crossbeam-epoch v0.8.2
[INFO] [stderr]    Compiling dlib v0.4.2
[INFO] [stderr]    Compiling num-integer v0.1.43
[INFO] [stderr]    Compiling wayland-sys v0.23.6
[INFO] [stderr]    Compiling rayon v1.4.0
[INFO] [stderr]    Compiling x11-dl v2.18.5
[INFO] [stderr]    Compiling stb_truetype v0.3.1
[INFO] [stderr]    Compiling fxhash v0.2.1
[INFO] [stderr]    Compiling num-rational v0.3.0
[INFO] [stderr]    Compiling num-iter v0.1.41
[INFO] [stderr]    Compiling quote v1.0.7
[INFO] [stderr]    Compiling deflate v0.8.6
[INFO] [stderr]    Compiling jobserver v0.1.21
[INFO] [stderr]    Compiling iovec v0.1.4
[INFO] [stderr]    Compiling net2 v0.2.35
[INFO] [stderr]    Compiling nix v0.14.1
[INFO] [stderr]    Compiling cc v1.0.60
[INFO] [stderr]    Compiling num_cpus v1.13.0
[INFO] [stderr]    Compiling raw-window-handle v0.3.3
[INFO] [stderr]    Compiling mio v0.6.22
[INFO] [stderr]    Compiling parking_lot_core v0.7.2
[INFO] [stderr]    Compiling parking_lot_core v0.8.0
[INFO] [stderr]    Compiling memmap v0.7.0
[INFO] [stderr]    Compiling lock_api v0.4.1
[INFO] [stderr]    Compiling weezl v0.1.0
[INFO] [stderr]    Compiling lzw v0.10.0
[INFO] [stderr]    Compiling approx v0.3.2
[INFO] [stderr]    Compiling ordered-float v1.1.0
[INFO] [stderr]    Compiling crossbeam-channel v0.4.4
[INFO] [stderr]    Compiling cmake v0.1.44
[INFO] [stderr]    Compiling line_drawing v0.7.0
[INFO] [stderr]    Compiling mio-extras v2.0.6
[INFO] [stderr]    Compiling rusttype v0.8.3
[INFO] [stderr]    Compiling color_quant v1.0.1
[INFO] [stderr]    Compiling parking_lot v0.11.0
[INFO] [stderr]    Compiling tiff v0.5.0
[INFO] [stderr]    Compiling parking_lot v0.10.2
[INFO] [stderr]    Compiling crossbeam-deque v0.7.3
[INFO] [stderr]    Compiling rusttype v0.7.9
[INFO] [stderr]    Compiling spirv_cross v0.23.1
[INFO] [stderr]    Compiling shaderc-sys v0.6.2
[INFO] [stderr]    Compiling andrew v0.2.1
[INFO] [stderr]    Compiling gif v0.11.1
[INFO] [stderr]    Compiling png v0.16.7
[INFO] [stderr]    Compiling d3d12 v0.3.2 (https://github.com/gfx-rs/d3d12-rs?rev=be19a243b86e0bafb9937d661fc8eabb3e42b44e#be19a243)
[INFO] [stderr]    Compiling range-alloc v0.1.2 (https://github.com/gfx-rs/gfx.git#46196788)
[INFO] [stdout] error[E0432]: unresolved imports `winapi::shared`, `winapi::um`
[INFO] [stdout]  --> /opt/rustwide/cargo-home/git/checkouts/d3d12-rs-9104402ad61c26c8/be19a24/src/lib.rs:6:5
[INFO] [stdout]   |
[INFO] [stdout] 6 |     shared::dxgiformat,
[INFO] [stdout]   |     ^^^^^^ could not find `shared` in `winapi`
[INFO] [stdout] 7 |     um::{d3d12, d3dcommon},
[INFO] [stdout]   |     ^^ could not find `um` in `winapi`
[INFO] [stdout] 
[INFO] [stdout] 
[INFO] [stdout] error[E0433]: failed to resolve: could not find `um` in `winapi`
[INFO] [stdout]  --> /opt/rustwide/cargo-home/git/checkouts/d3d12-rs-9104402ad61c26c8/be19a24/src/com.rs:8:30
[INFO] [stdout]   |
[INFO] [stdout] 8 | use winapi::{ctypes::c_void, um::unknwnbase::IUnknown, Interface};
[INFO] [stdout]   |                              ^^ could not find `um` in `winapi`
[INFO] [stdout] 
[INFO] [stdout] 
[INFO] [stdout] error[E0432]: unresolved imports `winapi::ctypes`, `winapi::Interface`
[INFO] [stdout]  --> /opt/rustwide/cargo-home/git/checkouts/d3d12-rs-9104402ad61c26c8/be19a24/src/com.rs:8:14
[INFO] [stdout]   |
[INFO] [stdout] 8 | use winapi::{ctypes::c_void, um::unknwnbase::IUnknown, Interface};
[INFO] [stdout]   |              ^^^^^^                                    ^^^^^^^^^ no `Interface` in the root
[INFO] [stdout]   |              |
[INFO] [stdout]   |              could not find `ctypes` in `winapi`
[INFO] [stdout] 
[INFO] [stdout] 
[INFO] [stdout] error[E0432]: unresolved import `winapi::um`
[INFO] [stdout]  --> /opt/rustwide/cargo-home/git/checkouts/d3d12-rs-9104402ad61c26c8/be19a24/src/command_allocator.rs:4:13
[INFO] [stdout]   |
[INFO] [stdout] 4 | use winapi::um::d3d12;
[INFO] [stdout]   |             ^^ could not find `um` in `winapi`
[INFO] [stdout] 
[INFO] [stdout] 
[INFO] [stdout] error[E0432]: unresolved import `winapi::um`
[INFO] [stdout]  --> /opt/rustwide/cargo-home/git/checkouts/d3d12-rs-9104402ad61c26c8/be19a24/src/command_list.rs:9:13
[INFO] [stdout]   |
[INFO] [stdout] 9 | use winapi::um::d3d12;
[INFO] [stdout]   |             ^^ could not find `um` in `winapi`
[INFO] [stdout] 
[INFO] [stdout] 
[INFO] [stdout] error[E0432]: unresolved import `winapi::um`
[INFO] [stdout]  --> /opt/rustwide/cargo-home/git/checkouts/d3d12-rs-9104402ad61c26c8/be19a24/src/debug.rs:2:13
[INFO] [stdout]   |
[INFO] [stdout] 2 | use winapi::um::d3d12sdklayers;
[INFO] [stdout]   |             ^^ could not find `um` in `winapi`
[INFO] [stdout] 
[INFO] [stdout] 
[INFO] [stdout] error[E0432]: unresolved import `winapi::Interface`
[INFO] [stdout]  --> /opt/rustwide/cargo-home/git/checkouts/d3d12-rs-9104402ad61c26c8/be19a24/src/debug.rs:4:5
[INFO] [stdout]   |
[INFO] [stdout] 4 | use winapi::Interface as _;
[INFO] [stdout]   |     ^^^^^^^^^^^^^^^^^^^^^^ no `Interface` in the root
[INFO] [stdout] 
[INFO] [stdout] 
[INFO] [stdout] error[E0433]: failed to resolve: could not find `um` in `winapi`
[INFO] [stdout]    --> /opt/rustwide/cargo-home/git/checkouts/d3d12-rs-9104402ad61c26c8/be19a24/src/descriptor.rs:276:21
[INFO] [stdout]     |
[INFO] [stdout] 276 |         use winapi::um::d3dcommon::ID3DBlob;
[INFO] [stdout]     |                     ^^ could not find `um` in `winapi`
[INFO] [stdout] 
[INFO] [stdout] 
[INFO] [stdout] error[E0432]: unresolved imports `winapi::shared`, `winapi::um`
[INFO] [stdout]  --> /opt/rustwide/cargo-home/git/checkouts/d3d12-rs-9104402ad61c26c8/be19a24/src/descriptor.rs:3:14
[INFO] [stdout]   |
[INFO] [stdout] 3 | use winapi::{shared::dxgiformat, um::d3d12};
[INFO] [stdout]   |              ^^^^^^              ^^ could not find `um` in `winapi`
[INFO] [stdout]   |              |
[INFO] [stdout]   |              could not find `shared` in `winapi`
[INFO] [stdout] 
[INFO] [stdout] 
[INFO] [stdout] error[E0432]: unresolved imports `winapi::um`, `winapi::Interface`
[INFO] [stdout]   --> /opt/rustwide/cargo-home/git/checkouts/d3d12-rs-9104402ad61c26c8/be19a24/src/device.rs:13:14
[INFO] [stdout]    |
[INFO] [stdout] 13 | use winapi::{um::d3d12, Interface};
[INFO] [stdout]    |              ^^         ^^^^^^^^^ no `Interface` in the root
[INFO] [stdout]    |              |
[INFO] [stdout]    |              could not find `um` in `winapi`
[INFO] [stdout] 
[INFO] [stdout] 
[INFO] [stdout] error[E0433]: failed to resolve: could not find `shared` in `winapi`
[INFO] [stdout]  --> /opt/rustwide/cargo-home/git/checkouts/d3d12-rs-9104402ad61c26c8/be19a24/src/dxgi.rs:4:5
[INFO] [stdout]   |
[INFO] [stdout] 4 |     shared::{dxgi, dxgi1_2, dxgi1_3, dxgi1_4, dxgiformat, dxgitype, windef::HWND},
[INFO] [stdout]   |     ^^^^^^ could not find `shared` in `winapi`
[INFO] [stdout] 
[INFO] [stdout] 
[INFO] [stdout] error[E0432]: unresolved imports `winapi::shared`, `winapi::um`, `winapi::Interface`
[INFO] [stdout]  --> /opt/rustwide/cargo-home/git/checkouts/d3d12-rs-9104402ad61c26c8/be19a24/src/dxgi.rs:4:5
[INFO] [stdout]   |
[INFO] [stdout] 4 |     shared::{dxgi, dxgi1_2, dxgi1_3, dxgi1_4, dxgiformat, dxgitype, windef::HWND},
[INFO] [stdout]   |     ^^^^^^ could not find `shared` in `winapi`
[INFO] [stdout] 5 |     um::{d3d12, dxgidebug},
[INFO] [stdout]   |     ^^ could not find `um` in `winapi`
[INFO] [stdout] 6 |     Interface,
[INFO] [stdout]   |     ^^^^^^^^^ no `Interface` in the root
[INFO] [stdout] 
[INFO] [stdout] 
[INFO] [stdout] error[E0432]: unresolved import `winapi::um`
[INFO] [stdout]  --> /opt/rustwide/cargo-home/git/checkouts/d3d12-rs-9104402ad61c26c8/be19a24/src/heap.rs:2:13
[INFO] [stdout]   |
[INFO] [stdout] 2 | use winapi::um::d3d12;
[INFO] [stdout]   |             ^^ could not find `um` in `winapi`
[INFO] [stdout] 
[INFO] [stdout] 
[INFO] [stdout] error[E0432]: unresolved import `winapi::um`
[INFO] [stdout]  --> /opt/rustwide/cargo-home/git/checkouts/d3d12-rs-9104402ad61c26c8/be19a24/src/pso.rs:5:13
[INFO] [stdout]   |
[INFO] [stdout] 5 | use winapi::um::{d3d12, d3dcompiler};
[INFO] [stdout]   |             ^^ could not find `um` in `winapi`
[INFO] [stdout] 
[INFO] [stdout] 
[INFO] [stdout] error[E0432]: unresolved import `winapi::um`
[INFO] [stdout]  --> /opt/rustwide/cargo-home/git/checkouts/d3d12-rs-9104402ad61c26c8/be19a24/src/query.rs:2:13
[INFO] [stdout]   |
[INFO] [stdout] 2 | use winapi::um::d3d12;
[INFO] [stdout]   |             ^^ could not find `um` in `winapi`
[INFO] [stdout] 
[INFO] [stdout] 
[INFO] [stdout] error[E0432]: unresolved import `winapi::um`
[INFO] [stdout]  --> /opt/rustwide/cargo-home/git/checkouts/d3d12-rs-9104402ad61c26c8/be19a24/src/queue.rs:2:13
[INFO] [stdout]   |
[INFO] [stdout] 2 | use winapi::um::d3d12;
[INFO] [stdout]   |             ^^ could not find `um` in `winapi`
[INFO] [stdout] 
[INFO] [stdout] 
[INFO] [stderr]    Compiling scoped_threadpool v0.1.9
[INFO] [stdout] error[E0432]: unresolved import `winapi::um`
[INFO] [stdout]  --> /opt/rustwide/cargo-home/git/checkouts/d3d12-rs-9104402ad61c26c8/be19a24/src/resource.rs:5:13
[INFO] [stdout]   |
[INFO] [stdout] 5 | use winapi::um::d3d12;
[INFO] [stdout]   |             ^^ could not find `um` in `winapi`
[INFO] [stdout] 
[INFO] [stdout] 
[INFO] [stdout] error[E0433]: failed to resolve: could not find `shared` in `winapi`
[INFO] [stdout]   --> /opt/rustwide/cargo-home/git/checkouts/d3d12-rs-9104402ad61c26c8/be19a24/src/lib.rs:38:17
[INFO] [stdout]    |
[INFO] [stdout] 38 | pub use winapi::shared::winerror::HRESULT;
[INFO] [stdout]    |                 ^^^^^^ could not find `shared` in `winapi`
[INFO] [stdout] 
[INFO] [stdout] 
[INFO] [stdout] error[E0432]: unresolved imports `winapi::um`, `crate::HRESULT`, `crate::HRESULT`, `crate::HRESULT`, `crate::HRESULT`
[INFO] [stdout]  --> /opt/rustwide/cargo-home/git/checkouts/d3d12-rs-9104402ad61c26c8/be19a24/src/command_list.rs:6:76
[INFO] [stdout]   |
[INFO] [stdout] 6 |     RootSignature, Subresource, VertexCount, VertexOffset, WorkGroupCount, HRESULT,
[INFO] [stdout]   |                                                                            ^^^^^^^
[INFO] [stdout]   |
[INFO] [stdout]  ::: /opt/rustwide/cargo-home/git/checkouts/d3d12-rs-9104402ad61c26c8/be19a24/src/sync.rs:1:27
[INFO] [stdout]   |
[INFO] [stdout] 1 | use crate::{com::WeakPtr, HRESULT};
[INFO] [stdout]   |                           ^^^^^^^
[INFO] [stdout] 2 | use std::ptr;
[INFO] [stdout] 3 | use winapi::um::{d3d12, synchapi, winnt};
[INFO] [stdout]   |             ^^ could not find `um` in `winapi`
[INFO] [stdout]   |
[INFO] [stdout]  ::: /opt/rustwide/cargo-home/git/checkouts/d3d12-rs-9104402ad61c26c8/be19a24/src/dxgi.rs:1:74
[INFO] [stdout]   |
[INFO] [stdout] 1 | use crate::{com::WeakPtr, CommandQueue, D3DResult, Resource, SampleDesc, HRESULT};
[INFO] [stdout]   |                                                                          ^^^^^^^
[INFO] [stdout]   |
[INFO] [stdout]  ::: /opt/rustwide/cargo-home/git/checkouts/d3d12-rs-9104402ad61c26c8/be19a24/src/queue.rs:1:53
[INFO] [stdout]   |
[INFO] [stdout] 1 | use crate::{com::WeakPtr, sync::Fence, CommandList, HRESULT};
[INFO] [stdout]   |                                                     ^^^^^^^
[INFO] [stdout] 
[INFO] [stdout] 
[INFO] [stdout] error[E0433]: failed to resolve: could not find `shared` in `winapi`
[INFO] [stdout]   --> /opt/rustwide/cargo-home/git/checkouts/d3d12-rs-9104402ad61c26c8/be19a24/src/debug.rs:12:21
[INFO] [stdout]    |
[INFO] [stdout] 12 |             winapi::shared::guiddef::REFIID,
[INFO] [stdout]    |                     ^^^^^^ could not find `shared` in `winapi`
[INFO] [stdout] 
[INFO] [stdout] 
[INFO] [stdout] error[E0433]: failed to resolve: could not find `ctypes` in `winapi`
[INFO] [stdout]   --> /opt/rustwide/cargo-home/git/checkouts/d3d12-rs-9104402ad61c26c8/be19a24/src/debug.rs:13:31
[INFO] [stdout]    |
[INFO] [stdout] 13 |             *mut *mut winapi::ctypes::c_void,
[INFO] [stdout]    |                               ^^^^^^ could not find `ctypes` in `winapi`
[INFO] [stdout] 
[INFO] [stdout] 
[INFO] [stdout] error[E0433]: failed to resolve: could not find `um` in `winapi`
[INFO] [stdout]   --> /opt/rustwide/cargo-home/git/checkouts/d3d12-rs-9104402ad61c26c8/be19a24/src/device.rs:25:26
[INFO] [stdout]    |
[INFO] [stdout] 25 |             *mut winapi::um::unknwnbase::IUnknown,
[INFO] [stdout]    |                          ^^ could not find `um` in `winapi`
[INFO] [stdout] 
[INFO] [stdout] 
[INFO] [stdout] error[E0433]: failed to resolve: could not find `um` in `winapi`
[INFO] [stdout]   --> /opt/rustwide/cargo-home/git/checkouts/d3d12-rs-9104402ad61c26c8/be19a24/src/device.rs:26:21
[INFO] [stdout]    |
[INFO] [stdout] 26 |             winapi::um::d3dcommon::D3D_FEATURE_LEVEL,
[INFO] [stdout]    |                     ^^ could not find `um` in `winapi`
[INFO] [stdout] 
[INFO] [stdout] 
[INFO] [stdout] error[E0433]: failed to resolve: could not find `shared` in `winapi`
[INFO] [stdout]   --> /opt/rustwide/cargo-home/git/checkouts/d3d12-rs-9104402ad61c26c8/be19a24/src/device.rs:27:21
[INFO] [stdout]    |
[INFO] [stdout] 27 |             winapi::shared::guiddef::REFGUID,
[INFO] [stdout]    |                     ^^^^^^ could not find `shared` in `winapi`
[INFO] [stdout] 
[INFO] [stdout] 
[INFO] [stdout] error[E0433]: failed to resolve: could not find `ctypes` in `winapi`
[INFO] [stdout]   --> /opt/rustwide/cargo-home/git/checkouts/d3d12-rs-9104402ad61c26c8/be19a24/src/device.rs:28:31
[INFO] [stdout]    |
[INFO] [stdout] 28 |             *mut *mut winapi::ctypes::c_void,
[INFO] [stdout]    |                               ^^^^^^ could not find `ctypes` in `winapi`
[INFO] [stdout] 
[INFO] [stdout] 
[INFO] [stdout] error[E0433]: failed to resolve: could not find `shared` in `winapi`
[INFO] [stdout]   --> /opt/rustwide/cargo-home/git/checkouts/d3d12-rs-9104402ad61c26c8/be19a24/src/dxgi.rs:67:21
[INFO] [stdout]    |
[INFO] [stdout] 67 |             winapi::shared::minwindef::UINT,
[INFO] [stdout]    |                     ^^^^^^ could not find `shared` in `winapi`
[INFO] [stdout] 
[INFO] [stdout] 
[INFO] [stdout] error[E0433]: failed to resolve: could not find `shared` in `winapi`
[INFO] [stdout]   --> /opt/rustwide/cargo-home/git/checkouts/d3d12-rs-9104402ad61c26c8/be19a24/src/dxgi.rs:68:21
[INFO] [stdout]    |
[INFO] [stdout] 68 |             winapi::shared::guiddef::REFIID,
[INFO] [stdout]    |                     ^^^^^^ could not find `shared` in `winapi`
[INFO] [stdout] 
[INFO] [stdout] 
[INFO] [stdout] error[E0433]: failed to resolve: could not find `ctypes` in `winapi`
[INFO] [stdout]   --> /opt/rustwide/cargo-home/git/checkouts/d3d12-rs-9104402ad61c26c8/be19a24/src/dxgi.rs:69:31
[INFO] [stdout]    |
[INFO] [stdout] 69 |             *mut *mut winapi::ctypes::c_void,
[INFO] [stdout]    |                               ^^^^^^ could not find `ctypes` in `winapi`
[INFO] [stdout] 
[INFO] [stdout] 
[INFO] [stdout] error[E0433]: failed to resolve: could not find `shared` in `winapi`
[INFO] [stdout]   --> /opt/rustwide/cargo-home/git/checkouts/d3d12-rs-9104402ad61c26c8/be19a24/src/dxgi.rs:87:21
[INFO] [stdout]    |
[INFO] [stdout] 87 |             winapi::shared::minwindef::UINT,
[INFO] [stdout]    |                     ^^^^^^ could not find `shared` in `winapi`
[INFO] [stdout] 
[INFO] [stdout] 
[INFO] [stdout] error[E0433]: failed to resolve: could not find `shared` in `winapi`
[INFO] [stdout]   --> /opt/rustwide/cargo-home/git/checkouts/d3d12-rs-9104402ad61c26c8/be19a24/src/dxgi.rs:88:21
[INFO] [stdout]    |
[INFO] [stdout] 88 |             winapi::shared::guiddef::REFIID,
[INFO] [stdout]    |                     ^^^^^^ could not find `shared` in `winapi`
[INFO] [stdout] 
[INFO] [stdout] 
[INFO] [stdout] error[E0433]: failed to resolve: could not find `ctypes` in `winapi`
[INFO] [stdout]   --> /opt/rustwide/cargo-home/git/checkouts/d3d12-rs-9104402ad61c26c8/be19a24/src/dxgi.rs:89:31
[INFO] [stdout]    |
[INFO] [stdout] 89 |             *mut *mut winapi::ctypes::c_void,
[INFO] [stdout]    |                               ^^^^^^ could not find `ctypes` in `winapi`
[INFO] [stdout] 
[INFO] [stdout] 
[INFO] [stderr]    Compiling thunderdome v0.3.0
[INFO] [stderr]    Compiling bytemuck v1.4.1
[INFO] [stdout] error: aborting due to 31 previous errors
[INFO] [stdout] 
[INFO] [stdout] 
[INFO] [stdout] Some errors have detailed explanations: E0432, E0433.
[INFO] [stdout] 
[INFO] [stdout] For more information about an error, try `rustc --explain E0432`.
[INFO] [stdout] 
[INFO] [stderr] error: could not compile `d3d12` due to 32 previous errors
[INFO] [stderr] warning: build failed, waiting for other jobs to finish...
[INFO] [stderr] error: could not compile `nix`
[INFO] [stderr] 
[INFO] [stderr] Caused by:
[INFO] [stderr]   process didn't exit successfully: `rustc --crate-name nix /opt/rustwide/cargo-home/registry/src/github.com-1ecc6299db9ec823/nix-0.14.1/src/lib.rs --error-format=json --json=diagnostic-rendered-ansi,artifacts,future-incompat --crate-type lib --emit=dep-info,metadata,link -C embed-bitcode=no -C debuginfo=2 -C metadata=ee58c9eb1d4c575a -C extra-filename=-ee58c9eb1d4c575a --out-dir /opt/rustwide/target/debug/deps -L dependency=/opt/rustwide/target/debug/deps --extern bitflags=/opt/rustwide/target/debug/deps/libbitflags-ed17cd8d1f1832b6.rmeta --extern cfg_if=/opt/rustwide/target/debug/deps/libcfg_if-a245e09a5738c6b4.rmeta --extern libc=/opt/rustwide/target/debug/deps/liblibc-155193ac2b2b58e3.rmeta --extern void=/opt/rustwide/target/debug/deps/libvoid-4abcd9d3258784d5.rmeta --cap-lints allow --cap-lints=warn` (signal: 9, SIGKILL: kill)
[INFO] [stderr] error: could not compile `syn`
[INFO] [stderr] 
[INFO] [stderr] Caused by:
[INFO] [stderr]   process didn't exit successfully: `rustc --crate-name syn --edition=2018 /opt/rustwide/cargo-home/registry/src/github.com-1ecc6299db9ec823/syn-1.0.64/src/lib.rs --error-format=json --json=diagnostic-rendered-ansi,artifacts,future-incompat --crate-type lib --emit=dep-info,metadata,link -C embed-bitcode=no --cfg 'feature="clone-impls"' --cfg 'feature="default"' --cfg 'feature="derive"' --cfg 'feature="full"' --cfg 'feature="parsing"' --cfg 'feature="printing"' --cfg 'feature="proc-macro"' --cfg 'feature="quote"' --cfg 'feature="visit"' -C metadata=374bceaf269ae3e4 -C extra-filename=-374bceaf269ae3e4 --out-dir /opt/rustwide/target/debug/deps -L dependency=/opt/rustwide/target/debug/deps --extern proc_macro2=/opt/rustwide/target/debug/deps/libproc_macro2-c56693928f633492.rmeta --extern quote=/opt/rustwide/target/debug/deps/libquote-d0954664747bcc75.rmeta --extern unicode_xid=/opt/rustwide/target/debug/deps/libunicode_xid-9a686107da5a42d9.rmeta --cap-lints allow --cap-lints=warn --cfg syn_disable_nightly_tests` (signal: 9, SIGKILL: kill)
[INFO] running `Command { std: "docker" "inspect" "30ca262cb80bfdbbca71badae3c283bc77991748426e79fcfedef82a8b29cc64", kill_on_drop: false }`
[INFO] running `Command { std: "docker" "rm" "-f" "30ca262cb80bfdbbca71badae3c283bc77991748426e79fcfedef82a8b29cc64", kill_on_drop: false }`
[INFO] [stdout] 30ca262cb80bfdbbca71badae3c283bc77991748426e79fcfedef82a8b29cc64
