[INFO] cloning repository https://github.com/SentientTurtle/RBXLX2VMF
[INFO] running `Command { std: "git" "-c" "credential.helper=" "-c" "credential.helper=/workspace/cargo-home/bin/git-credential-null" "clone" "--bare" "https://github.com/SentientTurtle/RBXLX2VMF" "/workspace/cache/git-repos/https%3A%2F%2Fgithub.com%2FSentientTurtle%2FRBXLX2VMF", kill_on_drop: false }`
[INFO] [stderr] Cloning into bare repository '/workspace/cache/git-repos/https%3A%2F%2Fgithub.com%2FSentientTurtle%2FRBXLX2VMF'...
[INFO] running `Command { std: "git" "rev-parse" "HEAD", kill_on_drop: false }`
[INFO] [stdout] 8e908d2648a7eeba406129d0b327d3eb9c4ba90a
[INFO] testing SentientTurtle/RBXLX2VMF against beta-2023-04-20 for beta-1.70-1
[INFO] running `Command { std: "git" "clone" "/workspace/cache/git-repos/https%3A%2F%2Fgithub.com%2FSentientTurtle%2FRBXLX2VMF" "/workspace/builds/worker-3-tc2/source", kill_on_drop: false }`
[INFO] [stderr] Cloning into '/workspace/builds/worker-3-tc2/source'...
[INFO] [stderr] done.
[INFO] validating manifest of git repo https://github.com/SentientTurtle/RBXLX2VMF on toolchain beta-2023-04-20
[INFO] running `Command { std: CARGO_HOME="/workspace/cargo-home" RUSTUP_HOME="/workspace/rustup-home" "/workspace/cargo-home/bin/cargo" "+beta-2023-04-20" "metadata" "--manifest-path" "Cargo.toml" "--no-deps", kill_on_drop: false }`
[INFO] started tweaking git repo https://github.com/SentientTurtle/RBXLX2VMF
[INFO] finished tweaking git repo https://github.com/SentientTurtle/RBXLX2VMF
[INFO] tweaked toml for git repo https://github.com/SentientTurtle/RBXLX2VMF written to /workspace/builds/worker-3-tc2/source/Cargo.toml
[INFO] crate git repo https://github.com/SentientTurtle/RBXLX2VMF already has a lockfile, it will not be regenerated
[INFO] running `Command { std: CARGO_HOME="/workspace/cargo-home" RUSTUP_HOME="/workspace/rustup-home" "/workspace/cargo-home/bin/cargo" "+beta-2023-04-20" "fetch" "--manifest-path" "Cargo.toml", kill_on_drop: false }`
[INFO] running `Command { std: "docker" "create" "-v" "/var/lib/crater-agent-workspace/builds/worker-3-tc2/target:/opt/rustwide/target:rw,Z" "-v" "/var/lib/crater-agent-workspace/builds/worker-3-tc2/source:/opt/rustwide/workdir:ro,Z" "-v" "/var/lib/crater-agent-workspace/cargo-home:/opt/rustwide/cargo-home:ro,Z" "-v" "/var/lib/crater-agent-workspace/rustup-home:/opt/rustwide/rustup-home:ro,Z" "-e" "SOURCE_DIR=/opt/rustwide/workdir" "-e" "CARGO_TARGET_DIR=/opt/rustwide/target" "-e" "CARGO_HOME=/opt/rustwide/cargo-home" "-e" "RUSTUP_HOME=/opt/rustwide/rustup-home" "-w" "/opt/rustwide/workdir" "-m" "1610612736" "--user" "0:0" "--network" "none" "ghcr.io/rust-lang/crates-build-env/linux@sha256:5ff2268d62e97bff2cde7d5815dd6ed5b47097566f13b8d0ca110b04b60e07ed" "/opt/rustwide/cargo-home/bin/cargo" "+beta-2023-04-20" "metadata" "--no-deps" "--format-version=1", kill_on_drop: false }`
[INFO] [stdout] 8f74deeeee35ceed83f52bddaa23a5b068baa07f4a1b4a6fd6c6691d3e3f99e7
[INFO] running `Command { std: "docker" "start" "-a" "8f74deeeee35ceed83f52bddaa23a5b068baa07f4a1b4a6fd6c6691d3e3f99e7", kill_on_drop: false }`
[INFO] running `Command { std: "docker" "inspect" "8f74deeeee35ceed83f52bddaa23a5b068baa07f4a1b4a6fd6c6691d3e3f99e7", kill_on_drop: false }`
[INFO] running `Command { std: "docker" "rm" "-f" "8f74deeeee35ceed83f52bddaa23a5b068baa07f4a1b4a6fd6c6691d3e3f99e7", kill_on_drop: false }`
[INFO] [stdout] 8f74deeeee35ceed83f52bddaa23a5b068baa07f4a1b4a6fd6c6691d3e3f99e7
[INFO] running `Command { std: "docker" "create" "-v" "/var/lib/crater-agent-workspace/builds/worker-3-tc2/target:/opt/rustwide/target:rw,Z" "-v" "/var/lib/crater-agent-workspace/builds/worker-3-tc2/source:/opt/rustwide/workdir:ro,Z" "-v" "/var/lib/crater-agent-workspace/cargo-home:/opt/rustwide/cargo-home:ro,Z" "-v" "/var/lib/crater-agent-workspace/rustup-home:/opt/rustwide/rustup-home:ro,Z" "-e" "SOURCE_DIR=/opt/rustwide/workdir" "-e" "CARGO_TARGET_DIR=/opt/rustwide/target" "-e" "CARGO_INCREMENTAL=0" "-e" "RUST_BACKTRACE=full" "-e" "RUSTFLAGS=--cap-lints=warn" "-e" "RUSTDOCFLAGS=--cap-lints=warn" "-e" "CARGO_HOME=/opt/rustwide/cargo-home" "-e" "RUSTUP_HOME=/opt/rustwide/rustup-home" "-w" "/opt/rustwide/workdir" "-m" "1610612736" "--user" "0:0" "--network" "none" "ghcr.io/rust-lang/crates-build-env/linux@sha256:5ff2268d62e97bff2cde7d5815dd6ed5b47097566f13b8d0ca110b04b60e07ed" "/opt/rustwide/cargo-home/bin/cargo" "+beta-2023-04-20" "build" "--frozen" "--message-format=json", kill_on_drop: false }`
[INFO] [stdout] 80f2dfda2ccafe4b912f90bfe8453cbba17d102ddb0a784699a67677ed3e6778
[INFO] running `Command { std: "docker" "start" "-a" "80f2dfda2ccafe4b912f90bfe8453cbba17d102ddb0a784699a67677ed3e6778", kill_on_drop: false }`
[INFO] [stderr]    Compiling autocfg v1.1.0
[INFO] [stderr]    Compiling proc-macro2 v1.0.32
[INFO] [stderr]    Compiling unicode-xid v0.2.2
[INFO] [stderr]    Compiling libc v0.2.140
[INFO] [stderr]    Compiling syn v1.0.81
[INFO] [stderr]    Compiling version_check v0.9.4
[INFO] [stderr]    Compiling log v0.4.16
[INFO] [stderr]    Compiling pin-project-lite v0.2.7
[INFO] [stderr]    Compiling futures-core v0.3.18
[INFO] [stderr]    Compiling crossbeam-utils v0.8.5
[INFO] [stderr]    Compiling bytes v1.1.0
[INFO] [stderr]    Compiling pkg-config v0.3.22
[INFO] [stderr]    Compiling once_cell v1.8.0
[INFO] [stderr]    Compiling cc v1.0.72
[INFO] [stderr]    Compiling wasm-bindgen-shared v0.2.80
[INFO] [stderr]    Compiling bitflags v1.3.2
[INFO] [stderr]    Compiling slab v0.4.5
[INFO] [stderr]    Compiling itoa v0.4.8
[INFO] [stderr]    Compiling crossbeam-epoch v0.9.5
[INFO] [stderr]    Compiling rayon-core v1.9.1
[INFO] [stderr]    Compiling futures-task v0.3.18
[INFO] [stderr]    Compiling cache-padded v1.2.0
[INFO] [stderr]    Compiling concurrent-queue v1.2.2
[INFO] [stderr]    Compiling value-bag v1.0.0-alpha.8
[INFO] [stderr]    Compiling tokio v1.27.0
[INFO] [stderr]    Compiling memoffset v0.6.4
[INFO] [stderr]    Compiling num-traits v0.2.14
[INFO] [stderr]    Compiling indexmap v1.7.0
[INFO] [stderr]    Compiling futures-util v0.3.18
[INFO] [stderr]    Compiling event-listener v2.5.2
[INFO] [stderr]    Compiling parking v2.0.0
[INFO] [stderr]    Compiling openssl v0.10.38
[INFO] [stderr]    Compiling pin-utils v0.1.0
[INFO] [stderr]    Compiling futures-io v0.3.21
[INFO] [stderr]    Compiling fnv v1.0.7
[INFO] [stderr]    Compiling waker-fn v1.1.0
[INFO] [stderr]    Compiling bumpalo v3.8.0
[INFO] [stderr]    Compiling fastrand v1.7.0
[INFO] [stderr]    Compiling http v0.2.5
[INFO] [stderr]    Compiling foreign-types v0.3.2
[INFO] [stderr]    Compiling crossbeam-channel v0.5.1
[INFO] [stderr]    Compiling miniz_oxide v0.4.4
[INFO] [stderr]    Compiling rayon v1.5.1
[INFO] [stderr]    Compiling num-integer v0.1.44
[INFO] [stderr]    Compiling quote v1.0.10
[INFO] [stderr]    Compiling futures-lite v1.12.0
[INFO] [stderr]    Compiling tracing-core v0.1.21
[INFO] [stderr]    Compiling futures-sink v0.3.18
[INFO] [stderr]    Compiling futures-channel v0.3.18
[INFO] [stderr]    Compiling tinyvec_macros v0.1.0
[INFO] [stderr]    Compiling serde v1.0.130
[INFO] [stderr]    Compiling ryu v1.0.5
[INFO] [stderr]    Compiling httparse v1.5.1
[INFO] [stderr]    Compiling matches v0.1.9
[INFO] [stderr]    Compiling crc32fast v1.2.1
[INFO] [stderr]    Compiling num_cpus v1.13.0
[INFO] [stderr]    Compiling socket2 v0.4.9
[INFO] [stderr]    Compiling openssl-sys v0.9.71
[INFO] [stderr]    Compiling crossbeam-deque v0.8.1
[INFO] [stderr]    Compiling hashbrown v0.11.2
[INFO] [stderr]    Compiling native-tls v0.2.8
[INFO] [stderr]    Compiling tracing v0.1.29
[INFO] [stderr]    Compiling tinyvec v1.5.1
[INFO] [stderr]    Compiling openssl-probe v0.1.4
[INFO] [stderr]    Compiling async-task v4.2.0
[INFO] [stderr]    Compiling adler32 v1.2.0
[INFO] [stderr]    Compiling try-lock v0.2.3
[INFO] [stderr]    Compiling wasm-bindgen v0.2.80
[INFO] [stderr]    Compiling either v1.6.1
[INFO] [stderr]    Compiling adler v1.0.2
[INFO] [stderr]    Compiling percent-encoding v2.1.0
[INFO] [stderr]    Compiling form_urlencoded v1.0.1
[INFO] [stderr]    Compiling async-channel v1.6.1
[INFO] [stderr]    Compiling num-iter v0.1.42
[INFO] [stderr]    Compiling num-rational v0.3.2
[INFO] [stderr]    Compiling serde_json v1.0.71
[INFO] [stderr]    Compiling atomic-waker v1.0.0
[INFO] [stderr]    Compiling unicode-normalization v0.1.19
[INFO] [stderr]    Compiling tower-service v0.3.1
[INFO] [stderr]    Compiling encoding_rs v0.8.29
[INFO] [stderr]    Compiling httpdate v1.0.2
[INFO] [stderr]    Compiling byteorder v1.4.3
[INFO] [stderr]    Compiling unicode-bidi v0.3.7
[INFO] [stderr]    Compiling weezl v0.1.5
[INFO] [stderr]    Compiling http-body v0.4.4
[INFO] [stderr]    Compiling deflate v0.8.6
[INFO] [stderr]    Compiling blocking v1.2.0
[INFO] [stderr]    Compiling async-executor v1.4.1
[INFO] [stderr]    Compiling miniz_oxide v0.3.7
[INFO] [stderr]    Compiling async-mutex v1.4.0
[INFO] [stderr]    Compiling unicode-width v0.1.8
[INFO] [stderr]    Compiling color_quant v1.1.0
[INFO] [stderr]    Compiling textwrap v0.11.0
[INFO] [stderr]    Compiling idna v0.2.3
[INFO] [stderr]    Compiling gif v0.11.2
[INFO] [stderr]    Compiling atty v0.2.14
[INFO] [stderr]    Compiling async-lock v2.5.0
[INFO] [stderr]    Compiling vec_map v0.8.2
[INFO] [stderr]    Compiling png v0.16.8
[INFO] [stderr]    Compiling ipnet v2.3.1
[INFO] [stderr]    Compiling base64 v0.13.0
[INFO] [stderr]    Compiling scoped_threadpool v0.1.9
[INFO] [stderr]    Compiling xmlparser v0.13.3
[INFO] [stderr]    Compiling url v2.2.2
[INFO] [stderr]    Compiling wasm-bindgen-backend v0.2.80
[INFO] [stderr]    Compiling jpeg-decoder v0.1.22
[INFO] [stderr]    Compiling bytemuck v1.7.2
[INFO] [stderr]    Compiling mime v0.3.16
[INFO] [stderr]    Compiling clap v2.33.3
[INFO] [stderr]    Compiling roxmltree v0.14.1
[INFO] [stderr]    Compiling flate2 v1.0.22
[INFO] [stderr]    Compiling tiff v0.6.1
[INFO] [stderr]    Compiling wasm-bindgen-macro-support v0.2.80
[INFO] [stderr]    Compiling ctor v0.1.22
[INFO] [stderr]    Compiling serde_urlencoded v0.7.0
[INFO] [stderr]    Compiling image v0.23.14
[INFO] [stderr]    Compiling wasm-bindgen-macro v0.2.80
[INFO] [stderr]    Compiling mio v0.8.6
[INFO] [stderr]    Compiling polling v2.2.0
[INFO] [stderr]    Compiling want v0.3.0
[INFO] [stderr]    Compiling kv-log-macro v1.0.7
[INFO] [stderr]    Compiling async-io v1.6.0
[INFO] [stderr]    Compiling js-sys v0.3.57
[INFO] [stderr]    Compiling web-sys v0.3.57
[INFO] [stderr]    Compiling tokio-util v0.6.9
[INFO] [stderr]    Compiling tokio-native-tls v0.3.0
[INFO] [stderr]    Compiling async-global-executor v2.0.4
[INFO] [stderr]    Compiling async-std v1.12.0
[INFO] [stderr]    Compiling h2 v0.3.7
[INFO] [stderr]    Compiling hyper v0.14.15
[INFO] [stderr]    Compiling hyper-tls v0.5.0
[INFO] [stderr]    Compiling reqwest v0.11.6
[INFO] [stderr]    Compiling rbxlx2vmf v0.1.4 (/opt/rustwide/workdir)
[INFO] [stdout] error[E0554]: `#![feature]` may not be used on the beta release channel
[INFO] [stdout]  --> src/lib.rs:1:1
[INFO] [stdout]   |
[INFO] [stdout] 1 | #![feature(try_blocks)]
[INFO] [stdout]   | ^^^^^^^^^^^^^^^^^^^^^^^
[INFO] [stdout] 
[INFO] [stdout] 
[INFO] [stdout] error[E0554]: `#![feature]` may not be used on the beta release channel
[INFO] [stdout]  --> src/lib.rs:2:1
[INFO] [stdout]   |
[INFO] [stdout] 2 | #![feature(option_result_contains)]
[INFO] [stdout]   | ^^^^^^^^^^^^^^^^^^^^^^^^^^^^^^^^^^^
[INFO] [stdout] 
[INFO] [stdout] 
[INFO] [stdout] error[E0554]: `#![feature]` may not be used on the beta release channel
[INFO] [stdout]  --> src/lib.rs:2:12
[INFO] [stdout]   |
[INFO] [stdout] 2 | #![feature(option_result_contains)]
[INFO] [stdout]   |            ^^^^^^^^^^^^^^^^^^^^^^
[INFO] [stdout] 
[INFO] [stdout] 
[INFO] [stdout] error[E0635]: unknown feature `option_result_contains`
[INFO] [stdout]  --> src/lib.rs:2:12
[INFO] [stdout]   |
[INFO] [stdout] 2 | #![feature(option_result_contains)]
[INFO] [stdout]   |            ^^^^^^^^^^^^^^^^^^^^^^
[INFO] [stdout] 
[INFO] [stdout] 
[INFO] [stdout] error[E0599]: no method named `contains` found for enum `Option` in the current scope
[INFO] [stdout]   --> src/conv/parse.rs:25:59
[INFO] [stdout]    |
[INFO] [stdout] 25 |             .filter(|node| node.attribute(attribute_name).contains(&attribute_value))
[INFO] [stdout]    |                                                           ^^^^^^^^ method not found in `Option<&str>`
[INFO] [stdout]    |
[INFO] [stdout] note: the method `contains` exists on the type `&str`
[INFO] [stdout]   --> /rustc/1b7dd2252b99671ce5d1cb9664c5f8636329436d/library/core/src/str/mod.rs:1070:5
[INFO] [stdout] help: consider using `Option::expect` to unwrap the `&str` value, panicking if the value is an `Option::None`
[INFO] [stdout]    |
[INFO] [stdout] 25 |             .filter(|node| node.attribute(attribute_name).expect("REASON").contains(&attribute_value))
[INFO] [stdout]    |                                                          +++++++++++++++++
[INFO] [stdout] 
[INFO] [stdout] 
[INFO] [stdout] error[E0599]: no method named `contains` found for enum `Option` in the current scope
[INFO] [stdout]    --> src/conv/parse.rs:108:114
[INFO] [stdout]     |
[INFO] [stdout] 108 |                     .filter(|child_node| child_node.tag_name().name() == "Item" && child_node.attribute("class").contains(&"Decal"))
[INFO] [stdout]     |                                                                                                                  ^^^^^^^^ method not found in `Option<&str>`
[INFO] [stdout]     |
[INFO] [stdout] note: the method `contains` exists on the type `&str`
[INFO] [stdout]    --> /rustc/1b7dd2252b99671ce5d1cb9664c5f8636329436d/library/core/src/str/mod.rs:1070:5
[INFO] [stdout] help: consider using `Option::expect` to unwrap the `&str` value, panicking if the value is an `Option::None`
[INFO] [stdout]     |
[INFO] [stdout] 108 |                     .filter(|child_node| child_node.tag_name().name() == "Item" && child_node.attribute("class").expect("REASON").contains(&"Decal"))
[INFO] [stdout]     |                                                                                                                 +++++++++++++++++
[INFO] [stdout] 
[INFO] [stdout] 
[INFO] [stdout] error[E0599]: no method named `contains` found for enum `Option` in the current scope
[INFO] [stdout]    --> src/conv/parse.rs:135:114
[INFO] [stdout]     |
[INFO] [stdout] 135 |                     .filter(|child_node| child_node.tag_name().name() == "Item" && child_node.attribute("class").contains(&"Texture"))
[INFO] [stdout]     |                                                                                                                  ^^^^^^^^ method not found in `Option<&str>`
[INFO] [stdout]     |
[INFO] [stdout] note: the method `contains` exists on the type `&str`
[INFO] [stdout]    --> /rustc/1b7dd2252b99671ce5d1cb9664c5f8636329436d/library/core/src/str/mod.rs:1070:5
[INFO] [stdout] help: consider using `Option::expect` to unwrap the `&str` value, panicking if the value is an `Option::None`
[INFO] [stdout]     |
[INFO] [stdout] 135 |                     .filter(|child_node| child_node.tag_name().name() == "Item" && child_node.attribute("class").expect("REASON").contains(&"Texture"))
[INFO] [stdout]     |                                                                                                                 +++++++++++++++++
[INFO] [stdout] 
[INFO] [stdout] 
[INFO] [stdout] error[E0599]: no method named `contains` found for enum `Option` in the current scope
[INFO] [stdout]    --> src/conv/parse.rs:209:120
[INFO] [stdout]     |
[INFO] [stdout] 209 | ..._attribute("string", "name", "Name")?.text().contains(&"func_detail") |
[INFO] [stdout]     |                                                 ^^^^^^^^ method not found in `Option<&str>`
[INFO] [stdout]     |
[INFO] [stdout] note: the method `contains` exists on the type `&str`
[INFO] [stdout]    --> /rustc/1b7dd2252b99671ce5d1cb9664c5f8636329436d/library/core/src/str/mod.rs:1070:5
[INFO] [stdout] help: consider using `Option::expect` to unwrap the `&str` value, panicking if the value is an `Option::None`
[INFO] [stdout]     |
[INFO] [stdout] 209 |                     node.get_child_with_name("Properties")?.get_child_with_attribute("string", "name", "Name")?.text().expect("REASON").contains(&"func_detail") |
[INFO] [stdout]     |                                                                                                                       +++++++++++++++++
[INFO] [stdout] 
[INFO] [stdout] 
[INFO] [stdout] error[E0599]: no method named `contains` found for enum `Option` in the current scope
[INFO] [stdout]    --> src/conv/parse.rs:218:125
[INFO] [stdout]     |
[INFO] [stdout] 218 | ...                   properties.get_child_with_attribute("string", "name", "Name").as_ref().and_then(Node::text).contains(&"func_detail")
[INFO] [stdout]     |                                                                                                                   ^^^^^^^^ method not found in `Option<&str>`
[INFO] [stdout]     |
[INFO] [stdout] note: the method `contains` exists on the type `&str`
[INFO] [stdout]    --> /rustc/1b7dd2252b99671ce5d1cb9664c5f8636329436d/library/core/src/str/mod.rs:1070:5
[INFO] [stdout] help: consider using `Option::expect` to unwrap the `&str` value, panicking if the value is an `Option::None`
[INFO] [stdout]     |
[INFO] [stdout] 218 |                                 properties.get_child_with_attribute("string", "name", "Name").as_ref().and_then(Node::text).expect("REASON").contains(&"func_detail")
[INFO] [stdout]     |                                                                                                                            +++++++++++++++++
[INFO] [stdout] 
[INFO] [stdout] 
[INFO] [stdout] error[E0599]: no method named `contains` found for enum `Option` in the current scope
[INFO] [stdout]    --> src/conv/parse.rs:219:132
[INFO] [stdout]     |
[INFO] [stdout] 219 | ...ame", "Value").as_ref().and_then(Node::text).contains(&"func_detail")
[INFO] [stdout]     |                                                 ^^^^^^^^ method not found in `Option<&str>`
[INFO] [stdout]     |
[INFO] [stdout] note: the method `contains` exists on the type `&str`
[INFO] [stdout]    --> /rustc/1b7dd2252b99671ce5d1cb9664c5f8636329436d/library/core/src/str/mod.rs:1070:5
[INFO] [stdout] help: consider using `Option::expect` to unwrap the `&str` value, panicking if the value is an `Option::None`
[INFO] [stdout]     |
[INFO] [stdout] 219 |                                     | properties.get_child_with_attribute("string", "name", "Value").as_ref().and_then(Node::text).expect("REASON").contains(&"func_detail")
[INFO] [stdout]     |                                                                                                                                   +++++++++++++++++
[INFO] [stdout] 
[INFO] [stdout] 
[INFO] [stdout] error: aborting due to 10 previous errors
[INFO] [stdout] 
[INFO] [stdout] 
[INFO] [stdout] Some errors have detailed explanations: E0554, E0599, E0635.
[INFO] [stdout] 
[INFO] [stdout] For more information about an error, try `rustc --explain E0554`.
[INFO] [stdout] 
[INFO] [stderr] error: could not compile `rbxlx2vmf` (lib) due to 11 previous errors
[INFO] [stderr] warning: build failed, waiting for other jobs to finish...
[INFO] running `Command { std: "docker" "inspect" "80f2dfda2ccafe4b912f90bfe8453cbba17d102ddb0a784699a67677ed3e6778", kill_on_drop: false }`
[INFO] running `Command { std: "docker" "rm" "-f" "80f2dfda2ccafe4b912f90bfe8453cbba17d102ddb0a784699a67677ed3e6778", kill_on_drop: false }`
[INFO] [stdout] 80f2dfda2ccafe4b912f90bfe8453cbba17d102ddb0a784699a67677ed3e6778
