[INFO] cloning repository https://github.com/SeaLoong/drcom4scut
[INFO] running `Command { std: "git" "-c" "credential.helper=" "-c" "credential.helper=/workspace/cargo-home/bin/git-credential-null" "clone" "--bare" "https://github.com/SeaLoong/drcom4scut" "/workspace/cache/git-repos/https%3A%2F%2Fgithub.com%2FSeaLoong%2Fdrcom4scut", kill_on_drop: false }`
[INFO] [stderr] Cloning into bare repository '/workspace/cache/git-repos/https%3A%2F%2Fgithub.com%2FSeaLoong%2Fdrcom4scut'...
[INFO] running `Command { std: "git" "rev-parse" "HEAD", kill_on_drop: false }`
[INFO] [stdout] 5a8d451cfad77b81ab1a45aec38ebc50d5d521ce
[INFO] testing SeaLoong/drcom4scut against beta-2023-04-20 for beta-1.70-1
[INFO] running `Command { std: "git" "clone" "/workspace/cache/git-repos/https%3A%2F%2Fgithub.com%2FSeaLoong%2Fdrcom4scut" "/workspace/builds/worker-0-tc2/source", kill_on_drop: false }`
[INFO] [stderr] Cloning into '/workspace/builds/worker-0-tc2/source'...
[INFO] [stderr] done.
[INFO] validating manifest of git repo https://github.com/SeaLoong/drcom4scut on toolchain beta-2023-04-20
[INFO] running `Command { std: CARGO_HOME="/workspace/cargo-home" RUSTUP_HOME="/workspace/rustup-home" "/workspace/cargo-home/bin/cargo" "+beta-2023-04-20" "metadata" "--manifest-path" "Cargo.toml" "--no-deps", kill_on_drop: false }`
[INFO] started tweaking git repo https://github.com/SeaLoong/drcom4scut
[INFO] finished tweaking git repo https://github.com/SeaLoong/drcom4scut
[INFO] tweaked toml for git repo https://github.com/SeaLoong/drcom4scut written to /workspace/builds/worker-0-tc2/source/Cargo.toml
[INFO] crate git repo https://github.com/SeaLoong/drcom4scut already has a lockfile, it will not be regenerated
[INFO] running `Command { std: CARGO_HOME="/workspace/cargo-home" RUSTUP_HOME="/workspace/rustup-home" "/workspace/cargo-home/bin/cargo" "+beta-2023-04-20" "fetch" "--manifest-path" "Cargo.toml", kill_on_drop: false }`
[INFO] running `Command { std: "docker" "create" "-v" "/var/lib/crater-agent-workspace/builds/worker-0-tc2/target:/opt/rustwide/target:rw,Z" "-v" "/var/lib/crater-agent-workspace/builds/worker-0-tc2/source:/opt/rustwide/workdir:ro,Z" "-v" "/var/lib/crater-agent-workspace/cargo-home:/opt/rustwide/cargo-home:ro,Z" "-v" "/var/lib/crater-agent-workspace/rustup-home:/opt/rustwide/rustup-home:ro,Z" "-e" "SOURCE_DIR=/opt/rustwide/workdir" "-e" "CARGO_TARGET_DIR=/opt/rustwide/target" "-e" "CARGO_HOME=/opt/rustwide/cargo-home" "-e" "RUSTUP_HOME=/opt/rustwide/rustup-home" "-w" "/opt/rustwide/workdir" "-m" "1610612736" "--user" "0:0" "--network" "none" "ghcr.io/rust-lang/crates-build-env/linux@sha256:5ff2268d62e97bff2cde7d5815dd6ed5b47097566f13b8d0ca110b04b60e07ed" "/opt/rustwide/cargo-home/bin/cargo" "+beta-2023-04-20" "metadata" "--no-deps" "--format-version=1", kill_on_drop: false }`
[INFO] [stdout] 78f202ddfcf73ff3ffac050b2cd5c7c8e026ec1361018d76058953f962ebff60
[INFO] running `Command { std: "docker" "start" "-a" "78f202ddfcf73ff3ffac050b2cd5c7c8e026ec1361018d76058953f962ebff60", kill_on_drop: false }`
[INFO] running `Command { std: "docker" "inspect" "78f202ddfcf73ff3ffac050b2cd5c7c8e026ec1361018d76058953f962ebff60", kill_on_drop: false }`
[INFO] running `Command { std: "docker" "rm" "-f" "78f202ddfcf73ff3ffac050b2cd5c7c8e026ec1361018d76058953f962ebff60", kill_on_drop: false }`
[INFO] [stdout] 78f202ddfcf73ff3ffac050b2cd5c7c8e026ec1361018d76058953f962ebff60
[INFO] running `Command { std: "docker" "create" "-v" "/var/lib/crater-agent-workspace/builds/worker-0-tc2/target:/opt/rustwide/target:rw,Z" "-v" "/var/lib/crater-agent-workspace/builds/worker-0-tc2/source:/opt/rustwide/workdir:ro,Z" "-v" "/var/lib/crater-agent-workspace/cargo-home:/opt/rustwide/cargo-home:ro,Z" "-v" "/var/lib/crater-agent-workspace/rustup-home:/opt/rustwide/rustup-home:ro,Z" "-e" "SOURCE_DIR=/opt/rustwide/workdir" "-e" "CARGO_TARGET_DIR=/opt/rustwide/target" "-e" "CARGO_INCREMENTAL=0" "-e" "RUST_BACKTRACE=full" "-e" "RUSTFLAGS=--cap-lints=warn" "-e" "RUSTDOCFLAGS=--cap-lints=warn" "-e" "CARGO_HOME=/opt/rustwide/cargo-home" "-e" "RUSTUP_HOME=/opt/rustwide/rustup-home" "-w" "/opt/rustwide/workdir" "-m" "1610612736" "--user" "0:0" "--network" "none" "ghcr.io/rust-lang/crates-build-env/linux@sha256:5ff2268d62e97bff2cde7d5815dd6ed5b47097566f13b8d0ca110b04b60e07ed" "/opt/rustwide/cargo-home/bin/cargo" "+beta-2023-04-20" "build" "--frozen" "--message-format=json", kill_on_drop: false }`
[INFO] [stdout] 83793703236dc3a028b4c81d194f5f508765ca62cc02ad080a24db5ec6c74d52
[INFO] running `Command { std: "docker" "start" "-a" "83793703236dc3a028b4c81d194f5f508765ca62cc02ad080a24db5ec6c74d52", kill_on_drop: false }`
[INFO] [stderr]    Compiling proc-macro2 v1.0.51
[INFO] [stderr]    Compiling unicode-ident v1.0.6
[INFO] [stderr]    Compiling libc v0.2.139
[INFO] [stderr]    Compiling quote v1.0.23
[INFO] [stderr]    Compiling syn v1.0.108
[INFO] [stderr]    Compiling autocfg v1.1.0
[INFO] [stderr]    Compiling cfg-if v1.0.0
[INFO] [stderr]    Compiling serde_derive v1.0.152
[INFO] [stderr]    Compiling serde v1.0.152
[INFO] [stderr]    Compiling memchr v2.5.0
[INFO] [stderr]    Compiling tinyvec_macros v0.1.1
[INFO] [stderr]    Compiling version_check v0.9.4
[INFO] [stderr]    Compiling typenum v1.16.0
[INFO] [stderr]    Compiling log v0.4.17
[INFO] [stderr]    Compiling futures-core v0.3.26
[INFO] [stderr]    Compiling linked-hash-map v0.5.6
[INFO] [stderr]    Compiling tinyvec v1.6.0
[INFO] [stderr]    Compiling no-std-net v0.6.0
[INFO] [stderr]    Compiling unicode-bidi v0.3.10
[INFO] [stderr]    Compiling pnet_base v0.33.0
[INFO] [stderr]    Compiling thiserror v1.0.38
[INFO] [stderr]    Compiling pin-project-lite v0.2.9
[INFO] [stderr]    Compiling smallvec v1.10.0
[INFO] [stderr]    Compiling io-lifetimes v1.0.5
[INFO] [stderr]    Compiling futures-task v0.3.26
[INFO] [stderr]    Compiling once_cell v1.17.1
[INFO] [stderr]    Compiling regex-syntax v0.6.28
[INFO] [stderr]    Compiling generic-array v0.14.6
[INFO] [stderr]    Compiling num-traits v0.2.15
[INFO] [stderr]    Compiling lock_api v0.4.9
[INFO] [stderr]    Compiling slab v0.4.8
[INFO] [stderr]    Compiling async-trait v0.1.64
[INFO] [stderr]    Compiling parking_lot_core v0.9.7
[INFO] [stderr]    Compiling num-integer v0.1.45
[INFO] [stderr]    Compiling tokio v1.25.0
[INFO] [stderr]    Compiling indexmap v1.9.2
[INFO] [stderr]    Compiling aho-corasick v0.7.20
[INFO] [stderr]    Compiling ppv-lite86 v0.2.17
[INFO] [stderr]    Compiling percent-encoding v2.2.0
[INFO] [stderr]    Compiling rustix v0.36.8
[INFO] [stderr]    Compiling unicode-normalization v0.1.22
[INFO] [stderr]    Compiling futures-channel v0.3.26
[INFO] [stderr]    Compiling futures-util v0.3.26
[INFO] [stderr]    Compiling crc32fast v1.3.2
[INFO] [stderr]    Compiling form_urlencoded v1.1.0
[INFO] [stderr]    Compiling tracing-core v0.1.30
[INFO] [stderr]    Compiling pnet_macros_support v0.33.0
[INFO] [stderr]    Compiling yaml-rust v0.4.5
[INFO] [stderr]    Compiling ryu v1.0.12
[INFO] [stderr]    Compiling crossbeam-utils v0.8.14
[INFO] [stderr]    Compiling idna v0.3.0
[INFO] [stderr]    Compiling serde_json v1.0.93
[INFO] [stderr]    Compiling match_cfg v0.1.0
[INFO] [stderr]    Compiling hashbrown v0.12.3
[INFO] [stderr]    Compiling bytes v1.4.0
[INFO] [stderr]    Compiling bitflags v1.3.2
[INFO] [stderr]    Compiling anyhow v1.0.69
[INFO] [stderr]    Compiling pin-utils v0.1.0
[INFO] [stderr]    Compiling getrandom v0.2.8
[INFO] [stderr]    Compiling pnet_sys v0.33.0
[INFO] [stderr]    Compiling socket2 v0.4.7
[INFO] [stderr]    Compiling num_cpus v1.15.0
[INFO] [stderr]    Compiling rand_core v0.6.4
[INFO] [stderr]    Compiling linux-raw-sys v0.1.4
[INFO] [stderr]    Compiling adler v1.0.2
[INFO] [stderr]    Compiling heck v0.4.1
[INFO] [stderr]    Compiling regex v1.7.1
[INFO] [stderr]    Compiling rand_chacha v0.3.1
[INFO] [stderr]    Compiling matches v0.1.10
[INFO] [stderr]    Compiling destructure_traitobject v0.2.0
[INFO] [stderr]    Compiling idna v0.2.3
[INFO] [stderr]    Compiling miniz_oxide v0.6.2
[INFO] [stderr]    Compiling parking_lot v0.12.1
[INFO] [stderr]    Compiling unsafe-any-ors v1.0.0
[INFO] [stderr]    Compiling rand v0.8.5
[INFO] [stderr]    Compiling ordered-float v2.10.0
[INFO] [stderr]    Compiling crypto-common v0.1.6
[INFO] [stderr]    Compiling block-buffer v0.10.3
[INFO] [stderr]    Compiling url v2.3.1
[INFO] [stderr]    Compiling time v0.1.45
[INFO] [stderr]    Compiling hostname v0.3.1
[INFO] [stderr]    Compiling futures-io v0.3.26
[INFO] [stderr]    Compiling ipnet v2.7.1
[INFO] [stderr]    Compiling data-encoding v2.3.3
[INFO] [stderr]    Compiling pnet v0.33.0
[INFO] [stderr]    Compiling iana-time-zone v0.1.53
[INFO] [stderr]    Compiling minimal-lexical v0.2.1
[INFO] [stderr]    Compiling itoa v1.0.5
[INFO] [stderr]    Compiling os_str_bytes v6.4.1
[INFO] [stderr]    Compiling quick-error v1.2.3
[INFO] [stderr]    Compiling chrono v0.4.23
[INFO] [stderr]    Compiling flate2 v1.0.25
[INFO] [stderr]    Compiling resolv-conf v0.7.0
[INFO] [stderr]    Compiling digest v0.10.6
[INFO] [stderr]    Compiling typemap-ors v1.0.0
[INFO] [stderr]    Compiling clap_lex v0.3.2
[INFO] [stderr]    Compiling nom v7.1.3
[INFO] [stderr]    Compiling thread-id v4.0.0
[INFO] [stderr]    Compiling lru-cache v0.1.2
[INFO] [stderr]    Compiling pathdiff v0.2.1
[INFO] [stderr]    Compiling strsim v0.10.0
[INFO] [stderr]    Compiling arc-swap v1.6.0
[INFO] [stderr]    Compiling humantime v2.1.0
[INFO] [stderr]    Compiling log-mdc v0.1.0
[INFO] [stderr]    Compiling termcolor v1.2.0
[INFO] [stderr]    Compiling is-terminal v0.4.4
[INFO] [stderr]    Compiling crossbeam-channel v0.5.6
[INFO] [stderr]    Compiling md-5 v0.10.5
[INFO] [stderr]    Compiling encoding_rs v0.8.32
[INFO] [stderr]    Compiling hex v0.4.3
[INFO] [stderr]    Compiling clap v4.1.6
[INFO] [stderr]    Compiling thiserror-impl v1.0.38
[INFO] [stderr]    Compiling pnet_macros v0.33.0
[INFO] [stderr]    Compiling tracing-attributes v0.1.23
[INFO] [stderr]    Compiling enum-as-inner v0.5.1
[INFO] [stderr]    Compiling derivative v2.2.0
[INFO] [stderr]    Compiling pnet_packet v0.33.0
[INFO] [stderr]    Compiling tracing v0.1.37
[INFO] [stderr]    Compiling pnet_transport v0.33.0
[INFO] [stderr]    Compiling ipnetwork v0.20.0
[INFO] [stderr]    Compiling serde_yaml v0.8.26
[INFO] [stderr]    Compiling serde-value v0.7.0
[INFO] [stderr]    Compiling config v0.13.3
[INFO] [stderr]    Compiling pnet_datalink v0.33.0
[INFO] [stderr]    Compiling mio v0.8.6
[INFO] [stderr]    Compiling log4rs v1.2.0
[INFO] [stderr]    Compiling trust-dns-proto v0.22.0
[INFO] [stderr]    Compiling trust-dns-resolver v0.22.0
[INFO] [stderr]    Compiling drcom4scut v0.3.0 (/opt/rustwide/workdir)
[INFO] [stdout] error[E0658]: use of unstable library feature 'lazy_cell'
[INFO] [stdout]   --> src/settings.rs:10:5
[INFO] [stdout]    |
[INFO] [stdout] 10 | use std::sync::LazyLock;
[INFO] [stdout]    |     ^^^^^^^^^^^^^^^^^^^
[INFO] [stdout]    |
[INFO] [stdout]    = note: see issue #109736 <https://github.com/rust-lang/rust/issues/109736> for more information
[INFO] [stdout] 
[INFO] [stdout] 
[INFO] [stdout] error[E0658]: use of unstable library feature 'lazy_cell'
[INFO] [stdout]   --> src/settings.rs:32:17
[INFO] [stdout]    |
[INFO] [stdout] 32 | static MATCHES: LazyLock<ArgMatches> = LazyLock::new(get_matches);
[INFO] [stdout]    |                 ^^^^^^^^^^^^^^^^^^^^
[INFO] [stdout]    |
[INFO] [stdout]    = note: see issue #109736 <https://github.com/rust-lang/rust/issues/109736> for more information
[INFO] [stdout] 
[INFO] [stdout] 
[INFO] [stdout] error[E0658]: use of unstable library feature 'lazy_cell'
[INFO] [stdout]   --> src/settings.rs:32:40
[INFO] [stdout]    |
[INFO] [stdout] 32 | static MATCHES: LazyLock<ArgMatches> = LazyLock::new(get_matches);
[INFO] [stdout]    |                                        ^^^^^^^^
[INFO] [stdout]    |
[INFO] [stdout]    = note: see issue #109736 <https://github.com/rust-lang/rust/issues/109736> for more information
[INFO] [stdout] 
[INFO] [stdout] 
[INFO] [stdout] error[E0658]: use of unstable library feature 'lazy_cell'
[INFO] [stdout]   --> src/settings.rs:33:19
[INFO] [stdout]    |
[INFO] [stdout] 33 | pub static DEBUG: LazyLock<bool> = LazyLock::new(|| MATCHES.get_flag("debug"));
[INFO] [stdout]    |                   ^^^^^^^^^^^^^^
[INFO] [stdout]    |
[INFO] [stdout]    = note: see issue #109736 <https://github.com/rust-lang/rust/issues/109736> for more information
[INFO] [stdout] 
[INFO] [stdout] 
[INFO] [stdout] error[E0658]: use of unstable library feature 'lazy_cell'
[INFO] [stdout]   --> src/settings.rs:33:36
[INFO] [stdout]    |
[INFO] [stdout] 33 | pub static DEBUG: LazyLock<bool> = LazyLock::new(|| MATCHES.get_flag("debug"));
[INFO] [stdout]    |                                    ^^^^^^^^
[INFO] [stdout]    |
[INFO] [stdout]    = note: see issue #109736 <https://github.com/rust-lang/rust/issues/109736> for more information
[INFO] [stdout] 
[INFO] [stdout] 
[INFO] [stdout] error[E0658]: use of unstable library feature 'lazy_cell'
[INFO] [stdout]   --> src/settings.rs:34:22
[INFO] [stdout]    |
[INFO] [stdout] 34 | pub static SETTINGS: LazyLock<Settings> = LazyLock::new(|| Settings::parse(&MATCHES));
[INFO] [stdout]    |                      ^^^^^^^^^^^^^^^^^^
[INFO] [stdout]    |
[INFO] [stdout]    = note: see issue #109736 <https://github.com/rust-lang/rust/issues/109736> for more information
[INFO] [stdout] 
[INFO] [stdout] 
[INFO] [stdout] error[E0658]: use of unstable library feature 'lazy_cell'
[INFO] [stdout]   --> src/settings.rs:34:43
[INFO] [stdout]    |
[INFO] [stdout] 34 | pub static SETTINGS: LazyLock<Settings> = LazyLock::new(|| Settings::parse(&MATCHES));
[INFO] [stdout]    |                                           ^^^^^^^^
[INFO] [stdout]    |
[INFO] [stdout]    = note: see issue #109736 <https://github.com/rust-lang/rust/issues/109736> for more information
[INFO] [stdout] 
[INFO] [stdout] 
[INFO] [stdout] error[E0554]: `#![feature]` may not be used on the beta release channel
[INFO] [stdout]  --> src/main.rs:1:12
[INFO] [stdout]   |
[INFO] [stdout] 1 | #![feature(ip, once_cell, array_chunks)]
[INFO] [stdout]   |            ^^
[INFO] [stdout] 
[INFO] [stdout] 
[INFO] [stdout] error[E0554]: `#![feature]` may not be used on the beta release channel
[INFO] [stdout]  --> src/main.rs:1:16
[INFO] [stdout]   |
[INFO] [stdout] 1 | #![feature(ip, once_cell, array_chunks)]
[INFO] [stdout]   |                ^^^^^^^^^
[INFO] [stdout] 
[INFO] [stdout] 
[INFO] [stdout] error[E0554]: `#![feature]` may not be used on the beta release channel
[INFO] [stdout]  --> src/main.rs:1:27
[INFO] [stdout]   |
[INFO] [stdout] 1 | #![feature(ip, once_cell, array_chunks)]
[INFO] [stdout]   |                           ^^^^^^^^^^^^
[INFO] [stdout] 
[INFO] [stdout] 
[INFO] [stdout] warning: the feature `once_cell` has been stable since 1.70.0 and no longer requires an attribute to enable
[INFO] [stdout]  --> src/main.rs:1:16
[INFO] [stdout]   |
[INFO] [stdout] 1 | #![feature(ip, once_cell, array_chunks)]
[INFO] [stdout]   |                ^^^^^^^^^
[INFO] [stdout]   |
[INFO] [stdout]   = note: `#[warn(stable_features)]` on by default
[INFO] [stdout] 
[INFO] [stdout] 
[INFO] [stdout] error[E0658]: use of unstable library feature 'lazy_cell'
[INFO] [stdout]   --> src/settings.rs:32:40
[INFO] [stdout]    |
[INFO] [stdout] 32 | static MATCHES: LazyLock<ArgMatches> = LazyLock::new(get_matches);
[INFO] [stdout]    |                                        ^^^^^^^^^^^^^
[INFO] [stdout]    |
[INFO] [stdout]    = note: see issue #109736 <https://github.com/rust-lang/rust/issues/109736> for more information
[INFO] [stdout] 
[INFO] [stdout] 
[INFO] [stdout] error[E0658]: use of unstable library feature 'lazy_cell'
[INFO] [stdout]   --> src/settings.rs:33:36
[INFO] [stdout]    |
[INFO] [stdout] 33 | pub static DEBUG: LazyLock<bool> = LazyLock::new(|| MATCHES.get_flag("debug"));
[INFO] [stdout]    |                                    ^^^^^^^^^^^^^
[INFO] [stdout]    |
[INFO] [stdout]    = note: see issue #109736 <https://github.com/rust-lang/rust/issues/109736> for more information
[INFO] [stdout] 
[INFO] [stdout] 
[INFO] [stdout] error[E0658]: use of unstable library feature 'lazy_cell'
[INFO] [stdout]   --> src/settings.rs:34:43
[INFO] [stdout]    |
[INFO] [stdout] 34 | pub static SETTINGS: LazyLock<Settings> = LazyLock::new(|| Settings::parse(&MATCHES));
[INFO] [stdout]    |                                           ^^^^^^^^^^^^^
[INFO] [stdout]    |
[INFO] [stdout]    = note: see issue #109736 <https://github.com/rust-lang/rust/issues/109736> for more information
[INFO] [stdout] 
[INFO] [stdout] 
[INFO] [stdout] error: aborting due to 13 previous errors; 1 warning emitted
[INFO] [stdout] 
[INFO] [stdout] 
[INFO] [stdout] Some errors have detailed explanations: E0554, E0658.
[INFO] [stdout] 
[INFO] [stdout] For more information about an error, try `rustc --explain E0554`.
[INFO] [stdout] 
[INFO] [stderr] error: could not compile `drcom4scut` (bin "drcom4scut") due to 14 previous errors; 1 warning emitted
[INFO] running `Command { std: "docker" "inspect" "83793703236dc3a028b4c81d194f5f508765ca62cc02ad080a24db5ec6c74d52", kill_on_drop: false }`
[INFO] running `Command { std: "docker" "rm" "-f" "83793703236dc3a028b4c81d194f5f508765ca62cc02ad080a24db5ec6c74d52", kill_on_drop: false }`
[INFO] [stdout] 83793703236dc3a028b4c81d194f5f508765ca62cc02ad080a24db5ec6c74d52
