[INFO] cloning repository https://github.com/SamuelMarks/rust-playground
[INFO] running `Command { std: "git" "-c" "credential.helper=" "-c" "credential.helper=/workspace/cargo-home/bin/git-credential-null" "clone" "--bare" "https://github.com/SamuelMarks/rust-playground" "/workspace/cache/git-repos/https%3A%2F%2Fgithub.com%2FSamuelMarks%2Frust-playground", kill_on_drop: false }`
[INFO] [stderr] Cloning into bare repository '/workspace/cache/git-repos/https%3A%2F%2Fgithub.com%2FSamuelMarks%2Frust-playground'...
[INFO] running `Command { std: "git" "rev-parse" "HEAD", kill_on_drop: false }`
[INFO] [stdout] 436a6d87e5ee54c7b48bcfd6bb0a9f75c2ba9273
[INFO] testing SamuelMarks/rust-playground against 1.69.0 for beta-1.70-1
[INFO] running `Command { std: "git" "clone" "/workspace/cache/git-repos/https%3A%2F%2Fgithub.com%2FSamuelMarks%2Frust-playground" "/workspace/builds/worker-2-tc1/source", kill_on_drop: false }`
[INFO] [stderr] Cloning into '/workspace/builds/worker-2-tc1/source'...
[INFO] [stderr] done.
[INFO] validating manifest of git repo https://github.com/SamuelMarks/rust-playground on toolchain 1.69.0
[INFO] running `Command { std: CARGO_HOME="/workspace/cargo-home" RUSTUP_HOME="/workspace/rustup-home" "/workspace/cargo-home/bin/cargo" "+1.69.0" "metadata" "--manifest-path" "Cargo.toml" "--no-deps", kill_on_drop: false }`
[INFO] started tweaking git repo https://github.com/SamuelMarks/rust-playground
[INFO] finished tweaking git repo https://github.com/SamuelMarks/rust-playground
[INFO] tweaked toml for git repo https://github.com/SamuelMarks/rust-playground written to /workspace/builds/worker-2-tc1/source/Cargo.toml
[INFO] crate git repo https://github.com/SamuelMarks/rust-playground already has a lockfile, it will not be regenerated
[INFO] running `Command { std: CARGO_HOME="/workspace/cargo-home" RUSTUP_HOME="/workspace/rustup-home" "/workspace/cargo-home/bin/cargo" "+1.69.0" "fetch" "--manifest-path" "Cargo.toml", kill_on_drop: false }`
[INFO] [stderr]  Downloading crates ...
[INFO] [stderr]   Downloaded serde v1.0.81
[INFO] [stderr]   Downloaded serde_derive v1.0.81
[INFO] running `Command { std: "docker" "create" "-v" "/var/lib/crater-agent-workspace/builds/worker-2-tc1/target:/opt/rustwide/target:rw,Z" "-v" "/var/lib/crater-agent-workspace/builds/worker-2-tc1/source:/opt/rustwide/workdir:ro,Z" "-v" "/var/lib/crater-agent-workspace/cargo-home:/opt/rustwide/cargo-home:ro,Z" "-v" "/var/lib/crater-agent-workspace/rustup-home:/opt/rustwide/rustup-home:ro,Z" "-e" "SOURCE_DIR=/opt/rustwide/workdir" "-e" "CARGO_TARGET_DIR=/opt/rustwide/target" "-e" "CARGO_HOME=/opt/rustwide/cargo-home" "-e" "RUSTUP_HOME=/opt/rustwide/rustup-home" "-w" "/opt/rustwide/workdir" "-m" "1610612736" "--user" "0:0" "--network" "none" "ghcr.io/rust-lang/crates-build-env/linux@sha256:5ff2268d62e97bff2cde7d5815dd6ed5b47097566f13b8d0ca110b04b60e07ed" "/opt/rustwide/cargo-home/bin/cargo" "+1.69.0" "metadata" "--no-deps" "--format-version=1", kill_on_drop: false }`
[INFO] [stdout] c6260afd2f803815b0f797f01ce9e82abf55c9c84d0523186c788077184d4034
[INFO] running `Command { std: "docker" "start" "-a" "c6260afd2f803815b0f797f01ce9e82abf55c9c84d0523186c788077184d4034", kill_on_drop: false }`
[INFO] running `Command { std: "docker" "inspect" "c6260afd2f803815b0f797f01ce9e82abf55c9c84d0523186c788077184d4034", kill_on_drop: false }`
[INFO] running `Command { std: "docker" "rm" "-f" "c6260afd2f803815b0f797f01ce9e82abf55c9c84d0523186c788077184d4034", kill_on_drop: false }`
[INFO] [stdout] c6260afd2f803815b0f797f01ce9e82abf55c9c84d0523186c788077184d4034
[INFO] running `Command { std: "docker" "create" "-v" "/var/lib/crater-agent-workspace/builds/worker-2-tc1/target:/opt/rustwide/target:rw,Z" "-v" "/var/lib/crater-agent-workspace/builds/worker-2-tc1/source:/opt/rustwide/workdir:ro,Z" "-v" "/var/lib/crater-agent-workspace/cargo-home:/opt/rustwide/cargo-home:ro,Z" "-v" "/var/lib/crater-agent-workspace/rustup-home:/opt/rustwide/rustup-home:ro,Z" "-e" "SOURCE_DIR=/opt/rustwide/workdir" "-e" "CARGO_TARGET_DIR=/opt/rustwide/target" "-e" "CARGO_INCREMENTAL=0" "-e" "RUST_BACKTRACE=full" "-e" "RUSTFLAGS=--cap-lints=warn" "-e" "RUSTDOCFLAGS=--cap-lints=warn" "-e" "CARGO_HOME=/opt/rustwide/cargo-home" "-e" "RUSTUP_HOME=/opt/rustwide/rustup-home" "-w" "/opt/rustwide/workdir" "-m" "1610612736" "--user" "0:0" "--network" "none" "ghcr.io/rust-lang/crates-build-env/linux@sha256:5ff2268d62e97bff2cde7d5815dd6ed5b47097566f13b8d0ca110b04b60e07ed" "/opt/rustwide/cargo-home/bin/cargo" "+1.69.0" "build" "--frozen" "--message-format=json", kill_on_drop: false }`
[INFO] [stdout] df8d3b494815621fadd8ddaf611a66437b735c5df1d6207233bf533df6125e22
[INFO] running `Command { std: "docker" "start" "-a" "df8d3b494815621fadd8ddaf611a66437b735c5df1d6207233bf533df6125e22", kill_on_drop: false }`
[INFO] [stderr]    Compiling proc-macro2 v0.4.24
[INFO] [stderr]    Compiling unicode-xid v0.1.0
[INFO] [stderr]    Compiling serde v1.0.81
[INFO] [stderr]    Compiling void v1.0.2
[INFO] [stderr]    Compiling quote v0.6.10
[INFO] [stderr]    Compiling syn v0.15.22
[INFO] [stderr]    Compiling serde_derive v1.0.81
[INFO] [stderr]    Compiling toml v0.4.10
[INFO] [stderr]    Compiling rust-playground v0.1.0 (/opt/rustwide/workdir)
[INFO] [stdout] error[E0433]: failed to resolve: maybe a missing crate `core`?
[INFO] [stdout]   --> src/main.rs:12:5
[INFO] [stdout]    |
[INFO] [stdout] 12 | use core::num::ParseIntError;
[INFO] [stdout]    |     ^^^^ maybe a missing crate `core`?
[INFO] [stdout]    |
[INFO] [stdout]    = help: consider adding `extern crate core` to use the `core` crate
[INFO] [stdout] 
[INFO] [stdout] 
[INFO] [stdout] warning: unused `#[macro_use]` import
[INFO] [stdout]  --> src/main.rs:1:1
[INFO] [stdout]   |
[INFO] [stdout] 1 | #[macro_use]
[INFO] [stdout]   | ^^^^^^^^^^^^
[INFO] [stdout]   |
[INFO] [stdout]   = note: `#[warn(unused_imports)]` on by default
[INFO] [stdout] 
[INFO] [stdout] 
[INFO] [stdout] error[E0283]: type annotations needed
[INFO] [stdout]   --> src/main.rs:53:32
[INFO] [stdout]    |
[INFO] [stdout] 53 |     #[serde(deserialize_with = "string_or_struct")]
[INFO] [stdout]    |                                ^^^^^^^^^^^^^^^^^^ cannot infer type of the type parameter `T` declared on the function `string_or_struct`
[INFO] [stdout]    |
[INFO] [stdout]    = note: cannot satisfy `_: Deserialize<'_>`
[INFO] [stdout]    = help: the following types implement trait `Deserialize<'de>`:
[INFO] [stdout]              &'a Path
[INFO] [stdout]              &'a [u8]
[INFO] [stdout]              &'a str
[INFO] [stdout]              ()
[INFO] [stdout]              (T0, T1)
[INFO] [stdout]              (T0, T1, T2)
[INFO] [stdout]              (T0, T1, T2, T3)
[INFO] [stdout]              (T0, T1, T2, T3, T4)
[INFO] [stdout]            and 114 others
[INFO] [stdout] note: required by a bound in `string_or_struct`
[INFO] [stdout]   --> src/main.rs:76:8
[INFO] [stdout]    |
[INFO] [stdout] 74 | fn string_or_struct<'de, T, D>(deserializer: D) -> Result<Option<Script>, D::Error>
[INFO] [stdout]    |    ---------------- required by a bound in this function
[INFO] [stdout] 75 | where
[INFO] [stdout] 76 |     T: Deserialize<'de> + FromStr<Err = Void>,
[INFO] [stdout]    |        ^^^^^^^^^^^^^^^^ required by this bound in `string_or_struct`
[INFO] [stdout] help: consider specifying the generic arguments
[INFO] [stdout]    |
[INFO] [stdout] 53 |     #[serde(deserialize_with = "string_or_struct"::<T, __D>)]
[INFO] [stdout]    |                                                  ++++++++++
[INFO] [stdout] 
[INFO] [stdout] 
[INFO] [stdout] error[E0277]: the trait bound `std::option::Option<Script>: FromStr` is not satisfied
[INFO] [stdout]    --> src/main.rs:115:49
[INFO] [stdout]     |
[INFO] [stdout] 115 |     deserializer.deserialize_any(StringOrStruct(PhantomData))
[INFO] [stdout]     |                  ---------------                ^^^^^^^^^^^ the trait `FromStr` is not implemented for `std::option::Option<Script>`
[INFO] [stdout]     |                  |
[INFO] [stdout]     |                  required by a bound introduced by this call
[INFO] [stdout]     |
[INFO] [stdout]     = help: the following other types implement trait `FromStr`:
[INFO] [stdout]               IpAddr
[INFO] [stdout]               Ipv4Addr
[INFO] [stdout]               Ipv6Addr
[INFO] [stdout]               NonZeroI128
[INFO] [stdout]               NonZeroI16
[INFO] [stdout]               NonZeroI32
[INFO] [stdout]               NonZeroI64
[INFO] [stdout]               NonZeroI8
[INFO] [stdout]             and 32 others
[INFO] [stdout] note: required for `StringOrStruct<std::option::Option<Script>>` to implement `Visitor<'de>`
[INFO] [stdout]    --> src/main.rs:86:18
[INFO] [stdout]     |
[INFO] [stdout] 86  |     impl<'de, T> Visitor<'de> for StringOrStruct<T>
[INFO] [stdout]     |                  ^^^^^^^^^^^^     ^^^^^^^^^^^^^^^^^
[INFO] [stdout] 87  |     where
[INFO] [stdout] 88  |         T: Deserialize<'de> + FromStr<Err = Void>,
[INFO] [stdout]     |                               ------------------- unsatisfied trait bound introduced here
[INFO] [stdout] note: required by a bound in `deserialize_any`
[INFO] [stdout]    --> /opt/rustwide/cargo-home/registry/src/github.com-1ecc6299db9ec823/serde-1.0.81/src/de/mod.rs:900:12
[INFO] [stdout]     |
[INFO] [stdout] 900 |         V: Visitor<'de>;
[INFO] [stdout]     |            ^^^^^^^^^^^^ required by this bound in `Deserializer::deserialize_any`
[INFO] [stdout] 
[INFO] [stdout] 
[INFO] [stdout] error: aborting due to 3 previous errors; 1 warning emitted
[INFO] [stdout] 
[INFO] [stdout] 
[INFO] [stdout] Some errors have detailed explanations: E0277, E0283, E0433.
[INFO] [stdout] 
[INFO] [stdout] For more information about an error, try `rustc --explain E0277`.
[INFO] [stdout] 
[INFO] [stderr] error: could not compile `rust-playground` due to 4 previous errors; 1 warning emitted
[INFO] running `Command { std: "docker" "inspect" "df8d3b494815621fadd8ddaf611a66437b735c5df1d6207233bf533df6125e22", kill_on_drop: false }`
[INFO] running `Command { std: "docker" "rm" "-f" "df8d3b494815621fadd8ddaf611a66437b735c5df1d6207233bf533df6125e22", kill_on_drop: false }`
[INFO] [stdout] df8d3b494815621fadd8ddaf611a66437b735c5df1d6207233bf533df6125e22
