[INFO] cloning repository https://github.com/SEQUOIIA/bgsi
[INFO] running `Command { std: "git" "-c" "credential.helper=" "-c" "credential.helper=/workspace/cargo-home/bin/git-credential-null" "clone" "--bare" "https://github.com/SEQUOIIA/bgsi" "/workspace/cache/git-repos/https%3A%2F%2Fgithub.com%2FSEQUOIIA%2Fbgsi", kill_on_drop: false }`
[INFO] [stderr] Cloning into bare repository '/workspace/cache/git-repos/https%3A%2F%2Fgithub.com%2FSEQUOIIA%2Fbgsi'...
[INFO] running `Command { std: "git" "rev-parse" "HEAD", kill_on_drop: false }`
[INFO] [stdout] 80110fb770879d0743cae0a42945c23d04e7922d
[INFO] testing SEQUOIIA/bgsi against 1.69.0 for beta-1.70-1
[INFO] running `Command { std: "git" "clone" "/workspace/cache/git-repos/https%3A%2F%2Fgithub.com%2FSEQUOIIA%2Fbgsi" "/workspace/builds/worker-3-tc1/source", kill_on_drop: false }`
[INFO] [stderr] Cloning into '/workspace/builds/worker-3-tc1/source'...
[INFO] [stderr] done.
[INFO] validating manifest of git repo https://github.com/SEQUOIIA/bgsi on toolchain 1.69.0
[INFO] running `Command { std: CARGO_HOME="/workspace/cargo-home" RUSTUP_HOME="/workspace/rustup-home" "/workspace/cargo-home/bin/cargo" "+1.69.0" "metadata" "--manifest-path" "Cargo.toml" "--no-deps", kill_on_drop: false }`
[INFO] started tweaking git repo https://github.com/SEQUOIIA/bgsi
[INFO] finished tweaking git repo https://github.com/SEQUOIIA/bgsi
[INFO] tweaked toml for git repo https://github.com/SEQUOIIA/bgsi written to /workspace/builds/worker-3-tc1/source/Cargo.toml
[INFO] crate git repo https://github.com/SEQUOIIA/bgsi already has a lockfile, it will not be regenerated
[INFO] running `Command { std: CARGO_HOME="/workspace/cargo-home" RUSTUP_HOME="/workspace/rustup-home" "/workspace/cargo-home/bin/cargo" "+1.69.0" "fetch" "--manifest-path" "Cargo.toml", kill_on_drop: false }`
[INFO] [stderr]  Downloading crates ...
[INFO] [stderr]   Downloaded actix-http v2.2.1
[INFO] [stderr]   Downloaded h2 v0.3.4
[INFO] running `Command { std: "docker" "create" "-v" "/var/lib/crater-agent-workspace/builds/worker-3-tc1/target:/opt/rustwide/target:rw,Z" "-v" "/var/lib/crater-agent-workspace/builds/worker-3-tc1/source:/opt/rustwide/workdir:ro,Z" "-v" "/var/lib/crater-agent-workspace/cargo-home:/opt/rustwide/cargo-home:ro,Z" "-v" "/var/lib/crater-agent-workspace/rustup-home:/opt/rustwide/rustup-home:ro,Z" "-e" "SOURCE_DIR=/opt/rustwide/workdir" "-e" "CARGO_TARGET_DIR=/opt/rustwide/target" "-e" "CARGO_HOME=/opt/rustwide/cargo-home" "-e" "RUSTUP_HOME=/opt/rustwide/rustup-home" "-w" "/opt/rustwide/workdir" "-m" "1610612736" "--user" "0:0" "--network" "none" "ghcr.io/rust-lang/crates-build-env/linux@sha256:5ff2268d62e97bff2cde7d5815dd6ed5b47097566f13b8d0ca110b04b60e07ed" "/opt/rustwide/cargo-home/bin/cargo" "+1.69.0" "metadata" "--no-deps" "--format-version=1", kill_on_drop: false }`
[INFO] [stdout] b8ef230b678bbecbb1d88c7fabb5afe740405ba5590e8effcc82ad808aa36037
[INFO] running `Command { std: "docker" "start" "-a" "b8ef230b678bbecbb1d88c7fabb5afe740405ba5590e8effcc82ad808aa36037", kill_on_drop: false }`
[INFO] running `Command { std: "docker" "inspect" "b8ef230b678bbecbb1d88c7fabb5afe740405ba5590e8effcc82ad808aa36037", kill_on_drop: false }`
[INFO] running `Command { std: "docker" "rm" "-f" "b8ef230b678bbecbb1d88c7fabb5afe740405ba5590e8effcc82ad808aa36037", kill_on_drop: false }`
[INFO] [stdout] b8ef230b678bbecbb1d88c7fabb5afe740405ba5590e8effcc82ad808aa36037
[INFO] running `Command { std: "docker" "create" "-v" "/var/lib/crater-agent-workspace/builds/worker-3-tc1/target:/opt/rustwide/target:rw,Z" "-v" "/var/lib/crater-agent-workspace/builds/worker-3-tc1/source:/opt/rustwide/workdir:ro,Z" "-v" "/var/lib/crater-agent-workspace/cargo-home:/opt/rustwide/cargo-home:ro,Z" "-v" "/var/lib/crater-agent-workspace/rustup-home:/opt/rustwide/rustup-home:ro,Z" "-e" "SOURCE_DIR=/opt/rustwide/workdir" "-e" "CARGO_TARGET_DIR=/opt/rustwide/target" "-e" "CARGO_INCREMENTAL=0" "-e" "RUST_BACKTRACE=full" "-e" "RUSTFLAGS=--cap-lints=warn" "-e" "RUSTDOCFLAGS=--cap-lints=warn" "-e" "CARGO_HOME=/opt/rustwide/cargo-home" "-e" "RUSTUP_HOME=/opt/rustwide/rustup-home" "-w" "/opt/rustwide/workdir" "-m" "1610612736" "--user" "0:0" "--network" "none" "ghcr.io/rust-lang/crates-build-env/linux@sha256:5ff2268d62e97bff2cde7d5815dd6ed5b47097566f13b8d0ca110b04b60e07ed" "/opt/rustwide/cargo-home/bin/cargo" "+1.69.0" "build" "--frozen" "--message-format=json", kill_on_drop: false }`
[INFO] [stdout] 4e9b7d60eb6484b160e5d7977233e87890d23a3cf1263cd48905829a9008f314
[INFO] running `Command { std: "docker" "start" "-a" "4e9b7d60eb6484b160e5d7977233e87890d23a3cf1263cd48905829a9008f314", kill_on_drop: false }`
[INFO] [stderr]     Blocking waiting for file lock on package cache
[INFO] [stderr]    Compiling libc v0.2.102
[INFO] [stderr]    Compiling proc-macro2 v1.0.29
[INFO] [stderr]    Compiling unicode-xid v0.2.2
[INFO] [stderr]    Compiling autocfg v1.0.1
[INFO] [stderr]    Compiling syn v1.0.76
[INFO] [stderr]    Compiling log v0.4.14
[INFO] [stderr]    Compiling memchr v2.4.1
[INFO] [stderr]    Compiling futures-core v0.3.17
[INFO] [stderr]    Compiling proc-macro-hack v0.5.19
[INFO] [stderr]    Compiling pin-project-lite v0.2.7
[INFO] [stderr]    Compiling futures-sink v0.3.17
[INFO] [stderr]    Compiling slab v0.4.4
[INFO] [stderr]    Compiling futures-channel v0.3.17
[INFO] [stderr]    Compiling futures-macro v0.3.17
[INFO] [stderr]    Compiling futures-task v0.3.17
[INFO] [stderr]    Compiling proc-macro-nested v0.1.7
[INFO] [stderr]    Compiling fnv v1.0.7
[INFO] [stderr]    Compiling futures-util v0.3.17
[INFO] [stderr]    Compiling quote v1.0.9
[INFO] [stderr]    Compiling num_cpus v1.13.0
[INFO] [stderr]    Compiling pin-utils v0.1.0
[INFO] [stderr]    Compiling futures-io v0.3.17
[INFO] [stderr]    Compiling version_check v0.9.3
[INFO] [stderr]    Compiling cfg-if v0.1.10
[INFO] [stderr]    Compiling iovec v0.1.4
[INFO] [stderr]    Compiling cc v1.0.70
[INFO] [stderr]    Compiling net2 v0.2.37
[INFO] [stderr]    Compiling bytes v1.1.0
[INFO] [stderr]    Compiling signal-hook-registry v1.4.0
[INFO] [stderr]    Compiling bytes v0.5.6
[INFO] [stderr]    Compiling mio v0.6.23
[INFO] [stderr]    Compiling scopeguard v1.1.0
[INFO] [stderr]    Compiling pin-project-lite v0.1.12
[INFO] [stderr]    Compiling itoa v0.4.8
[INFO] [stderr]    Compiling smallvec v1.6.1
[INFO] [stderr]    Compiling parking_lot_core v0.8.5
[INFO] [stderr]    Compiling pin-project-internal v0.4.28
[INFO] [stderr]    Compiling instant v0.1.10
[INFO] [stderr]    Compiling serde_derive v1.0.130
[INFO] [stderr]    Compiling http v0.2.4
[INFO] [stderr]    Compiling lock_api v0.4.5
[INFO] [stderr]    Compiling mio-uds v0.6.8
[INFO] [stderr]    Compiling indexmap v1.7.0
[INFO] [stderr]    Compiling serde v1.0.130
[INFO] [stderr]    Compiling tinyvec_macros v0.1.0
[INFO] [stderr]    Compiling convert_case v0.4.0
[INFO] [stderr]    Compiling matches v0.1.9
[INFO] [stderr]    Compiling getrandom v0.1.16
[INFO] [stderr]    Compiling percent-encoding v2.1.0
[INFO] [stderr]    Compiling tinyvec v1.4.0
[INFO] [stderr]    Compiling parking_lot v0.11.2
[INFO] [stderr]    Compiling threadpool v1.8.1
[INFO] [stderr]    Compiling tracing-core v0.1.20
[INFO] [stderr]    Compiling pkg-config v0.3.19
[INFO] [stderr]    Compiling hashbrown v0.11.2
[INFO] [stderr]    Compiling tracing v0.1.27
[INFO] [stderr]    Compiling openssl-sys v0.9.66
[INFO] [stderr]    Compiling unicode-normalization v0.1.19
[INFO] [stderr]    Compiling form_urlencoded v1.0.1
[INFO] [stderr]    Compiling standback v0.2.17
[INFO] [stderr]    Compiling unicode-bidi v0.3.6
[INFO] [stderr]    Compiling typenum v1.14.0
[INFO] [stderr]    Compiling copyless v0.1.5
[INFO] [stderr]    Compiling quick-error v1.2.3
[INFO] [stderr]    Compiling rand_core v0.5.1
[INFO] [stderr]    Compiling generic-array v0.14.4
[INFO] [stderr]    Compiling tokio v1.11.0
[INFO] [stderr]    Compiling either v1.6.1
[INFO] [stderr]    Compiling idna v0.2.3
[INFO] [stderr]    Compiling async-trait v0.1.51
[INFO] [stderr]    Compiling httparse v1.5.1
[INFO] [stderr]    Compiling unicode-segmentation v1.8.0
[INFO] [stderr]    Compiling ryu v1.0.5
[INFO] [stderr]    Compiling ppv-lite86 v0.2.10
[INFO] [stderr]    Compiling heck v0.3.3
[INFO] [stderr]    Compiling url v2.2.2
[INFO] [stderr]    Compiling mio v0.7.13
[INFO] [stderr]    Compiling rand_chacha v0.2.2
[INFO] [stderr]    Compiling aho-corasick v0.7.18
[INFO] [stderr]    Compiling match_cfg v0.1.0
[INFO] [stderr]    Compiling regex-syntax v0.6.25
[INFO] [stderr]    Compiling const_fn v0.4.8
[INFO] [stderr]    Compiling crossbeam-utils v0.8.5
[INFO] [stderr]    Compiling rand v0.7.3
[INFO] [stderr]    Compiling hostname v0.3.1
[INFO] [stderr]    Compiling brotli-sys v0.3.2
[INFO] [stderr]    Compiling time v0.2.27
[INFO] [stderr]    Compiling miniz_oxide v0.4.4
[INFO] [stderr]    Compiling crc32fast v1.2.1
[INFO] [stderr]    Compiling openssl v0.10.36
[INFO] [stderr]    Compiling encoding_rs v0.8.28
[INFO] [stderr]    Compiling serde_json v1.0.68
[INFO] [stderr]    Compiling regex v1.5.4
[INFO] [stderr]    Compiling foreign-types-shared v0.1.1
[INFO] [stderr]    Compiling foreign-types v0.3.2
[INFO] [stderr]    Compiling tokio-macros v0.2.6
[INFO] [stderr]    Compiling derive_more v0.99.16
[INFO] [stderr]    Compiling tokio v0.2.25
[INFO] [stderr]    Compiling pin-project v0.4.28
[INFO] [stderr]    Compiling actix-macros v0.1.3
[INFO] [stderr]    Compiling thiserror-impl v1.0.29
[INFO] [stderr]    Compiling actix-threadpool v0.3.3
[INFO] [stderr]    Compiling pin-project-internal v1.0.8
[INFO] [stderr]    Compiling time-macros-impl v0.1.2
[INFO] [stderr]    Compiling enum-as-inner v0.3.3
[INFO] [stderr]    Compiling actix-service v1.0.6
[INFO] [stderr]    Compiling tokio-util v0.3.1
[INFO] [stderr]    Compiling actix-codec v0.3.0
[INFO] [stderr]    Compiling actix-rt v1.1.1
[INFO] [stderr]    Compiling futures-executor v0.3.17
[INFO] [stderr]    Compiling thiserror v1.0.29
[INFO] [stderr]    Compiling time-macros v0.1.1
[INFO] [stderr]    Compiling futures v0.3.17
[INFO] [stderr]    Compiling resolv-conf v0.7.0
[INFO] [stderr]    Compiling actix-utils v2.0.0
[INFO] [stderr]    Compiling trust-dns-proto v0.19.7
[INFO] [stderr]    Compiling pin-project v1.0.8
[INFO] [stderr]    Compiling lru-cache v0.1.2
[INFO] [stderr]    Compiling cookie v0.14.4
[INFO] [stderr]    Compiling memoffset v0.6.4
[INFO] [stderr]    Compiling adler v1.0.2
[INFO] [stderr]    Compiling native-tls v0.2.8
[INFO] [stderr]    Compiling once_cell v1.8.0
[INFO] [stderr]    Compiling trust-dns-resolver v0.19.7
[INFO] [stderr]    Compiling tracing-futures v0.2.5
[INFO] [stderr]    Compiling tokio-util v0.6.8
[INFO] [stderr]    Compiling digest v0.9.0
[INFO] [stderr]    Compiling block-buffer v0.9.0
[INFO] [stderr]    Compiling openssl-probe v0.1.4
[INFO] [stderr]    Compiling crossbeam-epoch v0.9.5
[INFO] [stderr]    Compiling cpufeatures v0.2.1
[INFO] [stderr]    Compiling try-lock v0.2.3
[INFO] [stderr]    Compiling opaque-debug v0.3.0
[INFO] [stderr]    Compiling mime v0.3.16
[INFO] [stderr]    Compiling byteorder v1.4.3
[INFO] [stderr]    Compiling sha-1 v0.9.8
[INFO] [stderr]    Compiling want v0.3.0
[INFO] [stderr]    Compiling fxhash v0.2.1
[INFO] [stderr]    Compiling flate2 v1.0.22
[INFO] [stderr]    Compiling actix-connect v2.0.0
[INFO] [stderr]    Compiling h2 v0.3.4
[INFO] [stderr]    Compiling serde_urlencoded v0.7.0
[INFO] [stderr]    Compiling brotli2 v0.3.2
[INFO] [stderr]    Compiling h2 v0.2.7
[INFO] [stderr]    Compiling http-body v0.4.3
[INFO] [stderr]    Compiling socket2 v0.4.2
[INFO] [stderr]    Compiling socket2 v0.3.19
[INFO] [stderr]    Compiling tower-service v0.3.1
[INFO] [stderr]    Compiling crossbeam-queue v0.3.2
[INFO] [stderr]    Compiling language-tags v0.2.2
[INFO] [stderr]    Compiling httpdate v1.0.1
[INFO] [stderr]    Compiling actix-server v1.0.4
[INFO] [stderr]    Compiling tokio-native-tls v0.3.0
[INFO] [stderr]    Compiling humantime v1.3.0
[INFO] [stderr]    Compiling bytestring v1.0.0
[INFO] [stderr]    Compiling atty v0.2.14
[INFO] [stderr]    Compiling termcolor v1.1.2
[INFO] [stderr]    Compiling actix-router v0.2.7
[INFO] [stderr]    Compiling crossbeam-deque v0.8.1
[INFO] [stderr]    Compiling actix-testing v1.0.1
[INFO] [stderr]    Compiling crossbeam-channel v0.5.1
[INFO] [stderr]    Compiling env_logger v0.7.1
[INFO] [stderr]    Compiling actix-tls v2.0.0
[INFO] [stderr]    Compiling actix-web-codegen v0.4.0
[INFO] [stderr]    Compiling ipnet v2.3.1
[INFO] [stderr]    Compiling dtoa v0.4.8
[INFO] [stderr]    Compiling crossbeam v0.8.1
[INFO] [stderr]    Compiling pretty_env_logger v0.4.0
[INFO] [stderr]    Compiling serde_yaml v0.8.21
[INFO] [stderr]    Compiling toml v0.4.10
[INFO] [stderr]    Compiling actix-http v2.2.1
[INFO] [stderr]    Compiling hyper v0.14.12
[INFO] [stderr]    Compiling awc v2.0.3
[INFO] [stderr]    Compiling actix-web v3.3.2
[INFO] [stderr]    Compiling hyper-tls v0.5.0
[INFO] [stderr]    Compiling reqwest v0.11.4
[INFO] [stderr]    Compiling bgsi v0.1.0 (/opt/rustwide/workdir)
[INFO] [stdout] warning: unused imports: `Display`, `Formatter`
[INFO] [stdout]  --> src/config/receiver.rs:2:16
[INFO] [stdout]   |
[INFO] [stdout] 2 | use std::fmt::{Display, Formatter};
[INFO] [stdout]   |                ^^^^^^^  ^^^^^^^^^
[INFO] [stdout]   |
[INFO] [stdout]   = note: `#[warn(unused_imports)]` on by default
[INFO] [stdout] 
[INFO] [stdout] 
[INFO] [stdout] warning: unused imports: `CustomWebhook`, `Slack`
[INFO] [stdout]  --> src/config/receiver.rs:4:41
[INFO] [stdout]   |
[INFO] [stdout] 4 | use crate::config::receiver::Provider::{Slack, CustomWebhook};
[INFO] [stdout]   |                                         ^^^^^  ^^^^^^^^^^^^^
[INFO] [stdout] 
[INFO] [stdout] 
[INFO] [stdout] warning: unused imports: `Display`, `Formatter`
[INFO] [stdout]  --> src/config/rule.rs:2:16
[INFO] [stdout]   |
[INFO] [stdout] 2 | use std::fmt::{Display, Formatter};
[INFO] [stdout]   |                ^^^^^^^  ^^^^^^^^^
[INFO] [stdout] 
[INFO] [stdout] 
[INFO] [stdout] warning: unused import: `std::io::Read`
[INFO] [stdout]  --> src/handler/mod.rs:1:5
[INFO] [stdout]   |
[INFO] [stdout] 1 | use std::io::Read;
[INFO] [stdout]   |     ^^^^^^^^^^^^^
[INFO] [stdout] 
[INFO] [stdout] 
[INFO] [stdout] warning: unused `#[macro_use]` import
[INFO] [stdout]   --> src/main.rs:10:1
[INFO] [stdout]    |
[INFO] [stdout] 10 | #[macro_use]
[INFO] [stdout]    | ^^^^^^^^^^^^
[INFO] [stdout] 
[INFO] [stdout] 
[INFO] [stdout] warning: unused variable: `name`
[INFO] [stdout]    --> src/config/mod.rs:138:23
[INFO] [stdout]     |
[INFO] [stdout] 138 |             .filter(|(name, rule)| {
[INFO] [stdout]     |                       ^^^^ help: if this is intentional, prefix it with an underscore: `_name`
[INFO] [stdout]     |
[INFO] [stdout]     = note: `#[warn(unused_variables)]` on by default
[INFO] [stdout] 
[INFO] [stdout] 
[INFO] [stdout] warning: unused variable: `name`
[INFO] [stdout]    --> src/config/mod.rs:141:20
[INFO] [stdout]     |
[INFO] [stdout] 141 |             .map(|(name, rule)| {
[INFO] [stdout]     |                    ^^^^ help: if this is intentional, prefix it with an underscore: `_name`
[INFO] [stdout] 
[INFO] [stdout] 
[INFO] [stdout] warning: unused variable: `req`
[INFO] [stdout]   --> src/api_controller.rs:14:27
[INFO] [stdout]    |
[INFO] [stdout] 14 | async fn webhook_incoming(req : HttpRequest, body : web::Bytes, query: web::Query<HashMap<String, String>>) -> impl Responder {
[INFO] [stdout]    |                           ^^^ help: if this is intentional, prefix it with an underscore: `_req`
[INFO] [stdout] 
[INFO] [stdout] 
[INFO] [stdout] warning: unused variable: `val`
[INFO] [stdout]   --> src/api_controller.rs:17:12
[INFO] [stdout]    |
[INFO] [stdout] 17 |         Ok(val) => HttpResponse::Ok().finish(),
[INFO] [stdout]    |            ^^^ help: if this is intentional, prefix it with an underscore: `_val`
[INFO] [stdout] 
[INFO] [stdout] 
[INFO] [stdout] warning: value assigned to `msg` is never read
[INFO] [stdout]    --> src/handler/mod.rs:126:13
[INFO] [stdout]     |
[INFO] [stdout] 126 |     let mut msg = String::new();
[INFO] [stdout]     |             ^^^
[INFO] [stdout]     |
[INFO] [stdout]     = help: maybe it is overwritten before being read?
[INFO] [stdout]     = note: `#[warn(unused_assignments)]` on by default
[INFO] [stdout] 
[INFO] [stdout] 
[INFO] [stdout] warning: variable does not need to be mutable
[INFO] [stdout]   --> src/handler/mod.rs:48:9
[INFO] [stdout]    |
[INFO] [stdout] 48 |     let mut rules = data.get_rules_by_supplier_name(&supplier.name)?;
[INFO] [stdout]    |         ----^^^^^
[INFO] [stdout]    |         |
[INFO] [stdout]    |         help: remove this `mut`
[INFO] [stdout]    |
[INFO] [stdout]    = note: `#[warn(unused_mut)]` on by default
[INFO] [stdout] 
[INFO] [stdout] 
[INFO] [stdout] warning: constant `ENV_PREFIX` is never used
[INFO] [stdout]   --> src/config/mod.rs:16:7
[INFO] [stdout]    |
[INFO] [stdout] 16 | const ENV_PREFIX : &str = "BGSI_";
[INFO] [stdout]    |       ^^^^^^^^^^
[INFO] [stdout]    |
[INFO] [stdout]    = note: `#[warn(dead_code)]` on by default
[INFO] [stdout] 
[INFO] [stdout] 
[INFO] [stdout] warning: function `load_conf_from_yaml` is never used
[INFO] [stdout]    --> src/config/mod.rs:166:4
[INFO] [stdout]     |
[INFO] [stdout] 166 | fn load_conf_from_yaml<T>(data : &[u8]) -> STResult<T> where T : DeserializeOwned {
[INFO] [stdout]     |    ^^^^^^^^^^^^^^^^^^^
[INFO] [stdout] 
[INFO] [stdout] 
[INFO] [stdout] warning: associated function `load_rules` is never used
[INFO] [stdout]   --> src/config/mod.rs:43:12
[INFO] [stdout]    |
[INFO] [stdout] 43 |     pub fn load_rules() -> STResult<Vec<Rule>> {
[INFO] [stdout]    |            ^^^^^^^^^^
[INFO] [stdout] 
[INFO] [stdout] 
[INFO] [stdout] warning: associated function `load_receivers` is never used
[INFO] [stdout]   --> src/config/mod.rs:47:12
[INFO] [stdout]    |
[INFO] [stdout] 47 |     pub fn load_receivers() -> STResult<Vec<Receiver>> {
[INFO] [stdout]    |            ^^^^^^^^^^^^^^
[INFO] [stdout] 
[INFO] [stdout] 
[INFO] [stdout] warning: associated function `load_suppliers` is never used
[INFO] [stdout]   --> src/config/mod.rs:51:12
[INFO] [stdout]    |
[INFO] [stdout] 51 |     pub fn load_suppliers() -> STResult<Vec<Supplier>> {
[INFO] [stdout]    |            ^^^^^^^^^^^^^^
[INFO] [stdout] 
[INFO] [stdout] 
[INFO] [stdout] warning: method `load_envs` is never used
[INFO] [stdout]   --> src/config/mod.rs:55:8
[INFO] [stdout]    |
[INFO] [stdout] 55 |     fn load_envs(&mut self) {
[INFO] [stdout]    |        ^^^^^^^^^
[INFO] [stdout] 
[INFO] [stdout] 
[INFO] [stdout] warning: associated function `retrieve_env` is never used
[INFO] [stdout]   --> src/config/mod.rs:64:8
[INFO] [stdout]    |
[INFO] [stdout] 64 |     fn retrieve_env(val : &str) -> Option<String> {
[INFO] [stdout]    |        ^^^^^^^^^^^^
[INFO] [stdout] 
[INFO] [stdout] 
[INFO] [stdout] warning: associated function `new_from_bytes` is never used
[INFO] [stdout]    --> src/config/mod.rs:103:12
[INFO] [stdout]     |
[INFO] [stdout] 103 |     pub fn new_from_bytes(rules : &[u8], receivers : &[u8], suppliers : &[u8]) -> Self {
[INFO] [stdout]     |            ^^^^^^^^^^^^^^
[INFO] [stdout] 
[INFO] [stdout] 
[INFO] [stdout] warning: type alias `SendSync` is never used
[INFO] [stdout]  --> src/model/mod.rs:5:10
[INFO] [stdout]   |
[INFO] [stdout] 5 | pub type SendSync<T> = Arc<crossbeam::sync::ShardedLock<T>>;
[INFO] [stdout]   |          ^^^^^^^^
[INFO] [stdout] 
[INFO] [stdout] 
[INFO] [stdout] warning: variants `Unknown`, `NoSuchProvider`, `NoHandler`, `HandlerNoResponse`, `GitRefNotFound`, and `HandlerErr` are never constructed
[INFO] [stdout]   --> src/model/mod.rs:11:5
[INFO] [stdout]    |
[INFO] [stdout] 10 | pub enum STError {
[INFO] [stdout]    |          ------- variants in this enum
[INFO] [stdout] 11 |     Unknown(Box<dyn Error + Send>),
[INFO] [stdout]    |     ^^^^^^^
[INFO] [stdout] 12 |     NoSuchProvider,
[INFO] [stdout]    |     ^^^^^^^^^^^^^^
[INFO] [stdout] 13 |     NoHandler,
[INFO] [stdout]    |     ^^^^^^^^^
[INFO] [stdout] ...
[INFO] [stdout] 16 |     HandlerNoResponse,
[INFO] [stdout]    |     ^^^^^^^^^^^^^^^^^
[INFO] [stdout] 17 |     GitRefNotFound,
[INFO] [stdout]    |     ^^^^^^^^^^^^^^
[INFO] [stdout] 18 |     HandlerErr(String),
[INFO] [stdout]    |     ^^^^^^^^^^
[INFO] [stdout]    |
[INFO] [stdout]    = note: `STError` has a derived impl for the trait `Debug`, but this is intentionally ignored during dead code analysis
[INFO] [stdout] 
[INFO] [stdout] 
[INFO] [stdout] warning: associated function `from_string` is never used
[INFO] [stdout]   --> src/model/github_push.rs:11:12
[INFO] [stdout]    |
[INFO] [stdout] 11 |     pub fn from_string(val : String) -> STResult<Self> {
[INFO] [stdout]    |            ^^^^^^^^^^^
[INFO] [stdout] 
[INFO] [stdout] 
[INFO] [stdout] warning: struct `GitHubWebhook` is never constructed
[INFO] [stdout]   --> src/handler/mod.rs:26:12
[INFO] [stdout]    |
[INFO] [stdout] 26 | pub struct GitHubWebhook {
[INFO] [stdout]    |            ^^^^^^^^^^^^^
[INFO] [stdout] 
[INFO] [stdout] 
[INFO] [stdout] warning: function `handle_slack` is never used
[INFO] [stdout]    --> src/handler/mod.rs:160:4
[INFO] [stdout]     |
[INFO] [stdout] 160 | fn handle_slack() {
[INFO] [stdout]     |    ^^^^^^^^^^^^
[INFO] [stdout] 
[INFO] [stdout] 
[INFO] [stdout] warning: associated function `new` is never used
[INFO] [stdout]   --> src/handler/mod.rs:30:12
[INFO] [stdout]    |
[INFO] [stdout] 30 |     pub fn new() -> Self {
[INFO] [stdout]    |            ^^^
[INFO] [stdout] 
[INFO] [stdout] 
[INFO] [stdout] warning: variable `_Err` should have a snake case name
[INFO] [stdout]   --> src/config/mod.rs:67:13
[INFO] [stdout]    |
[INFO] [stdout] 67 |             _Err => None
[INFO] [stdout]    |             ^^^^ help: convert the identifier to snake case: `_err`
[INFO] [stdout]    |
[INFO] [stdout]    = note: `#[warn(non_snake_case)]` on by default
[INFO] [stdout] 
[INFO] [stdout] 
[INFO] [stdout] warning: unused `Result` that must be used
[INFO] [stdout]   --> src/server.rs:16:5
[INFO] [stdout]    |
[INFO] [stdout] 16 | /     HttpServer::new(move || App::new()
[INFO] [stdout] 17 | |         .service(crate::api_controller::scope().wrap(ServerDefaults)))
[INFO] [stdout] 18 | |         .bind(listening_address).unwrap()
[INFO] [stdout] 19 | |         .run()
[INFO] [stdout] 20 | |         .await;
[INFO] [stdout]    | |______________^
[INFO] [stdout]    |
[INFO] [stdout]    = note: this `Result` may be an `Err` variant, which should be handled
[INFO] [stdout]    = note: `#[warn(unused_must_use)]` on by default
[INFO] [stdout] 
[INFO] [stdout] 
[INFO] [stdout] warning: 27 warnings emitted
[INFO] [stdout] 
[INFO] [stdout] 
[INFO] [stderr]     Finished dev [unoptimized + debuginfo] target(s) in 1m 00s
[INFO] running `Command { std: "docker" "inspect" "4e9b7d60eb6484b160e5d7977233e87890d23a3cf1263cd48905829a9008f314", kill_on_drop: false }`
[INFO] running `Command { std: "docker" "rm" "-f" "4e9b7d60eb6484b160e5d7977233e87890d23a3cf1263cd48905829a9008f314", kill_on_drop: false }`
[INFO] [stdout] 4e9b7d60eb6484b160e5d7977233e87890d23a3cf1263cd48905829a9008f314
[INFO] running `Command { std: "docker" "create" "-v" "/var/lib/crater-agent-workspace/builds/worker-3-tc1/target:/opt/rustwide/target:rw,Z" "-v" "/var/lib/crater-agent-workspace/builds/worker-3-tc1/source:/opt/rustwide/workdir:ro,Z" "-v" "/var/lib/crater-agent-workspace/cargo-home:/opt/rustwide/cargo-home:ro,Z" "-v" "/var/lib/crater-agent-workspace/rustup-home:/opt/rustwide/rustup-home:ro,Z" "-e" "SOURCE_DIR=/opt/rustwide/workdir" "-e" "CARGO_TARGET_DIR=/opt/rustwide/target" "-e" "CARGO_INCREMENTAL=0" "-e" "RUST_BACKTRACE=full" "-e" "RUSTFLAGS=--cap-lints=warn" "-e" "RUSTDOCFLAGS=--cap-lints=warn" "-e" "CARGO_HOME=/opt/rustwide/cargo-home" "-e" "RUSTUP_HOME=/opt/rustwide/rustup-home" "-w" "/opt/rustwide/workdir" "-m" "1610612736" "--user" "0:0" "--network" "none" "ghcr.io/rust-lang/crates-build-env/linux@sha256:5ff2268d62e97bff2cde7d5815dd6ed5b47097566f13b8d0ca110b04b60e07ed" "/opt/rustwide/cargo-home/bin/cargo" "+1.69.0" "test" "--frozen" "--no-run" "--message-format=json", kill_on_drop: false }`
[INFO] [stdout] 49c66aab23da10c5d3a581909211eef50fcde015351a24cfdca28b7f00f9a396
[INFO] running `Command { std: "docker" "start" "-a" "49c66aab23da10c5d3a581909211eef50fcde015351a24cfdca28b7f00f9a396", kill_on_drop: false }`
[INFO] [stderr]    Compiling bgsi v0.1.0 (/opt/rustwide/workdir)
[INFO] [stdout] warning: unused imports: `Display`, `Formatter`
[INFO] [stdout]  --> src/config/receiver.rs:2:16
[INFO] [stdout]   |
[INFO] [stdout] 2 | use std::fmt::{Display, Formatter};
[INFO] [stdout]   |                ^^^^^^^  ^^^^^^^^^
[INFO] [stdout]   |
[INFO] [stdout]   = note: `#[warn(unused_imports)]` on by default
[INFO] [stdout] 
[INFO] [stdout] 
[INFO] [stdout] warning: unused imports: `CustomWebhook`, `Slack`
[INFO] [stdout]  --> src/config/receiver.rs:4:41
[INFO] [stdout]   |
[INFO] [stdout] 4 | use crate::config::receiver::Provider::{Slack, CustomWebhook};
[INFO] [stdout]   |                                         ^^^^^  ^^^^^^^^^^^^^
[INFO] [stdout] 
[INFO] [stdout] 
[INFO] [stdout] warning: unused imports: `Display`, `Formatter`
[INFO] [stdout]  --> src/config/rule.rs:2:16
[INFO] [stdout]   |
[INFO] [stdout] 2 | use std::fmt::{Display, Formatter};
[INFO] [stdout]   |                ^^^^^^^  ^^^^^^^^^
[INFO] [stdout] 
[INFO] [stdout] 
[INFO] [stdout] warning: unused import: `std::io::Read`
[INFO] [stdout]  --> src/handler/mod.rs:1:5
[INFO] [stdout]   |
[INFO] [stdout] 1 | use std::io::Read;
[INFO] [stdout]   |     ^^^^^^^^^^^^^
[INFO] [stdout] 
[INFO] [stdout] 
[INFO] [stdout] warning: unused `#[macro_use]` import
[INFO] [stdout]   --> src/main.rs:10:1
[INFO] [stdout]    |
[INFO] [stdout] 10 | #[macro_use]
[INFO] [stdout]    | ^^^^^^^^^^^^
[INFO] [stdout] 
[INFO] [stdout] 
[INFO] [stdout] error[E0308]: mismatched types
[INFO] [stdout]   --> src/test/handler_test.rs:9:23
[INFO] [stdout]    |
[INFO] [stdout] 9  |     let resp = handle("placeholder".to_owned(), data, GITHUB_PUSH_WEBHOOK_PAYLOAD_1_NEW_COMMIT.to_string().into_bytes()).unwrap();
[INFO] [stdout]    |                ------ ^^^^^^^^^^^^^^^^^^^^^^^^ expected `Option<&String>`, found `String`
[INFO] [stdout]    |                |
[INFO] [stdout]    |                arguments to this function are incorrect
[INFO] [stdout]    |
[INFO] [stdout]    = note: expected enum `std::option::Option<&std::string::String>`
[INFO] [stdout]             found struct `std::string::String`
[INFO] [stdout] note: function defined here
[INFO] [stdout]   --> src/handler/mod.rs:43:8
[INFO] [stdout]    |
[INFO] [stdout] 43 | pub fn handle(secret : Option<&String>, data : Arc<Data>, webhook_payload : Vec<u8>) -> STResult<HandleResult> {
[INFO] [stdout]    |        ^^^^^^ ------------------------
[INFO] [stdout] 
[INFO] [stdout] 
[INFO] [stdout] error[E0308]: mismatched types
[INFO] [stdout]   --> src/test/handler_test.rs:17:23
[INFO] [stdout]    |
[INFO] [stdout] 17 |     let resp = handle("placeholder".to_owned(), data, GITHUB_PUSH_WEBHOOK_PAYLOAD_2_NEW_COMMITS.to_string().into_bytes()).unwrap();
[INFO] [stdout]    |                ------ ^^^^^^^^^^^^^^^^^^^^^^^^ expected `Option<&String>`, found `String`
[INFO] [stdout]    |                |
[INFO] [stdout]    |                arguments to this function are incorrect
[INFO] [stdout]    |
[INFO] [stdout]    = note: expected enum `std::option::Option<&std::string::String>`
[INFO] [stdout]             found struct `std::string::String`
[INFO] [stdout] note: function defined here
[INFO] [stdout]   --> src/handler/mod.rs:43:8
[INFO] [stdout]    |
[INFO] [stdout] 43 | pub fn handle(secret : Option<&String>, data : Arc<Data>, webhook_payload : Vec<u8>) -> STResult<HandleResult> {
[INFO] [stdout]    |        ^^^^^^ ------------------------
[INFO] [stdout] 
[INFO] [stdout] 
[INFO] [stdout] error[E0308]: mismatched types
[INFO] [stdout]   --> src/test/handler_test.rs:25:23
[INFO] [stdout]    |
[INFO] [stdout] 25 |     let resp = handle("placeholder".to_owned(), data, GITHUB_PUSH_WEBHOOK_PAYLOAD.to_string().into_bytes()).unwrap();
[INFO] [stdout]    |                ------ ^^^^^^^^^^^^^^^^^^^^^^^^ expected `Option<&String>`, found `String`
[INFO] [stdout]    |                |
[INFO] [stdout]    |                arguments to this function are incorrect
[INFO] [stdout]    |
[INFO] [stdout]    = note: expected enum `std::option::Option<&std::string::String>`
[INFO] [stdout]             found struct `std::string::String`
[INFO] [stdout] note: function defined here
[INFO] [stdout]   --> src/handler/mod.rs:43:8
[INFO] [stdout]    |
[INFO] [stdout] 43 | pub fn handle(secret : Option<&String>, data : Arc<Data>, webhook_payload : Vec<u8>) -> STResult<HandleResult> {
[INFO] [stdout]    |        ^^^^^^ ------------------------
[INFO] [stdout] 
[INFO] [stdout] 
[INFO] [stdout] error: aborting due to 3 previous errors; 5 warnings emitted
[INFO] [stdout] 
[INFO] [stdout] 
[INFO] [stdout] For more information about this error, try `rustc --explain E0308`.
[INFO] [stdout] 
[INFO] [stderr] error: could not compile `bgsi` due to 4 previous errors; 5 warnings emitted
[INFO] running `Command { std: "docker" "inspect" "49c66aab23da10c5d3a581909211eef50fcde015351a24cfdca28b7f00f9a396", kill_on_drop: false }`
[INFO] running `Command { std: "docker" "rm" "-f" "49c66aab23da10c5d3a581909211eef50fcde015351a24cfdca28b7f00f9a396", kill_on_drop: false }`
[INFO] [stdout] 49c66aab23da10c5d3a581909211eef50fcde015351a24cfdca28b7f00f9a396
