[INFO] cloning repository https://github.com/S1nus/ghostmates-common
[INFO] running `Command { std: "git" "-c" "credential.helper=" "-c" "credential.helper=/workspace/cargo-home/bin/git-credential-null" "clone" "--bare" "https://github.com/S1nus/ghostmates-common" "/workspace/cache/git-repos/https%3A%2F%2Fgithub.com%2FS1nus%2Fghostmates-common", kill_on_drop: false }`
[INFO] [stderr] Cloning into bare repository '/workspace/cache/git-repos/https%3A%2F%2Fgithub.com%2FS1nus%2Fghostmates-common'...
[INFO] running `Command { std: "git" "rev-parse" "HEAD", kill_on_drop: false }`
[INFO] [stdout] a1cce3a7c5c15e6fc6a244d2ffd7c933ad39d3c7
[INFO] testing S1nus/ghostmates-common against beta-2023-04-20 for beta-1.70-1
[INFO] running `Command { std: "git" "clone" "/workspace/cache/git-repos/https%3A%2F%2Fgithub.com%2FS1nus%2Fghostmates-common" "/workspace/builds/worker-4-tc2/source", kill_on_drop: false }`
[INFO] [stderr] Cloning into '/workspace/builds/worker-4-tc2/source'...
[INFO] [stderr] done.
[INFO] validating manifest of git repo https://github.com/S1nus/ghostmates-common on toolchain beta-2023-04-20
[INFO] running `Command { std: CARGO_HOME="/workspace/cargo-home" RUSTUP_HOME="/workspace/rustup-home" "/workspace/cargo-home/bin/cargo" "+beta-2023-04-20" "metadata" "--manifest-path" "Cargo.toml" "--no-deps", kill_on_drop: false }`
[INFO] started tweaking git repo https://github.com/S1nus/ghostmates-common
[INFO] finished tweaking git repo https://github.com/S1nus/ghostmates-common
[INFO] tweaked toml for git repo https://github.com/S1nus/ghostmates-common written to /workspace/builds/worker-4-tc2/source/Cargo.toml
[INFO] crate git repo https://github.com/S1nus/ghostmates-common already has a lockfile, it will not be regenerated
[INFO] running `Command { std: CARGO_HOME="/workspace/cargo-home" RUSTUP_HOME="/workspace/rustup-home" "/workspace/cargo-home/bin/cargo" "+beta-2023-04-20" "fetch" "--manifest-path" "Cargo.toml", kill_on_drop: false }`
[INFO] [stderr]     Updating crates.io index
[INFO] [stderr]  Downloading crates ...
[INFO] [stderr]   Downloaded wasm-bindgen-futures v0.4.26
[INFO] [stderr]   Downloaded paillier v0.2.0
[INFO] [stderr]   Downloaded threshold-secret-sharing v0.2.2
[INFO] running `Command { std: "docker" "create" "-v" "/var/lib/crater-agent-workspace/builds/worker-4-tc2/target:/opt/rustwide/target:rw,Z" "-v" "/var/lib/crater-agent-workspace/builds/worker-4-tc2/source:/opt/rustwide/workdir:ro,Z" "-v" "/var/lib/crater-agent-workspace/cargo-home:/opt/rustwide/cargo-home:ro,Z" "-v" "/var/lib/crater-agent-workspace/rustup-home:/opt/rustwide/rustup-home:ro,Z" "-e" "SOURCE_DIR=/opt/rustwide/workdir" "-e" "CARGO_TARGET_DIR=/opt/rustwide/target" "-e" "CARGO_HOME=/opt/rustwide/cargo-home" "-e" "RUSTUP_HOME=/opt/rustwide/rustup-home" "-w" "/opt/rustwide/workdir" "-m" "1610612736" "--user" "0:0" "--network" "none" "ghcr.io/rust-lang/crates-build-env/linux@sha256:5ff2268d62e97bff2cde7d5815dd6ed5b47097566f13b8d0ca110b04b60e07ed" "/opt/rustwide/cargo-home/bin/cargo" "+beta-2023-04-20" "metadata" "--no-deps" "--format-version=1", kill_on_drop: false }`
[INFO] [stdout] 2cdbe30b7f55856a37aa71fb41a3dc7f0eaf57cef3376c68019bf0029c41a921
[INFO] running `Command { std: "docker" "start" "-a" "2cdbe30b7f55856a37aa71fb41a3dc7f0eaf57cef3376c68019bf0029c41a921", kill_on_drop: false }`
[INFO] running `Command { std: "docker" "inspect" "2cdbe30b7f55856a37aa71fb41a3dc7f0eaf57cef3376c68019bf0029c41a921", kill_on_drop: false }`
[INFO] running `Command { std: "docker" "rm" "-f" "2cdbe30b7f55856a37aa71fb41a3dc7f0eaf57cef3376c68019bf0029c41a921", kill_on_drop: false }`
[INFO] [stdout] 2cdbe30b7f55856a37aa71fb41a3dc7f0eaf57cef3376c68019bf0029c41a921
[INFO] running `Command { std: "docker" "create" "-v" "/var/lib/crater-agent-workspace/builds/worker-4-tc2/target:/opt/rustwide/target:rw,Z" "-v" "/var/lib/crater-agent-workspace/builds/worker-4-tc2/source:/opt/rustwide/workdir:ro,Z" "-v" "/var/lib/crater-agent-workspace/cargo-home:/opt/rustwide/cargo-home:ro,Z" "-v" "/var/lib/crater-agent-workspace/rustup-home:/opt/rustwide/rustup-home:ro,Z" "-e" "SOURCE_DIR=/opt/rustwide/workdir" "-e" "CARGO_TARGET_DIR=/opt/rustwide/target" "-e" "CARGO_INCREMENTAL=0" "-e" "RUST_BACKTRACE=full" "-e" "RUSTFLAGS=--cap-lints=warn" "-e" "RUSTDOCFLAGS=--cap-lints=warn" "-e" "CARGO_HOME=/opt/rustwide/cargo-home" "-e" "RUSTUP_HOME=/opt/rustwide/rustup-home" "-w" "/opt/rustwide/workdir" "-m" "1610612736" "--user" "0:0" "--network" "none" "ghcr.io/rust-lang/crates-build-env/linux@sha256:5ff2268d62e97bff2cde7d5815dd6ed5b47097566f13b8d0ca110b04b60e07ed" "/opt/rustwide/cargo-home/bin/cargo" "+beta-2023-04-20" "build" "--frozen" "--message-format=json", kill_on_drop: false }`
[INFO] [stdout] f10ba19a7021943353be38711a79181d2230789f85b9381c8c70f0a40b3a94a0
[INFO] running `Command { std: "docker" "start" "-a" "f10ba19a7021943353be38711a79181d2230789f85b9381c8c70f0a40b3a94a0", kill_on_drop: false }`
[INFO] [stderr]     Blocking waiting for file lock on package cache
[INFO] [stderr]    Compiling autocfg v1.0.1
[INFO] [stderr]    Compiling proc-macro2 v1.0.28
[INFO] [stderr]    Compiling unicode-xid v0.2.2
[INFO] [stderr]    Compiling syn v1.0.74
[INFO] [stderr]    Compiling libc v0.2.99
[INFO] [stderr]    Compiling futures-core v0.3.16
[INFO] [stderr]    Compiling cfg-if v1.0.0
[INFO] [stderr]    Compiling memchr v2.4.1
[INFO] [stderr]    Compiling pin-project-lite v0.2.7
[INFO] [stderr]    Compiling futures-io v0.3.16
[INFO] [stderr]    Compiling lazy_static v1.4.0
[INFO] [stderr]    Compiling crossbeam-utils v0.8.5
[INFO] [stderr]    Compiling version_check v0.9.3
[INFO] [stderr]    Compiling slab v0.4.4
[INFO] [stderr]    Compiling cc v1.0.69
[INFO] [stderr]    Compiling memoffset v0.6.5
[INFO] [stderr]    Compiling cache-padded v1.1.1
[INFO] [stderr]    Compiling log v0.4.14
[INFO] [stderr]    Compiling proc-macro-hack v0.5.19
[INFO] [stderr]    Compiling value-bag v1.0.0-alpha.7
[INFO] [stderr]    Compiling quote v1.0.9
[INFO] [stderr]    Compiling concurrent-queue v1.2.2
[INFO] [stderr]    Compiling futures-macro v0.3.16
[INFO] [stderr]    Compiling futures-task v0.3.16
[INFO] [stderr]    Compiling waker-fn v1.1.0
[INFO] [stderr]    Compiling crossbeam-epoch v0.9.5
[INFO] [stderr]    Compiling fastrand v1.5.0
[INFO] [stderr]    Compiling proc-macro-nested v0.1.7
[INFO] [stderr]    Compiling event-listener v2.5.1
[INFO] [stderr]    Compiling parking v2.0.0
[INFO] [stderr]    Compiling futures-channel v0.3.16
[INFO] [stderr]    Compiling futures-lite v1.12.0
[INFO] [stderr]    Compiling num_cpus v1.13.0
[INFO] [stderr]    Compiling futures-util v0.3.16
[INFO] [stderr]    Compiling num-traits v0.2.14
[INFO] [stderr]    Compiling scopeguard v1.1.0
[INFO] [stderr]    Compiling same-file v1.0.6
[INFO] [stderr]    Compiling pin-utils v0.1.0
[INFO] [stderr]    Compiling once_cell v1.8.0
[INFO] [stderr]    Compiling serde_derive v1.0.129
[INFO] [stderr]    Compiling futures-sink v0.3.16
[INFO] [stderr]    Compiling rayon-core v1.9.1
[INFO] [stderr]    Compiling walkdir v2.3.2
[INFO] [stderr]    Compiling pin-project-internal v0.4.28
[INFO] [stderr]    Compiling pkg-config v0.3.19
[INFO] [stderr]    Compiling serde v1.0.129
[INFO] [stderr]    Compiling async-task v4.0.3
[INFO] [stderr]    Compiling crossbeam-deque v0.8.1
[INFO] [stderr]    Compiling ring v0.13.5
[INFO] [stderr]    Compiling async-channel v1.6.1
[INFO] [stderr]    Compiling socket2 v0.4.1
[INFO] [stderr]    Compiling crossbeam-channel v0.5.1
[INFO] [stderr]    Compiling rayon v1.5.1
[INFO] [stderr]    Compiling rand_core v0.4.2
[INFO] [stderr]    Compiling libsodium-sys v0.2.7
[INFO] [stderr]    Compiling atomic-waker v1.0.0
[INFO] [stderr]    Compiling blocking v1.0.2
[INFO] [stderr]    Compiling num-traits v0.1.43
[INFO] [stderr]    Compiling rand_core v0.3.1
[INFO] [stderr]    Compiling async-executor v1.4.1
[INFO] [stderr]    Compiling async-mutex v1.4.0
[INFO] [stderr]    Compiling rand v0.4.6
[INFO] [stderr]    Compiling either v1.6.1
[INFO] [stderr]    Compiling untrusted v0.6.2
[INFO] [stderr]    Compiling signature v1.3.1
[INFO] [stderr]    Compiling ed25519 v1.2.0
[INFO] [stderr]    Compiling rand v0.5.6
[INFO] [stderr]    Compiling rust-gmp v0.5.0
[INFO] [stderr]    Compiling rand v0.3.23
[INFO] [stderr]    Compiling async-lock v2.4.0
[INFO] [stderr]    Compiling bit-vec v0.5.1
[INFO] [stderr]    Compiling bytes v0.5.6
[INFO] [stderr]    Compiling threshold-secret-sharing v0.2.2
[INFO] [stderr]    Compiling arrayvec v0.7.2
[INFO] [stderr]    Compiling ctor v0.1.20
[INFO] [stderr]    Compiling polling v2.1.0
[INFO] [stderr]    Compiling kv-log-macro v1.0.7
[INFO] [stderr]    Compiling async-io v1.6.0
[INFO] [stderr]    Compiling pin-project v0.4.28
[INFO] [stderr]    Compiling async-global-executor v2.0.2
[INFO] [stderr]    Compiling async-std v1.9.0
[INFO] [stderr]    Compiling futures-executor v0.3.16
[INFO] [stderr]    Compiling futures v0.3.16
[INFO] [stderr]    Compiling futures_codec v0.4.1
[INFO] [stderr]    Compiling paillier v0.2.0
[INFO] [stdout] error[E0554]: `#![feature]` may not be used on the beta release channel
[INFO] [stdout]  --> /opt/rustwide/cargo-home/registry/src/index.crates.io-6f17d22bba15001f/paillier-0.2.0/src/lib.rs:1:1
[INFO] [stdout]   |
[INFO] [stdout] 1 | #![feature(test)]
[INFO] [stdout]   | ^^^^^^^^^^^^^^^^^
[INFO] [stdout] 
[INFO] [stdout] 
[INFO] [stdout] error[E0554]: `#![feature]` may not be used on the beta release channel
[INFO] [stdout]  --> /opt/rustwide/cargo-home/registry/src/index.crates.io-6f17d22bba15001f/paillier-0.2.0/src/lib.rs:2:1
[INFO] [stdout]   |
[INFO] [stdout] 2 | #![feature(specialization)]
[INFO] [stdout]   | ^^^^^^^^^^^^^^^^^^^^^^^^^^^
[INFO] [stdout] 
[INFO] [stdout] 
[INFO] [stdout] error[E0554]: `#![feature]` may not be used on the beta release channel
[INFO] [stdout]  --> /opt/rustwide/cargo-home/registry/src/index.crates.io-6f17d22bba15001f/paillier-0.2.0/src/lib.rs:1:12
[INFO] [stdout]   |
[INFO] [stdout] 1 | #![feature(test)]
[INFO] [stdout]   |            ^^^^
[INFO] [stdout] 
[INFO] [stdout] 
[INFO] [stdout] error: aborting due to 3 previous errors
[INFO] [stdout] 
[INFO] [stdout] 
[INFO] [stdout] For more information about this error, try `rustc --explain E0554`.
[INFO] [stdout] 
[INFO] [stderr] error: could not compile `paillier` (lib) due to 4 previous errors
[INFO] [stderr] warning: build failed, waiting for other jobs to finish...
[INFO] running `Command { std: "docker" "inspect" "f10ba19a7021943353be38711a79181d2230789f85b9381c8c70f0a40b3a94a0", kill_on_drop: false }`
[INFO] running `Command { std: "docker" "rm" "-f" "f10ba19a7021943353be38711a79181d2230789f85b9381c8c70f0a40b3a94a0", kill_on_drop: false }`
[INFO] [stdout] f10ba19a7021943353be38711a79181d2230789f85b9381c8c70f0a40b3a94a0
