[INFO] cloning repository https://github.com/RutgerMoons/ggez_snake
[INFO] running `Command { std: "git" "-c" "credential.helper=" "-c" "credential.helper=/workspace/cargo-home/bin/git-credential-null" "clone" "--bare" "https://github.com/RutgerMoons/ggez_snake" "/workspace/cache/git-repos/https%3A%2F%2Fgithub.com%2FRutgerMoons%2Fggez_snake", kill_on_drop: false }`
[INFO] [stderr] Cloning into bare repository '/workspace/cache/git-repos/https%3A%2F%2Fgithub.com%2FRutgerMoons%2Fggez_snake'...
[INFO] running `Command { std: "git" "rev-parse" "HEAD", kill_on_drop: false }`
[INFO] [stdout] ad99eeae2fb02e0beb29fa86ccac128541f83c99
[INFO] testing RutgerMoons/ggez_snake against beta-2023-04-20 for beta-1.70-1
[INFO] running `Command { std: "git" "clone" "/workspace/cache/git-repos/https%3A%2F%2Fgithub.com%2FRutgerMoons%2Fggez_snake" "/workspace/builds/worker-2-tc2/source", kill_on_drop: false }`
[INFO] [stderr] Cloning into '/workspace/builds/worker-2-tc2/source'...
[INFO] [stderr] done.
[INFO] validating manifest of git repo https://github.com/RutgerMoons/ggez_snake on toolchain beta-2023-04-20
[INFO] running `Command { std: CARGO_HOME="/workspace/cargo-home" RUSTUP_HOME="/workspace/rustup-home" "/workspace/cargo-home/bin/cargo" "+beta-2023-04-20" "metadata" "--manifest-path" "Cargo.toml" "--no-deps", kill_on_drop: false }`
[INFO] started tweaking git repo https://github.com/RutgerMoons/ggez_snake
[INFO] finished tweaking git repo https://github.com/RutgerMoons/ggez_snake
[INFO] tweaked toml for git repo https://github.com/RutgerMoons/ggez_snake written to /workspace/builds/worker-2-tc2/source/Cargo.toml
[INFO] crate git repo https://github.com/RutgerMoons/ggez_snake already has a lockfile, it will not be regenerated
[INFO] running `Command { std: CARGO_HOME="/workspace/cargo-home" RUSTUP_HOME="/workspace/rustup-home" "/workspace/cargo-home/bin/cargo" "+beta-2023-04-20" "fetch" "--manifest-path" "Cargo.toml", kill_on_drop: false }`
[INFO] [stderr]  Downloading crates ...
[INFO] [stderr]   Downloaded gilrs-core v0.2.5
[INFO] [stderr]   Downloaded bzip2-sys v0.1.8+1.0.8
[INFO] running `Command { std: "docker" "create" "-v" "/var/lib/crater-agent-workspace/builds/worker-2-tc2/target:/opt/rustwide/target:rw,Z" "-v" "/var/lib/crater-agent-workspace/builds/worker-2-tc2/source:/opt/rustwide/workdir:ro,Z" "-v" "/var/lib/crater-agent-workspace/cargo-home:/opt/rustwide/cargo-home:ro,Z" "-v" "/var/lib/crater-agent-workspace/rustup-home:/opt/rustwide/rustup-home:ro,Z" "-e" "SOURCE_DIR=/opt/rustwide/workdir" "-e" "CARGO_TARGET_DIR=/opt/rustwide/target" "-e" "CARGO_HOME=/opt/rustwide/cargo-home" "-e" "RUSTUP_HOME=/opt/rustwide/rustup-home" "-w" "/opt/rustwide/workdir" "-m" "1610612736" "--user" "0:0" "--network" "none" "ghcr.io/rust-lang/crates-build-env/linux@sha256:97d61d7686bf65f8ecb15491ab51835e82dc9176a96a831f143a431b191fc501" "/opt/rustwide/cargo-home/bin/cargo" "+beta-2023-04-20" "metadata" "--no-deps" "--format-version=1", kill_on_drop: false }`
[INFO] [stdout] b10b1b4480ae303d007174f6dba90c8a2375527865a2a8cb2eed86a358076236
[INFO] running `Command { std: "docker" "start" "-a" "b10b1b4480ae303d007174f6dba90c8a2375527865a2a8cb2eed86a358076236", kill_on_drop: false }`
[INFO] running `Command { std: "docker" "inspect" "b10b1b4480ae303d007174f6dba90c8a2375527865a2a8cb2eed86a358076236", kill_on_drop: false }`
[INFO] running `Command { std: "docker" "rm" "-f" "b10b1b4480ae303d007174f6dba90c8a2375527865a2a8cb2eed86a358076236", kill_on_drop: false }`
[INFO] [stdout] b10b1b4480ae303d007174f6dba90c8a2375527865a2a8cb2eed86a358076236
[INFO] running `Command { std: "docker" "create" "-v" "/var/lib/crater-agent-workspace/builds/worker-2-tc2/target:/opt/rustwide/target:rw,Z" "-v" "/var/lib/crater-agent-workspace/builds/worker-2-tc2/source:/opt/rustwide/workdir:ro,Z" "-v" "/var/lib/crater-agent-workspace/cargo-home:/opt/rustwide/cargo-home:ro,Z" "-v" "/var/lib/crater-agent-workspace/rustup-home:/opt/rustwide/rustup-home:ro,Z" "-e" "SOURCE_DIR=/opt/rustwide/workdir" "-e" "CARGO_TARGET_DIR=/opt/rustwide/target" "-e" "CARGO_INCREMENTAL=0" "-e" "RUST_BACKTRACE=full" "-e" "RUSTFLAGS=--cap-lints=warn" "-e" "RUSTDOCFLAGS=--cap-lints=warn" "-e" "CARGO_HOME=/opt/rustwide/cargo-home" "-e" "RUSTUP_HOME=/opt/rustwide/rustup-home" "-w" "/opt/rustwide/workdir" "-m" "1610612736" "--user" "0:0" "--network" "none" "ghcr.io/rust-lang/crates-build-env/linux@sha256:97d61d7686bf65f8ecb15491ab51835e82dc9176a96a831f143a431b191fc501" "/opt/rustwide/cargo-home/bin/cargo" "+beta-2023-04-20" "build" "--frozen" "--message-format=json", kill_on_drop: false }`
[INFO] [stdout] 9ece63c55431cad171b60e620dff350fec7a61ac58923c2f332943c816bc3aec
[INFO] running `Command { std: "docker" "start" "-a" "9ece63c55431cad171b60e620dff350fec7a61ac58923c2f332943c816bc3aec", kill_on_drop: false }`
[INFO] [stderr]    Compiling libc v0.2.68
[INFO] [stderr]    Compiling cfg-if v0.1.10
[INFO] [stderr]    Compiling autocfg v1.0.0
[INFO] [stderr]    Compiling libm v0.2.1
[INFO] [stderr]    Compiling cc v1.0.50
[INFO] [stderr]    Compiling proc-macro2 v0.4.30
[INFO] [stderr]    Compiling unicode-xid v0.1.0
[INFO] [stderr]    Compiling xml-rs v0.8.0
[INFO] [stderr]    Compiling bitflags v1.2.1
[INFO] [stderr]    Compiling log v0.4.8
[INFO] [stderr]    Compiling lazy_static v1.4.0
[INFO] [stderr]    Compiling maybe-uninit v2.0.0
[INFO] [stderr]    Compiling byteorder v1.3.4
[INFO] [stderr]    Compiling serde v1.0.105
[INFO] [stderr]    Compiling pkg-config v0.3.17
[INFO] [stderr]    Compiling khronos_api v3.1.0
[INFO] [stderr]    Compiling semver-parser v0.7.0
[INFO] [stderr]    Compiling scopeguard v1.1.0
[INFO] [stderr]    Compiling syn v0.15.44
[INFO] [stderr]    Compiling rand_core v0.4.2
[INFO] [stdout] error: linking with `cc` failed: exit status: 1
[INFO] [stdout]   |
[INFO] [stdout]   = note: LC_ALL="C" PATH="/opt/rustwide/rustup-home/toolchains/beta-2023-04-20-x86_64-unknown-linux-gnu/lib/rustlib/x86_64-unknown-linux-gnu/bin:/opt/rustwide/cargo-home/bin:/usr/local/sbin:/usr/local/bin:/usr/sbin:/usr/bin:/sbin:/bin" VSLANG="1033" "cc" "-m64" "/tmp/rustcxDaro0/symbols.o" "/opt/rustwide/target/debug/build/libm-347a612804dab894/build_script_build-347a612804dab894.build_script_build.a7408a03-cgu.0.rcgu.o" "/opt/rustwide/target/debug/build/libm-347a612804dab894/build_script_build-347a612804dab894.build_script_build.a7408a03-cgu.1.rcgu.o" "/opt/rustwide/target/debug/build/libm-347a612804dab894/build_script_build-347a612804dab894.build_script_build.a7408a03-cgu.10.rcgu.o" "/opt/rustwide/target/debug/build/libm-347a612804dab894/build_script_build-347a612804dab894.build_script_build.a7408a03-cgu.11.rcgu.o" "/opt/rustwide/target/debug/build/libm-347a612804dab894/build_script_build-347a612804dab894.build_script_build.a7408a03-cgu.12.rcgu.o" "/opt/rustwide/target/debug/build/libm-347a612804dab894/build_script_build-347a612804dab894.build_script_build.a7408a03-cgu.13.rcgu.o" "/opt/rustwide/target/debug/build/libm-347a612804dab894/build_script_build-347a612804dab894.build_script_build.a7408a03-cgu.14.rcgu.o" "/opt/rustwide/target/debug/build/libm-347a612804dab894/build_script_build-347a612804dab894.build_script_build.a7408a03-cgu.2.rcgu.o" "/opt/rustwide/target/debug/build/libm-347a612804dab894/build_script_build-347a612804dab894.build_script_build.a7408a03-cgu.3.rcgu.o" "/opt/rustwide/target/debug/build/libm-347a612804dab894/build_script_build-347a612804dab894.build_script_build.a7408a03-cgu.4.rcgu.o" "/opt/rustwide/target/debug/build/libm-347a612804dab894/build_script_build-347a612804dab894.build_script_build.a7408a03-cgu.5.rcgu.o" "/opt/rustwide/target/debug/build/libm-347a612804dab894/build_script_build-347a612804dab894.build_script_build.a7408a03-cgu.6.rcgu.o" "/opt/rustwide/target/debug/build/libm-347a612804dab894/build_script_build-347a612804dab894.build_script_build.a7408a03-cgu.7.rcgu.o" "/opt/rustwide/target/debug/build/libm-347a612804dab894/build_script_build-347a612804dab894.build_script_build.a7408a03-cgu.8.rcgu.o" "/opt/rustwide/target/debug/build/libm-347a612804dab894/build_script_build-347a612804dab894.build_script_build.a7408a03-cgu.9.rcgu.o" "/opt/rustwide/target/debug/build/libm-347a612804dab894/build_script_build-347a612804dab894.rd6ytcqvzzymsxp.rcgu.o" "-Wl,--as-needed" "-L" "/opt/rustwide/target/debug/deps" "-L" "/opt/rustwide/rustup-home/toolchains/beta-2023-04-20-x86_64-unknown-linux-gnu/lib/rustlib/x86_64-unknown-linux-gnu/lib" "-Wl,-Bstatic" "/opt/rustwide/rustup-home/toolchains/beta-2023-04-20-x86_64-unknown-linux-gnu/lib/rustlib/x86_64-unknown-linux-gnu/lib/libstd-0e29cc23c5e02021.rlib" "/opt/rustwide/rustup-home/toolchains/beta-2023-04-20-x86_64-unknown-linux-gnu/lib/rustlib/x86_64-unknown-linux-gnu/lib/libpanic_unwind-d903621768a861d9.rlib" "/opt/rustwide/rustup-home/toolchains/beta-2023-04-20-x86_64-unknown-linux-gnu/lib/rustlib/x86_64-unknown-linux-gnu/lib/libobject-6d0225e655f31c13.rlib" "/opt/rustwide/rustup-home/toolchains/beta-2023-04-20-x86_64-unknown-linux-gnu/lib/rustlib/x86_64-unknown-linux-gnu/lib/libmemchr-9dbaf4eac7eaa079.rlib" "/opt/rustwide/rustup-home/toolchains/beta-2023-04-20-x86_64-unknown-linux-gnu/lib/rustlib/x86_64-unknown-linux-gnu/lib/libaddr2line-27f05b3d42a66dd0.rlib" "/opt/rustwide/rustup-home/toolchains/beta-2023-04-20-x86_64-unknown-linux-gnu/lib/rustlib/x86_64-unknown-linux-gnu/lib/libgimli-4d73f1030321c9a2.rlib" "/opt/rustwide/rustup-home/toolchains/beta-2023-04-20-x86_64-unknown-linux-gnu/lib/rustlib/x86_64-unknown-linux-gnu/lib/librustc_demangle-2846c9e58abd0acb.rlib" "/opt/rustwide/rustup-home/toolchains/beta-2023-04-20-x86_64-unknown-linux-gnu/lib/rustlib/x86_64-unknown-linux-gnu/lib/libstd_detect-a53d0f50415947be.rlib" "/opt/rustwide/rustup-home/toolchains/beta-2023-04-20-x86_64-unknown-linux-gnu/lib/rustlib/x86_64-unknown-linux-gnu/lib/libhashbrown-d48e4b6abc25b9dc.rlib" "/opt/rustwide/rustup-home/toolchains/beta-2023-04-20-x86_64-unknown-linux-gnu/lib/rustlib/x86_64-unknown-linux-gnu/lib/libminiz_oxide-2991859439ef1207.rlib" "/opt/rustwide/rustup-home/toolchains/beta-2023-04-20-x86_64-unknown-linux-gnu/lib/rustlib/x86_64-unknown-linux-gnu/lib/libadler-8a687517e4221bae.rlib" "/opt/rustwide/rustup-home/toolchains/beta-2023-04-20-x86_64-unknown-linux-gnu/lib/rustlib/x86_64-unknown-linux-gnu/lib/librustc_std_workspace_alloc-e07b554f6a67f5b3.rlib" "/opt/rustwide/rustup-home/toolchains/beta-2023-04-20-x86_64-unknown-linux-gnu/lib/rustlib/x86_64-unknown-linux-gnu/lib/libunwind-b68238b7c3c619dd.rlib" "/opt/rustwide/rustup-home/toolchains/beta-2023-04-20-x86_64-unknown-linux-gnu/lib/rustlib/x86_64-unknown-linux-gnu/lib/libcfg_if-d5e213e896c017e4.rlib" "/opt/rustwide/rustup-home/toolchains/beta-2023-04-20-x86_64-unknown-linux-gnu/lib/rustlib/x86_64-unknown-linux-gnu/lib/liblibc-0211a3b2e61d8689.rlib" "/opt/rustwide/rustup-home/toolchains/beta-2023-04-20-x86_64-unknown-linux-gnu/lib/rustlib/x86_64-unknown-linux-gnu/lib/liballoc-b371f055239ba51f.rlib" "/opt/rustwide/rustup-home/toolchains/beta-2023-04-20-x86_64-unknown-linux-gnu/lib/rustlib/x86_64-unknown-linux-gnu/lib/librustc_std_workspace_core-e60518d2760eb01e.rlib" "/opt/rustwide/rustup-home/toolchains/beta-2023-04-20-x86_64-unknown-linux-gnu/lib/rustlib/x86_64-unknown-linux-gnu/lib/libcore-1ad943f92a4b1081.rlib" "/opt/rustwide/rustup-home/toolchains/beta-2023-04-20-x86_64-unknown-linux-gnu/lib/rustlib/x86_64-unknown-linux-gnu/lib/libcompiler_builtins-f0d6e4d0fc1e80b4.rlib" "-Wl,-Bdynamic" "-lgcc_s" "-lutil" "-lrt" "-lpthread" "-lm" "-ldl" "-lc" "-Wl,--eh-frame-hdr" "-Wl,-z,noexecstack" "-L" "/opt/rustwide/rustup-home/toolchains/beta-2023-04-20-x86_64-unknown-linux-gnu/lib/rustlib/x86_64-unknown-linux-gnu/lib" "-o" "/opt/rustwide/target/debug/build/libm-347a612804dab894/build_script_build-347a612804dab894" "-Wl,--gc-sections" "-pie" "-Wl,-z,relro,-z,now" "-nodefaultlibs"
[INFO] [stdout]   = note: /usr/bin/ld: final link failed: No space left on device
[INFO] [stdout]           collect2: error: ld returned 1 exit status
[INFO] [stdout]           
[INFO] [stdout] 
[INFO] [stdout] 
[INFO] [stdout] error: aborting due to previous error
[INFO] [stdout] 
[INFO] [stdout] 
[INFO] [stderr] error: could not compile `libm` (build script) due to 2 previous errors
[INFO] [stderr] warning: build failed, waiting for other jobs to finish...
[INFO] [stderr] LLVM ERROR: IO failure on output stream: No space left on device
[INFO] [stderr] thread 'rustc' panicked at 'assertion failed: pos.get() <= self.position()', compiler/rustc_metadata/src/rmeta/encoder.rs:452:9
[INFO] [stderr] LLVM ERROR: IO failure on output stream: No space left on device
[INFO] [stderr] error: could not compile `autocfg` (lib)
[INFO] [stdout] error: linking with `cc` failed: exit status: 1
[INFO] [stdout]   |
[INFO] [stdout]   = note: LC_ALL="C" PATH="/opt/rustwide/rustup-home/toolchains/beta-2023-04-20-x86_64-unknown-linux-gnu/lib/rustlib/x86_64-unknown-linux-gnu/bin:/opt/rustwide/cargo-home/bin:/usr/local/sbin:/usr/local/bin:/usr/sbin:/usr/bin:/sbin:/bin" VSLANG="1033" "cc" "-m64" "/tmp/rustcpN4oV2/symbols.o" "/opt/rustwide/target/debug/build/log-6a2e3d4659975662/build_script_build-6a2e3d4659975662.build_script_build.b6e92b32-cgu.0.rcgu.o" "/opt/rustwide/target/debug/build/log-6a2e3d4659975662/build_script_build-6a2e3d4659975662.build_script_build.b6e92b32-cgu.1.rcgu.o" "/opt/rustwide/target/debug/build/log-6a2e3d4659975662/build_script_build-6a2e3d4659975662.build_script_build.b6e92b32-cgu.10.rcgu.o" "/opt/rustwide/target/debug/build/log-6a2e3d4659975662/build_script_build-6a2e3d4659975662.build_script_build.b6e92b32-cgu.11.rcgu.o" "/opt/rustwide/target/debug/build/log-6a2e3d4659975662/build_script_build-6a2e3d4659975662.build_script_build.b6e92b32-cgu.12.rcgu.o" "/opt/rustwide/target/debug/build/log-6a2e3d4659975662/build_script_build-6a2e3d4659975662.build_script_build.b6e92b32-cgu.13.rcgu.o" "/opt/rustwide/target/debug/build/log-6a2e3d4659975662/build_script_build-6a2e3d4659975662.build_script_build.b6e92b32-cgu.14.rcgu.o" "/opt/rustwide/target/debug/build/log-6a2e3d4659975662/build_script_build-6a2e3d4659975662.build_script_build.b6e92b32-cgu.15.rcgu.o" "/opt/rustwide/target/debug/build/log-6a2e3d4659975662/build_script_build-6a2e3d4659975662.build_script_build.b6e92b32-cgu.2.rcgu.o" "/opt/rustwide/target/debug/build/log-6a2e3d4659975662/build_script_build-6a2e3d4659975662.build_script_build.b6e92b32-cgu.3.rcgu.o" "/opt/rustwide/target/debug/build/log-6a2e3d4659975662/build_script_build-6a2e3d4659975662.build_script_build.b6e92b32-cgu.4.rcgu.o" "/opt/rustwide/target/debug/build/log-6a2e3d4659975662/build_script_build-6a2e3d4659975662.build_script_build.b6e92b32-cgu.5.rcgu.o" "/opt/rustwide/target/debug/build/log-6a2e3d4659975662/build_script_build-6a2e3d4659975662.build_script_build.b6e92b32-cgu.6.rcgu.o" "/opt/rustwide/target/debug/build/log-6a2e3d4659975662/build_script_build-6a2e3d4659975662.build_script_build.b6e92b32-cgu.7.rcgu.o" "/opt/rustwide/target/debug/build/log-6a2e3d4659975662/build_script_build-6a2e3d4659975662.build_script_build.b6e92b32-cgu.8.rcgu.o" "/opt/rustwide/target/debug/build/log-6a2e3d4659975662/build_script_build-6a2e3d4659975662.build_script_build.b6e92b32-cgu.9.rcgu.o" "/opt/rustwide/target/debug/build/log-6a2e3d4659975662/build_script_build-6a2e3d4659975662.12xok5ed9e0g1gcq.rcgu.o" "-Wl,--as-needed" "-L" "/opt/rustwide/target/debug/deps" "-L" "/opt/rustwide/rustup-home/toolchains/beta-2023-04-20-x86_64-unknown-linux-gnu/lib/rustlib/x86_64-unknown-linux-gnu/lib" "-Wl,-Bstatic" "/opt/rustwide/rustup-home/toolchains/beta-2023-04-20-x86_64-unknown-linux-gnu/lib/rustlib/x86_64-unknown-linux-gnu/lib/libstd-0e29cc23c5e02021.rlib" "/opt/rustwide/rustup-home/toolchains/beta-2023-04-20-x86_64-unknown-linux-gnu/lib/rustlib/x86_64-unknown-linux-gnu/lib/libpanic_unwind-d903621768a861d9.rlib" "/opt/rustwide/rustup-home/toolchains/beta-2023-04-20-x86_64-unknown-linux-gnu/lib/rustlib/x86_64-unknown-linux-gnu/lib/libobject-6d0225e655f31c13.rlib" "/opt/rustwide/rustup-home/toolchains/beta-2023-04-20-x86_64-unknown-linux-gnu/lib/rustlib/x86_64-unknown-linux-gnu/lib/libmemchr-9dbaf4eac7eaa079.rlib" "/opt/rustwide/rustup-home/toolchains/beta-2023-04-20-x86_64-unknown-linux-gnu/lib/rustlib/x86_64-unknown-linux-gnu/lib/libaddr2line-27f05b3d42a66dd0.rlib" "/opt/rustwide/rustup-home/toolchains/beta-2023-04-20-x86_64-unknown-linux-gnu/lib/rustlib/x86_64-unknown-linux-gnu/lib/libgimli-4d73f1030321c9a2.rlib" "/opt/rustwide/rustup-home/toolchains/beta-2023-04-20-x86_64-unknown-linux-gnu/lib/rustlib/x86_64-unknown-linux-gnu/lib/librustc_demangle-2846c9e58abd0acb.rlib" "/opt/rustwide/rustup-home/toolchains/beta-2023-04-20-x86_64-unknown-linux-gnu/lib/rustlib/x86_64-unknown-linux-gnu/lib/libstd_detect-a53d0f50415947be.rlib" "/opt/rustwide/rustup-home/toolchains/beta-2023-04-20-x86_64-unknown-linux-gnu/lib/rustlib/x86_64-unknown-linux-gnu/lib/libhashbrown-d48e4b6abc25b9dc.rlib" "/opt/rustwide/rustup-home/toolchains/beta-2023-04-20-x86_64-unknown-linux-gnu/lib/rustlib/x86_64-unknown-linux-gnu/lib/libminiz_oxide-2991859439ef1207.rlib" "/opt/rustwide/rustup-home/toolchains/beta-2023-04-20-x86_64-unknown-linux-gnu/lib/rustlib/x86_64-unknown-linux-gnu/lib/libadler-8a687517e4221bae.rlib" "/opt/rustwide/rustup-home/toolchains/beta-2023-04-20-x86_64-unknown-linux-gnu/lib/rustlib/x86_64-unknown-linux-gnu/lib/librustc_std_workspace_alloc-e07b554f6a67f5b3.rlib" "/opt/rustwide/rustup-home/toolchains/beta-2023-04-20-x86_64-unknown-linux-gnu/lib/rustlib/x86_64-unknown-linux-gnu/lib/libunwind-b68238b7c3c619dd.rlib" "/opt/rustwide/rustup-home/toolchains/beta-2023-04-20-x86_64-unknown-linux-gnu/lib/rustlib/x86_64-unknown-linux-gnu/lib/libcfg_if-d5e213e896c017e4.rlib" "/opt/rustwide/rustup-home/toolchains/beta-2023-04-20-x86_64-unknown-linux-gnu/lib/rustlib/x86_64-unknown-linux-gnu/lib/liblibc-0211a3b2e61d8689.rlib" "/opt/rustwide/rustup-home/toolchains/beta-2023-04-20-x86_64-unknown-linux-gnu/lib/rustlib/x86_64-unknown-linux-gnu/lib/liballoc-b371f055239ba51f.rlib" "/opt/rustwide/rustup-home/toolchains/beta-2023-04-20-x86_64-unknown-linux-gnu/lib/rustlib/x86_64-unknown-linux-gnu/lib/librustc_std_workspace_core-e60518d2760eb01e.rlib" "/opt/rustwide/rustup-home/toolchains/beta-2023-04-20-x86_64-unknown-linux-gnu/lib/rustlib/x86_64-unknown-linux-gnu/lib/libcore-1ad943f92a4b1081.rlib" "/opt/rustwide/rustup-home/toolchains/beta-2023-04-20-x86_64-unknown-linux-gnu/lib/rustlib/x86_64-unknown-linux-gnu/lib/libcompiler_builtins-f0d6e4d0fc1e80b4.rlib" "-Wl,-Bdynamic" "-lgcc_s" "-lutil" "-lrt" "-lpthread" "-lm" "-ldl" "-lc" "-Wl,--eh-frame-hdr" "-Wl,-z,noexecstack" "-L" "/opt/rustwide/rustup-home/toolchains/beta-2023-04-20-x86_64-unknown-linux-gnu/lib/rustlib/x86_64-unknown-linux-gnu/lib" "-o" "/opt/rustwide/target/debug/build/log-6a2e3d4659975662/build_script_build-6a2e3d4659975662" "-Wl,--gc-sections" "-pie" "-Wl,-z,relro,-z,now" "-nodefaultlibs"
[INFO] [stdout]   = note: /usr/bin/ld: final link failed: No space left on device
[INFO] [stdout]           collect2: error: ld returned 1 exit status
[INFO] [stdout]           
[INFO] [stdout] 
[INFO] [stdout] 
[INFO] [stderr] error: could not compile `pkg-config` (lib)
[INFO] [stdout] error: aborting due to previous error
[INFO] [stdout] 
[INFO] [stdout] 
[INFO] [stderr] error: could not compile `log` (build script) due to 2 previous errors
[INFO] [stderr] LLVM ERROR: IO failure on output stream: No space left on device
[INFO] [stderr] error: could not compile `syn` (build script)
[INFO] [stdout] error: linking with `cc` failed: exit status: 1
[INFO] [stdout]   |
[INFO] [stdout]   = note: LC_ALL="C" PATH="/opt/rustwide/rustup-home/toolchains/beta-2023-04-20-x86_64-unknown-linux-gnu/lib/rustlib/x86_64-unknown-linux-gnu/bin:/opt/rustwide/cargo-home/bin:/usr/local/sbin:/usr/local/bin:/usr/sbin:/usr/bin:/sbin:/bin" VSLANG="1033" "cc" "-m64" "/tmp/rustcOSo0HT/symbols.o" "/opt/rustwide/target/debug/build/bitflags-f9295a527840cd94/build_script_build-f9295a527840cd94.build_script_build.620f6dd0-cgu.0.rcgu.o" "/opt/rustwide/target/debug/build/bitflags-f9295a527840cd94/build_script_build-f9295a527840cd94.build_script_build.620f6dd0-cgu.1.rcgu.o" "/opt/rustwide/target/debug/build/bitflags-f9295a527840cd94/build_script_build-f9295a527840cd94.build_script_build.620f6dd0-cgu.10.rcgu.o" "/opt/rustwide/target/debug/build/bitflags-f9295a527840cd94/build_script_build-f9295a527840cd94.build_script_build.620f6dd0-cgu.11.rcgu.o" "/opt/rustwide/target/debug/build/bitflags-f9295a527840cd94/build_script_build-f9295a527840cd94.build_script_build.620f6dd0-cgu.12.rcgu.o" "/opt/rustwide/target/debug/build/bitflags-f9295a527840cd94/build_script_build-f9295a527840cd94.build_script_build.620f6dd0-cgu.13.rcgu.o" "/opt/rustwide/target/debug/build/bitflags-f9295a527840cd94/build_script_build-f9295a527840cd94.build_script_build.620f6dd0-cgu.14.rcgu.o" "/opt/rustwide/target/debug/build/bitflags-f9295a527840cd94/build_script_build-f9295a527840cd94.build_script_build.620f6dd0-cgu.15.rcgu.o" "/opt/rustwide/target/debug/build/bitflags-f9295a527840cd94/build_script_build-f9295a527840cd94.build_script_build.620f6dd0-cgu.2.rcgu.o" "/opt/rustwide/target/debug/build/bitflags-f9295a527840cd94/build_script_build-f9295a527840cd94.build_script_build.620f6dd0-cgu.3.rcgu.o" "/opt/rustwide/target/debug/build/bitflags-f9295a527840cd94/build_script_build-f9295a527840cd94.build_script_build.620f6dd0-cgu.4.rcgu.o" "/opt/rustwide/target/debug/build/bitflags-f9295a527840cd94/build_script_build-f9295a527840cd94.build_script_build.620f6dd0-cgu.5.rcgu.o" "/opt/rustwide/target/debug/build/bitflags-f9295a527840cd94/build_script_build-f9295a527840cd94.build_script_build.620f6dd0-cgu.6.rcgu.o" "/opt/rustwide/target/debug/build/bitflags-f9295a527840cd94/build_script_build-f9295a527840cd94.build_script_build.620f6dd0-cgu.7.rcgu.o" "/opt/rustwide/target/debug/build/bitflags-f9295a527840cd94/build_script_build-f9295a527840cd94.build_script_build.620f6dd0-cgu.8.rcgu.o" "/opt/rustwide/target/debug/build/bitflags-f9295a527840cd94/build_script_build-f9295a527840cd94.build_script_build.620f6dd0-cgu.9.rcgu.o" "/opt/rustwide/target/debug/build/bitflags-f9295a527840cd94/build_script_build-f9295a527840cd94.2nsvolk6ujm3rj5r.rcgu.o" "-Wl,--as-needed" "-L" "/opt/rustwide/target/debug/deps" "-L" "/opt/rustwide/rustup-home/toolchains/beta-2023-04-20-x86_64-unknown-linux-gnu/lib/rustlib/x86_64-unknown-linux-gnu/lib" "-Wl,-Bstatic" "/opt/rustwide/rustup-home/toolchains/beta-2023-04-20-x86_64-unknown-linux-gnu/lib/rustlib/x86_64-unknown-linux-gnu/lib/libstd-0e29cc23c5e02021.rlib" "/opt/rustwide/rustup-home/toolchains/beta-2023-04-20-x86_64-unknown-linux-gnu/lib/rustlib/x86_64-unknown-linux-gnu/lib/libpanic_unwind-d903621768a861d9.rlib" "/opt/rustwide/rustup-home/toolchains/beta-2023-04-20-x86_64-unknown-linux-gnu/lib/rustlib/x86_64-unknown-linux-gnu/lib/libobject-6d0225e655f31c13.rlib" "/opt/rustwide/rustup-home/toolchains/beta-2023-04-20-x86_64-unknown-linux-gnu/lib/rustlib/x86_64-unknown-linux-gnu/lib/libmemchr-9dbaf4eac7eaa079.rlib" "/opt/rustwide/rustup-home/toolchains/beta-2023-04-20-x86_64-unknown-linux-gnu/lib/rustlib/x86_64-unknown-linux-gnu/lib/libaddr2line-27f05b3d42a66dd0.rlib" "/opt/rustwide/rustup-home/toolchains/beta-2023-04-20-x86_64-unknown-linux-gnu/lib/rustlib/x86_64-unknown-linux-gnu/lib/libgimli-4d73f1030321c9a2.rlib" "/opt/rustwide/rustup-home/toolchains/beta-2023-04-20-x86_64-unknown-linux-gnu/lib/rustlib/x86_64-unknown-linux-gnu/lib/librustc_demangle-2846c9e58abd0acb.rlib" "/opt/rustwide/rustup-home/toolchains/beta-2023-04-20-x86_64-unknown-linux-gnu/lib/rustlib/x86_64-unknown-linux-gnu/lib/libstd_detect-a53d0f50415947be.rlib" "/opt/rustwide/rustup-home/toolchains/beta-2023-04-20-x86_64-unknown-linux-gnu/lib/rustlib/x86_64-unknown-linux-gnu/lib/libhashbrown-d48e4b6abc25b9dc.rlib" "/opt/rustwide/rustup-home/toolchains/beta-2023-04-20-x86_64-unknown-linux-gnu/lib/rustlib/x86_64-unknown-linux-gnu/lib/libminiz_oxide-2991859439ef1207.rlib" "/opt/rustwide/rustup-home/toolchains/beta-2023-04-20-x86_64-unknown-linux-gnu/lib/rustlib/x86_64-unknown-linux-gnu/lib/libadler-8a687517e4221bae.rlib" "/opt/rustwide/rustup-home/toolchains/beta-2023-04-20-x86_64-unknown-linux-gnu/lib/rustlib/x86_64-unknown-linux-gnu/lib/librustc_std_workspace_alloc-e07b554f6a67f5b3.rlib" "/opt/rustwide/rustup-home/toolchains/beta-2023-04-20-x86_64-unknown-linux-gnu/lib/rustlib/x86_64-unknown-linux-gnu/lib/libunwind-b68238b7c3c619dd.rlib" "/opt/rustwide/rustup-home/toolchains/beta-2023-04-20-x86_64-unknown-linux-gnu/lib/rustlib/x86_64-unknown-linux-gnu/lib/libcfg_if-d5e213e896c017e4.rlib" "/opt/rustwide/rustup-home/toolchains/beta-2023-04-20-x86_64-unknown-linux-gnu/lib/rustlib/x86_64-unknown-linux-gnu/lib/liblibc-0211a3b2e61d8689.rlib" "/opt/rustwide/rustup-home/toolchains/beta-2023-04-20-x86_64-unknown-linux-gnu/lib/rustlib/x86_64-unknown-linux-gnu/lib/liballoc-b371f055239ba51f.rlib" "/opt/rustwide/rustup-home/toolchains/beta-2023-04-20-x86_64-unknown-linux-gnu/lib/rustlib/x86_64-unknown-linux-gnu/lib/librustc_std_workspace_core-e60518d2760eb01e.rlib" "/opt/rustwide/rustup-home/toolchains/beta-2023-04-20-x86_64-unknown-linux-gnu/lib/rustlib/x86_64-unknown-linux-gnu/lib/libcore-1ad943f92a4b1081.rlib" "/opt/rustwide/rustup-home/toolchains/beta-2023-04-20-x86_64-unknown-linux-gnu/lib/rustlib/x86_64-unknown-linux-gnu/lib/libcompiler_builtins-f0d6e4d0fc1e80b4.rlib" "-Wl,-Bdynamic" "-lgcc_s" "-lutil" "-lrt" "-lpthread" "-lm" "-ldl" "-lc" "-Wl,--eh-frame-hdr" "-Wl,-z,noexecstack" "-L" "/opt/rustwide/rustup-home/toolchains/beta-2023-04-20-x86_64-unknown-linux-gnu/lib/rustlib/x86_64-unknown-linux-gnu/lib" "-o" "/opt/rustwide/target/debug/build/bitflags-f9295a527840cd94/build_script_build-f9295a527840cd94" "-Wl,--gc-sections" "-pie" "-Wl,-z,relro,-z,now" "-nodefaultlibs"
[INFO] [stdout]   = note: /usr/bin/ld: final link failed: No space left on device
[INFO] [stdout]           collect2: error: ld returned 1 exit status
[INFO] [stdout]           
[INFO] [stdout] 
[INFO] [stdout] 
[INFO] [stdout] error: aborting due to previous error
[INFO] [stdout] 
[INFO] [stdout] 
[INFO] [stdout] error: linking with `cc` failed: exit status: 1
[INFO] [stdout]   |
[INFO] [stdout]   = note: LC_ALL="C" PATH="/opt/rustwide/rustup-home/toolchains/beta-2023-04-20-x86_64-unknown-linux-gnu/lib/rustlib/x86_64-unknown-linux-gnu/bin:/opt/rustwide/cargo-home/bin:/usr/local/sbin:/usr/local/bin:/usr/sbin:/usr/bin:/sbin:/bin" VSLANG="1033" "cc" "-m64" "/tmp/rustchcnvYx/symbols.o" "/opt/rustwide/target/debug/build/khronos_api-375c6e5e4e8645c9/build_script_build-375c6e5e4e8645c9.build_script_build.188b591e-cgu.0.rcgu.o" "/opt/rustwide/target/debug/build/khronos_api-375c6e5e4e8645c9/build_script_build-375c6e5e4e8645c9.build_script_build.188b591e-cgu.1.rcgu.o" "/opt/rustwide/target/debug/build/khronos_api-375c6e5e4e8645c9/build_script_build-375c6e5e4e8645c9.build_script_build.188b591e-cgu.10.rcgu.o" "/opt/rustwide/target/debug/build/khronos_api-375c6e5e4e8645c9/build_script_build-375c6e5e4e8645c9.build_script_build.188b591e-cgu.11.rcgu.o" "/opt/rustwide/target/debug/build/khronos_api-375c6e5e4e8645c9/build_script_build-375c6e5e4e8645c9.build_script_build.188b591e-cgu.12.rcgu.o" "/opt/rustwide/target/debug/build/khronos_api-375c6e5e4e8645c9/build_script_build-375c6e5e4e8645c9.build_script_build.188b591e-cgu.13.rcgu.o" "/opt/rustwide/target/debug/build/khronos_api-375c6e5e4e8645c9/build_script_build-375c6e5e4e8645c9.build_script_build.188b591e-cgu.14.rcgu.o" "/opt/rustwide/target/debug/build/khronos_api-375c6e5e4e8645c9/build_script_build-375c6e5e4e8645c9.build_script_build.188b591e-cgu.15.rcgu.o" "/opt/rustwide/target/debug/build/khronos_api-375c6e5e4e8645c9/build_script_build-375c6e5e4e8645c9.build_script_build.188b591e-cgu.2.rcgu.o" "/opt/rustwide/target/debug/build/khronos_api-375c6e5e4e8645c9/build_script_build-375c6e5e4e8645c9.build_script_build.188b591e-cgu.3.rcgu.o" "/opt/rustwide/target/debug/build/khronos_api-375c6e5e4e8645c9/build_script_build-375c6e5e4e8645c9.build_script_build.188b591e-cgu.4.rcgu.o" "/opt/rustwide/target/debug/build/khronos_api-375c6e5e4e8645c9/build_script_build-375c6e5e4e8645c9.build_script_build.188b591e-cgu.5.rcgu.o" "/opt/rustwide/target/debug/build/khronos_api-375c6e5e4e8645c9/build_script_build-375c6e5e4e8645c9.build_script_build.188b591e-cgu.6.rcgu.o" "/opt/rustwide/target/debug/build/khronos_api-375c6e5e4e8645c9/build_script_build-375c6e5e4e8645c9.build_script_build.188b591e-cgu.7.rcgu.o" "/opt/rustwide/target/debug/build/khronos_api-375c6e5e4e8645c9/build_script_build-375c6e5e4e8645c9.build_script_build.188b591e-cgu.8.rcgu.o" "/opt/rustwide/target/debug/build/khronos_api-375c6e5e4e8645c9/build_script_build-375c6e5e4e8645c9.build_script_build.188b591e-cgu.9.rcgu.o" "/opt/rustwide/target/debug/build/khronos_api-375c6e5e4e8645c9/build_script_build-375c6e5e4e8645c9.a9ebtqexuh18ue2.rcgu.o" "-Wl,--as-needed" "-L" "/opt/rustwide/target/debug/deps" "-L" "/opt/rustwide/rustup-home/toolchains/beta-2023-04-20-x86_64-unknown-linux-gnu/lib/rustlib/x86_64-unknown-linux-gnu/lib" "-Wl,-Bstatic" "/opt/rustwide/rustup-home/toolchains/beta-2023-04-20-x86_64-unknown-linux-gnu/lib/rustlib/x86_64-unknown-linux-gnu/lib/libstd-0e29cc23c5e02021.rlib" "/opt/rustwide/rustup-home/toolchains/beta-2023-04-20-x86_64-unknown-linux-gnu/lib/rustlib/x86_64-unknown-linux-gnu/lib/libpanic_unwind-d903621768a861d9.rlib" "/opt/rustwide/rustup-home/toolchains/beta-2023-04-20-x86_64-unknown-linux-gnu/lib/rustlib/x86_64-unknown-linux-gnu/lib/libobject-6d0225e655f31c13.rlib" "/opt/rustwide/rustup-home/toolchains/beta-2023-04-20-x86_64-unknown-linux-gnu/lib/rustlib/x86_64-unknown-linux-gnu/lib/libmemchr-9dbaf4eac7eaa079.rlib" "/opt/rustwide/rustup-home/toolchains/beta-2023-04-20-x86_64-unknown-linux-gnu/lib/rustlib/x86_64-unknown-linux-gnu/lib/libaddr2line-27f05b3d42a66dd0.rlib" "/opt/rustwide/rustup-home/toolchains/beta-2023-04-20-x86_64-unknown-linux-gnu/lib/rustlib/x86_64-unknown-linux-gnu/lib/libgimli-4d73f1030321c9a2.rlib" "/opt/rustwide/rustup-home/toolchains/beta-2023-04-20-x86_64-unknown-linux-gnu/lib/rustlib/x86_64-unknown-linux-gnu/lib/librustc_demangle-2846c9e58abd0acb.rlib" "/opt/rustwide/rustup-home/toolchains/beta-2023-04-20-x86_64-unknown-linux-gnu/lib/rustlib/x86_64-unknown-linux-gnu/lib/libstd_detect-a53d0f50415947be.rlib" "/opt/rustwide/rustup-home/toolchains/beta-2023-04-20-x86_64-unknown-linux-gnu/lib/rustlib/x86_64-unknown-linux-gnu/lib/libhashbrown-d48e4b6abc25b9dc.rlib" "/opt/rustwide/rustup-home/toolchains/beta-2023-04-20-x86_64-unknown-linux-gnu/lib/rustlib/x86_64-unknown-linux-gnu/lib/libminiz_oxide-2991859439ef1207.rlib" "/opt/rustwide/rustup-home/toolchains/beta-2023-04-20-x86_64-unknown-linux-gnu/lib/rustlib/x86_64-unknown-linux-gnu/lib/libadler-8a687517e4221bae.rlib" "/opt/rustwide/rustup-home/toolchains/beta-2023-04-20-x86_64-unknown-linux-gnu/lib/rustlib/x86_64-unknown-linux-gnu/lib/librustc_std_workspace_alloc-e07b554f6a67f5b3.rlib" "/opt/rustwide/rustup-home/toolchains/beta-2023-04-20-x86_64-unknown-linux-gnu/lib/rustlib/x86_64-unknown-linux-gnu/lib/libunwind-b68238b7c3c619dd.rlib" "/opt/rustwide/rustup-home/toolchains/beta-2023-04-20-x86_64-unknown-linux-gnu/lib/rustlib/x86_64-unknown-linux-gnu/lib/libcfg_if-d5e213e896c017e4.rlib" "/opt/rustwide/rustup-home/toolchains/beta-2023-04-20-x86_64-unknown-linux-gnu/lib/rustlib/x86_64-unknown-linux-gnu/lib/liblibc-0211a3b2e61d8689.rlib" "/opt/rustwide/rustup-home/toolchains/beta-2023-04-20-x86_64-unknown-linux-gnu/lib/rustlib/x86_64-unknown-linux-gnu/lib/liballoc-b371f055239ba51f.rlib" "/opt/rustwide/rustup-home/toolchains/beta-2023-04-20-x86_64-unknown-linux-gnu/lib/rustlib/x86_64-unknown-linux-gnu/lib/librustc_std_workspace_core-e60518d2760eb01e.rlib" "/opt/rustwide/rustup-home/toolchains/beta-2023-04-20-x86_64-unknown-linux-gnu/lib/rustlib/x86_64-unknown-linux-gnu/lib/libcore-1ad943f92a4b1081.rlib" "/opt/rustwide/rustup-home/toolchains/beta-2023-04-20-x86_64-unknown-linux-gnu/lib/rustlib/x86_64-unknown-linux-gnu/lib/libcompiler_builtins-f0d6e4d0fc1e80b4.rlib" "-Wl,-Bdynamic" "-lgcc_s" "-lutil" "-lrt" "-lpthread" "-lm" "-ldl" "-lc" "-Wl,--eh-frame-hdr" "-Wl,-z,noexecstack" "-L" "/opt/rustwide/rustup-home/toolchains/beta-2023-04-20-x86_64-unknown-linux-gnu/lib/rustlib/x86_64-unknown-linux-gnu/lib" "-o" "/opt/rustwide/target/debug/build/khronos_api-375c6e5e4e8645c9/build_script_build-375c6e5e4e8645c9" "-Wl,--gc-sections" "-pie" "-Wl,-z,relro,-z,now" "-nodefaultlibs"
[INFO] [stdout]   = note: /usr/bin/ld: final link failed: No space left on device
[INFO] [stdout]           collect2: error: ld returned 1 exit status
[INFO] [stdout]           
[INFO] [stdout] 
[INFO] [stdout] 
[INFO] [stdout] error: aborting due to previous error
[INFO] [stdout] 
[INFO] [stdout] 
[INFO] [stderr] error: could not compile `bitflags` (build script) due to 2 previous errors
[INFO] [stderr] error: could not compile `khronos_api` (build script) due to 2 previous errors
[INFO] [stderr] error: could not compile `semver-parser` (lib)
[INFO] [stdout] error: linking with `cc` failed: exit status: 1
[INFO] [stdout]   |
[INFO] [stdout]   = note: LC_ALL="C" PATH="/opt/rustwide/rustup-home/toolchains/beta-2023-04-20-x86_64-unknown-linux-gnu/lib/rustlib/x86_64-unknown-linux-gnu/bin:/opt/rustwide/cargo-home/bin:/usr/local/sbin:/usr/local/bin:/usr/sbin:/usr/bin:/sbin:/bin" VSLANG="1033" "cc" "-m64" "/tmp/rustcCUCqzk/symbols.o" "/opt/rustwide/target/debug/build/serde-d18cd9a791f1f800/build_script_build-d18cd9a791f1f800.build_script_build.38c2df61-cgu.0.rcgu.o" "/opt/rustwide/target/debug/build/serde-d18cd9a791f1f800/build_script_build-d18cd9a791f1f800.build_script_build.38c2df61-cgu.1.rcgu.o" "/opt/rustwide/target/debug/build/serde-d18cd9a791f1f800/build_script_build-d18cd9a791f1f800.build_script_build.38c2df61-cgu.10.rcgu.o" "/opt/rustwide/target/debug/build/serde-d18cd9a791f1f800/build_script_build-d18cd9a791f1f800.build_script_build.38c2df61-cgu.11.rcgu.o" "/opt/rustwide/target/debug/build/serde-d18cd9a791f1f800/build_script_build-d18cd9a791f1f800.build_script_build.38c2df61-cgu.12.rcgu.o" "/opt/rustwide/target/debug/build/serde-d18cd9a791f1f800/build_script_build-d18cd9a791f1f800.build_script_build.38c2df61-cgu.13.rcgu.o" "/opt/rustwide/target/debug/build/serde-d18cd9a791f1f800/build_script_build-d18cd9a791f1f800.build_script_build.38c2df61-cgu.14.rcgu.o" "/opt/rustwide/target/debug/build/serde-d18cd9a791f1f800/build_script_build-d18cd9a791f1f800.build_script_build.38c2df61-cgu.15.rcgu.o" "/opt/rustwide/target/debug/build/serde-d18cd9a791f1f800/build_script_build-d18cd9a791f1f800.build_script_build.38c2df61-cgu.2.rcgu.o" "/opt/rustwide/target/debug/build/serde-d18cd9a791f1f800/build_script_build-d18cd9a791f1f800.build_script_build.38c2df61-cgu.3.rcgu.o" "/opt/rustwide/target/debug/build/serde-d18cd9a791f1f800/build_script_build-d18cd9a791f1f800.build_script_build.38c2df61-cgu.4.rcgu.o" "/opt/rustwide/target/debug/build/serde-d18cd9a791f1f800/build_script_build-d18cd9a791f1f800.build_script_build.38c2df61-cgu.5.rcgu.o" "/opt/rustwide/target/debug/build/serde-d18cd9a791f1f800/build_script_build-d18cd9a791f1f800.build_script_build.38c2df61-cgu.6.rcgu.o" "/opt/rustwide/target/debug/build/serde-d18cd9a791f1f800/build_script_build-d18cd9a791f1f800.build_script_build.38c2df61-cgu.7.rcgu.o" "/opt/rustwide/target/debug/build/serde-d18cd9a791f1f800/build_script_build-d18cd9a791f1f800.build_script_build.38c2df61-cgu.8.rcgu.o" "/opt/rustwide/target/debug/build/serde-d18cd9a791f1f800/build_script_build-d18cd9a791f1f800.build_script_build.38c2df61-cgu.9.rcgu.o" "/opt/rustwide/target/debug/build/serde-d18cd9a791f1f800/build_script_build-d18cd9a791f1f800.r6twkhjaw607gk.rcgu.o" "-Wl,--as-needed" "-L" "/opt/rustwide/target/debug/deps" "-L" "/opt/rustwide/rustup-home/toolchains/beta-2023-04-20-x86_64-unknown-linux-gnu/lib/rustlib/x86_64-unknown-linux-gnu/lib" "-Wl,-Bstatic" "/opt/rustwide/rustup-home/toolchains/beta-2023-04-20-x86_64-unknown-linux-gnu/lib/rustlib/x86_64-unknown-linux-gnu/lib/libstd-0e29cc23c5e02021.rlib" "/opt/rustwide/rustup-home/toolchains/beta-2023-04-20-x86_64-unknown-linux-gnu/lib/rustlib/x86_64-unknown-linux-gnu/lib/libpanic_unwind-d903621768a861d9.rlib" "/opt/rustwide/rustup-home/toolchains/beta-2023-04-20-x86_64-unknown-linux-gnu/lib/rustlib/x86_64-unknown-linux-gnu/lib/libobject-6d0225e655f31c13.rlib" "/opt/rustwide/rustup-home/toolchains/beta-2023-04-20-x86_64-unknown-linux-gnu/lib/rustlib/x86_64-unknown-linux-gnu/lib/libmemchr-9dbaf4eac7eaa079.rlib" "/opt/rustwide/rustup-home/toolchains/beta-2023-04-20-x86_64-unknown-linux-gnu/lib/rustlib/x86_64-unknown-linux-gnu/lib/libaddr2line-27f05b3d42a66dd0.rlib" "/opt/rustwide/rustup-home/toolchains/beta-2023-04-20-x86_64-unknown-linux-gnu/lib/rustlib/x86_64-unknown-linux-gnu/lib/libgimli-4d73f1030321c9a2.rlib" "/opt/rustwide/rustup-home/toolchains/beta-2023-04-20-x86_64-unknown-linux-gnu/lib/rustlib/x86_64-unknown-linux-gnu/lib/librustc_demangle-2846c9e58abd0acb.rlib" "/opt/rustwide/rustup-home/toolchains/beta-2023-04-20-x86_64-unknown-linux-gnu/lib/rustlib/x86_64-unknown-linux-gnu/lib/libstd_detect-a53d0f50415947be.rlib" "/opt/rustwide/rustup-home/toolchains/beta-2023-04-20-x86_64-unknown-linux-gnu/lib/rustlib/x86_64-unknown-linux-gnu/lib/libhashbrown-d48e4b6abc25b9dc.rlib" "/opt/rustwide/rustup-home/toolchains/beta-2023-04-20-x86_64-unknown-linux-gnu/lib/rustlib/x86_64-unknown-linux-gnu/lib/libminiz_oxide-2991859439ef1207.rlib" "/opt/rustwide/rustup-home/toolchains/beta-2023-04-20-x86_64-unknown-linux-gnu/lib/rustlib/x86_64-unknown-linux-gnu/lib/libadler-8a687517e4221bae.rlib" "/opt/rustwide/rustup-home/toolchains/beta-2023-04-20-x86_64-unknown-linux-gnu/lib/rustlib/x86_64-unknown-linux-gnu/lib/librustc_std_workspace_alloc-e07b554f6a67f5b3.rlib" "/opt/rustwide/rustup-home/toolchains/beta-2023-04-20-x86_64-unknown-linux-gnu/lib/rustlib/x86_64-unknown-linux-gnu/lib/libunwind-b68238b7c3c619dd.rlib" "/opt/rustwide/rustup-home/toolchains/beta-2023-04-20-x86_64-unknown-linux-gnu/lib/rustlib/x86_64-unknown-linux-gnu/lib/libcfg_if-d5e213e896c017e4.rlib" "/opt/rustwide/rustup-home/toolchains/beta-2023-04-20-x86_64-unknown-linux-gnu/lib/rustlib/x86_64-unknown-linux-gnu/lib/liblibc-0211a3b2e61d8689.rlib" "/opt/rustwide/rustup-home/toolchains/beta-2023-04-20-x86_64-unknown-linux-gnu/lib/rustlib/x86_64-unknown-linux-gnu/lib/liballoc-b371f055239ba51f.rlib" "/opt/rustwide/rustup-home/toolchains/beta-2023-04-20-x86_64-unknown-linux-gnu/lib/rustlib/x86_64-unknown-linux-gnu/lib/librustc_std_workspace_core-e60518d2760eb01e.rlib" "/opt/rustwide/rustup-home/toolchains/beta-2023-04-20-x86_64-unknown-linux-gnu/lib/rustlib/x86_64-unknown-linux-gnu/lib/libcore-1ad943f92a4b1081.rlib" "/opt/rustwide/rustup-home/toolchains/beta-2023-04-20-x86_64-unknown-linux-gnu/lib/rustlib/x86_64-unknown-linux-gnu/lib/libcompiler_builtins-f0d6e4d0fc1e80b4.rlib" "-Wl,-Bdynamic" "-lgcc_s" "-lutil" "-lrt" "-lpthread" "-lm" "-ldl" "-lc" "-Wl,--eh-frame-hdr" "-Wl,-z,noexecstack" "-L" "/opt/rustwide/rustup-home/toolchains/beta-2023-04-20-x86_64-unknown-linux-gnu/lib/rustlib/x86_64-unknown-linux-gnu/lib" "-o" "/opt/rustwide/target/debug/build/serde-d18cd9a791f1f800/build_script_build-d18cd9a791f1f800" "-Wl,--gc-sections" "-pie" "-Wl,-z,relro,-z,now" "-nodefaultlibs"
[INFO] [stdout]   = note: /usr/bin/ld: final link failed: No space left on device
[INFO] [stdout]           collect2: error: ld returned 1 exit status
[INFO] [stdout]           
[INFO] [stdout] 
[INFO] [stdout] 
[INFO] [stdout] error: aborting due to previous error
[INFO] [stdout] 
[INFO] [stdout] 
[INFO] [stdout] error: linking with `cc` failed: exit status: 1
[INFO] [stdout]   |
[INFO] [stdout]   = note: LC_ALL="C" PATH="/opt/rustwide/rustup-home/toolchains/beta-2023-04-20-x86_64-unknown-linux-gnu/lib/rustlib/x86_64-unknown-linux-gnu/bin:/opt/rustwide/cargo-home/bin:/usr/local/sbin:/usr/local/bin:/usr/sbin:/usr/bin:/sbin:/bin" VSLANG="1033" "cc" "-m64" "/tmp/rustchLwWFt/symbols.o" "/opt/rustwide/target/debug/build/maybe-uninit-4c4a140c00113f19/build_script_build-4c4a140c00113f19.build_script_build.a175bfdc-cgu.0.rcgu.o" "/opt/rustwide/target/debug/build/maybe-uninit-4c4a140c00113f19/build_script_build-4c4a140c00113f19.build_script_build.a175bfdc-cgu.1.rcgu.o" "/opt/rustwide/target/debug/build/maybe-uninit-4c4a140c00113f19/build_script_build-4c4a140c00113f19.build_script_build.a175bfdc-cgu.10.rcgu.o" "/opt/rustwide/target/debug/build/maybe-uninit-4c4a140c00113f19/build_script_build-4c4a140c00113f19.build_script_build.a175bfdc-cgu.11.rcgu.o" "/opt/rustwide/target/debug/build/maybe-uninit-4c4a140c00113f19/build_script_build-4c4a140c00113f19.build_script_build.a175bfdc-cgu.12.rcgu.o" "/opt/rustwide/target/debug/build/maybe-uninit-4c4a140c00113f19/build_script_build-4c4a140c00113f19.build_script_build.a175bfdc-cgu.13.rcgu.o" "/opt/rustwide/target/debug/build/maybe-uninit-4c4a140c00113f19/build_script_build-4c4a140c00113f19.build_script_build.a175bfdc-cgu.14.rcgu.o" "/opt/rustwide/target/debug/build/maybe-uninit-4c4a140c00113f19/build_script_build-4c4a140c00113f19.build_script_build.a175bfdc-cgu.15.rcgu.o" "/opt/rustwide/target/debug/build/maybe-uninit-4c4a140c00113f19/build_script_build-4c4a140c00113f19.build_script_build.a175bfdc-cgu.2.rcgu.o" "/opt/rustwide/target/debug/build/maybe-uninit-4c4a140c00113f19/build_script_build-4c4a140c00113f19.build_script_build.a175bfdc-cgu.3.rcgu.o" "/opt/rustwide/target/debug/build/maybe-uninit-4c4a140c00113f19/build_script_build-4c4a140c00113f19.build_script_build.a175bfdc-cgu.4.rcgu.o" "/opt/rustwide/target/debug/build/maybe-uninit-4c4a140c00113f19/build_script_build-4c4a140c00113f19.build_script_build.a175bfdc-cgu.5.rcgu.o" "/opt/rustwide/target/debug/build/maybe-uninit-4c4a140c00113f19/build_script_build-4c4a140c00113f19.build_script_build.a175bfdc-cgu.6.rcgu.o" "/opt/rustwide/target/debug/build/maybe-uninit-4c4a140c00113f19/build_script_build-4c4a140c00113f19.build_script_build.a175bfdc-cgu.7.rcgu.o" "/opt/rustwide/target/debug/build/maybe-uninit-4c4a140c00113f19/build_script_build-4c4a140c00113f19.build_script_build.a175bfdc-cgu.8.rcgu.o" "/opt/rustwide/target/debug/build/maybe-uninit-4c4a140c00113f19/build_script_build-4c4a140c00113f19.build_script_build.a175bfdc-cgu.9.rcgu.o" "/opt/rustwide/target/debug/build/maybe-uninit-4c4a140c00113f19/build_script_build-4c4a140c00113f19.192c49p5cu8w3bdr.rcgu.o" "-Wl,--as-needed" "-L" "/opt/rustwide/target/debug/deps" "-L" "/opt/rustwide/rustup-home/toolchains/beta-2023-04-20-x86_64-unknown-linux-gnu/lib/rustlib/x86_64-unknown-linux-gnu/lib" "-Wl,-Bstatic" "/opt/rustwide/rustup-home/toolchains/beta-2023-04-20-x86_64-unknown-linux-gnu/lib/rustlib/x86_64-unknown-linux-gnu/lib/libstd-0e29cc23c5e02021.rlib" "/opt/rustwide/rustup-home/toolchains/beta-2023-04-20-x86_64-unknown-linux-gnu/lib/rustlib/x86_64-unknown-linux-gnu/lib/libpanic_unwind-d903621768a861d9.rlib" "/opt/rustwide/rustup-home/toolchains/beta-2023-04-20-x86_64-unknown-linux-gnu/lib/rustlib/x86_64-unknown-linux-gnu/lib/libobject-6d0225e655f31c13.rlib" "/opt/rustwide/rustup-home/toolchains/beta-2023-04-20-x86_64-unknown-linux-gnu/lib/rustlib/x86_64-unknown-linux-gnu/lib/libmemchr-9dbaf4eac7eaa079.rlib" "/opt/rustwide/rustup-home/toolchains/beta-2023-04-20-x86_64-unknown-linux-gnu/lib/rustlib/x86_64-unknown-linux-gnu/lib/libaddr2line-27f05b3d42a66dd0.rlib" "/opt/rustwide/rustup-home/toolchains/beta-2023-04-20-x86_64-unknown-linux-gnu/lib/rustlib/x86_64-unknown-linux-gnu/lib/libgimli-4d73f1030321c9a2.rlib" "/opt/rustwide/rustup-home/toolchains/beta-2023-04-20-x86_64-unknown-linux-gnu/lib/rustlib/x86_64-unknown-linux-gnu/lib/librustc_demangle-2846c9e58abd0acb.rlib" "/opt/rustwide/rustup-home/toolchains/beta-2023-04-20-x86_64-unknown-linux-gnu/lib/rustlib/x86_64-unknown-linux-gnu/lib/libstd_detect-a53d0f50415947be.rlib" "/opt/rustwide/rustup-home/toolchains/beta-2023-04-20-x86_64-unknown-linux-gnu/lib/rustlib/x86_64-unknown-linux-gnu/lib/libhashbrown-d48e4b6abc25b9dc.rlib" "/opt/rustwide/rustup-home/toolchains/beta-2023-04-20-x86_64-unknown-linux-gnu/lib/rustlib/x86_64-unknown-linux-gnu/lib/libminiz_oxide-2991859439ef1207.rlib" "/opt/rustwide/rustup-home/toolchains/beta-2023-04-20-x86_64-unknown-linux-gnu/lib/rustlib/x86_64-unknown-linux-gnu/lib/libadler-8a687517e4221bae.rlib" "/opt/rustwide/rustup-home/toolchains/beta-2023-04-20-x86_64-unknown-linux-gnu/lib/rustlib/x86_64-unknown-linux-gnu/lib/librustc_std_workspace_alloc-e07b554f6a67f5b3.rlib" "/opt/rustwide/rustup-home/toolchains/beta-2023-04-20-x86_64-unknown-linux-gnu/lib/rustlib/x86_64-unknown-linux-gnu/lib/libunwind-b68238b7c3c619dd.rlib" "/opt/rustwide/rustup-home/toolchains/beta-2023-04-20-x86_64-unknown-linux-gnu/lib/rustlib/x86_64-unknown-linux-gnu/lib/libcfg_if-d5e213e896c017e4.rlib" "/opt/rustwide/rustup-home/toolchains/beta-2023-04-20-x86_64-unknown-linux-gnu/lib/rustlib/x86_64-unknown-linux-gnu/lib/liblibc-0211a3b2e61d8689.rlib" "/opt/rustwide/rustup-home/toolchains/beta-2023-04-20-x86_64-unknown-linux-gnu/lib/rustlib/x86_64-unknown-linux-gnu/lib/liballoc-b371f055239ba51f.rlib" "/opt/rustwide/rustup-home/toolchains/beta-2023-04-20-x86_64-unknown-linux-gnu/lib/rustlib/x86_64-unknown-linux-gnu/lib/librustc_std_workspace_core-e60518d2760eb01e.rlib" "/opt/rustwide/rustup-home/toolchains/beta-2023-04-20-x86_64-unknown-linux-gnu/lib/rustlib/x86_64-unknown-linux-gnu/lib/libcore-1ad943f92a4b1081.rlib" "/opt/rustwide/rustup-home/toolchains/beta-2023-04-20-x86_64-unknown-linux-gnu/lib/rustlib/x86_64-unknown-linux-gnu/lib/libcompiler_builtins-f0d6e4d0fc1e80b4.rlib" "-Wl,-Bdynamic" "-lgcc_s" "-lutil" "-lrt" "-lpthread" "-lm" "-ldl" "-lc" "-Wl,--eh-frame-hdr" "-Wl,-z,noexecstack" "-L" "/opt/rustwide/rustup-home/toolchains/beta-2023-04-20-x86_64-unknown-linux-gnu/lib/rustlib/x86_64-unknown-linux-gnu/lib" "-o" "/opt/rustwide/target/debug/build/maybe-uninit-4c4a140c00113f19/build_script_build-4c4a140c00113f19" "-Wl,--gc-sections" "-pie" "-Wl,-z,relro,-z,now" "-nodefaultlibs"
[INFO] [stdout]   = note: /usr/bin/ld: final link failed: No space left on device
[INFO] [stdout]           collect2: error: ld returned 1 exit status
[INFO] [stdout]           
[INFO] [stdout] 
[INFO] [stdout] 
[INFO] [stdout] error: aborting due to previous error
[INFO] [stdout] 
[INFO] [stdout] 
[INFO] [stderr] error: could not compile `serde` (build script) due to 2 previous errors
[INFO] [stderr] error: could not compile `maybe-uninit` (build script) due to 2 previous errors
[INFO] [stdout] error: couldn't create a temp dir: No space left on device (os error 28) at path "/opt/rustwide/target/debug/deps/rmetakM6p6b"
[INFO] [stdout] 
[INFO] [stdout] 
[INFO] [stdout] error: aborting due to previous error
[INFO] [stdout] 
[INFO] [stdout] 
[INFO] [stdout] error: linking with `cc` failed: exit status: 1
[INFO] [stdout]   |
[INFO] [stdout]   = note: LC_ALL="C" PATH="/opt/rustwide/rustup-home/toolchains/beta-2023-04-20-x86_64-unknown-linux-gnu/lib/rustlib/x86_64-unknown-linux-gnu/bin:/opt/rustwide/cargo-home/bin:/usr/local/sbin:/usr/local/bin:/usr/sbin:/usr/bin:/sbin:/bin" VSLANG="1033" "cc" "-m64" "/tmp/rustc1bW8oi/symbols.o" "/opt/rustwide/target/debug/build/libc-716cdf7245833ed1/build_script_build-716cdf7245833ed1.build_script_build.003bf17d-cgu.0.rcgu.o" "/opt/rustwide/target/debug/build/libc-716cdf7245833ed1/build_script_build-716cdf7245833ed1.build_script_build.003bf17d-cgu.1.rcgu.o" "/opt/rustwide/target/debug/build/libc-716cdf7245833ed1/build_script_build-716cdf7245833ed1.build_script_build.003bf17d-cgu.10.rcgu.o" "/opt/rustwide/target/debug/build/libc-716cdf7245833ed1/build_script_build-716cdf7245833ed1.build_script_build.003bf17d-cgu.11.rcgu.o" "/opt/rustwide/target/debug/build/libc-716cdf7245833ed1/build_script_build-716cdf7245833ed1.build_script_build.003bf17d-cgu.12.rcgu.o" "/opt/rustwide/target/debug/build/libc-716cdf7245833ed1/build_script_build-716cdf7245833ed1.build_script_build.003bf17d-cgu.13.rcgu.o" "/opt/rustwide/target/debug/build/libc-716cdf7245833ed1/build_script_build-716cdf7245833ed1.build_script_build.003bf17d-cgu.14.rcgu.o" "/opt/rustwide/target/debug/build/libc-716cdf7245833ed1/build_script_build-716cdf7245833ed1.build_script_build.003bf17d-cgu.15.rcgu.o" "/opt/rustwide/target/debug/build/libc-716cdf7245833ed1/build_script_build-716cdf7245833ed1.build_script_build.003bf17d-cgu.2.rcgu.o" "/opt/rustwide/target/debug/build/libc-716cdf7245833ed1/build_script_build-716cdf7245833ed1.build_script_build.003bf17d-cgu.3.rcgu.o" "/opt/rustwide/target/debug/build/libc-716cdf7245833ed1/build_script_build-716cdf7245833ed1.build_script_build.003bf17d-cgu.4.rcgu.o" "/opt/rustwide/target/debug/build/libc-716cdf7245833ed1/build_script_build-716cdf7245833ed1.build_script_build.003bf17d-cgu.5.rcgu.o" "/opt/rustwide/target/debug/build/libc-716cdf7245833ed1/build_script_build-716cdf7245833ed1.build_script_build.003bf17d-cgu.6.rcgu.o" "/opt/rustwide/target/debug/build/libc-716cdf7245833ed1/build_script_build-716cdf7245833ed1.build_script_build.003bf17d-cgu.7.rcgu.o" "/opt/rustwide/target/debug/build/libc-716cdf7245833ed1/build_script_build-716cdf7245833ed1.build_script_build.003bf17d-cgu.8.rcgu.o" "/opt/rustwide/target/debug/build/libc-716cdf7245833ed1/build_script_build-716cdf7245833ed1.build_script_build.003bf17d-cgu.9.rcgu.o" "/opt/rustwide/target/debug/build/libc-716cdf7245833ed1/build_script_build-716cdf7245833ed1.1s6wi1otqavkx4rx.rcgu.o" "-Wl,--as-needed" "-L" "/opt/rustwide/target/debug/deps" "-L" "/opt/rustwide/rustup-home/toolchains/beta-2023-04-20-x86_64-unknown-linux-gnu/lib/rustlib/x86_64-unknown-linux-gnu/lib" "-Wl,-Bstatic" "/opt/rustwide/rustup-home/toolchains/beta-2023-04-20-x86_64-unknown-linux-gnu/lib/rustlib/x86_64-unknown-linux-gnu/lib/libstd-0e29cc23c5e02021.rlib" "/opt/rustwide/rustup-home/toolchains/beta-2023-04-20-x86_64-unknown-linux-gnu/lib/rustlib/x86_64-unknown-linux-gnu/lib/libpanic_unwind-d903621768a861d9.rlib" "/opt/rustwide/rustup-home/toolchains/beta-2023-04-20-x86_64-unknown-linux-gnu/lib/rustlib/x86_64-unknown-linux-gnu/lib/libobject-6d0225e655f31c13.rlib" "/opt/rustwide/rustup-home/toolchains/beta-2023-04-20-x86_64-unknown-linux-gnu/lib/rustlib/x86_64-unknown-linux-gnu/lib/libmemchr-9dbaf4eac7eaa079.rlib" "/opt/rustwide/rustup-home/toolchains/beta-2023-04-20-x86_64-unknown-linux-gnu/lib/rustlib/x86_64-unknown-linux-gnu/lib/libaddr2line-27f05b3d42a66dd0.rlib" "/opt/rustwide/rustup-home/toolchains/beta-2023-04-20-x86_64-unknown-linux-gnu/lib/rustlib/x86_64-unknown-linux-gnu/lib/libgimli-4d73f1030321c9a2.rlib" "/opt/rustwide/rustup-home/toolchains/beta-2023-04-20-x86_64-unknown-linux-gnu/lib/rustlib/x86_64-unknown-linux-gnu/lib/librustc_demangle-2846c9e58abd0acb.rlib" "/opt/rustwide/rustup-home/toolchains/beta-2023-04-20-x86_64-unknown-linux-gnu/lib/rustlib/x86_64-unknown-linux-gnu/lib/libstd_detect-a53d0f50415947be.rlib" "/opt/rustwide/rustup-home/toolchains/beta-2023-04-20-x86_64-unknown-linux-gnu/lib/rustlib/x86_64-unknown-linux-gnu/lib/libhashbrown-d48e4b6abc25b9dc.rlib" "/opt/rustwide/rustup-home/toolchains/beta-2023-04-20-x86_64-unknown-linux-gnu/lib/rustlib/x86_64-unknown-linux-gnu/lib/libminiz_oxide-2991859439ef1207.rlib" "/opt/rustwide/rustup-home/toolchains/beta-2023-04-20-x86_64-unknown-linux-gnu/lib/rustlib/x86_64-unknown-linux-gnu/lib/libadler-8a687517e4221bae.rlib" "/opt/rustwide/rustup-home/toolchains/beta-2023-04-20-x86_64-unknown-linux-gnu/lib/rustlib/x86_64-unknown-linux-gnu/lib/librustc_std_workspace_alloc-e07b554f6a67f5b3.rlib" "/opt/rustwide/rustup-home/toolchains/beta-2023-04-20-x86_64-unknown-linux-gnu/lib/rustlib/x86_64-unknown-linux-gnu/lib/libunwind-b68238b7c3c619dd.rlib" "/opt/rustwide/rustup-home/toolchains/beta-2023-04-20-x86_64-unknown-linux-gnu/lib/rustlib/x86_64-unknown-linux-gnu/lib/libcfg_if-d5e213e896c017e4.rlib" "/opt/rustwide/rustup-home/toolchains/beta-2023-04-20-x86_64-unknown-linux-gnu/lib/rustlib/x86_64-unknown-linux-gnu/lib/liblibc-0211a3b2e61d8689.rlib" "/opt/rustwide/rustup-home/toolchains/beta-2023-04-20-x86_64-unknown-linux-gnu/lib/rustlib/x86_64-unknown-linux-gnu/lib/liballoc-b371f055239ba51f.rlib" "/opt/rustwide/rustup-home/toolchains/beta-2023-04-20-x86_64-unknown-linux-gnu/lib/rustlib/x86_64-unknown-linux-gnu/lib/librustc_std_workspace_core-e60518d2760eb01e.rlib" "/opt/rustwide/rustup-home/toolchains/beta-2023-04-20-x86_64-unknown-linux-gnu/lib/rustlib/x86_64-unknown-linux-gnu/lib/libcore-1ad943f92a4b1081.rlib" "/opt/rustwide/rustup-home/toolchains/beta-2023-04-20-x86_64-unknown-linux-gnu/lib/rustlib/x86_64-unknown-linux-gnu/lib/libcompiler_builtins-f0d6e4d0fc1e80b4.rlib" "-Wl,-Bdynamic" "-lgcc_s" "-lutil" "-lrt" "-lpthread" "-lm" "-ldl" "-lc" "-Wl,--eh-frame-hdr" "-Wl,-z,noexecstack" "-L" "/opt/rustwide/rustup-home/toolchains/beta-2023-04-20-x86_64-unknown-linux-gnu/lib/rustlib/x86_64-unknown-linux-gnu/lib" "-o" "/opt/rustwide/target/debug/build/libc-716cdf7245833ed1/build_script_build-716cdf7245833ed1" "-Wl,--gc-sections" "-pie" "-Wl,-z,relro,-z,now" "-nodefaultlibs"
[INFO] [stdout]   = note: /usr/bin/ld: final link failed: No space left on device
[INFO] [stdout]           collect2: error: ld returned 1 exit status
[INFO] [stdout]           
[INFO] [stdout] 
[INFO] [stdout] 
[INFO] [stdout] error: aborting due to previous error
[INFO] [stdout] 
[INFO] [stdout] 
[INFO] [stderr] error: could not compile `rand_core` (lib) due to 2 previous errors
[INFO] [stderr] error: could not compile `libc` (build script) due to 2 previous errors
[INFO] [stdout] error: linking with `cc` failed: exit status: 1
[INFO] [stdout]   |
[INFO] [stdout]   = note: LC_ALL="C" PATH="/opt/rustwide/rustup-home/toolchains/beta-2023-04-20-x86_64-unknown-linux-gnu/lib/rustlib/x86_64-unknown-linux-gnu/bin:/opt/rustwide/cargo-home/bin:/usr/local/sbin:/usr/local/bin:/usr/sbin:/usr/bin:/sbin:/bin" VSLANG="1033" "cc" "-m64" "/tmp/rustcHPzsjh/symbols.o" "/opt/rustwide/target/debug/build/proc-macro2-435c523a7f1ba786/build_script_build-435c523a7f1ba786.build_script_build.e0052c9e-cgu.0.rcgu.o" "/opt/rustwide/target/debug/build/proc-macro2-435c523a7f1ba786/build_script_build-435c523a7f1ba786.build_script_build.e0052c9e-cgu.1.rcgu.o" "/opt/rustwide/target/debug/build/proc-macro2-435c523a7f1ba786/build_script_build-435c523a7f1ba786.build_script_build.e0052c9e-cgu.10.rcgu.o" "/opt/rustwide/target/debug/build/proc-macro2-435c523a7f1ba786/build_script_build-435c523a7f1ba786.build_script_build.e0052c9e-cgu.11.rcgu.o" "/opt/rustwide/target/debug/build/proc-macro2-435c523a7f1ba786/build_script_build-435c523a7f1ba786.build_script_build.e0052c9e-cgu.12.rcgu.o" "/opt/rustwide/target/debug/build/proc-macro2-435c523a7f1ba786/build_script_build-435c523a7f1ba786.build_script_build.e0052c9e-cgu.13.rcgu.o" "/opt/rustwide/target/debug/build/proc-macro2-435c523a7f1ba786/build_script_build-435c523a7f1ba786.build_script_build.e0052c9e-cgu.14.rcgu.o" "/opt/rustwide/target/debug/build/proc-macro2-435c523a7f1ba786/build_script_build-435c523a7f1ba786.build_script_build.e0052c9e-cgu.15.rcgu.o" "/opt/rustwide/target/debug/build/proc-macro2-435c523a7f1ba786/build_script_build-435c523a7f1ba786.build_script_build.e0052c9e-cgu.2.rcgu.o" "/opt/rustwide/target/debug/build/proc-macro2-435c523a7f1ba786/build_script_build-435c523a7f1ba786.build_script_build.e0052c9e-cgu.3.rcgu.o" "/opt/rustwide/target/debug/build/proc-macro2-435c523a7f1ba786/build_script_build-435c523a7f1ba786.build_script_build.e0052c9e-cgu.4.rcgu.o" "/opt/rustwide/target/debug/build/proc-macro2-435c523a7f1ba786/build_script_build-435c523a7f1ba786.build_script_build.e0052c9e-cgu.5.rcgu.o" "/opt/rustwide/target/debug/build/proc-macro2-435c523a7f1ba786/build_script_build-435c523a7f1ba786.build_script_build.e0052c9e-cgu.6.rcgu.o" "/opt/rustwide/target/debug/build/proc-macro2-435c523a7f1ba786/build_script_build-435c523a7f1ba786.build_script_build.e0052c9e-cgu.7.rcgu.o" "/opt/rustwide/target/debug/build/proc-macro2-435c523a7f1ba786/build_script_build-435c523a7f1ba786.build_script_build.e0052c9e-cgu.8.rcgu.o" "/opt/rustwide/target/debug/build/proc-macro2-435c523a7f1ba786/build_script_build-435c523a7f1ba786.build_script_build.e0052c9e-cgu.9.rcgu.o" "/opt/rustwide/target/debug/build/proc-macro2-435c523a7f1ba786/build_script_build-435c523a7f1ba786.tjooevt3wbx7gxo.rcgu.o" "-Wl,--as-needed" "-L" "/opt/rustwide/target/debug/deps" "-L" "/opt/rustwide/rustup-home/toolchains/beta-2023-04-20-x86_64-unknown-linux-gnu/lib/rustlib/x86_64-unknown-linux-gnu/lib" "-Wl,-Bstatic" "/opt/rustwide/rustup-home/toolchains/beta-2023-04-20-x86_64-unknown-linux-gnu/lib/rustlib/x86_64-unknown-linux-gnu/lib/libstd-0e29cc23c5e02021.rlib" "/opt/rustwide/rustup-home/toolchains/beta-2023-04-20-x86_64-unknown-linux-gnu/lib/rustlib/x86_64-unknown-linux-gnu/lib/libpanic_unwind-d903621768a861d9.rlib" "/opt/rustwide/rustup-home/toolchains/beta-2023-04-20-x86_64-unknown-linux-gnu/lib/rustlib/x86_64-unknown-linux-gnu/lib/libobject-6d0225e655f31c13.rlib" "/opt/rustwide/rustup-home/toolchains/beta-2023-04-20-x86_64-unknown-linux-gnu/lib/rustlib/x86_64-unknown-linux-gnu/lib/libmemchr-9dbaf4eac7eaa079.rlib" "/opt/rustwide/rustup-home/toolchains/beta-2023-04-20-x86_64-unknown-linux-gnu/lib/rustlib/x86_64-unknown-linux-gnu/lib/libaddr2line-27f05b3d42a66dd0.rlib" "/opt/rustwide/rustup-home/toolchains/beta-2023-04-20-x86_64-unknown-linux-gnu/lib/rustlib/x86_64-unknown-linux-gnu/lib/libgimli-4d73f1030321c9a2.rlib" "/opt/rustwide/rustup-home/toolchains/beta-2023-04-20-x86_64-unknown-linux-gnu/lib/rustlib/x86_64-unknown-linux-gnu/lib/librustc_demangle-2846c9e58abd0acb.rlib" "/opt/rustwide/rustup-home/toolchains/beta-2023-04-20-x86_64-unknown-linux-gnu/lib/rustlib/x86_64-unknown-linux-gnu/lib/libstd_detect-a53d0f50415947be.rlib" "/opt/rustwide/rustup-home/toolchains/beta-2023-04-20-x86_64-unknown-linux-gnu/lib/rustlib/x86_64-unknown-linux-gnu/lib/libhashbrown-d48e4b6abc25b9dc.rlib" "/opt/rustwide/rustup-home/toolchains/beta-2023-04-20-x86_64-unknown-linux-gnu/lib/rustlib/x86_64-unknown-linux-gnu/lib/libminiz_oxide-2991859439ef1207.rlib" "/opt/rustwide/rustup-home/toolchains/beta-2023-04-20-x86_64-unknown-linux-gnu/lib/rustlib/x86_64-unknown-linux-gnu/lib/libadler-8a687517e4221bae.rlib" "/opt/rustwide/rustup-home/toolchains/beta-2023-04-20-x86_64-unknown-linux-gnu/lib/rustlib/x86_64-unknown-linux-gnu/lib/librustc_std_workspace_alloc-e07b554f6a67f5b3.rlib" "/opt/rustwide/rustup-home/toolchains/beta-2023-04-20-x86_64-unknown-linux-gnu/lib/rustlib/x86_64-unknown-linux-gnu/lib/libunwind-b68238b7c3c619dd.rlib" "/opt/rustwide/rustup-home/toolchains/beta-2023-04-20-x86_64-unknown-linux-gnu/lib/rustlib/x86_64-unknown-linux-gnu/lib/libcfg_if-d5e213e896c017e4.rlib" "/opt/rustwide/rustup-home/toolchains/beta-2023-04-20-x86_64-unknown-linux-gnu/lib/rustlib/x86_64-unknown-linux-gnu/lib/liblibc-0211a3b2e61d8689.rlib" "/opt/rustwide/rustup-home/toolchains/beta-2023-04-20-x86_64-unknown-linux-gnu/lib/rustlib/x86_64-unknown-linux-gnu/lib/liballoc-b371f055239ba51f.rlib" "/opt/rustwide/rustup-home/toolchains/beta-2023-04-20-x86_64-unknown-linux-gnu/lib/rustlib/x86_64-unknown-linux-gnu/lib/librustc_std_workspace_core-e60518d2760eb01e.rlib" "/opt/rustwide/rustup-home/toolchains/beta-2023-04-20-x86_64-unknown-linux-gnu/lib/rustlib/x86_64-unknown-linux-gnu/lib/libcore-1ad943f92a4b1081.rlib" "/opt/rustwide/rustup-home/toolchains/beta-2023-04-20-x86_64-unknown-linux-gnu/lib/rustlib/x86_64-unknown-linux-gnu/lib/libcompiler_builtins-f0d6e4d0fc1e80b4.rlib" "-Wl,-Bdynamic" "-lgcc_s" "-lutil" "-lrt" "-lpthread" "-lm" "-ldl" "-lc" "-Wl,--eh-frame-hdr" "-Wl,-z,noexecstack" "-L" "/opt/rustwide/rustup-home/toolchains/beta-2023-04-20-x86_64-unknown-linux-gnu/lib/rustlib/x86_64-unknown-linux-gnu/lib" "-o" "/opt/rustwide/target/debug/build/proc-macro2-435c523a7f1ba786/build_script_build-435c523a7f1ba786" "-Wl,--gc-sections" "-pie" "-Wl,-z,relro,-z,now" "-nodefaultlibs"
[INFO] [stdout]   = note: /usr/bin/ld: final link failed: No space left on device
[INFO] [stdout]           collect2: error: ld returned 1 exit status
[INFO] [stdout]           
[INFO] [stdout] 
[INFO] [stdout] 
[INFO] [stdout] error: aborting due to previous error
[INFO] [stdout] 
[INFO] [stdout] 
[INFO] [stderr] error: could not compile `proc-macro2` (build script) due to 2 previous errors
[INFO] [stdout] error: linking with `cc` failed: exit status: 1
[INFO] [stdout]   |
[INFO] [stdout]   = note: LC_ALL="C" PATH="/opt/rustwide/rustup-home/toolchains/beta-2023-04-20-x86_64-unknown-linux-gnu/lib/rustlib/x86_64-unknown-linux-gnu/bin:/opt/rustwide/cargo-home/bin:/usr/local/sbin:/usr/local/bin:/usr/sbin:/usr/bin:/sbin:/bin" VSLANG="1033" "cc" "-m64" "/tmp/rustcN6Goig/symbols.o" "/opt/rustwide/target/debug/build/byteorder-2ddefce3bc64249b/build_script_build-2ddefce3bc64249b.build_script_build.51c25108-cgu.0.rcgu.o" "/opt/rustwide/target/debug/build/byteorder-2ddefce3bc64249b/build_script_build-2ddefce3bc64249b.build_script_build.51c25108-cgu.1.rcgu.o" "/opt/rustwide/target/debug/build/byteorder-2ddefce3bc64249b/build_script_build-2ddefce3bc64249b.build_script_build.51c25108-cgu.10.rcgu.o" "/opt/rustwide/target/debug/build/byteorder-2ddefce3bc64249b/build_script_build-2ddefce3bc64249b.build_script_build.51c25108-cgu.11.rcgu.o" "/opt/rustwide/target/debug/build/byteorder-2ddefce3bc64249b/build_script_build-2ddefce3bc64249b.build_script_build.51c25108-cgu.12.rcgu.o" "/opt/rustwide/target/debug/build/byteorder-2ddefce3bc64249b/build_script_build-2ddefce3bc64249b.build_script_build.51c25108-cgu.13.rcgu.o" "/opt/rustwide/target/debug/build/byteorder-2ddefce3bc64249b/build_script_build-2ddefce3bc64249b.build_script_build.51c25108-cgu.14.rcgu.o" "/opt/rustwide/target/debug/build/byteorder-2ddefce3bc64249b/build_script_build-2ddefce3bc64249b.build_script_build.51c25108-cgu.15.rcgu.o" "/opt/rustwide/target/debug/build/byteorder-2ddefce3bc64249b/build_script_build-2ddefce3bc64249b.build_script_build.51c25108-cgu.2.rcgu.o" "/opt/rustwide/target/debug/build/byteorder-2ddefce3bc64249b/build_script_build-2ddefce3bc64249b.build_script_build.51c25108-cgu.3.rcgu.o" "/opt/rustwide/target/debug/build/byteorder-2ddefce3bc64249b/build_script_build-2ddefce3bc64249b.build_script_build.51c25108-cgu.4.rcgu.o" "/opt/rustwide/target/debug/build/byteorder-2ddefce3bc64249b/build_script_build-2ddefce3bc64249b.build_script_build.51c25108-cgu.5.rcgu.o" "/opt/rustwide/target/debug/build/byteorder-2ddefce3bc64249b/build_script_build-2ddefce3bc64249b.build_script_build.51c25108-cgu.6.rcgu.o" "/opt/rustwide/target/debug/build/byteorder-2ddefce3bc64249b/build_script_build-2ddefce3bc64249b.build_script_build.51c25108-cgu.7.rcgu.o" "/opt/rustwide/target/debug/build/byteorder-2ddefce3bc64249b/build_script_build-2ddefce3bc64249b.build_script_build.51c25108-cgu.8.rcgu.o" "/opt/rustwide/target/debug/build/byteorder-2ddefce3bc64249b/build_script_build-2ddefce3bc64249b.build_script_build.51c25108-cgu.9.rcgu.o" "/opt/rustwide/target/debug/build/byteorder-2ddefce3bc64249b/build_script_build-2ddefce3bc64249b.6sa4pwztu3sc5ia.rcgu.o" "-Wl,--as-needed" "-L" "/opt/rustwide/target/debug/deps" "-L" "/opt/rustwide/rustup-home/toolchains/beta-2023-04-20-x86_64-unknown-linux-gnu/lib/rustlib/x86_64-unknown-linux-gnu/lib" "-Wl,-Bstatic" "/opt/rustwide/rustup-home/toolchains/beta-2023-04-20-x86_64-unknown-linux-gnu/lib/rustlib/x86_64-unknown-linux-gnu/lib/libstd-0e29cc23c5e02021.rlib" "/opt/rustwide/rustup-home/toolchains/beta-2023-04-20-x86_64-unknown-linux-gnu/lib/rustlib/x86_64-unknown-linux-gnu/lib/libpanic_unwind-d903621768a861d9.rlib" "/opt/rustwide/rustup-home/toolchains/beta-2023-04-20-x86_64-unknown-linux-gnu/lib/rustlib/x86_64-unknown-linux-gnu/lib/libobject-6d0225e655f31c13.rlib" "/opt/rustwide/rustup-home/toolchains/beta-2023-04-20-x86_64-unknown-linux-gnu/lib/rustlib/x86_64-unknown-linux-gnu/lib/libmemchr-9dbaf4eac7eaa079.rlib" "/opt/rustwide/rustup-home/toolchains/beta-2023-04-20-x86_64-unknown-linux-gnu/lib/rustlib/x86_64-unknown-linux-gnu/lib/libaddr2line-27f05b3d42a66dd0.rlib" "/opt/rustwide/rustup-home/toolchains/beta-2023-04-20-x86_64-unknown-linux-gnu/lib/rustlib/x86_64-unknown-linux-gnu/lib/libgimli-4d73f1030321c9a2.rlib" "/opt/rustwide/rustup-home/toolchains/beta-2023-04-20-x86_64-unknown-linux-gnu/lib/rustlib/x86_64-unknown-linux-gnu/lib/librustc_demangle-2846c9e58abd0acb.rlib" "/opt/rustwide/rustup-home/toolchains/beta-2023-04-20-x86_64-unknown-linux-gnu/lib/rustlib/x86_64-unknown-linux-gnu/lib/libstd_detect-a53d0f50415947be.rlib" "/opt/rustwide/rustup-home/toolchains/beta-2023-04-20-x86_64-unknown-linux-gnu/lib/rustlib/x86_64-unknown-linux-gnu/lib/libhashbrown-d48e4b6abc25b9dc.rlib" "/opt/rustwide/rustup-home/toolchains/beta-2023-04-20-x86_64-unknown-linux-gnu/lib/rustlib/x86_64-unknown-linux-gnu/lib/libminiz_oxide-2991859439ef1207.rlib" "/opt/rustwide/rustup-home/toolchains/beta-2023-04-20-x86_64-unknown-linux-gnu/lib/rustlib/x86_64-unknown-linux-gnu/lib/libadler-8a687517e4221bae.rlib" "/opt/rustwide/rustup-home/toolchains/beta-2023-04-20-x86_64-unknown-linux-gnu/lib/rustlib/x86_64-unknown-linux-gnu/lib/librustc_std_workspace_alloc-e07b554f6a67f5b3.rlib" "/opt/rustwide/rustup-home/toolchains/beta-2023-04-20-x86_64-unknown-linux-gnu/lib/rustlib/x86_64-unknown-linux-gnu/lib/libunwind-b68238b7c3c619dd.rlib" "/opt/rustwide/rustup-home/toolchains/beta-2023-04-20-x86_64-unknown-linux-gnu/lib/rustlib/x86_64-unknown-linux-gnu/lib/libcfg_if-d5e213e896c017e4.rlib" "/opt/rustwide/rustup-home/toolchains/beta-2023-04-20-x86_64-unknown-linux-gnu/lib/rustlib/x86_64-unknown-linux-gnu/lib/liblibc-0211a3b2e61d8689.rlib" "/opt/rustwide/rustup-home/toolchains/beta-2023-04-20-x86_64-unknown-linux-gnu/lib/rustlib/x86_64-unknown-linux-gnu/lib/liballoc-b371f055239ba51f.rlib" "/opt/rustwide/rustup-home/toolchains/beta-2023-04-20-x86_64-unknown-linux-gnu/lib/rustlib/x86_64-unknown-linux-gnu/lib/librustc_std_workspace_core-e60518d2760eb01e.rlib" "/opt/rustwide/rustup-home/toolchains/beta-2023-04-20-x86_64-unknown-linux-gnu/lib/rustlib/x86_64-unknown-linux-gnu/lib/libcore-1ad943f92a4b1081.rlib" "/opt/rustwide/rustup-home/toolchains/beta-2023-04-20-x86_64-unknown-linux-gnu/lib/rustlib/x86_64-unknown-linux-gnu/lib/libcompiler_builtins-f0d6e4d0fc1e80b4.rlib" "-Wl,-Bdynamic" "-lgcc_s" "-lutil" "-lrt" "-lpthread" "-lm" "-ldl" "-lc" "-Wl,--eh-frame-hdr" "-Wl,-z,noexecstack" "-L" "/opt/rustwide/rustup-home/toolchains/beta-2023-04-20-x86_64-unknown-linux-gnu/lib/rustlib/x86_64-unknown-linux-gnu/lib" "-o" "/opt/rustwide/target/debug/build/byteorder-2ddefce3bc64249b/build_script_build-2ddefce3bc64249b" "-Wl,--gc-sections" "-pie" "-Wl,-z,relro,-z,now" "-nodefaultlibs"
[INFO] [stdout]   = note: /usr/bin/ld: final link failed: No space left on device
[INFO] [stdout]           collect2: error: ld returned 1 exit status
[INFO] [stdout]           
[INFO] [stdout] 
[INFO] [stdout] 
[INFO] [stdout] error: aborting due to previous error
[INFO] [stdout] 
[INFO] [stdout] 
[INFO] [stderr] error: could not compile `byteorder` (build script) due to 2 previous errors
[INFO] [stderr] LLVM ERROR: IO failure on output stream: No space left on device
[INFO] [stderr] error: could not compile `cc` (lib)
[INFO] [stderr] LLVM ERROR: IO failure on output stream: No space left on device
[INFO] [stderr] error: could not compile `xml-rs` (lib)
[INFO] running `Command { std: "docker" "inspect" "9ece63c55431cad171b60e620dff350fec7a61ac58923c2f332943c816bc3aec", kill_on_drop: false }`
[INFO] running `Command { std: "docker" "rm" "-f" "9ece63c55431cad171b60e620dff350fec7a61ac58923c2f332943c816bc3aec", kill_on_drop: false }`
[INFO] [stdout] 9ece63c55431cad171b60e620dff350fec7a61ac58923c2f332943c816bc3aec
