[INFO] cloning repository https://github.com/Rust-Mikrocontroller-Praktikum-2018/rust-ui-framework
[INFO] running `Command { std: "git" "-c" "credential.helper=" "-c" "credential.helper=/workspace/cargo-home/bin/git-credential-null" "clone" "--bare" "https://github.com/Rust-Mikrocontroller-Praktikum-2018/rust-ui-framework" "/workspace/cache/git-repos/https%3A%2F%2Fgithub.com%2FRust-Mikrocontroller-Praktikum-2018%2Frust-ui-framework", kill_on_drop: false }`
[INFO] [stderr] Cloning into bare repository '/workspace/cache/git-repos/https%3A%2F%2Fgithub.com%2FRust-Mikrocontroller-Praktikum-2018%2Frust-ui-framework'...
[INFO] running `Command { std: "git" "rev-parse" "HEAD", kill_on_drop: false }`
[INFO] [stdout] 67b80c3ceb0dc49e567d79adde0b06481bc6000e
[INFO] testing Rust-Mikrocontroller-Praktikum-2018/rust-ui-framework against beta-2023-04-20 for beta-1.70-1
[INFO] running `Command { std: "git" "clone" "/workspace/cache/git-repos/https%3A%2F%2Fgithub.com%2FRust-Mikrocontroller-Praktikum-2018%2Frust-ui-framework" "/workspace/builds/worker-0-tc2/source", kill_on_drop: false }`
[INFO] [stderr] Cloning into '/workspace/builds/worker-0-tc2/source'...
[INFO] [stderr] done.
[INFO] validating manifest of git repo https://github.com/Rust-Mikrocontroller-Praktikum-2018/rust-ui-framework on toolchain beta-2023-04-20
[INFO] running `Command { std: CARGO_HOME="/workspace/cargo-home" RUSTUP_HOME="/workspace/rustup-home" "/workspace/cargo-home/bin/cargo" "+beta-2023-04-20" "metadata" "--manifest-path" "Cargo.toml" "--no-deps", kill_on_drop: false }`
[INFO] removed /workspace/builds/worker-0-tc2/source/.cargo/config
[INFO] started tweaking git repo https://github.com/Rust-Mikrocontroller-Praktikum-2018/rust-ui-framework
[INFO] finished tweaking git repo https://github.com/Rust-Mikrocontroller-Praktikum-2018/rust-ui-framework
[INFO] tweaked toml for git repo https://github.com/Rust-Mikrocontroller-Praktikum-2018/rust-ui-framework written to /workspace/builds/worker-0-tc2/source/Cargo.toml
[INFO] crate git repo https://github.com/Rust-Mikrocontroller-Praktikum-2018/rust-ui-framework already has a lockfile, it will not be regenerated
[INFO] running `Command { std: CARGO_HOME="/workspace/cargo-home" RUSTUP_HOME="/workspace/rustup-home" "/workspace/cargo-home/bin/cargo" "+beta-2023-04-20" "fetch" "--manifest-path" "Cargo.toml", kill_on_drop: false }`
[INFO] [stderr]     Updating crates.io index
[INFO] [stderr]  Downloading crates ...
[INFO] [stderr]   Downloaded r0 v0.1.0
[INFO] [stderr]   Downloaded managed v0.5.1
[INFO] [stderr]   Downloaded bit_field v0.7.0
[INFO] [stderr]   Downloaded volatile-register v0.1.2
[INFO] [stderr]   Downloaded bit_field v0.6.1
[INFO] [stderr]   Downloaded cortex-m v0.1.7
[INFO] [stderr]   Downloaded odds v0.2.26
[INFO] [stderr]   Downloaded linked_list_allocator v0.5.0
[INFO] [stderr]   Downloaded once v0.3.3
[INFO] [stderr]   Downloaded volatile v0.2.3
[INFO] [stderr]   Downloaded arrayvec v0.3.25
[INFO] [stderr]   Downloaded bit_field v0.4.0
[INFO] [stderr]   Downloaded spin v0.4.7
[INFO] running `Command { std: "docker" "create" "-v" "/var/lib/crater-agent-workspace/builds/worker-0-tc2/target:/opt/rustwide/target:rw,Z" "-v" "/var/lib/crater-agent-workspace/builds/worker-0-tc2/source:/opt/rustwide/workdir:ro,Z" "-v" "/var/lib/crater-agent-workspace/cargo-home:/opt/rustwide/cargo-home:ro,Z" "-v" "/var/lib/crater-agent-workspace/rustup-home:/opt/rustwide/rustup-home:ro,Z" "-e" "SOURCE_DIR=/opt/rustwide/workdir" "-e" "CARGO_TARGET_DIR=/opt/rustwide/target" "-e" "CARGO_HOME=/opt/rustwide/cargo-home" "-e" "RUSTUP_HOME=/opt/rustwide/rustup-home" "-w" "/opt/rustwide/workdir" "-m" "1610612736" "--user" "0:0" "--network" "none" "ghcr.io/rust-lang/crates-build-env/linux@sha256:5ff2268d62e97bff2cde7d5815dd6ed5b47097566f13b8d0ca110b04b60e07ed" "/opt/rustwide/cargo-home/bin/cargo" "+beta-2023-04-20" "metadata" "--no-deps" "--format-version=1", kill_on_drop: false }`
[INFO] [stdout] 94259b9844aacf7f544b3841edbab6be415caae9f9143f9a4ee8882f73dc1673
[INFO] running `Command { std: "docker" "start" "-a" "94259b9844aacf7f544b3841edbab6be415caae9f9143f9a4ee8882f73dc1673", kill_on_drop: false }`
[INFO] running `Command { std: "docker" "inspect" "94259b9844aacf7f544b3841edbab6be415caae9f9143f9a4ee8882f73dc1673", kill_on_drop: false }`
[INFO] running `Command { std: "docker" "rm" "-f" "94259b9844aacf7f544b3841edbab6be415caae9f9143f9a4ee8882f73dc1673", kill_on_drop: false }`
[INFO] [stdout] 94259b9844aacf7f544b3841edbab6be415caae9f9143f9a4ee8882f73dc1673
[INFO] running `Command { std: "docker" "create" "-v" "/var/lib/crater-agent-workspace/builds/worker-0-tc2/target:/opt/rustwide/target:rw,Z" "-v" "/var/lib/crater-agent-workspace/builds/worker-0-tc2/source:/opt/rustwide/workdir:ro,Z" "-v" "/var/lib/crater-agent-workspace/cargo-home:/opt/rustwide/cargo-home:ro,Z" "-v" "/var/lib/crater-agent-workspace/rustup-home:/opt/rustwide/rustup-home:ro,Z" "-e" "SOURCE_DIR=/opt/rustwide/workdir" "-e" "CARGO_TARGET_DIR=/opt/rustwide/target" "-e" "CARGO_INCREMENTAL=0" "-e" "RUST_BACKTRACE=full" "-e" "RUSTFLAGS=--cap-lints=warn" "-e" "RUSTDOCFLAGS=--cap-lints=warn" "-e" "CARGO_HOME=/opt/rustwide/cargo-home" "-e" "RUSTUP_HOME=/opt/rustwide/rustup-home" "-w" "/opt/rustwide/workdir" "-m" "1610612736" "--user" "0:0" "--network" "none" "ghcr.io/rust-lang/crates-build-env/linux@sha256:5ff2268d62e97bff2cde7d5815dd6ed5b47097566f13b8d0ca110b04b60e07ed" "/opt/rustwide/cargo-home/bin/cargo" "+beta-2023-04-20" "build" "--frozen" "--message-format=json", kill_on_drop: false }`
[INFO] [stdout] 230e77b6b0e39edb8815cdb922a1632357671cfe5810cb6b3f8f553ebd27dbe1
[INFO] running `Command { std: "docker" "start" "-a" "230e77b6b0e39edb8815cdb922a1632357671cfe5810cb6b3f8f553ebd27dbe1", kill_on_drop: false }`
[INFO] [stderr]    Compiling odds v0.2.26
[INFO] [stderr]    Compiling nodrop v0.1.12
[INFO] [stderr]    Compiling byteorder v1.2.2
[INFO] [stderr]    Compiling volatile v0.2.3
[INFO] [stderr]    Compiling volatile-register v0.1.2
[INFO] [stderr]    Compiling bitflags v0.7.0
[INFO] [stderr]    Compiling spin v0.4.7
[INFO] [stderr]    Compiling bit_field v0.4.0
[INFO] [stderr]    Compiling managed v0.5.1
[INFO] [stderr]    Compiling bit_field v0.6.1
[INFO] [stderr]    Compiling bitflags v1.0.1
[INFO] [stderr]    Compiling once v0.3.3
[INFO] [stderr]    Compiling r0 v0.1.0
[INFO] [stderr]    Compiling bit_field v0.7.0
[INFO] [stdout] error[E0557]: feature has been removed
[INFO] [stdout]  --> /opt/rustwide/cargo-home/registry/src/index.crates.io-6f17d22bba15001f/spin-0.4.7/src/lib.rs:8:43
[INFO] [stdout]   |
[INFO] [stdout] 8 | #![cfg_attr(feature = "const_fn", feature(const_fn, const_unsafe_cell_new, const_atomic_usize_new))]
[INFO] [stdout]   |                                           ^^^^^^^^ feature has been removed
[INFO] [stdout]   |
[INFO] [stdout]   = note: split into finer-grained feature gates
[INFO] [stdout] 
[INFO] [stdout] 
[INFO] [stderr]    Compiling cortex-m v0.1.7
[INFO] [stderr]    Compiling stb_truetype v0.2.1 (https://github.com/phil-opp/stb_truetype-rs.git#6d546c1b)
[INFO] [stdout] error[E0432]: unresolved import `alloc::btree_map`
[INFO] [stdout]  --> /opt/rustwide/cargo-home/registry/src/index.crates.io-6f17d22bba15001f/managed-0.5.1/src/map.rs:8:12
[INFO] [stdout]   |
[INFO] [stdout] 8 | use alloc::btree_map::BTreeMap;
[INFO] [stdout]   |            ^^^^^^^^^ could not find `btree_map` in `alloc`
[INFO] [stdout] 
[INFO] [stdout] 
[INFO] [stdout] error: cannot find macro `asm` in this scope
[INFO] [stdout]  --> /opt/rustwide/cargo-home/registry/src/index.crates.io-6f17d22bba15001f/spin-0.4.7/src/util.rs:8:14
[INFO] [stdout]   |
[INFO] [stdout] 8 |     unsafe { asm!("pause" :::: "volatile"); }
[INFO] [stdout]   |              ^^^
[INFO] [stdout]   |
[INFO] [stdout]   = help: consider importing this macro:
[INFO] [stdout]           core::arch::asm
[INFO] [stdout] 
[INFO] [stdout] 
[INFO] [stdout] error[E0554]: `#![feature]` may not be used on the beta release channel
[INFO] [stdout]  --> /opt/rustwide/cargo-home/registry/src/index.crates.io-6f17d22bba15001f/spin-0.4.7/src/lib.rs:6:38
[INFO] [stdout]   |
[INFO] [stdout] 6 | #![cfg_attr(feature = "asm", feature(asm))]
[INFO] [stdout]   |                                      ^^^
[INFO] [stdout] 
[INFO] [stdout] 
[INFO] [stdout] error[E0554]: `#![feature]` may not be used on the beta release channel
[INFO] [stdout]  --> /opt/rustwide/cargo-home/registry/src/index.crates.io-6f17d22bba15001f/spin-0.4.7/src/lib.rs:7:50
[INFO] [stdout]   |
[INFO] [stdout] 7 | #![cfg_attr(feature = "core_intrinsics", feature(core_intrinsics))]
[INFO] [stdout]   |                                                  ^^^^^^^^^^^^^^^
[INFO] [stdout] 
[INFO] [stdout] 
[INFO] [stdout] error[E0554]: `#![feature]` may not be used on the beta release channel
[INFO] [stdout]  --> /opt/rustwide/cargo-home/registry/src/index.crates.io-6f17d22bba15001f/spin-0.4.7/src/lib.rs:8:53
[INFO] [stdout]   |
[INFO] [stdout] 8 | #![cfg_attr(feature = "const_fn", feature(const_fn, const_unsafe_cell_new, const_atomic_usize_new))]
[INFO] [stdout]   |                                                     ^^^^^^^^^^^^^^^^^^^^^
[INFO] [stdout] 
[INFO] [stdout] 
[INFO] [stdout] error[E0554]: `#![feature]` may not be used on the beta release channel
[INFO] [stdout]  --> /opt/rustwide/cargo-home/registry/src/index.crates.io-6f17d22bba15001f/spin-0.4.7/src/lib.rs:8:76
[INFO] [stdout]   |
[INFO] [stdout] 8 | #![cfg_attr(feature = "const_fn", feature(const_fn, const_unsafe_cell_new, const_atomic_usize_new))]
[INFO] [stdout]   |                                                                            ^^^^^^^^^^^^^^^^^^^^^^
[INFO] [stdout] 
[INFO] [stdout] 
[INFO] [stdout] error[E0635]: unknown feature `const_atomic_usize_new`
[INFO] [stdout]  --> /opt/rustwide/cargo-home/registry/src/index.crates.io-6f17d22bba15001f/spin-0.4.7/src/lib.rs:8:76
[INFO] [stdout]   |
[INFO] [stdout] 8 | #![cfg_attr(feature = "const_fn", feature(const_fn, const_unsafe_cell_new, const_atomic_usize_new))]
[INFO] [stdout]   |                                                                            ^^^^^^^^^^^^^^^^^^^^^^
[INFO] [stdout] 
[INFO] [stdout] 
[INFO] [stdout] error: aborting due to 7 previous errors
[INFO] [stdout] 
[INFO] [stdout] 
[INFO] [stdout] Some errors have detailed explanations: E0554, E0557, E0635.
[INFO] [stdout] 
[INFO] [stdout] For more information about an error, try `rustc --explain E0554`.
[INFO] [stdout] 
[INFO] [stdout] error[E0554]: `#![feature]` may not be used on the beta release channel
[INFO] [stdout]  --> /opt/rustwide/cargo-home/registry/src/index.crates.io-6f17d22bba15001f/managed-0.5.1/src/lib.rs:2:67
[INFO] [stdout]   |
[INFO] [stdout] 2 | #![cfg_attr(all(feature = "alloc", not(feature = "std")), feature(alloc))]
[INFO] [stdout]   |                                                                   ^^^^^
[INFO] [stdout] 
[INFO] [stdout] 
[INFO] [stdout] error[E0554]: `#![feature]` may not be used on the beta release channel
[INFO] [stdout]  --> /opt/rustwide/cargo-home/registry/src/index.crates.io-6f17d22bba15001f/managed-0.5.1/src/lib.rs:3:38
[INFO] [stdout]   |
[INFO] [stdout] 3 | #![cfg_attr(feature = "map", feature(slice_rotate))]
[INFO] [stdout]   |                                      ^^^^^^^^^^^^
[INFO] [stdout] 
[INFO] [stdout] 
[INFO] [stderr] error: could not compile `spin` (lib) due to 8 previous errors
[INFO] [stderr] warning: build failed, waiting for other jobs to finish...
[INFO] [stdout] error[E0557]: feature has been removed
[INFO] [stdout]  --> /opt/rustwide/cargo-home/registry/src/index.crates.io-6f17d22bba15001f/bit_field-0.4.0/src/lib.rs:1:12
[INFO] [stdout]   |
[INFO] [stdout] 1 | #![feature(const_fn)]
[INFO] [stdout]   |            ^^^^^^^^ feature has been removed
[INFO] [stdout]   |
[INFO] [stdout]   = note: split into finer-grained feature gates
[INFO] [stdout] 
[INFO] [stdout] 
[INFO] [stdout] error: aborting due to previous error
[INFO] [stdout] 
[INFO] [stdout] 
[INFO] [stdout] For more information about this error, try `rustc --explain E0557`.
[INFO] [stdout] 
[INFO] [stderr] error: could not compile `bit_field` (lib) due to 2 previous errors
[INFO] [stdout] error[E0557]: feature has been removed
[INFO] [stdout]   --> /opt/rustwide/cargo-home/registry/src/index.crates.io-6f17d22bba15001f/cortex-m-0.1.7/src/lib.rs:15:12
[INFO] [stdout]    |
[INFO] [stdout] 15 | #![feature(const_fn)]
[INFO] [stdout]    |            ^^^^^^^^ feature has been removed
[INFO] [stdout]    |
[INFO] [stdout]    = note: split into finer-grained feature gates
[INFO] [stdout] 
[INFO] [stdout] 
[INFO] [stdout] error: cannot find macro `asm` in this scope
[INFO] [stdout]   --> /opt/rustwide/cargo-home/registry/src/index.crates.io-6f17d22bba15001f/cortex-m-0.1.7/src/asm.rs:56:9
[INFO] [stdout]    |
[INFO] [stdout] 56 |         asm!("nop" :::: "volatile");
[INFO] [stdout]    |         ^^^
[INFO] [stdout]    |
[INFO] [stdout]    = help: consider importing this macro:
[INFO] [stdout]            core::arch::asm
[INFO] [stdout] 
[INFO] [stdout] 
[INFO] [stdout] error[E0554]: `#![feature]` may not be used on the beta release channel
[INFO] [stdout]   --> /opt/rustwide/cargo-home/registry/src/index.crates.io-6f17d22bba15001f/cortex-m-0.1.7/src/lib.rs:14:12
[INFO] [stdout]    |
[INFO] [stdout] 14 | #![feature(asm)]
[INFO] [stdout]    |            ^^^
[INFO] [stdout] 
[INFO] [stdout] 
[INFO] [stdout] error[E0554]: `#![feature]` may not be used on the beta release channel
[INFO] [stdout]   --> /opt/rustwide/cargo-home/registry/src/index.crates.io-6f17d22bba15001f/cortex-m-0.1.7/src/lib.rs:16:12
[INFO] [stdout]    |
[INFO] [stdout] 16 | #![feature(const_unsafe_cell_new)]
[INFO] [stdout]    |            ^^^^^^^^^^^^^^^^^^^^^
[INFO] [stdout] 
[INFO] [stdout] 
[INFO] [stdout] error: aborting due to 4 previous errors
[INFO] [stdout] 
[INFO] [stdout] 
[INFO] [stdout] Some errors have detailed explanations: E0554, E0557.
[INFO] [stdout] 
[INFO] [stdout] For more information about an error, try `rustc --explain E0554`.
[INFO] [stdout] 
[INFO] [stdout] error[E0432]: unresolved import `alloc::Vec`
[INFO] [stdout]   --> /opt/rustwide/cargo-home/git/checkouts/stb_truetype-rs-e43866e86339b932/6d546c1/src/lib.rs:12:5
[INFO] [stdout]    |
[INFO] [stdout] 12 | use alloc::Vec;
[INFO] [stdout]    |     ^^^^^^^^^^ no `Vec` in the root
[INFO] [stdout]    |
[INFO] [stdout] help: a similar name exists in the module
[INFO] [stdout]    |
[INFO] [stdout] 12 | use alloc::vec;
[INFO] [stdout]    |            ~~~
[INFO] [stdout] help: consider importing this struct instead
[INFO] [stdout]    |
[INFO] [stdout] 12 | use alloc::vec::Vec;
[INFO] [stdout]    |     ~~~~~~~~~~~~~~~
[INFO] [stdout] 
[INFO] [stdout] 
[INFO] [stderr] error: could not compile `cortex-m` (lib) due to 5 previous errors
[INFO] [stdout] error[E0433]: failed to resolve: could not find `Float` in `num`
[INFO] [stdout]   --> /opt/rustwide/cargo-home/git/checkouts/stb_truetype-rs-e43866e86339b932/6d546c1/src/float_impls.rs:48:14
[INFO] [stdout]    |
[INFO] [stdout] 48 |         num::Float::is_nan(self)
[INFO] [stdout]    |              ^^^^^ could not find `Float` in `num`
[INFO] [stdout] 
[INFO] [stdout] 
[INFO] [stdout] error[E0433]: failed to resolve: could not find `Float` in `num`
[INFO] [stdout]   --> /opt/rustwide/cargo-home/git/checkouts/stb_truetype-rs-e43866e86339b932/6d546c1/src/float_impls.rs:70:14
[INFO] [stdout]    |
[INFO] [stdout] 70 |         num::Float::is_infinite(self)
[INFO] [stdout]    |              ^^^^^ could not find `Float` in `num`
[INFO] [stdout] 
[INFO] [stdout] 
[INFO] [stdout] error[E0433]: failed to resolve: could not find `Float` in `num`
[INFO] [stdout]   --> /opt/rustwide/cargo-home/git/checkouts/stb_truetype-rs-e43866e86339b932/6d546c1/src/float_impls.rs:91:14
[INFO] [stdout]    |
[INFO] [stdout] 91 |         num::Float::is_finite(self)
[INFO] [stdout]    |              ^^^^^ could not find `Float` in `num`
[INFO] [stdout] 
[INFO] [stdout] 
[INFO] [stdout] error[E0433]: failed to resolve: could not find `Float` in `num`
[INFO] [stdout]    --> /opt/rustwide/cargo-home/git/checkouts/stb_truetype-rs-e43866e86339b932/6d546c1/src/float_impls.rs:117:14
[INFO] [stdout]     |
[INFO] [stdout] 117 |         num::Float::is_normal(self)
[INFO] [stdout]     |              ^^^^^ could not find `Float` in `num`
[INFO] [stdout] 
[INFO] [stdout] 
[INFO] [stdout] error[E0433]: failed to resolve: could not find `Float` in `num`
[INFO] [stdout]    --> /opt/rustwide/cargo-home/git/checkouts/stb_truetype-rs-e43866e86339b932/6d546c1/src/float_impls.rs:236:14
[INFO] [stdout]     |
[INFO] [stdout] 236 |         num::Float::signum(self)
[INFO] [stdout]     |              ^^^^^ could not find `Float` in `num`
[INFO] [stdout] 
[INFO] [stdout] 
[INFO] [stdout] error[E0433]: failed to resolve: could not find `Float` in `num`
[INFO] [stdout]    --> /opt/rustwide/cargo-home/git/checkouts/stb_truetype-rs-e43866e86339b932/6d546c1/src/float_impls.rs:256:14
[INFO] [stdout]     |
[INFO] [stdout] 256 |         num::Float::is_sign_positive(self)
[INFO] [stdout]     |              ^^^^^ could not find `Float` in `num`
[INFO] [stdout] 
[INFO] [stdout] 
[INFO] [stdout] error[E0433]: failed to resolve: could not find `Float` in `num`
[INFO] [stdout]    --> /opt/rustwide/cargo-home/git/checkouts/stb_truetype-rs-e43866e86339b932/6d546c1/src/float_impls.rs:276:14
[INFO] [stdout]     |
[INFO] [stdout] 276 |         num::Float::is_sign_negative(self)
[INFO] [stdout]     |              ^^^^^ could not find `Float` in `num`
[INFO] [stdout] 
[INFO] [stdout] 
[INFO] [stdout] error[E0433]: failed to resolve: could not find `Float` in `num`
[INFO] [stdout]    --> /opt/rustwide/cargo-home/git/checkouts/stb_truetype-rs-e43866e86339b932/6d546c1/src/float_impls.rs:314:14
[INFO] [stdout]     |
[INFO] [stdout] 314 |         num::Float::powi(self, n)
[INFO] [stdout]     |              ^^^^^ could not find `Float` in `num`
[INFO] [stdout] 
[INFO] [stdout] 
[INFO] [stdout] error[E0433]: failed to resolve: could not find `Float` in `num`
[INFO] [stdout]    --> /opt/rustwide/cargo-home/git/checkouts/stb_truetype-rs-e43866e86339b932/6d546c1/src/float_impls.rs:499:14
[INFO] [stdout]     |
[INFO] [stdout] 499 |         num::Float::to_degrees(self)
[INFO] [stdout]     |              ^^^^^ could not find `Float` in `num`
[INFO] [stdout] 
[INFO] [stdout] 
[INFO] [stdout] error: aborting due to 3 previous errors
[INFO] [stdout] 
[INFO] [stdout] 
[INFO] [stdout] Some errors have detailed explanations: E0432, E0554.
[INFO] [stdout] 
[INFO] [stdout] For more information about an error, try `rustc --explain E0432`.
[INFO] [stdout] 
[INFO] [stdout] error[E0554]: `#![feature]` may not be used on the beta release channel
[INFO] [stdout]  --> /opt/rustwide/cargo-home/git/checkouts/stb_truetype-rs-e43866e86339b932/6d546c1/src/lib.rs:1:12
[INFO] [stdout]   |
[INFO] [stdout] 1 | #![feature(alloc)]
[INFO] [stdout]   |            ^^^^^
[INFO] [stdout] 
[INFO] [stdout] 
[INFO] [stdout] error[E0554]: `#![feature]` may not be used on the beta release channel
[INFO] [stdout]  --> /opt/rustwide/cargo-home/git/checkouts/stb_truetype-rs-e43866e86339b932/6d546c1/src/lib.rs:2:12
[INFO] [stdout]   |
[INFO] [stdout] 2 | #![feature(core_intrinsics)]
[INFO] [stdout]   |            ^^^^^^^^^^^^^^^
[INFO] [stdout] 
[INFO] [stdout] 
[INFO] [stderr] error: could not compile `managed` (lib) due to 4 previous errors
[INFO] [stdout] error: aborting due to 12 previous errors
[INFO] [stdout] 
[INFO] [stdout] 
[INFO] [stdout] Some errors have detailed explanations: E0432, E0433, E0554.
[INFO] [stdout] 
[INFO] [stdout] For more information about an error, try `rustc --explain E0432`.
[INFO] [stdout] 
[INFO] [stderr] error: could not compile `stb_truetype` (lib) due to 13 previous errors
[INFO] running `Command { std: "docker" "inspect" "230e77b6b0e39edb8815cdb922a1632357671cfe5810cb6b3f8f553ebd27dbe1", kill_on_drop: false }`
[INFO] running `Command { std: "docker" "rm" "-f" "230e77b6b0e39edb8815cdb922a1632357671cfe5810cb6b3f8f553ebd27dbe1", kill_on_drop: false }`
[INFO] [stdout] 230e77b6b0e39edb8815cdb922a1632357671cfe5810cb6b3f8f553ebd27dbe1
