[INFO] cloning repository https://github.com/Rust-Linked-Data/qstore
[INFO] running `Command { std: "git" "-c" "credential.helper=" "-c" "credential.helper=/workspace/cargo-home/bin/git-credential-null" "clone" "--bare" "https://github.com/Rust-Linked-Data/qstore" "/workspace/cache/git-repos/https%3A%2F%2Fgithub.com%2FRust-Linked-Data%2Fqstore", kill_on_drop: false }`
[INFO] [stderr] Cloning into bare repository '/workspace/cache/git-repos/https%3A%2F%2Fgithub.com%2FRust-Linked-Data%2Fqstore'...
[INFO] running `Command { std: "git" "rev-parse" "HEAD", kill_on_drop: false }`
[INFO] [stdout] 7b9a42da67c0880ddb9d5977ae3e9199e58b2c6a
[INFO] testing Rust-Linked-Data/qstore against 1.69.0 for beta-1.70-1
[INFO] running `Command { std: "git" "clone" "/workspace/cache/git-repos/https%3A%2F%2Fgithub.com%2FRust-Linked-Data%2Fqstore" "/workspace/builds/worker-4-tc1/source", kill_on_drop: false }`
[INFO] [stderr] Cloning into '/workspace/builds/worker-4-tc1/source'...
[INFO] [stderr] done.
[INFO] validating manifest of git repo https://github.com/Rust-Linked-Data/qstore on toolchain 1.69.0
[INFO] running `Command { std: CARGO_HOME="/workspace/cargo-home" RUSTUP_HOME="/workspace/rustup-home" "/workspace/cargo-home/bin/cargo" "+1.69.0" "metadata" "--manifest-path" "Cargo.toml" "--no-deps", kill_on_drop: false }`
[INFO] started tweaking git repo https://github.com/Rust-Linked-Data/qstore
[INFO] finished tweaking git repo https://github.com/Rust-Linked-Data/qstore
[INFO] tweaked toml for git repo https://github.com/Rust-Linked-Data/qstore written to /workspace/builds/worker-4-tc1/source/Cargo.toml
[INFO] crate git repo https://github.com/Rust-Linked-Data/qstore already has a lockfile, it will not be regenerated
[INFO] running `Command { std: CARGO_HOME="/workspace/cargo-home" RUSTUP_HOME="/workspace/rustup-home" "/workspace/cargo-home/bin/cargo" "+1.69.0" "fetch" "--manifest-path" "Cargo.toml", kill_on_drop: false }`
[INFO] [stderr]  Downloading crates ...
[INFO] [stderr]   Downloaded spin v0.4.7
[INFO] [stderr]   Downloaded regex v0.2.10
[INFO] [stderr]   Downloaded pyo3cls v0.2.1
[INFO] [stderr]   Downloaded regex-syntax v0.5.3
[INFO] [stderr]   Downloaded uuid v0.6.2
[INFO] [stderr]   Downloaded pyo3 v0.2.5
[INFO] running `Command { std: "docker" "create" "-v" "/var/lib/crater-agent-workspace/builds/worker-4-tc1/target:/opt/rustwide/target:rw,Z" "-v" "/var/lib/crater-agent-workspace/builds/worker-4-tc1/source:/opt/rustwide/workdir:ro,Z" "-v" "/var/lib/crater-agent-workspace/cargo-home:/opt/rustwide/cargo-home:ro,Z" "-v" "/var/lib/crater-agent-workspace/rustup-home:/opt/rustwide/rustup-home:ro,Z" "-e" "SOURCE_DIR=/opt/rustwide/workdir" "-e" "CARGO_TARGET_DIR=/opt/rustwide/target" "-e" "CARGO_HOME=/opt/rustwide/cargo-home" "-e" "RUSTUP_HOME=/opt/rustwide/rustup-home" "-w" "/opt/rustwide/workdir" "-m" "1610612736" "--user" "0:0" "--network" "none" "ghcr.io/rust-lang/crates-build-env/linux@sha256:5ff2268d62e97bff2cde7d5815dd6ed5b47097566f13b8d0ca110b04b60e07ed" "/opt/rustwide/cargo-home/bin/cargo" "+1.69.0" "metadata" "--no-deps" "--format-version=1", kill_on_drop: false }`
[INFO] [stdout] 2c6cc52eaa620844fb635f59ae03b61f8522eda6528c5eb801592bce14735f4f
[INFO] running `Command { std: "docker" "start" "-a" "2c6cc52eaa620844fb635f59ae03b61f8522eda6528c5eb801592bce14735f4f", kill_on_drop: false }`
[INFO] running `Command { std: "docker" "inspect" "2c6cc52eaa620844fb635f59ae03b61f8522eda6528c5eb801592bce14735f4f", kill_on_drop: false }`
[INFO] running `Command { std: "docker" "rm" "-f" "2c6cc52eaa620844fb635f59ae03b61f8522eda6528c5eb801592bce14735f4f", kill_on_drop: false }`
[INFO] [stdout] 2c6cc52eaa620844fb635f59ae03b61f8522eda6528c5eb801592bce14735f4f
[INFO] running `Command { std: "docker" "create" "-v" "/var/lib/crater-agent-workspace/builds/worker-4-tc1/target:/opt/rustwide/target:rw,Z" "-v" "/var/lib/crater-agent-workspace/builds/worker-4-tc1/source:/opt/rustwide/workdir:ro,Z" "-v" "/var/lib/crater-agent-workspace/cargo-home:/opt/rustwide/cargo-home:ro,Z" "-v" "/var/lib/crater-agent-workspace/rustup-home:/opt/rustwide/rustup-home:ro,Z" "-e" "SOURCE_DIR=/opt/rustwide/workdir" "-e" "CARGO_TARGET_DIR=/opt/rustwide/target" "-e" "CARGO_INCREMENTAL=0" "-e" "RUST_BACKTRACE=full" "-e" "RUSTFLAGS=--cap-lints=warn" "-e" "RUSTDOCFLAGS=--cap-lints=warn" "-e" "CARGO_HOME=/opt/rustwide/cargo-home" "-e" "RUSTUP_HOME=/opt/rustwide/rustup-home" "-w" "/opt/rustwide/workdir" "-m" "1610612736" "--user" "0:0" "--network" "none" "ghcr.io/rust-lang/crates-build-env/linux@sha256:5ff2268d62e97bff2cde7d5815dd6ed5b47097566f13b8d0ca110b04b60e07ed" "/opt/rustwide/cargo-home/bin/cargo" "+1.69.0" "build" "--frozen" "--message-format=json", kill_on_drop: false }`
[INFO] [stdout] 8c8d8b316b231abfd5982ec21f192fdf0c8de73c1fa12a99d2cd04fc80ec3a14
[INFO] running `Command { std: "docker" "start" "-a" "8c8d8b316b231abfd5982ec21f192fdf0c8de73c1fa12a99d2cd04fc80ec3a14", kill_on_drop: false }`
[INFO] [stderr]     Blocking waiting for file lock on package cache
[INFO] [stderr]    Compiling libc v0.2.39
[INFO] [stderr]    Compiling cfg-if v0.1.2
[INFO] [stderr]    Compiling rand v0.4.2
[INFO] [stderr]    Compiling uuid v0.6.2
[INFO] [stderr]    Compiling qstore v0.1.0 (/opt/rustwide/workdir)
[INFO] [stdout] error[E0557]: feature has been removed
[INFO] [stdout]  --> src/lib.rs:5:12
[INFO] [stdout]   |
[INFO] [stdout] 5 | #![feature(const_fn)]
[INFO] [stdout]   |            ^^^^^^^^ feature has been removed
[INFO] [stdout]   |
[INFO] [stdout]   = note: split into finer-grained feature gates
[INFO] [stdout] 
[INFO] [stdout] 
[INFO] [stdout] error[E0463]: can't find crate for `pyo3`
[INFO] [stdout]   --> src/lib.rs:14:1
[INFO] [stdout]    |
[INFO] [stdout] 14 | extern crate pyo3;
[INFO] [stdout]    | ^^^^^^^^^^^^^^^^^^ can't find crate
[INFO] [stdout] 
[INFO] [stdout] 
[INFO] [stdout] error[E0433]: failed to resolve: use of undeclared crate or module `py`
[INFO] [stdout]   --> src/python/mod.rs:30:3
[INFO] [stdout]    |
[INFO] [stdout] 30 | #[py::class(name=_PyQStoreNode, subclass)]
[INFO] [stdout]    |   ^^ use of undeclared crate or module `py`
[INFO] [stdout] 
[INFO] [stdout] 
[INFO] [stdout] error[E0433]: failed to resolve: use of undeclared crate or module `py`
[INFO] [stdout]    --> src/python/mod.rs:123:3
[INFO] [stdout]     |
[INFO] [stdout] 123 | #[py::methods]
[INFO] [stdout]     |   ^^ use of undeclared crate or module `py`
[INFO] [stdout] 
[INFO] [stdout] 
[INFO] [stdout] error[E0433]: failed to resolve: use of undeclared crate or module `py`
[INFO] [stdout]    --> src/python/mod.rs:303:3
[INFO] [stdout]     |
[INFO] [stdout] 303 | #[py::class]
[INFO] [stdout]     |   ^^ use of undeclared crate or module `py`
[INFO] [stdout] 
[INFO] [stdout] 
[INFO] [stdout] error[E0433]: failed to resolve: use of undeclared crate or module `py`
[INFO] [stdout]    --> src/python/mod.rs:326:3
[INFO] [stdout]     |
[INFO] [stdout] 326 | #[py::methods]
[INFO] [stdout]     |   ^^ use of undeclared crate or module `py`
[INFO] [stdout] 
[INFO] [stdout] 
[INFO] [stdout] error[E0433]: failed to resolve: use of undeclared crate or module `py`
[INFO] [stdout]    --> src/python/mod.rs:330:3
[INFO] [stdout]     |
[INFO] [stdout] 330 | #[py::proto]
[INFO] [stdout]     |   ^^ use of undeclared crate or module `py`
[INFO] [stdout] 
[INFO] [stdout] 
[INFO] [stdout] error[E0433]: failed to resolve: use of undeclared crate or module `py`
[INFO] [stdout]    --> src/python/mod.rs:350:3
[INFO] [stdout]     |
[INFO] [stdout] 350 | #[py::class(name=_PyQStore, subclass)]
[INFO] [stdout]     |   ^^ use of undeclared crate or module `py`
[INFO] [stdout] 
[INFO] [stdout] 
[INFO] [stdout] error[E0433]: failed to resolve: use of undeclared crate or module `py`
[INFO] [stdout]    --> src/python/mod.rs:397:3
[INFO] [stdout]     |
[INFO] [stdout] 397 | #[py::methods]
[INFO] [stdout]     |   ^^ use of undeclared crate or module `py`
[INFO] [stdout] 
[INFO] [stdout] 
[INFO] [stdout] error[E0433]: failed to resolve: use of undeclared crate or module `py`
[INFO] [stdout]    --> src/python/mod.rs:474:3
[INFO] [stdout]     |
[INFO] [stdout] 474 | #[py::modinit(_qstore)]
[INFO] [stdout]     |   ^^ use of undeclared crate or module `py`
[INFO] [stdout] 
[INFO] [stdout] 
[INFO] [stdout] error: cannot find attribute `new` in this scope
[INFO] [stdout]    --> src/python/mod.rs:125:7
[INFO] [stdout]     |
[INFO] [stdout] 125 |     #[new]
[INFO] [stdout]     |       ^^^
[INFO] [stdout] 
[INFO] [stdout] 
[INFO] [stdout] error: cannot find attribute `getter` in this scope
[INFO] [stdout]    --> src/python/mod.rs:208:7
[INFO] [stdout]     |
[INFO] [stdout] 208 |     #[getter]
[INFO] [stdout]     |       ^^^^^^
[INFO] [stdout] 
[INFO] [stdout] 
[INFO] [stdout] error: cannot find attribute `staticmethod` in this scope
[INFO] [stdout]    --> src/python/mod.rs:250:7
[INFO] [stdout]     |
[INFO] [stdout] 250 |     #[staticmethod]
[INFO] [stdout]     |       ^^^^^^^^^^^^
[INFO] [stdout] 
[INFO] [stdout] 
[INFO] [stdout] error: cannot find attribute `staticmethod` in this scope
[INFO] [stdout]    --> src/python/mod.rs:255:7
[INFO] [stdout]     |
[INFO] [stdout] 255 |     #[staticmethod]
[INFO] [stdout]     |       ^^^^^^^^^^^^
[INFO] [stdout] 
[INFO] [stdout] 
[INFO] [stdout] error: cannot find attribute `staticmethod` in this scope
[INFO] [stdout]    --> src/python/mod.rs:260:7
[INFO] [stdout]     |
[INFO] [stdout] 260 |     #[staticmethod]
[INFO] [stdout]     |       ^^^^^^^^^^^^
[INFO] [stdout] 
[INFO] [stdout] 
[INFO] [stdout] error: cannot find attribute `staticmethod` in this scope
[INFO] [stdout]    --> src/python/mod.rs:265:7
[INFO] [stdout]     |
[INFO] [stdout] 265 |     #[staticmethod]
[INFO] [stdout]     |       ^^^^^^^^^^^^
[INFO] [stdout] 
[INFO] [stdout] 
[INFO] [stdout] error: cannot find attribute `staticmethod` in this scope
[INFO] [stdout]    --> src/python/mod.rs:270:7
[INFO] [stdout]     |
[INFO] [stdout] 270 |     #[staticmethod]
[INFO] [stdout]     |       ^^^^^^^^^^^^
[INFO] [stdout] 
[INFO] [stdout] 
[INFO] [stdout] error: cannot find attribute `new` in this scope
[INFO] [stdout]    --> src/python/mod.rs:399:7
[INFO] [stdout]     |
[INFO] [stdout] 399 |     #[new]
[INFO] [stdout]     |       ^^^
[INFO] [stdout] 
[INFO] [stdout] 
[INFO] [stdout] error: cannot find attribute `staticmethod` in this scope
[INFO] [stdout]    --> src/python/mod.rs:445:7
[INFO] [stdout]     |
[INFO] [stdout] 445 |     #[staticmethod]
[INFO] [stdout]     |       ^^^^^^^^^^^^
[INFO] [stdout] 
[INFO] [stdout] 
[INFO] [stdout] error: cannot find attribute `staticmethod` in this scope
[INFO] [stdout]    --> src/python/mod.rs:457:7
[INFO] [stdout]     |
[INFO] [stdout] 457 |     #[staticmethod]
[INFO] [stdout]     |       ^^^^^^^^^^^^
[INFO] [stdout] 
[INFO] [stdout] 
[INFO] [stdout] error: cannot find attribute `staticmethod` in this scope
[INFO] [stdout]    --> src/python/mod.rs:461:7
[INFO] [stdout]     |
[INFO] [stdout] 461 |     #[staticmethod]
[INFO] [stdout]     |       ^^^^^^^^^^^^
[INFO] [stdout] 
[INFO] [stdout] 
[INFO] [stdout] error: cannot find attribute `staticmethod` in this scope
[INFO] [stdout]    --> src/python/mod.rs:465:7
[INFO] [stdout]     |
[INFO] [stdout] 465 |     #[staticmethod]
[INFO] [stdout]     |       ^^^^^^^^^^^^
[INFO] [stdout] 
[INFO] [stdout] 
[INFO] [stdout] error[E0433]: failed to resolve: use of undeclared type `PyTryFrom`
[INFO] [stdout]    --> src/python/mod.rs:280:29
[INFO] [stdout]     |
[INFO] [stdout] 280 |         Ok(<PyQStoreNode as PyTryFrom>::try_from(obj)?)
[INFO] [stdout]     |                             ^^^^^^^^^ use of undeclared type `PyTryFrom`
[INFO] [stdout] 
[INFO] [stdout] 
[INFO] [stdout] error[E0412]: cannot find type `Py` in this scope
[INFO] [stdout]   --> src/python/mod.rs:99:33
[INFO] [stdout]    |
[INFO] [stdout] 99 |                 let uri_string: Py<PyString> = PyString::new(py,&(rdfuri.to_string(store)));
[INFO] [stdout]    |                                 ^^ not found in this scope
[INFO] [stdout] 
[INFO] [stdout] 
[INFO] [stdout] error[E0412]: cannot find type `PyString` in this scope
[INFO] [stdout]   --> src/python/mod.rs:99:36
[INFO] [stdout]    |
[INFO] [stdout] 99 |                 let uri_string: Py<PyString> = PyString::new(py,&(rdfuri.to_string(store)));
[INFO] [stdout]    |                                    ^^^^^^^^
[INFO] [stdout]   --> /rustc/84c898d65adf2f39a5a98507f1fe0ce10a2b8dbc/library/alloc/src/string.rs:365:1
[INFO] [stdout]    |
[INFO] [stdout]    = note: similarly named struct `String` defined here
[INFO] [stdout]    |
[INFO] [stdout] help: a struct with a similar name exists
[INFO] [stdout]    |
[INFO] [stdout] 99 |                 let uri_string: Py<String> = PyString::new(py,&(rdfuri.to_string(store)));
[INFO] [stdout]    |                                    ~~~~~~
[INFO] [stdout] help: you might be missing a type parameter
[INFO] [stdout]    |
[INFO] [stdout] 36 | impl<PyString> PyQStoreNode {
[INFO] [stdout]    |     ++++++++++
[INFO] [stdout] 
[INFO] [stdout] 
[INFO] [stdout] error[E0412]: cannot find type `Py` in this scope
[INFO] [stdout]    --> src/python/mod.rs:103:33
[INFO] [stdout]     |
[INFO] [stdout] 103 |                 let lit_string: Py<PyString> = PyString::new(py,lit.borrow_lexical_form());
[INFO] [stdout]     |                                 ^^ not found in this scope
[INFO] [stdout] 
[INFO] [stdout] 
[INFO] [stdout] error[E0412]: cannot find type `PyString` in this scope
[INFO] [stdout]    --> src/python/mod.rs:103:36
[INFO] [stdout]     |
[INFO] [stdout] 103 |                 let lit_string: Py<PyString> = PyString::new(py,lit.borrow_lexical_form());
[INFO] [stdout]     |                                    ^^^^^^^^
[INFO] [stdout]    --> /rustc/84c898d65adf2f39a5a98507f1fe0ce10a2b8dbc/library/alloc/src/string.rs:365:1
[INFO] [stdout]     |
[INFO] [stdout]     = note: similarly named struct `String` defined here
[INFO] [stdout]     |
[INFO] [stdout] help: a struct with a similar name exists
[INFO] [stdout]     |
[INFO] [stdout] 103 |                 let lit_string: Py<String> = PyString::new(py,lit.borrow_lexical_form());
[INFO] [stdout]     |                                    ~~~~~~
[INFO] [stdout] help: you might be missing a type parameter
[INFO] [stdout]     |
[INFO] [stdout] 36  | impl<PyString> PyQStoreNode {
[INFO] [stdout]     |     ++++++++++
[INFO] [stdout] 
[INFO] [stdout] 
[INFO] [stdout] error[E0412]: cannot find type `Py` in this scope
[INFO] [stdout]    --> src/python/mod.rs:115:32
[INFO] [stdout]     |
[INFO] [stdout] 115 |                 let bl_string: Py<PyString> = PyString::new(py,bl.lookup_identifier(store));
[INFO] [stdout]     |                                ^^ not found in this scope
[INFO] [stdout] 
[INFO] [stdout] 
[INFO] [stdout] error[E0412]: cannot find type `PyString` in this scope
[INFO] [stdout]    --> src/python/mod.rs:115:35
[INFO] [stdout]     |
[INFO] [stdout] 115 |                 let bl_string: Py<PyString> = PyString::new(py,bl.lookup_identifier(store));
[INFO] [stdout]     |                                   ^^^^^^^^
[INFO] [stdout]    --> /rustc/84c898d65adf2f39a5a98507f1fe0ce10a2b8dbc/library/alloc/src/string.rs:365:1
[INFO] [stdout]     |
[INFO] [stdout]     = note: similarly named struct `String` defined here
[INFO] [stdout]     |
[INFO] [stdout] help: a struct with a similar name exists
[INFO] [stdout]     |
[INFO] [stdout] 115 |                 let bl_string: Py<String> = PyString::new(py,bl.lookup_identifier(store));
[INFO] [stdout]     |                                   ~~~~~~
[INFO] [stdout] help: you might be missing a type parameter
[INFO] [stdout]     |
[INFO] [stdout] 36  | impl<PyString> PyQStoreNode {
[INFO] [stdout]     |     ++++++++++
[INFO] [stdout] 
[INFO] [stdout] 
[INFO] [stdout] error[E0412]: cannot find type `PyRawObject` in this scope
[INFO] [stdout]    --> src/python/mod.rs:126:26
[INFO] [stdout]     |
[INFO] [stdout] 126 |     pub fn __new__(obj: &PyRawObject, thing: &PyObjectRef, type_flag: u8) -> PyResult<()> {
[INFO] [stdout]     |                          ^^^^^^^^^^^ not found in this scope
[INFO] [stdout] 
[INFO] [stdout] 
[INFO] [stdout] error[E0412]: cannot find type `PyObjectRef` in this scope
[INFO] [stdout]    --> src/python/mod.rs:126:47
[INFO] [stdout]     |
[INFO] [stdout] 126 |     pub fn __new__(obj: &PyRawObject, thing: &PyObjectRef, type_flag: u8) -> PyResult<()> {
[INFO] [stdout]     |                                               ^^^^^^^^^^^ not found in this scope
[INFO] [stdout] 
[INFO] [stdout] 
[INFO] [stdout] error[E0412]: cannot find type `PyResult` in this scope
[INFO] [stdout]    --> src/python/mod.rs:126:78
[INFO] [stdout]     |
[INFO] [stdout] 126 |     pub fn __new__(obj: &PyRawObject, thing: &PyObjectRef, type_flag: u8) -> PyResult<()> {
[INFO] [stdout]     |                                                                              ^^^^^^^^ help: an enum with a similar name exists: `Result`
[INFO] [stdout]    --> /rustc/84c898d65adf2f39a5a98507f1fe0ce10a2b8dbc/library/core/src/result.rs:503:1
[INFO] [stdout]     |
[INFO] [stdout]     = note: similarly named enum `Result` defined here
[INFO] [stdout] 
[INFO] [stdout] 
[INFO] [stdout] error[E0412]: cannot find type `PyString` in this scope
[INFO] [stdout]    --> src/python/mod.rs:131:38
[INFO] [stdout]     |
[INFO] [stdout] 131 |                     let uri_string: &PyString = PyString::try_from(thing).unwrap();
[INFO] [stdout]     |                                      ^^^^^^^^ help: a struct with a similar name exists: `String`
[INFO] [stdout]    --> /rustc/84c898d65adf2f39a5a98507f1fe0ce10a2b8dbc/library/alloc/src/string.rs:365:1
[INFO] [stdout]     |
[INFO] [stdout]     = note: similarly named struct `String` defined here
[INFO] [stdout] 
[INFO] [stdout] 
[INFO] [stdout] error[E0412]: cannot find type `PyString` in this scope
[INFO] [stdout]    --> src/python/mod.rs:175:37
[INFO] [stdout]     |
[INFO] [stdout] 175 |                     let blank_val: &PyString = thing.cast_as::<PyString>().unwrap();
[INFO] [stdout]     |                                     ^^^^^^^^ help: a struct with a similar name exists: `String`
[INFO] [stdout]    --> /rustc/84c898d65adf2f39a5a98507f1fe0ce10a2b8dbc/library/alloc/src/string.rs:365:1
[INFO] [stdout]     |
[INFO] [stdout]     = note: similarly named struct `String` defined here
[INFO] [stdout] 
[INFO] [stdout] 
[INFO] [stdout] error[E0412]: cannot find type `PyString` in this scope
[INFO] [stdout]    --> src/python/mod.rs:175:64
[INFO] [stdout]     |
[INFO] [stdout] 175 |                     let blank_val: &PyString = thing.cast_as::<PyString>().unwrap();
[INFO] [stdout]     |                                                                ^^^^^^^^
[INFO] [stdout]    --> /rustc/84c898d65adf2f39a5a98507f1fe0ce10a2b8dbc/library/alloc/src/string.rs:365:1
[INFO] [stdout]     |
[INFO] [stdout]     = note: similarly named struct `String` defined here
[INFO] [stdout]     |
[INFO] [stdout] help: a struct with a similar name exists
[INFO] [stdout]     |
[INFO] [stdout] 175 |                     let blank_val: &PyString = thing.cast_as::<String>().unwrap();
[INFO] [stdout]     |                                                                ~~~~~~
[INFO] [stdout] help: you might be missing a type parameter
[INFO] [stdout]     |
[INFO] [stdout] 124 | impl<PyString> PyQStoreNode {
[INFO] [stdout]     |     ++++++++++
[INFO] [stdout] 
[INFO] [stdout] 
[INFO] [stdout] error[E0412]: cannot find type `PyString` in this scope
[INFO] [stdout]    --> src/python/mod.rs:188:41
[INFO] [stdout]     |
[INFO] [stdout] 188 |                         let thing_val: &PyString = thing.cast_as::<PyString>().unwrap();
[INFO] [stdout]     |                                         ^^^^^^^^ help: a struct with a similar name exists: `String`
[INFO] [stdout]    --> /rustc/84c898d65adf2f39a5a98507f1fe0ce10a2b8dbc/library/alloc/src/string.rs:365:1
[INFO] [stdout]     |
[INFO] [stdout]     = note: similarly named struct `String` defined here
[INFO] [stdout] 
[INFO] [stdout] 
[INFO] [stdout] error[E0412]: cannot find type `PyString` in this scope
[INFO] [stdout]    --> src/python/mod.rs:188:68
[INFO] [stdout]     |
[INFO] [stdout] 188 |                         let thing_val: &PyString = thing.cast_as::<PyString>().unwrap();
[INFO] [stdout]     |                                                                    ^^^^^^^^
[INFO] [stdout]    --> /rustc/84c898d65adf2f39a5a98507f1fe0ce10a2b8dbc/library/alloc/src/string.rs:365:1
[INFO] [stdout]     |
[INFO] [stdout]     = note: similarly named struct `String` defined here
[INFO] [stdout]     |
[INFO] [stdout] help: a struct with a similar name exists
[INFO] [stdout]     |
[INFO] [stdout] 188 |                         let thing_val: &PyString = thing.cast_as::<String>().unwrap();
[INFO] [stdout]     |                                                                    ~~~~~~
[INFO] [stdout] help: you might be missing a type parameter
[INFO] [stdout]     |
[INFO] [stdout] 124 | impl<PyString> PyQStoreNode {
[INFO] [stdout]     |     ++++++++++
[INFO] [stdout] 
[INFO] [stdout] 
[INFO] [stdout] error[E0412]: cannot find type `PyString` in this scope
[INFO] [stdout]    --> src/python/mod.rs:196:53
[INFO] [stdout]     |
[INFO] [stdout] 196 |                     let id_string = thing.cast_as::<PyString>().unwrap().into_object(token.py());
[INFO] [stdout]     |                                                     ^^^^^^^^
[INFO] [stdout]    --> /rustc/84c898d65adf2f39a5a98507f1fe0ce10a2b8dbc/library/alloc/src/string.rs:365:1
[INFO] [stdout]     |
[INFO] [stdout]     = note: similarly named struct `String` defined here
[INFO] [stdout]     |
[INFO] [stdout] help: a struct with a similar name exists
[INFO] [stdout]     |
[INFO] [stdout] 196 |                     let id_string = thing.cast_as::<String>().unwrap().into_object(token.py());
[INFO] [stdout]     |                                                     ~~~~~~
[INFO] [stdout] help: you might be missing a type parameter
[INFO] [stdout]     |
[INFO] [stdout] 124 | impl<PyString> PyQStoreNode {
[INFO] [stdout]     |     ++++++++++
[INFO] [stdout] 
[INFO] [stdout] 
[INFO] [stdout] error[E0412]: cannot find type `PyResult` in this scope
[INFO] [stdout]    --> src/python/mod.rs:209:38
[INFO] [stdout]     |
[INFO] [stdout] 209 |     pub fn inner_type_flag(&self) -> PyResult<u8> {
[INFO] [stdout]     |                                      ^^^^^^^^ help: an enum with a similar name exists: `Result`
[INFO] [stdout]    --> /rustc/84c898d65adf2f39a5a98507f1fe0ce10a2b8dbc/library/core/src/result.rs:503:1
[INFO] [stdout]     |
[INFO] [stdout]     = note: similarly named enum `Result` defined here
[INFO] [stdout] 
[INFO] [stdout] 
[INFO] [stdout] error[E0412]: cannot find type `PyResult` in this scope
[INFO] [stdout]    --> src/python/mod.rs:217:51
[INFO] [stdout]     |
[INFO] [stdout] 217 |     pub fn unpack_as_uriref(&self, py: Python) -> PyResult<&PyString> {
[INFO] [stdout]     |                                                   ^^^^^^^^ help: an enum with a similar name exists: `Result`
[INFO] [stdout]    --> /rustc/84c898d65adf2f39a5a98507f1fe0ce10a2b8dbc/library/core/src/result.rs:503:1
[INFO] [stdout]     |
[INFO] [stdout]     = note: similarly named enum `Result` defined here
[INFO] [stdout] 
[INFO] [stdout] 
[INFO] [stdout] error[E0412]: cannot find type `PyString` in this scope
[INFO] [stdout]    --> src/python/mod.rs:217:61
[INFO] [stdout]     |
[INFO] [stdout] 217 |     pub fn unpack_as_uriref(&self, py: Python) -> PyResult<&PyString> {
[INFO] [stdout]     |                                                             ^^^^^^^^
[INFO] [stdout]    --> /rustc/84c898d65adf2f39a5a98507f1fe0ce10a2b8dbc/library/alloc/src/string.rs:365:1
[INFO] [stdout]     |
[INFO] [stdout]     = note: similarly named struct `String` defined here
[INFO] [stdout]     |
[INFO] [stdout] help: a struct with a similar name exists
[INFO] [stdout]     |
[INFO] [stdout] 217 |     pub fn unpack_as_uriref(&self, py: Python) -> PyResult<&String> {
[INFO] [stdout]     |                                                             ~~~~~~
[INFO] [stdout] help: you might be missing a type parameter
[INFO] [stdout]     |
[INFO] [stdout] 124 | impl<PyString> PyQStoreNode {
[INFO] [stdout]     |     ++++++++++
[INFO] [stdout] 
[INFO] [stdout] 
[INFO] [stdout] error[E0412]: cannot find type `PyString` in this scope
[INFO] [stdout]    --> src/python/mod.rs:221:37
[INFO] [stdout]     |
[INFO] [stdout] 221 |             return Err(PyErr::new::<PyString, String>("Cannot unpack that PyQStoreNode as a uriref!".to_owned()));
[INFO] [stdout]     |                                     ^^^^^^^^
[INFO] [stdout]    --> /rustc/84c898d65adf2f39a5a98507f1fe0ce10a2b8dbc/library/alloc/src/string.rs:365:1
[INFO] [stdout]     |
[INFO] [stdout]     = note: similarly named struct `String` defined here
[INFO] [stdout]     |
[INFO] [stdout] help: a struct with a similar name exists
[INFO] [stdout]     |
[INFO] [stdout] 221 |             return Err(PyErr::new::<String, String>("Cannot unpack that PyQStoreNode as a uriref!".to_owned()));
[INFO] [stdout]     |                                     ~~~~~~
[INFO] [stdout] help: you might be missing a type parameter
[INFO] [stdout]     |
[INFO] [stdout] 124 | impl<PyString> PyQStoreNode {
[INFO] [stdout]     |     ++++++++++
[INFO] [stdout] 
[INFO] [stdout] 
[INFO] [stdout] error[E0412]: cannot find type `PyResult` in this scope
[INFO] [stdout]    --> src/python/mod.rs:226:50
[INFO] [stdout]     |
[INFO] [stdout] 226 |     pub fn unpack_as_bnode(&self, py: Python) -> PyResult<&PyString> {
[INFO] [stdout]     |                                                  ^^^^^^^^ help: an enum with a similar name exists: `Result`
[INFO] [stdout]    --> /rustc/84c898d65adf2f39a5a98507f1fe0ce10a2b8dbc/library/core/src/result.rs:503:1
[INFO] [stdout]     |
[INFO] [stdout]     = note: similarly named enum `Result` defined here
[INFO] [stdout] 
[INFO] [stdout] 
[INFO] [stdout] error[E0412]: cannot find type `PyString` in this scope
[INFO] [stdout]    --> src/python/mod.rs:226:60
[INFO] [stdout]     |
[INFO] [stdout] 226 |     pub fn unpack_as_bnode(&self, py: Python) -> PyResult<&PyString> {
[INFO] [stdout]     |                                                            ^^^^^^^^
[INFO] [stdout]    --> /rustc/84c898d65adf2f39a5a98507f1fe0ce10a2b8dbc/library/alloc/src/string.rs:365:1
[INFO] [stdout]     |
[INFO] [stdout]     = note: similarly named struct `String` defined here
[INFO] [stdout]     |
[INFO] [stdout] help: a struct with a similar name exists
[INFO] [stdout]     |
[INFO] [stdout] 226 |     pub fn unpack_as_bnode(&self, py: Python) -> PyResult<&String> {
[INFO] [stdout]     |                                                            ~~~~~~
[INFO] [stdout] help: you might be missing a type parameter
[INFO] [stdout]     |
[INFO] [stdout] 124 | impl<PyString> PyQStoreNode {
[INFO] [stdout]     |     ++++++++++
[INFO] [stdout] 
[INFO] [stdout] 
[INFO] [stdout] error[E0412]: cannot find type `PyString` in this scope
[INFO] [stdout]    --> src/python/mod.rs:230:37
[INFO] [stdout]     |
[INFO] [stdout] 230 |             return Err(PyErr::new::<PyString, String>("Cannot unpack that PyQStoreNode as a bnode!".to_owned()));
[INFO] [stdout]     |                                     ^^^^^^^^
[INFO] [stdout]    --> /rustc/84c898d65adf2f39a5a98507f1fe0ce10a2b8dbc/library/alloc/src/string.rs:365:1
[INFO] [stdout]     |
[INFO] [stdout]     = note: similarly named struct `String` defined here
[INFO] [stdout]     |
[INFO] [stdout] help: a struct with a similar name exists
[INFO] [stdout]     |
[INFO] [stdout] 230 |             return Err(PyErr::new::<String, String>("Cannot unpack that PyQStoreNode as a bnode!".to_owned()));
[INFO] [stdout]     |                                     ~~~~~~
[INFO] [stdout] help: you might be missing a type parameter
[INFO] [stdout]     |
[INFO] [stdout] 124 | impl<PyString> PyQStoreNode {
[INFO] [stdout]     |     ++++++++++
[INFO] [stdout] 
[INFO] [stdout] 
[INFO] [stdout] error[E0412]: cannot find type `PyResult` in this scope
[INFO] [stdout]    --> src/python/mod.rs:235:52
[INFO] [stdout]     |
[INFO] [stdout] 235 |     pub fn unpack_as_literal(&self, py: Python) -> PyResult<(&PyString, Option<PyObject>, Option<PyObject>)> {
[INFO] [stdout]     |                                                    ^^^^^^^^ help: an enum with a similar name exists: `Result`
[INFO] [stdout]    --> /rustc/84c898d65adf2f39a5a98507f1fe0ce10a2b8dbc/library/core/src/result.rs:503:1
[INFO] [stdout]     |
[INFO] [stdout]     = note: similarly named enum `Result` defined here
[INFO] [stdout] 
[INFO] [stdout] 
[INFO] [stdout] error[E0412]: cannot find type `PyString` in this scope
[INFO] [stdout]    --> src/python/mod.rs:235:63
[INFO] [stdout]     |
[INFO] [stdout] 235 |     pub fn unpack_as_literal(&self, py: Python) -> PyResult<(&PyString, Option<PyObject>, Option<PyObject>)> {
[INFO] [stdout]     |                                                               ^^^^^^^^
[INFO] [stdout]    --> /rustc/84c898d65adf2f39a5a98507f1fe0ce10a2b8dbc/library/alloc/src/string.rs:365:1
[INFO] [stdout]     |
[INFO] [stdout]     = note: similarly named struct `String` defined here
[INFO] [stdout]     |
[INFO] [stdout] help: a struct with a similar name exists
[INFO] [stdout]     |
[INFO] [stdout] 235 |     pub fn unpack_as_literal(&self, py: Python) -> PyResult<(&String, Option<PyObject>, Option<PyObject>)> {
[INFO] [stdout]     |                                                               ~~~~~~
[INFO] [stdout] help: you might be missing a type parameter
[INFO] [stdout]     |
[INFO] [stdout] 124 | impl<PyString> PyQStoreNode {
[INFO] [stdout]     |     ++++++++++
[INFO] [stdout] 
[INFO] [stdout] 
[INFO] [stdout] error[E0412]: cannot find type `PyString` in this scope
[INFO] [stdout]    --> src/python/mod.rs:239:37
[INFO] [stdout]     |
[INFO] [stdout] 239 |             return Err(PyErr::new::<PyString, String>("Cannot unpack that PyQStoreNode as a Literal!".to_owned()));
[INFO] [stdout]     |                                     ^^^^^^^^
[INFO] [stdout]    --> /rustc/84c898d65adf2f39a5a98507f1fe0ce10a2b8dbc/library/alloc/src/string.rs:365:1
[INFO] [stdout]     |
[INFO] [stdout]     = note: similarly named struct `String` defined here
[INFO] [stdout]     |
[INFO] [stdout] help: a struct with a similar name exists
[INFO] [stdout]     |
[INFO] [stdout] 239 |             return Err(PyErr::new::<String, String>("Cannot unpack that PyQStoreNode as a Literal!".to_owned()));
[INFO] [stdout]     |                                     ~~~~~~
[INFO] [stdout] help: you might be missing a type parameter
[INFO] [stdout]     |
[INFO] [stdout] 124 | impl<PyString> PyQStoreNode {
[INFO] [stdout]     |     ++++++++++
[INFO] [stdout] 
[INFO] [stdout] 
[INFO] [stdout] error[E0412]: cannot find type `PyResult` in this scope
[INFO] [stdout]    --> src/python/mod.rs:251:33
[INFO] [stdout]     |
[INFO] [stdout] 251 |     pub fn _URIRefTypeFlag() -> PyResult<u8> {
[INFO] [stdout]     |                                 ^^^^^^^^ help: an enum with a similar name exists: `Result`
[INFO] [stdout]    --> /rustc/84c898d65adf2f39a5a98507f1fe0ce10a2b8dbc/library/core/src/result.rs:503:1
[INFO] [stdout]     |
[INFO] [stdout]     = note: similarly named enum `Result` defined here
[INFO] [stdout] 
[INFO] [stdout] 
[INFO] [stdout] error[E0412]: cannot find type `PyResult` in this scope
[INFO] [stdout]    --> src/python/mod.rs:256:34
[INFO] [stdout]     |
[INFO] [stdout] 256 |     pub fn _LiteralTypeFlag() -> PyResult<u8> {
[INFO] [stdout]     |                                  ^^^^^^^^ help: an enum with a similar name exists: `Result`
[INFO] [stdout]    --> /rustc/84c898d65adf2f39a5a98507f1fe0ce10a2b8dbc/library/core/src/result.rs:503:1
[INFO] [stdout]     |
[INFO] [stdout]     = note: similarly named enum `Result` defined here
[INFO] [stdout] 
[INFO] [stdout] 
[INFO] [stdout] error[E0412]: cannot find type `PyResult` in this scope
[INFO] [stdout]    --> src/python/mod.rs:261:32
[INFO] [stdout]     |
[INFO] [stdout] 261 |     pub fn _BlankTypeFlag() -> PyResult<u8> {
[INFO] [stdout]     |                                ^^^^^^^^ help: an enum with a similar name exists: `Result`
[INFO] [stdout]    --> /rustc/84c898d65adf2f39a5a98507f1fe0ce10a2b8dbc/library/core/src/result.rs:503:1
[INFO] [stdout]     |
[INFO] [stdout]     = note: similarly named enum `Result` defined here
[INFO] [stdout] 
[INFO] [stdout] 
[INFO] [stdout] error[E0412]: cannot find type `PyResult` in this scope
[INFO] [stdout]    --> src/python/mod.rs:266:32
[INFO] [stdout]     |
[INFO] [stdout] 266 |     pub fn _GraphTypeFlag() -> PyResult<u8> {
[INFO] [stdout]     |                                ^^^^^^^^ help: an enum with a similar name exists: `Result`
[INFO] [stdout]    --> /rustc/84c898d65adf2f39a5a98507f1fe0ce10a2b8dbc/library/core/src/result.rs:503:1
[INFO] [stdout]     |
[INFO] [stdout]     = note: similarly named enum `Result` defined here
[INFO] [stdout] 
[INFO] [stdout] 
[INFO] [stdout] error[E0412]: cannot find type `PyResult` in this scope
[INFO] [stdout]    --> src/python/mod.rs:271:37
[INFO] [stdout]     |
[INFO] [stdout] 271 |     pub fn _IdentifierTypeFlag() -> PyResult<u8> {
[INFO] [stdout]     |                                     ^^^^^^^^ help: an enum with a similar name exists: `Result`
[INFO] [stdout]    --> /rustc/84c898d65adf2f39a5a98507f1fe0ce10a2b8dbc/library/core/src/result.rs:503:1
[INFO] [stdout]     |
[INFO] [stdout]     = note: similarly named enum `Result` defined here
[INFO] [stdout] 
[INFO] [stdout] 
[INFO] [stdout] error[E0405]: cannot find trait `FromPyObject` in this scope
[INFO] [stdout]    --> src/python/mod.rs:276:15
[INFO] [stdout]     |
[INFO] [stdout] 276 | impl<'source> FromPyObject<'source> for &'source PyQStoreNode
[INFO] [stdout]     |               ^^^^^^^^^^^^ not found in this scope
[INFO] [stdout] 
[INFO] [stdout] 
[INFO] [stdout] error[E0412]: cannot find type `PyObjectRef` in this scope
[INFO] [stdout]    --> src/python/mod.rs:278:30
[INFO] [stdout]     |
[INFO] [stdout] 278 |     fn extract(obj: &'source PyObjectRef) -> PyResult<&'source PyQStoreNode>
[INFO] [stdout]     |                              ^^^^^^^^^^^ not found in this scope
[INFO] [stdout] 
[INFO] [stdout] 
[INFO] [stdout] error[E0412]: cannot find type `PyResult` in this scope
[INFO] [stdout]    --> src/python/mod.rs:278:46
[INFO] [stdout]     |
[INFO] [stdout] 278 |     fn extract(obj: &'source PyObjectRef) -> PyResult<&'source PyQStoreNode>
[INFO] [stdout]     |                                              ^^^^^^^^ help: an enum with a similar name exists: `Result`
[INFO] [stdout]    --> /rustc/84c898d65adf2f39a5a98507f1fe0ce10a2b8dbc/library/core/src/result.rs:503:1
[INFO] [stdout]     |
[INFO] [stdout]     = note: similarly named enum `Result` defined here
[INFO] [stdout] 
[INFO] [stdout] 
[INFO] [stdout] error[E0405]: cannot find trait `IntoPyObject` in this scope
[INFO] [stdout]    --> src/python/mod.rs:284:6
[INFO] [stdout]     |
[INFO] [stdout] 284 | impl IntoPyObject for PyQStoreNode {
[INFO] [stdout]     |      ^^^^^^^^^^^^ not found in this scope
[INFO] [stdout] 
[INFO] [stdout] 
[INFO] [stdout] error[E0412]: cannot find type `PyToken` in this scope
[INFO] [stdout]    --> src/python/mod.rs:306:12
[INFO] [stdout]     |
[INFO] [stdout] 306 |     token: PyToken
[INFO] [stdout]     |            ^^^^^^^ not found in this scope
[INFO] [stdout] 
[INFO] [stdout] 
[INFO] [stdout] error[E0412]: cannot find type `Py` in this scope
[INFO] [stdout]    --> src/python/mod.rs:310:127
[INFO] [stdout]     |
[INFO] [stdout] 310 |     pub fn create_with_iter(py: Python, iter: Box<Iterator<Item=((PyQStoreNode,PyQStoreNode,PyQStoreNode),PyQStoreNode)>>) -> Py<Self> {
[INFO] [stdout]     |                                                                                                                               ^^ not found in this scope
[INFO] [stdout] 
[INFO] [stdout] 
[INFO] [stdout] error[E0412]: cannot find type `Py` in this scope
[INFO] [stdout]    --> src/python/mod.rs:318:46
[INFO] [stdout]     |
[INFO] [stdout] 318 |     pub fn py_node_empty_iter(py: Python) -> Py<Self> {
[INFO] [stdout]     |                                              ^^ not found in this scope
[INFO] [stdout] 
[INFO] [stdout] 
[INFO] [stdout] error[E0405]: cannot find trait `PyIterProtocol` in this scope
[INFO] [stdout]    --> src/python/mod.rs:331:6
[INFO] [stdout]     |
[INFO] [stdout] 331 | impl PyIterProtocol for PyQStoreIterableResult {
[INFO] [stdout]     |      ^^^^^^^^^^^^^^ not found in this scope
[INFO] [stdout] 
[INFO] [stdout] 
[INFO] [stdout] error[E0412]: cannot find type `PyResult` in this scope
[INFO] [stdout]    --> src/python/mod.rs:333:31
[INFO] [stdout]     |
[INFO] [stdout] 333 |     fn __iter__(&mut self) -> PyResult<PyObject> {
[INFO] [stdout]     |                               ^^^^^^^^ help: an enum with a similar name exists: `Result`
[INFO] [stdout]    --> /rustc/84c898d65adf2f39a5a98507f1fe0ce10a2b8dbc/library/core/src/result.rs:503:1
[INFO] [stdout]     |
[INFO] [stdout]     = note: similarly named enum `Result` defined here
[INFO] [stdout] 
[INFO] [stdout] 
[INFO] [stdout] error[E0412]: cannot find type `PyResult` in this scope
[INFO] [stdout]    --> src/python/mod.rs:336:31
[INFO] [stdout]     |
[INFO] [stdout] 336 |     fn __next__(&mut self) -> PyResult<Option<PyObject>> {
[INFO] [stdout]     |                               ^^^^^^^^ help: an enum with a similar name exists: `Result`
[INFO] [stdout]    --> /rustc/84c898d65adf2f39a5a98507f1fe0ce10a2b8dbc/library/core/src/result.rs:503:1
[INFO] [stdout]     |
[INFO] [stdout]     = note: similarly named enum `Result` defined here
[INFO] [stdout] 
[INFO] [stdout] 
[INFO] [stdout] error[E0412]: cannot find type `PyToken` in this scope
[INFO] [stdout]    --> src/python/mod.rs:355:12
[INFO] [stdout]     |
[INFO] [stdout] 355 |     token: PyToken,
[INFO] [stdout]     |            ^^^^^^^ not found in this scope
[INFO] [stdout] 
[INFO] [stdout] 
[INFO] [stdout] error[E0412]: cannot find type `PyResult` in this scope
[INFO] [stdout]    --> src/python/mod.rs:362:154
[INFO] [stdout]     |
[INFO] [stdout] 362 | ..., context: Option<&PyQStoreNode>) -> PyResult<Py<PyQStoreIterableResult>> {
[INFO] [stdout]     |                                         ^^^^^^^^ help: an enum with a similar name exists: `Result`
[INFO] [stdout]    --> /rustc/84c898d65adf2f39a5a98507f1fe0ce10a2b8dbc/library/core/src/result.rs:503:1
[INFO] [stdout]     |
[INFO] [stdout]     = note: similarly named enum `Result` defined here
[INFO] [stdout] 
[INFO] [stdout] 
[INFO] [stdout] error[E0412]: cannot find type `Py` in this scope
[INFO] [stdout]    --> src/python/mod.rs:362:163
[INFO] [stdout]     |
[INFO] [stdout] 362 | ...reNode>), context: Option<&PyQStoreNode>) -> PyResult<Py<PyQStoreIterableResult>> {
[INFO] [stdout]     |                                                          ^^ not found in this scope
[INFO] [stdout] 
[INFO] [stdout] 
[INFO] [stdout] error[E0412]: cannot find type `PyRawObject` in this scope
[INFO] [stdout]    --> src/python/mod.rs:400:26
[INFO] [stdout]     |
[INFO] [stdout] 400 |     pub fn __new__(obj: &PyRawObject, default_graph_combined: Option<bool>, debug: Option<bool>) -> PyResult<()> {
[INFO] [stdout]     |                          ^^^^^^^^^^^ not found in this scope
[INFO] [stdout] 
[INFO] [stdout] 
[INFO] [stdout] error[E0412]: cannot find type `PyResult` in this scope
[INFO] [stdout]    --> src/python/mod.rs:400:101
[INFO] [stdout]     |
[INFO] [stdout] 400 |     pub fn __new__(obj: &PyRawObject, default_graph_combined: Option<bool>, debug: Option<bool>) -> PyResult<()> {
[INFO] [stdout]     |                                                                                                     ^^^^^^^^ help: an enum with a similar name exists: `Result`
[INFO] [stdout]    --> /rustc/84c898d65adf2f39a5a98507f1fe0ce10a2b8dbc/library/core/src/result.rs:503:1
[INFO] [stdout]     |
[INFO] [stdout]     = note: similarly named enum `Result` defined here
[INFO] [stdout] 
[INFO] [stdout] 
[INFO] [stdout] error[E0412]: cannot find type `PyResult` in this scope
[INFO] [stdout]    --> src/python/mod.rs:413:151
[INFO] [stdout]     |
[INFO] [stdout] 413 | ...StoreNode>, quoted: Option<bool>) -> PyResult<()> {
[INFO] [stdout]     |                                         ^^^^^^^^ help: an enum with a similar name exists: `Result`
[INFO] [stdout]    --> /rustc/84c898d65adf2f39a5a98507f1fe0ce10a2b8dbc/library/core/src/result.rs:503:1
[INFO] [stdout]     |
[INFO] [stdout]     = note: similarly named enum `Result` defined here
[INFO] [stdout] 
[INFO] [stdout] 
[INFO] [stdout] error[E0412]: cannot find type `PyResult` in this scope
[INFO] [stdout]    --> src/python/mod.rs:436:156
[INFO] [stdout]     |
[INFO] [stdout] 436 | ..., context: Option<&PyQStoreNode>) -> PyResult<()> {
[INFO] [stdout]     |                                         ^^^^^^^^ help: an enum with a similar name exists: `Result`
[INFO] [stdout]    --> /rustc/84c898d65adf2f39a5a98507f1fe0ce10a2b8dbc/library/core/src/result.rs:503:1
[INFO] [stdout]     |
[INFO] [stdout]     = note: similarly named enum `Result` defined here
[INFO] [stdout] 
[INFO] [stdout] 
[INFO] [stdout] error[E0412]: cannot find type `PyResult` in this scope
[INFO] [stdout]    --> src/python/mod.rs:440:153
[INFO] [stdout]     |
[INFO] [stdout] 440 | ..., context: Option<&PyQStoreNode>) -> PyResult<Py<PyQStoreIterableResult>> {
[INFO] [stdout]     |                                         ^^^^^^^^ help: an enum with a similar name exists: `Result`
[INFO] [stdout]    --> /rustc/84c898d65adf2f39a5a98507f1fe0ce10a2b8dbc/library/core/src/result.rs:503:1
[INFO] [stdout]     |
[INFO] [stdout]     = note: similarly named enum `Result` defined here
[INFO] [stdout] 
[INFO] [stdout] 
[INFO] [stdout] error[E0412]: cannot find type `Py` in this scope
[INFO] [stdout]    --> src/python/mod.rs:440:162
[INFO] [stdout]     |
[INFO] [stdout] 440 | ...reNode>), context: Option<&PyQStoreNode>) -> PyResult<Py<PyQStoreIterableResult>> {
[INFO] [stdout]     |                                                          ^^ not found in this scope
[INFO] [stdout] 
[INFO] [stdout] 
[INFO] [stdout] error[E0412]: cannot find type `PyResult` in this scope
[INFO] [stdout]    --> src/python/mod.rs:446:38
[INFO] [stdout]     |
[INFO] [stdout] 446 |     pub fn empty_iter(py: Python) -> PyResult<Py<PyQStoreIterableResult>> {
[INFO] [stdout]     |                                      ^^^^^^^^ help: an enum with a similar name exists: `Result`
[INFO] [stdout]    --> /rustc/84c898d65adf2f39a5a98507f1fe0ce10a2b8dbc/library/core/src/result.rs:503:1
[INFO] [stdout]     |
[INFO] [stdout]     = note: similarly named enum `Result` defined here
[INFO] [stdout] 
[INFO] [stdout] 
[INFO] [stdout] error[E0412]: cannot find type `Py` in this scope
[INFO] [stdout]    --> src/python/mod.rs:446:47
[INFO] [stdout]     |
[INFO] [stdout] 446 |     pub fn empty_iter(py: Python) -> PyResult<Py<PyQStoreIterableResult>> {
[INFO] [stdout]     |                                               ^^ not found in this scope
[INFO] [stdout] 
[INFO] [stdout] 
[INFO] [stdout] error[E0412]: cannot find type `PyResult` in this scope
[INFO] [stdout]    --> src/python/mod.rs:458:31
[INFO] [stdout]     |
[INFO] [stdout] 458 |     pub fn context_aware() -> PyResult<bool> {
[INFO] [stdout]     |                               ^^^^^^^^ help: an enum with a similar name exists: `Result`
[INFO] [stdout]    --> /rustc/84c898d65adf2f39a5a98507f1fe0ce10a2b8dbc/library/core/src/result.rs:503:1
[INFO] [stdout]     |
[INFO] [stdout]     = note: similarly named enum `Result` defined here
[INFO] [stdout] 
[INFO] [stdout] 
[INFO] [stdout] error[E0412]: cannot find type `PyResult` in this scope
[INFO] [stdout]    --> src/python/mod.rs:462:29
[INFO] [stdout]     |
[INFO] [stdout] 462 |     pub fn graph_aware() -> PyResult<bool> {
[INFO] [stdout]     |                             ^^^^^^^^ help: an enum with a similar name exists: `Result`
[INFO] [stdout]    --> /rustc/84c898d65adf2f39a5a98507f1fe0ce10a2b8dbc/library/core/src/result.rs:503:1
[INFO] [stdout]     |
[INFO] [stdout]     = note: similarly named enum `Result` defined here
[INFO] [stdout] 
[INFO] [stdout] 
[INFO] [stdout] error[E0412]: cannot find type `PyResult` in this scope
[INFO] [stdout]    --> src/python/mod.rs:466:31
[INFO] [stdout]     |
[INFO] [stdout] 466 |     pub fn formula_aware() -> PyResult<bool> {
[INFO] [stdout]     |                               ^^^^^^^^ help: an enum with a similar name exists: `Result`
[INFO] [stdout]    --> /rustc/84c898d65adf2f39a5a98507f1fe0ce10a2b8dbc/library/core/src/result.rs:503:1
[INFO] [stdout]     |
[INFO] [stdout]     = note: similarly named enum `Result` defined here
[INFO] [stdout] 
[INFO] [stdout] 
[INFO] [stdout] error[E0412]: cannot find type `PyModule` in this scope
[INFO] [stdout]    --> src/python/mod.rs:475:29
[INFO] [stdout]     |
[INFO] [stdout] 475 | fn init_mod(py: Python, m: &PyModule) -> PyResult<()> {
[INFO] [stdout]     |                             ^^^^^^^^ not found in this scope
[INFO] [stdout] 
[INFO] [stdout] 
[INFO] [stdout] error[E0412]: cannot find type `PyResult` in this scope
[INFO] [stdout]    --> src/python/mod.rs:475:42
[INFO] [stdout]     |
[INFO] [stdout] 475 | fn init_mod(py: Python, m: &PyModule) -> PyResult<()> {
[INFO] [stdout]     |                                          ^^^^^^^^ help: an enum with a similar name exists: `Result`
[INFO] [stdout]    --> /rustc/84c898d65adf2f39a5a98507f1fe0ce10a2b8dbc/library/core/src/result.rs:503:1
[INFO] [stdout]     |
[INFO] [stdout]     = note: similarly named enum `Result` defined here
[INFO] [stdout] 
[INFO] [stdout] 
[INFO] [stdout] error[E0554]: `#![feature]` may not be used on the stable release channel
[INFO] [stdout]  --> src/lib.rs:3:1
[INFO] [stdout]   |
[INFO] [stdout] 3 | #![feature(try_from)]
[INFO] [stdout]   | ^^^^^^^^^^^^^^^^^^^^^
[INFO] [stdout] 
[INFO] [stdout] 
[INFO] [stdout] error[E0554]: `#![feature]` may not be used on the stable release channel
[INFO] [stdout]  --> src/lib.rs:4:1
[INFO] [stdout]   |
[INFO] [stdout] 4 | #![feature(btree_range)]
[INFO] [stdout]   | ^^^^^^^^^^^^^^^^^^^^^^^^
[INFO] [stdout] 
[INFO] [stdout] 
[INFO] [stdout] error[E0554]: `#![feature]` may not be used on the stable release channel
[INFO] [stdout]  --> src/lib.rs:5:1
[INFO] [stdout]   |
[INFO] [stdout] 5 | #![feature(const_fn)]
[INFO] [stdout]   | ^^^^^^^^^^^^^^^^^^^^^
[INFO] [stdout] 
[INFO] [stdout] 
[INFO] [stdout] error[E0554]: `#![feature]` may not be used on the stable release channel
[INFO] [stdout]  --> src/lib.rs:6:1
[INFO] [stdout]   |
[INFO] [stdout] 6 | #![feature(inclusive_range)]
[INFO] [stdout]   | ^^^^^^^^^^^^^^^^^^^^^^^^^^^^
[INFO] [stdout] 
[INFO] [stdout] 
[INFO] [stdout] error[E0554]: `#![feature]` may not be used on the stable release channel
[INFO] [stdout]  --> src/lib.rs:7:1
[INFO] [stdout]   |
[INFO] [stdout] 7 | #![feature(inclusive_range_fields)]
[INFO] [stdout]   | ^^^^^^^^^^^^^^^^^^^^^^^^^^^^^^^^^^^
[INFO] [stdout] 
[INFO] [stdout] 
[INFO] [stdout] error[E0554]: `#![feature]` may not be used on the stable release channel
[INFO] [stdout]   --> src/lib.rs:11:1
[INFO] [stdout]    |
[INFO] [stdout] 11 | #![feature(proc_macro, specialization)]
[INFO] [stdout]    | ^^^^^^^^^^^^^^^^^^^^^^^^^^^^^^^^^^^^^^^
[INFO] [stdout]    |
[INFO] [stdout]    = help: the feature `proc_macro` has been stable since `1.29.0` and no longer requires an attribute to enable
[INFO] [stdout] 
[INFO] [stdout] 
[INFO] [stdout] warning: the feature `specialization` is incomplete and may not be safe to use and/or cause compiler crashes
[INFO] [stdout]   --> src/lib.rs:11:24
[INFO] [stdout]    |
[INFO] [stdout] 11 | #![feature(proc_macro, specialization)]
[INFO] [stdout]    |                        ^^^^^^^^^^^^^^
[INFO] [stdout]    |
[INFO] [stdout]    = note: see issue #31844 <https://github.com/rust-lang/rust/issues/31844> for more information
[INFO] [stdout]    = help: consider using `min_specialization` instead, which is more stable and complete
[INFO] [stdout]    = note: `#[warn(incomplete_features)]` on by default
[INFO] [stdout] 
[INFO] [stdout] 
[INFO] [stdout] warning: unused import: `std::ops::Deref`
[INFO] [stdout]  --> src/indexed_hash_map.rs:5:5
[INFO] [stdout]   |
[INFO] [stdout] 5 | use std::ops::Deref;
[INFO] [stdout]   |     ^^^^^^^^^^^^^^^
[INFO] [stdout]   |
[INFO] [stdout]   = note: `#[warn(unused_imports)]` on by default
[INFO] [stdout] 
[INFO] [stdout] 
[INFO] [stdout] warning: unused import: `Range`
[INFO] [stdout]  --> src/indexed_quad_set.rs:1:32
[INFO] [stdout]   |
[INFO] [stdout] 1 | use std::ops::{RangeInclusive, Range};
[INFO] [stdout]   |                                ^^^^^
[INFO] [stdout] 
[INFO] [stdout] 
[INFO] [stdout] warning: unused import: `std::borrow::Borrow`
[INFO] [stdout]  --> src/indexed_quad_set.rs:5:5
[INFO] [stdout]   |
[INFO] [stdout] 5 | use std::borrow::Borrow;
[INFO] [stdout]   |     ^^^^^^^^^^^^^^^^^^^
[INFO] [stdout] 
[INFO] [stdout] 
[INFO] [stdout] warning: unused import: `InternalQuad`
[INFO] [stdout]  --> src/indexed_quad_set.rs:8:13
[INFO] [stdout]   |
[INFO] [stdout] 8 | use store::{InternalQuad, SubjectID, PredicateID, ObjectID, GraphID};
[INFO] [stdout]   |             ^^^^^^^^^^^^
[INFO] [stdout] 
[INFO] [stdout] 
[INFO] [stdout] warning: unused import: `std::borrow::Borrow`
[INFO] [stdout]  --> src/store.rs:2:5
[INFO] [stdout]   |
[INFO] [stdout] 2 | use std::borrow::Borrow;
[INFO] [stdout]   |     ^^^^^^^^^^^^^^^^^^^
[INFO] [stdout] 
[INFO] [stdout] 
[INFO] [stdout] warning: unused import: `std::collections::BTreeMap`
[INFO] [stdout]  --> src/store.rs:3:5
[INFO] [stdout]   |
[INFO] [stdout] 3 | use std::collections::BTreeMap;
[INFO] [stdout]   |     ^^^^^^^^^^^^^^^^^^^^^^^^^^
[INFO] [stdout] 
[INFO] [stdout] 
[INFO] [stdout] warning: unused import: `test_me`
[INFO] [stdout]   --> src/store.rs:10:24
[INFO] [stdout]    |
[INFO] [stdout] 10 | use indexed_quad_set::{test_me, IndexedQuadSet, SearchableIndex, IndexOrder, SPOG, GSPO, POSG, OSPG, SPOGIndex, GSPOIndex, POSGIndex, OSP...
[INFO] [stdout]    |                        ^^^^^^^
[INFO] [stdout] 
[INFO] [stdout] 
[INFO] [stdout] warning: `#[macro_use]` only has an effect on `extern crate` and modules
[INFO] [stdout]  --> src/python/mod.rs:2:1
[INFO] [stdout]   |
[INFO] [stdout] 2 | #[macro_use]
[INFO] [stdout]   | ^^^^^^^^^^^^
[INFO] [stdout]   |
[INFO] [stdout]   = note: `#[warn(unused_attributes)]` on by default
[INFO] [stdout] 
[INFO] [stdout] 
[INFO] [stdout] warning: the feature `proc_macro` has been stable since 1.29.0 and no longer requires an attribute to enable
[INFO] [stdout]   --> src/lib.rs:11:12
[INFO] [stdout]    |
[INFO] [stdout] 11 | #![feature(proc_macro, specialization)]
[INFO] [stdout]    |            ^^^^^^^^^^
[INFO] [stdout]    |
[INFO] [stdout]    = note: `#[warn(stable_features)]` on by default
[INFO] [stdout] 
[INFO] [stdout] 
[INFO] [stdout] error[E0554]: `#![feature]` may not be used on the stable release channel
[INFO] [stdout]  --> src/lib.rs:3:12
[INFO] [stdout]   |
[INFO] [stdout] 3 | #![feature(try_from)]
[INFO] [stdout]   |            ^^^^^^^^
[INFO] [stdout] 
[INFO] [stdout] 
[INFO] [stdout] error[E0554]: `#![feature]` may not be used on the stable release channel
[INFO] [stdout]  --> src/lib.rs:4:12
[INFO] [stdout]   |
[INFO] [stdout] 4 | #![feature(btree_range)]
[INFO] [stdout]   |            ^^^^^^^^^^^
[INFO] [stdout] 
[INFO] [stdout] 
[INFO] [stdout] error[E0554]: `#![feature]` may not be used on the stable release channel
[INFO] [stdout]  --> src/lib.rs:6:12
[INFO] [stdout]   |
[INFO] [stdout] 6 | #![feature(inclusive_range)]
[INFO] [stdout]   |            ^^^^^^^^^^^^^^^
[INFO] [stdout] 
[INFO] [stdout] 
[INFO] [stdout] error[E0554]: `#![feature]` may not be used on the stable release channel
[INFO] [stdout]  --> src/lib.rs:7:12
[INFO] [stdout]   |
[INFO] [stdout] 7 | #![feature(inclusive_range_fields)]
[INFO] [stdout]   |            ^^^^^^^^^^^^^^^^^^^^^^
[INFO] [stdout] 
[INFO] [stdout] 
[INFO] [stdout] warning: the feature `inclusive_range` has been stable since 1.26.0 and no longer requires an attribute to enable
[INFO] [stdout]  --> src/lib.rs:6:12
[INFO] [stdout]   |
[INFO] [stdout] 6 | #![feature(inclusive_range)]
[INFO] [stdout]   |            ^^^^^^^^^^^^^^^
[INFO] [stdout] 
[INFO] [stdout] 
[INFO] [stdout] warning: the feature `try_from` has been stable since 1.34.0 and no longer requires an attribute to enable
[INFO] [stdout]  --> src/lib.rs:3:12
[INFO] [stdout]   |
[INFO] [stdout] 3 | #![feature(try_from)]
[INFO] [stdout]   |            ^^^^^^^^
[INFO] [stdout] 
[INFO] [stdout] 
[INFO] [stdout] warning: the feature `btree_range` has been stable since 1.17.0 and no longer requires an attribute to enable
[INFO] [stdout]  --> src/lib.rs:4:12
[INFO] [stdout]   |
[INFO] [stdout] 4 | #![feature(btree_range)]
[INFO] [stdout]   |            ^^^^^^^^^^^
[INFO] [stdout] 
[INFO] [stdout] 
[INFO] [stdout] error[E0635]: unknown feature `inclusive_range_fields`
[INFO] [stdout]  --> src/lib.rs:7:12
[INFO] [stdout]   |
[INFO] [stdout] 7 | #![feature(inclusive_range_fields)]
[INFO] [stdout]   |            ^^^^^^^^^^^^^^^^^^^^^^
[INFO] [stdout] 
[INFO] [stdout] 
[INFO] [stdout] warning: trait objects without an explicit `dyn` are deprecated
[INFO] [stdout]    --> src/python/mod.rs:305:16
[INFO] [stdout]     |
[INFO] [stdout] 305 |     inner: Box<Iterator<Item=((PyQStoreNode,PyQStoreNode,PyQStoreNode),PyQStoreNode)>>,
[INFO] [stdout]     |                ^^^^^^^^^^^^^^^^^^^^^^^^^^^^^^^^^^^^^^^^^^^^^^^^^^^^^^^^^^^^^^^^^^^^^^
[INFO] [stdout]     |
[INFO] [stdout]     = warning: this is accepted in the current edition (Rust 2015) but is a hard error in Rust 2021!
[INFO] [stdout]     = note: for more information, see <https://doc.rust-lang.org/nightly/edition-guide/rust-2021/warnings-promoted-to-error.html>
[INFO] [stdout]     = note: `#[warn(bare_trait_objects)]` on by default
[INFO] [stdout] help: use `dyn`
[INFO] [stdout]     |
[INFO] [stdout] 305 |     inner: Box<dyn Iterator<Item=((PyQStoreNode,PyQStoreNode,PyQStoreNode),PyQStoreNode)>>,
[INFO] [stdout]     |                +++
[INFO] [stdout] 
[INFO] [stdout] 
[INFO] [stdout] warning: trait objects without an explicit `dyn` are deprecated
[INFO] [stdout]    --> src/store.rs:182:164
[INFO] [stdout]     |
[INFO] [stdout] 182 | ...n<StoreNode>) -> Result<Box<Iterator<Item=(&'a StoreNode, &'a StoreNode, &'a StoreNode, &'a StoreNode)>+'a>, String>
[INFO] [stdout]     |                                ^^^^^^^^^^^^^^^^^^^^^^^^^^^^^^^^^^^^^^^^^^^^^^^^^^^^^^^^^^^^^^^^^^^^^^^^^^^^^^
[INFO] [stdout]     |
[INFO] [stdout]     = warning: this is accepted in the current edition (Rust 2015) but is a hard error in Rust 2021!
[INFO] [stdout]     = note: for more information, see <https://doc.rust-lang.org/nightly/edition-guide/rust-2021/warnings-promoted-to-error.html>
[INFO] [stdout] help: use `dyn`
[INFO] [stdout]     |
[INFO] [stdout] 182 |     pub fn search_nodes<'a>(&'a self, graph: Option<StoreNode>, subject: Option<StoreNode>, predicate: Option<StoreNode>, object: Option<StoreNode>) -> Result<Box<dyn Iterator<Item=(&'a StoreNode, &'a StoreNode, &'a StoreNode, &'a StoreNode)>+'a>, String>
[INFO] [stdout]     |                                                                                                                                                                    +++
[INFO] [stdout] 
[INFO] [stdout] 
[INFO] [stdout] warning: trait objects without an explicit `dyn` are deprecated
[INFO] [stdout]    --> src/store.rs:209:46
[INFO] [stdout]     |
[INFO] [stdout] 209 | ...                   -> Box<Iterator<Item=(GraphID, SubjectID, PredicateID, ObjectID)>+'a> {
[INFO] [stdout]     |                              ^^^^^^^^^^^^^^^^^^^^^^^^^^^^^^^^^^^^^^^^^^^^^^^^^^^^^^^^^^^^^
[INFO] [stdout]     |
[INFO] [stdout]     = warning: this is accepted in the current edition (Rust 2015) but is a hard error in Rust 2021!
[INFO] [stdout]     = note: for more information, see <https://doc.rust-lang.org/nightly/edition-guide/rust-2021/warnings-promoted-to-error.html>
[INFO] [stdout] help: use `dyn`
[INFO] [stdout]     |
[INFO] [stdout] 209 |                                       -> Box<dyn Iterator<Item=(GraphID, SubjectID, PredicateID, ObjectID)>+'a> {
[INFO] [stdout]     |                                              +++
[INFO] [stdout] 
[INFO] [stdout] 
[INFO] [stdout] error[E0433]: failed to resolve: use of undeclared type `PyString`
[INFO] [stdout]   --> src/python/mod.rs:99:48
[INFO] [stdout]    |
[INFO] [stdout] 99 |                 let uri_string: Py<PyString> = PyString::new(py,&(rdfuri.to_string(store)));
[INFO] [stdout]    |                                                ^^^^^^^^
[INFO] [stdout]    |                                                |
[INFO] [stdout]    |                                                use of undeclared type `PyString`
[INFO] [stdout]    |                                                help: a struct with a similar name exists: `String`
[INFO] [stdout] 
[INFO] [stdout] 
[INFO] [stdout] error[E0433]: failed to resolve: use of undeclared type `PyString`
[INFO] [stdout]    --> src/python/mod.rs:103:48
[INFO] [stdout]     |
[INFO] [stdout] 103 |                 let lit_string: Py<PyString> = PyString::new(py,lit.borrow_lexical_form());
[INFO] [stdout]     |                                                ^^^^^^^^
[INFO] [stdout]     |                                                |
[INFO] [stdout]     |                                                use of undeclared type `PyString`
[INFO] [stdout]     |                                                help: a struct with a similar name exists: `String`
[INFO] [stdout] 
[INFO] [stdout] 
[INFO] [stdout] error[E0433]: failed to resolve: use of undeclared type `PyString`
[INFO] [stdout]    --> src/python/mod.rs:105:26
[INFO] [stdout]     |
[INFO] [stdout] 105 |                     Some(PyString::new(py, lang_string).into())
[INFO] [stdout]     |                          ^^^^^^^^
[INFO] [stdout]     |                          |
[INFO] [stdout]     |                          use of undeclared type `PyString`
[INFO] [stdout]     |                          help: a struct with a similar name exists: `String`
[INFO] [stdout] 
[INFO] [stdout] 
[INFO] [stdout] error[E0433]: failed to resolve: use of undeclared type `PyString`
[INFO] [stdout]    --> src/python/mod.rs:110:26
[INFO] [stdout]     |
[INFO] [stdout] 110 |                     Some(PyString::new(py, &lit.borrow_datatype_uri().to_string(store)).into())
[INFO] [stdout]     |                          ^^^^^^^^
[INFO] [stdout]     |                          |
[INFO] [stdout]     |                          use of undeclared type `PyString`
[INFO] [stdout]     |                          help: a struct with a similar name exists: `String`
[INFO] [stdout] 
[INFO] [stdout] 
[INFO] [stdout] error[E0433]: failed to resolve: use of undeclared type `PyString`
[INFO] [stdout]    --> src/python/mod.rs:115:47
[INFO] [stdout]     |
[INFO] [stdout] 115 |                 let bl_string: Py<PyString> = PyString::new(py,bl.lookup_identifier(store));
[INFO] [stdout]     |                                               ^^^^^^^^
[INFO] [stdout]     |                                               |
[INFO] [stdout]     |                                               use of undeclared type `PyString`
[INFO] [stdout]     |                                               help: a struct with a similar name exists: `String`
[INFO] [stdout] 
[INFO] [stdout] 
[INFO] [stdout] error[E0433]: failed to resolve: use of undeclared type `PyString`
[INFO] [stdout]    --> src/python/mod.rs:131:49
[INFO] [stdout]     |
[INFO] [stdout] 131 |                     let uri_string: &PyString = PyString::try_from(thing).unwrap();
[INFO] [stdout]     |                                                 ^^^^^^^^
[INFO] [stdout]     |                                                 |
[INFO] [stdout]     |                                                 use of undeclared type `PyString`
[INFO] [stdout]     |                                                 help: a struct with a similar name exists: `String`
[INFO] [stdout] 
[INFO] [stdout] 
[INFO] [stdout] error[E0433]: failed to resolve: use of undeclared type `FromPyObject`
[INFO] [stdout]    --> src/python/mod.rs:166:56
[INFO] [stdout]     |
[INFO] [stdout] 166 |                     let literal_string_obj: PyObject = FromPyObject::extract(thing).unwrap();
[INFO] [stdout]     |                                                        ^^^^^^^^^^^^ use of undeclared type `FromPyObject`
[INFO] [stdout] 
[INFO] [stdout] 
[INFO] [stdout] error[E0433]: failed to resolve: use of undeclared type `PyErr`
[INFO] [stdout]    --> src/python/mod.rs:221:24
[INFO] [stdout]     |
[INFO] [stdout] 221 |             return Err(PyErr::new::<PyString, String>("Cannot unpack that PyQStoreNode as a uriref!".to_owned()));
[INFO] [stdout]     |                        ^^^^^ use of undeclared type `PyErr`
[INFO] [stdout] 
[INFO] [stdout] 
[INFO] [stdout] error[E0433]: failed to resolve: use of undeclared type `PyErr`
[INFO] [stdout]    --> src/python/mod.rs:230:24
[INFO] [stdout]     |
[INFO] [stdout] 230 |             return Err(PyErr::new::<PyString, String>("Cannot unpack that PyQStoreNode as a bnode!".to_owned()));
[INFO] [stdout]     |                        ^^^^^ use of undeclared type `PyErr`
[INFO] [stdout] 
[INFO] [stdout] 
[INFO] [stdout] error[E0433]: failed to resolve: use of undeclared type `PyErr`
[INFO] [stdout]    --> src/python/mod.rs:239:24
[INFO] [stdout]     |
[INFO] [stdout] 239 |             return Err(PyErr::new::<PyString, String>("Cannot unpack that PyQStoreNode as a Literal!".to_owned()));
[INFO] [stdout]     |                        ^^^^^ use of undeclared type `PyErr`
[INFO] [stdout] 
[INFO] [stdout] 
[INFO] [stdout] error[E0433]: failed to resolve: use of undeclared type `Py`
[INFO] [stdout]    --> src/python/mod.rs:286:9
[INFO] [stdout]     |
[INFO] [stdout] 286 |         Py::new(py, |token| { self }).unwrap().into()
[INFO] [stdout]     |         ^^ use of undeclared type `Py`
[INFO] [stdout] 
[INFO] [stdout] 
[INFO] [stdout] error[E0433]: failed to resolve: use of undeclared type `Py`
[INFO] [stdout]    --> src/python/mod.rs:311:9
[INFO] [stdout]     |
[INFO] [stdout] 311 |         Py::new(py, |token| {
[INFO] [stdout]     |         ^^ use of undeclared type `Py`
[INFO] [stdout] 
[INFO] [stdout] 
[INFO] [stdout] error[E0433]: failed to resolve: use of undeclared type `PyTuple`
[INFO] [stdout]    --> src/python/mod.rs:341:34
[INFO] [stdout]     |
[INFO] [stdout] 341 |                 let triple_tup = PyTuple::new(py, &vec!(s_py_node.into_object(py), p_py_node.into_object(py), o_py_node.into_object(py)));
[INFO] [stdout]     |                                  ^^^^^^^ use of undeclared type `PyTuple`
[INFO] [stdout] 
[INFO] [stdout] 
[INFO] [stdout] error[E0433]: failed to resolve: use of undeclared type `PyTuple`
[INFO] [stdout]    --> src/python/mod.rs:342:32
[INFO] [stdout]     |
[INFO] [stdout] 342 |                 let quad_tup = PyTuple::new(py, &vec![triple_tup.into_object(py), g_py_node.into_object(py)]);
[INFO] [stdout]     |                                ^^^^^^^ use of undeclared type `PyTuple`
[INFO] [stdout] 
[INFO] [stdout] 
[INFO] [stdout] error: aborting due to 104 previous errors; 16 warnings emitted
[INFO] [stdout] 
[INFO] [stdout] 
[INFO] [stdout] Some errors have detailed explanations: E0405, E0412, E0433, E0463, E0554, E0557, E0635.
[INFO] [stdout] 
[INFO] [stdout] For more information about an error, try `rustc --explain E0405`.
[INFO] [stdout] 
[INFO] [stderr] error: could not compile `qstore` due to 105 previous errors; 16 warnings emitted
[INFO] running `Command { std: "docker" "inspect" "8c8d8b316b231abfd5982ec21f192fdf0c8de73c1fa12a99d2cd04fc80ec3a14", kill_on_drop: false }`
[INFO] running `Command { std: "docker" "rm" "-f" "8c8d8b316b231abfd5982ec21f192fdf0c8de73c1fa12a99d2cd04fc80ec3a14", kill_on_drop: false }`
[INFO] [stdout] 8c8d8b316b231abfd5982ec21f192fdf0c8de73c1fa12a99d2cd04fc80ec3a14
