[INFO] cloning repository https://github.com/RusPiRo/ruspiro-interrupt
[INFO] running `Command { std: "git" "-c" "credential.helper=" "-c" "credential.helper=/workspace/cargo-home/bin/git-credential-null" "clone" "--bare" "https://github.com/RusPiRo/ruspiro-interrupt" "/workspace/cache/git-repos/https%3A%2F%2Fgithub.com%2FRusPiRo%2Fruspiro-interrupt", kill_on_drop: false }`
[INFO] [stderr] Cloning into bare repository '/workspace/cache/git-repos/https%3A%2F%2Fgithub.com%2FRusPiRo%2Fruspiro-interrupt'...
[INFO] running `Command { std: "git" "rev-parse" "HEAD", kill_on_drop: false }`
[INFO] [stdout] 404e4c8fc30b16d2a7dc2a8f55bb8ef22456c72d
[INFO] testing RusPiRo/ruspiro-interrupt against 1.69.0 for beta-1.70-1
[INFO] running `Command { std: "git" "clone" "/workspace/cache/git-repos/https%3A%2F%2Fgithub.com%2FRusPiRo%2Fruspiro-interrupt" "/workspace/builds/worker-2-tc1/source", kill_on_drop: false }`
[INFO] [stderr] Cloning into '/workspace/builds/worker-2-tc1/source'...
[INFO] [stderr] done.
[INFO] validating manifest of git repo https://github.com/RusPiRo/ruspiro-interrupt on toolchain 1.69.0
[INFO] running `Command { std: CARGO_HOME="/workspace/cargo-home" RUSTUP_HOME="/workspace/rustup-home" "/workspace/cargo-home/bin/cargo" "+1.69.0" "metadata" "--manifest-path" "Cargo.toml" "--no-deps", kill_on_drop: false }`
[INFO] removed /workspace/builds/worker-2-tc1/source/rust-toolchain.toml
[INFO] started tweaking git repo https://github.com/RusPiRo/ruspiro-interrupt
[INFO] finished tweaking git repo https://github.com/RusPiRo/ruspiro-interrupt
[INFO] tweaked toml for git repo https://github.com/RusPiRo/ruspiro-interrupt written to /workspace/builds/worker-2-tc1/source/Cargo.toml
[INFO] crate git repo https://github.com/RusPiRo/ruspiro-interrupt already has a lockfile, it will not be regenerated
[INFO] running `Command { std: CARGO_HOME="/workspace/cargo-home" RUSTUP_HOME="/workspace/rustup-home" "/workspace/cargo-home/bin/cargo" "+1.69.0" "fetch" "--manifest-path" "Cargo.toml", kill_on_drop: false }`
[INFO] [stderr]     Updating git repository `https://github.com/RusPiRo/ruspiro-channel.git`
[INFO] [stderr]     Updating git repository `https://github.com/RusPiRo/ruspiro-mmio-register.git`
[INFO] [stderr]     Updating git repository `https://github.com/RusPiRo/ruspiro-singleton.git`
[INFO] [stderr] warning: Patch `ruspiro-mmio-register v0.1.2 (https://github.com/RusPiRo/ruspiro-mmio-register.git?branch=development#2a17a256)` was not used in the crate graph.
[INFO] [stderr] Patch `ruspiro-singleton v0.4.2 (https://github.com/RusPiRo/ruspiro-singleton.git?branch=development#3c6d7978)` was not used in the crate graph.
[INFO] [stderr] Check that the patched package version and available features are compatible
[INFO] [stderr] with the dependency requirements. If the patch has a different version from
[INFO] [stderr] what is locked in the Cargo.lock file, run `cargo update` to use the new
[INFO] [stderr] version. This may also occur with an optional dependency that is not enabled.
[INFO] [stderr]  Downloading crates ...
[INFO] [stderr]   Downloaded ruspiro-cache v0.4.1
[INFO] [stderr]   Downloaded ruspiro-singleton v0.4.3
[INFO] [stderr]   Downloaded ruspiro-mmu v0.1.1
[INFO] [stderr]   Downloaded ruspiro-boot v0.5.3
[INFO] [stderr]   Downloaded ruspiro-arch-aarch64 v0.1.5
[INFO] [stderr]   Downloaded ruspiro-mmio-register v0.1.3
[INFO] [stderr]   Downloaded ruspiro-register v0.5.4
[INFO] [stderr]   Downloaded ruspiro-lock v0.4.2
[INFO] [stderr]   Downloaded ruspiro-allocator v0.4.5
[INFO] running `Command { std: "docker" "create" "-v" "/var/lib/crater-agent-workspace/builds/worker-2-tc1/target:/opt/rustwide/target:rw,Z" "-v" "/var/lib/crater-agent-workspace/builds/worker-2-tc1/source:/opt/rustwide/workdir:ro,Z" "-v" "/var/lib/crater-agent-workspace/cargo-home:/opt/rustwide/cargo-home:ro,Z" "-v" "/var/lib/crater-agent-workspace/rustup-home:/opt/rustwide/rustup-home:ro,Z" "-e" "SOURCE_DIR=/opt/rustwide/workdir" "-e" "CARGO_TARGET_DIR=/opt/rustwide/target" "-e" "CARGO_HOME=/opt/rustwide/cargo-home" "-e" "RUSTUP_HOME=/opt/rustwide/rustup-home" "-w" "/opt/rustwide/workdir" "-m" "1610612736" "--user" "0:0" "--network" "none" "ghcr.io/rust-lang/crates-build-env/linux@sha256:5ff2268d62e97bff2cde7d5815dd6ed5b47097566f13b8d0ca110b04b60e07ed" "/opt/rustwide/cargo-home/bin/cargo" "+1.69.0" "metadata" "--no-deps" "--format-version=1", kill_on_drop: false }`
[INFO] [stdout] 447eeecc152574cf761157f6c93f71ef1964da5ee227f18255fde857bc0837d4
[INFO] running `Command { std: "docker" "start" "-a" "447eeecc152574cf761157f6c93f71ef1964da5ee227f18255fde857bc0837d4", kill_on_drop: false }`
[INFO] running `Command { std: "docker" "inspect" "447eeecc152574cf761157f6c93f71ef1964da5ee227f18255fde857bc0837d4", kill_on_drop: false }`
[INFO] running `Command { std: "docker" "rm" "-f" "447eeecc152574cf761157f6c93f71ef1964da5ee227f18255fde857bc0837d4", kill_on_drop: false }`
[INFO] [stdout] 447eeecc152574cf761157f6c93f71ef1964da5ee227f18255fde857bc0837d4
[INFO] running `Command { std: "docker" "create" "-v" "/var/lib/crater-agent-workspace/builds/worker-2-tc1/target:/opt/rustwide/target:rw,Z" "-v" "/var/lib/crater-agent-workspace/builds/worker-2-tc1/source:/opt/rustwide/workdir:ro,Z" "-v" "/var/lib/crater-agent-workspace/cargo-home:/opt/rustwide/cargo-home:ro,Z" "-v" "/var/lib/crater-agent-workspace/rustup-home:/opt/rustwide/rustup-home:ro,Z" "-e" "SOURCE_DIR=/opt/rustwide/workdir" "-e" "CARGO_TARGET_DIR=/opt/rustwide/target" "-e" "CARGO_INCREMENTAL=0" "-e" "RUST_BACKTRACE=full" "-e" "RUSTFLAGS=--cap-lints=warn" "-e" "RUSTDOCFLAGS=--cap-lints=warn" "-e" "CARGO_HOME=/opt/rustwide/cargo-home" "-e" "RUSTUP_HOME=/opt/rustwide/rustup-home" "-w" "/opt/rustwide/workdir" "-m" "1610612736" "--user" "0:0" "--network" "none" "ghcr.io/rust-lang/crates-build-env/linux@sha256:5ff2268d62e97bff2cde7d5815dd6ed5b47097566f13b8d0ca110b04b60e07ed" "/opt/rustwide/cargo-home/bin/cargo" "+1.69.0" "build" "--frozen" "--message-format=json", kill_on_drop: false }`
[INFO] [stdout] cd9b4296a9362e177fb68814c9843dc7d87a8d9d7be20488070c21f7a0cb7fcf
[INFO] running `Command { std: "docker" "start" "-a" "cd9b4296a9362e177fb68814c9843dc7d87a8d9d7be20488070c21f7a0cb7fcf", kill_on_drop: false }`
[INFO] [stderr] warning: Patch `ruspiro-mmio-register v0.1.2 (https://github.com/RusPiRo/ruspiro-mmio-register.git?branch=development#2a17a256)` was not used in the crate graph.
[INFO] [stderr] Patch `ruspiro-singleton v0.4.2 (https://github.com/RusPiRo/ruspiro-singleton.git?branch=development#3c6d7978)` was not used in the crate graph.
[INFO] [stderr] Check that the patched package version and available features are compatible
[INFO] [stderr] with the dependency requirements. If the patch has a different version from
[INFO] [stderr] what is locked in the Cargo.lock file, run `cargo update` to use the new
[INFO] [stderr] version. This may also occur with an optional dependency that is not enabled.
[INFO] [stderr]    Compiling cc v1.0.72
[INFO] [stderr]    Compiling ruspiro-register v0.5.4
[INFO] [stderr]    Compiling proc-macro2 v1.0.26
[INFO] [stderr]    Compiling unicode-xid v0.2.1
[INFO] [stderr]    Compiling syn v1.0.70
[INFO] [stderr]    Compiling log v0.4.14
[INFO] [stderr]    Compiling ruspiro-interrupt v0.5.0 (/opt/rustwide/workdir/interrupt)
[INFO] [stderr]    Compiling ruspiro-mmu v0.1.1
[INFO] [stderr]    Compiling ruspiro-allocator v0.4.5
[INFO] [stderr]    Compiling ruspiro-lock v0.4.2
[INFO] [stderr]    Compiling paste v1.0.5
[INFO] [stderr]    Compiling rlibc v1.0.0
[INFO] [stderr]    Compiling ruspiro-arch-aarch64 v0.1.5
[INFO] [stderr]    Compiling ruspiro-mmio-register v0.1.3
[INFO] [stdout] error[E0554]: `#![feature]` may not be used on the stable release channel
[INFO] [stdout]  --> /opt/rustwide/cargo-home/registry/src/github.com-1ecc6299db9ec823/ruspiro-lock-0.4.2/src/lib.rs:9:12
[INFO] [stdout]   |
[INFO] [stdout] 9 | #![feature(llvm_asm)]
[INFO] [stdout]   |            ^^^^^^^^
[INFO] [stdout] 
[INFO] [stdout] 
[INFO] [stdout] error[E0635]: unknown feature `llvm_asm`
[INFO] [stdout]  --> /opt/rustwide/cargo-home/registry/src/github.com-1ecc6299db9ec823/ruspiro-lock-0.4.2/src/lib.rs:9:12
[INFO] [stdout]   |
[INFO] [stdout] 9 | #![feature(llvm_asm)]
[INFO] [stdout]   |            ^^^^^^^^
[INFO] [stdout] 
[INFO] [stdout] 
[INFO] [stdout] error: aborting due to 2 previous errors
[INFO] [stdout] 
[INFO] [stdout] 
[INFO] [stdout] Some errors have detailed explanations: E0554, E0635.
[INFO] [stdout] 
[INFO] [stdout] For more information about an error, try `rustc --explain E0554`.
[INFO] [stdout] 
[INFO] [stderr] error: could not compile `ruspiro-lock` due to 3 previous errors
[INFO] [stderr] warning: build failed, waiting for other jobs to finish...
[INFO] [stdout] error: cannot find macro `asm` in this scope
[INFO] [stdout]   --> /opt/rustwide/cargo-home/registry/src/github.com-1ecc6299db9ec823/ruspiro-arch-aarch64-0.1.5/src/instructions.rs:17:12
[INFO] [stdout]    |
[INFO] [stdout] 17 |   unsafe { asm!("nop") };
[INFO] [stdout]    |            ^^^
[INFO] [stdout]    |
[INFO] [stdout]    = help: consider importing this macro:
[INFO] [stdout]            core::arch::asm
[INFO] [stdout] 
[INFO] [stdout] 
[INFO] [stdout] error: cannot find macro `asm` in this scope
[INFO] [stdout]   --> /opt/rustwide/cargo-home/registry/src/github.com-1ecc6299db9ec823/ruspiro-arch-aarch64-0.1.5/src/instructions.rs:24:12
[INFO] [stdout]    |
[INFO] [stdout] 24 |   unsafe { asm!("wfe") };
[INFO] [stdout]    |            ^^^
[INFO] [stdout]    |
[INFO] [stdout]    = help: consider importing this macro:
[INFO] [stdout]            core::arch::asm
[INFO] [stdout] 
[INFO] [stdout] 
[INFO] [stdout] error: cannot find macro `asm` in this scope
[INFO] [stdout]   --> /opt/rustwide/cargo-home/registry/src/github.com-1ecc6299db9ec823/ruspiro-arch-aarch64-0.1.5/src/instructions.rs:31:12
[INFO] [stdout]    |
[INFO] [stdout] 31 |   unsafe { asm!("sev") };
[INFO] [stdout]    |            ^^^
[INFO] [stdout]    |
[INFO] [stdout]    = help: consider importing this macro:
[INFO] [stdout]            core::arch::asm
[INFO] [stdout] 
[INFO] [stdout] 
[INFO] [stdout] error: cannot find macro `asm` in this scope
[INFO] [stdout]   --> /opt/rustwide/cargo-home/registry/src/github.com-1ecc6299db9ec823/ruspiro-arch-aarch64-0.1.5/src/instructions.rs:38:12
[INFO] [stdout]    |
[INFO] [stdout] 38 |   unsafe { asm!("isb sy") };
[INFO] [stdout]    |            ^^^
[INFO] [stdout]    |
[INFO] [stdout]    = help: consider importing this macro:
[INFO] [stdout]            core::arch::asm
[INFO] [stdout] 
[INFO] [stdout] 
[INFO] [stdout] error: cannot find macro `asm` in this scope
[INFO] [stdout]   --> /opt/rustwide/cargo-home/registry/src/github.com-1ecc6299db9ec823/ruspiro-arch-aarch64-0.1.5/src/instructions.rs:45:12
[INFO] [stdout]    |
[INFO] [stdout] 45 |   unsafe { asm!("dsb sy") };
[INFO] [stdout]    |            ^^^
[INFO] [stdout]    |
[INFO] [stdout]    = help: consider importing this macro:
[INFO] [stdout]            core::arch::asm
[INFO] [stdout] 
[INFO] [stdout] 
[INFO] [stdout] error: cannot find macro `asm` in this scope
[INFO] [stdout]   --> /opt/rustwide/cargo-home/registry/src/github.com-1ecc6299db9ec823/ruspiro-arch-aarch64-0.1.5/src/instructions.rs:52:12
[INFO] [stdout]    |
[INFO] [stdout] 52 |   unsafe { asm!("dmb sy") };
[INFO] [stdout]    |            ^^^
[INFO] [stdout]    |
[INFO] [stdout]    = help: consider importing this macro:
[INFO] [stdout]            core::arch::asm
[INFO] [stdout] 
[INFO] [stdout] 
[INFO] [stdout] error: cannot find macro `asm` in this scope
[INFO] [stdout]    --> /opt/rustwide/cargo-home/registry/src/github.com-1ecc6299db9ec823/ruspiro-arch-aarch64-0.1.5/src/register/macros.rs:131:17
[INFO] [stdout]     |
[INFO] [stdout] 131 |                   asm!(
[INFO] [stdout]     |                   ^^^
[INFO] [stdout]     |
[INFO] [stdout]    ::: /opt/rustwide/cargo-home/registry/src/github.com-1ecc6299db9ec823/ruspiro-arch-aarch64-0.1.5/src/register/el3/esr_el3.rs:21:1
[INFO] [stdout]     |
[INFO] [stdout] 21  | / define_aarch64_register! {
[INFO] [stdout] 22  | |     @esr_el2<u32> {
[INFO] [stdout] 23  | |         /// Syndrome information
[INFO] [stdout] 24  | |         ISS OFFSET(0) BITS(24),
[INFO] [stdout] ...   |
[INFO] [stdout] 39  | |     }
[INFO] [stdout] 40  | | }
[INFO] [stdout]     | |_- in this macro invocation
[INFO] [stdout]     |
[INFO] [stdout]     = help: consider importing this macro:
[INFO] [stdout]             core::arch::asm
[INFO] [stdout]     = note: this error originates in the macro `define_aarch64_register` (in Nightly builds, run with -Z macro-backtrace for more info)
[INFO] [stdout] 
[INFO] [stdout] 
[INFO] [stdout] error: cannot find macro `asm` in this scope
[INFO] [stdout]    --> /opt/rustwide/cargo-home/registry/src/github.com-1ecc6299db9ec823/ruspiro-arch-aarch64-0.1.5/src/register/macros.rs:118:17
[INFO] [stdout]     |
[INFO] [stdout] 118 |                   asm!(
[INFO] [stdout]     |                   ^^^
[INFO] [stdout]     |
[INFO] [stdout]    ::: /opt/rustwide/cargo-home/registry/src/github.com-1ecc6299db9ec823/ruspiro-arch-aarch64-0.1.5/src/register/el3/esr_el3.rs:21:1
[INFO] [stdout]     |
[INFO] [stdout] 21  | / define_aarch64_register! {
[INFO] [stdout] 22  | |     @esr_el2<u32> {
[INFO] [stdout] 23  | |         /// Syndrome information
[INFO] [stdout] 24  | |         ISS OFFSET(0) BITS(24),
[INFO] [stdout] ...   |
[INFO] [stdout] 39  | |     }
[INFO] [stdout] 40  | | }
[INFO] [stdout]     | |_- in this macro invocation
[INFO] [stdout]     |
[INFO] [stdout]     = help: consider importing this macro:
[INFO] [stdout]             core::arch::asm
[INFO] [stdout]     = note: this error originates in the macro `define_aarch64_register` (in Nightly builds, run with -Z macro-backtrace for more info)
[INFO] [stdout] 
[INFO] [stdout] 
[INFO] [stdout] error: cannot find macro `asm` in this scope
[INFO] [stdout]    --> /opt/rustwide/cargo-home/registry/src/github.com-1ecc6299db9ec823/ruspiro-arch-aarch64-0.1.5/src/register/macros.rs:131:17
[INFO] [stdout]     |
[INFO] [stdout] 131 |                   asm!(
[INFO] [stdout]     |                   ^^^
[INFO] [stdout]     |
[INFO] [stdout]    ::: /opt/rustwide/cargo-home/registry/src/github.com-1ecc6299db9ec823/ruspiro-arch-aarch64-0.1.5/src/register/el3/actlr_el3.rs:21:1
[INFO] [stdout]     |
[INFO] [stdout] 21  | / define_aarch64_register! {
[INFO] [stdout] 22  | |     @actlr_el3<u32> {
[INFO] [stdout] 23  | |         /// Write access control to CPUACTLR_EL1
[INFO] [stdout] 24  | |         CPUACTLR_EL1 OFFSET(0) [
[INFO] [stdout] ...   |
[INFO] [stdout] 58  | |     }
[INFO] [stdout] 59  | | }
[INFO] [stdout]     | |_- in this macro invocation
[INFO] [stdout]     |
[INFO] [stdout]     = help: consider importing this macro:
[INFO] [stdout]             core::arch::asm
[INFO] [stdout]     = note: this error originates in the macro `define_aarch64_register` (in Nightly builds, run with -Z macro-backtrace for more info)
[INFO] [stdout] 
[INFO] [stdout] 
[INFO] [stdout] error: cannot find macro `asm` in this scope
[INFO] [stdout]    --> /opt/rustwide/cargo-home/registry/src/github.com-1ecc6299db9ec823/ruspiro-arch-aarch64-0.1.5/src/register/macros.rs:118:17
[INFO] [stdout]     |
[INFO] [stdout] 118 |                   asm!(
[INFO] [stdout]     |                   ^^^
[INFO] [stdout]     |
[INFO] [stdout]    ::: /opt/rustwide/cargo-home/registry/src/github.com-1ecc6299db9ec823/ruspiro-arch-aarch64-0.1.5/src/register/el3/actlr_el3.rs:21:1
[INFO] [stdout]     |
[INFO] [stdout] 21  | / define_aarch64_register! {
[INFO] [stdout] 22  | |     @actlr_el3<u32> {
[INFO] [stdout] 23  | |         /// Write access control to CPUACTLR_EL1
[INFO] [stdout] 24  | |         CPUACTLR_EL1 OFFSET(0) [
[INFO] [stdout] ...   |
[INFO] [stdout] 58  | |     }
[INFO] [stdout] 59  | | }
[INFO] [stdout]     | |_- in this macro invocation
[INFO] [stdout]     |
[INFO] [stdout]     = help: consider importing this macro:
[INFO] [stdout]             core::arch::asm
[INFO] [stdout]     = note: this error originates in the macro `define_aarch64_register` (in Nightly builds, run with -Z macro-backtrace for more info)
[INFO] [stdout] 
[INFO] [stdout] 
[INFO] [stdout] error: cannot find macro `asm` in this scope
[INFO] [stdout]    --> /opt/rustwide/cargo-home/registry/src/github.com-1ecc6299db9ec823/ruspiro-arch-aarch64-0.1.5/src/register/macros.rs:131:17
[INFO] [stdout]     |
[INFO] [stdout] 131 |                   asm!(
[INFO] [stdout]     |                   ^^^
[INFO] [stdout]     |
[INFO] [stdout]    ::: /opt/rustwide/cargo-home/registry/src/github.com-1ecc6299db9ec823/ruspiro-arch-aarch64-0.1.5/src/register/el2/vbar_el2.rs:21:1
[INFO] [stdout]     |
[INFO] [stdout] 21  | / define_aarch64_register! {
[INFO] [stdout] 22  | |     @vbar_el2<u64> {
[INFO] [stdout] 23  | |         /// Base address of the exception vectors for exceptions taken in this exception level
[INFO] [stdout] 24  | |         BADDR OFFSET(11) BITS(53)
[INFO] [stdout] 25  | |     }
[INFO] [stdout] 26  | | }
[INFO] [stdout]     | |_- in this macro invocation
[INFO] [stdout]     |
[INFO] [stdout]     = help: consider importing this macro:
[INFO] [stdout]             core::arch::asm
[INFO] [stdout]     = note: this error originates in the macro `define_aarch64_register` (in Nightly builds, run with -Z macro-backtrace for more info)
[INFO] [stdout] 
[INFO] [stdout] 
[INFO] [stdout] error: cannot find macro `asm` in this scope
[INFO] [stdout]    --> /opt/rustwide/cargo-home/registry/src/github.com-1ecc6299db9ec823/ruspiro-arch-aarch64-0.1.5/src/register/macros.rs:118:17
[INFO] [stdout]     |
[INFO] [stdout] 118 |                   asm!(
[INFO] [stdout]     |                   ^^^
[INFO] [stdout]     |
[INFO] [stdout]    ::: /opt/rustwide/cargo-home/registry/src/github.com-1ecc6299db9ec823/ruspiro-arch-aarch64-0.1.5/src/register/el2/vbar_el2.rs:21:1
[INFO] [stdout]     |
[INFO] [stdout] 21  | / define_aarch64_register! {
[INFO] [stdout] 22  | |     @vbar_el2<u64> {
[INFO] [stdout] 23  | |         /// Base address of the exception vectors for exceptions taken in this exception level
[INFO] [stdout] 24  | |         BADDR OFFSET(11) BITS(53)
[INFO] [stdout] 25  | |     }
[INFO] [stdout] 26  | | }
[INFO] [stdout]     | |_- in this macro invocation
[INFO] [stdout]     |
[INFO] [stdout]     = help: consider importing this macro:
[INFO] [stdout]             core::arch::asm
[INFO] [stdout]     = note: this error originates in the macro `define_aarch64_register` (in Nightly builds, run with -Z macro-backtrace for more info)
[INFO] [stdout] 
[INFO] [stdout] 
[INFO] [stdout] error: cannot find macro `asm` in this scope
[INFO] [stdout]    --> /opt/rustwide/cargo-home/registry/src/github.com-1ecc6299db9ec823/ruspiro-arch-aarch64-0.1.5/src/register/macros.rs:131:17
[INFO] [stdout]     |
[INFO] [stdout] 131 |                   asm!(
[INFO] [stdout]     |                   ^^^
[INFO] [stdout]     |
[INFO] [stdout]    ::: /opt/rustwide/cargo-home/registry/src/github.com-1ecc6299db9ec823/ruspiro-arch-aarch64-0.1.5/src/register/el2/ttbr0_el2.rs:23:1
[INFO] [stdout]     |
[INFO] [stdout] 23  | / define_aarch64_register! {
[INFO] [stdout] 24  | |     @ttbr0_el2<u64> {
[INFO] [stdout] 25  | |         /// Translation table base address bits\[47:x\]. **x** is based on the value of ``TCR_EL2::T0SZ``,
[INFO] [stdout] 26  | |         /// the stage of translation and the memory translation granule size
[INFO] [stdout] ...   |
[INFO] [stdout] 30  | |     }
[INFO] [stdout] 31  | | }
[INFO] [stdout]     | |_- in this macro invocation
[INFO] [stdout]     |
[INFO] [stdout]     = help: consider importing this macro:
[INFO] [stdout]             core::arch::asm
[INFO] [stdout]     = note: this error originates in the macro `define_aarch64_register` (in Nightly builds, run with -Z macro-backtrace for more info)
[INFO] [stdout] 
[INFO] [stdout] 
[INFO] [stdout] error: cannot find macro `asm` in this scope
[INFO] [stdout]    --> /opt/rustwide/cargo-home/registry/src/github.com-1ecc6299db9ec823/ruspiro-arch-aarch64-0.1.5/src/register/macros.rs:118:17
[INFO] [stdout]     |
[INFO] [stdout] 118 |                   asm!(
[INFO] [stdout]     |                   ^^^
[INFO] [stdout]     |
[INFO] [stdout]    ::: /opt/rustwide/cargo-home/registry/src/github.com-1ecc6299db9ec823/ruspiro-arch-aarch64-0.1.5/src/register/el2/ttbr0_el2.rs:23:1
[INFO] [stdout]     |
[INFO] [stdout] 23  | / define_aarch64_register! {
[INFO] [stdout] 24  | |     @ttbr0_el2<u64> {
[INFO] [stdout] 25  | |         /// Translation table base address bits\[47:x\]. **x** is based on the value of ``TCR_EL2::T0SZ``,
[INFO] [stdout] 26  | |         /// the stage of translation and the memory translation granule size
[INFO] [stdout] ...   |
[INFO] [stdout] 30  | |     }
[INFO] [stdout] 31  | | }
[INFO] [stdout]     | |_- in this macro invocation
[INFO] [stdout]     |
[INFO] [stdout]     = help: consider importing this macro:
[INFO] [stdout]             core::arch::asm
[INFO] [stdout]     = note: this error originates in the macro `define_aarch64_register` (in Nightly builds, run with -Z macro-backtrace for more info)
[INFO] [stdout] 
[INFO] [stdout] 
[INFO] [stdout] error: cannot find macro `asm` in this scope
[INFO] [stdout]    --> /opt/rustwide/cargo-home/registry/src/github.com-1ecc6299db9ec823/ruspiro-arch-aarch64-0.1.5/src/register/macros.rs:131:17
[INFO] [stdout]     |
[INFO] [stdout] 131 |                   asm!(
[INFO] [stdout]     |                   ^^^
[INFO] [stdout]     |
[INFO] [stdout]    ::: /opt/rustwide/cargo-home/registry/src/github.com-1ecc6299db9ec823/ruspiro-arch-aarch64-0.1.5/src/register/el2/tcr_el2.rs:22:1
[INFO] [stdout]     |
[INFO] [stdout] 22  | / define_aarch64_register! {
[INFO] [stdout] 23  | |     @tcr_el2<u32> {
[INFO] [stdout] 24  | |         /// Size offset of the memory reagion addressed by ttbr0_el2 (size = 2^(64-t0sz))
[INFO] [stdout] 25  | |         T0SZ    OFFSET(0) BITS(6),
[INFO] [stdout] ...   |
[INFO] [stdout] 78  | |     }
[INFO] [stdout] 79  | | }
[INFO] [stdout]     | |_- in this macro invocation
[INFO] [stdout]     |
[INFO] [stdout]     = help: consider importing this macro:
[INFO] [stdout]             core::arch::asm
[INFO] [stdout]     = note: this error originates in the macro `define_aarch64_register` (in Nightly builds, run with -Z macro-backtrace for more info)
[INFO] [stdout] 
[INFO] [stdout] 
[INFO] [stdout] error: cannot find macro `asm` in this scope
[INFO] [stdout]    --> /opt/rustwide/cargo-home/registry/src/github.com-1ecc6299db9ec823/ruspiro-arch-aarch64-0.1.5/src/register/macros.rs:118:17
[INFO] [stdout]     |
[INFO] [stdout] 118 |                   asm!(
[INFO] [stdout]     |                   ^^^
[INFO] [stdout]     |
[INFO] [stdout]    ::: /opt/rustwide/cargo-home/registry/src/github.com-1ecc6299db9ec823/ruspiro-arch-aarch64-0.1.5/src/register/el2/tcr_el2.rs:22:1
[INFO] [stdout]     |
[INFO] [stdout] 22  | / define_aarch64_register! {
[INFO] [stdout] 23  | |     @tcr_el2<u32> {
[INFO] [stdout] 24  | |         /// Size offset of the memory reagion addressed by ttbr0_el2 (size = 2^(64-t0sz))
[INFO] [stdout] 25  | |         T0SZ    OFFSET(0) BITS(6),
[INFO] [stdout] ...   |
[INFO] [stdout] 78  | |     }
[INFO] [stdout] 79  | | }
[INFO] [stdout]     | |_- in this macro invocation
[INFO] [stdout]     |
[INFO] [stdout]     = help: consider importing this macro:
[INFO] [stdout]             core::arch::asm
[INFO] [stdout]     = note: this error originates in the macro `define_aarch64_register` (in Nightly builds, run with -Z macro-backtrace for more info)
[INFO] [stdout] 
[INFO] [stdout] 
[INFO] [stdout] error: cannot find macro `asm` in this scope
[INFO] [stdout]    --> /opt/rustwide/cargo-home/registry/src/github.com-1ecc6299db9ec823/ruspiro-arch-aarch64-0.1.5/src/register/macros.rs:131:17
[INFO] [stdout]     |
[INFO] [stdout] 131 |                   asm!(
[INFO] [stdout]     |                   ^^^
[INFO] [stdout]     |
[INFO] [stdout]    ::: /opt/rustwide/cargo-home/registry/src/github.com-1ecc6299db9ec823/ruspiro-arch-aarch64-0.1.5/src/register/el2/sctlr_el2.rs:21:1
[INFO] [stdout]     |
[INFO] [stdout] 21  | / define_aarch64_register! {
[INFO] [stdout] 22  | |     @sctlr_el2<u64> {
[INFO] [stdout] 23  | |         /// globally enable MMU
[INFO] [stdout] 24  | |         M   OFFSET(0) [
[INFO] [stdout] ...   |
[INFO] [stdout] 58  | |     }
[INFO] [stdout] 59  | | }
[INFO] [stdout]     | |_- in this macro invocation
[INFO] [stdout]     |
[INFO] [stdout]     = help: consider importing this macro:
[INFO] [stdout]             core::arch::asm
[INFO] [stdout]     = note: this error originates in the macro `define_aarch64_register` (in Nightly builds, run with -Z macro-backtrace for more info)
[INFO] [stdout] 
[INFO] [stdout] 
[INFO] [stdout] error: cannot find macro `asm` in this scope
[INFO] [stdout]    --> /opt/rustwide/cargo-home/registry/src/github.com-1ecc6299db9ec823/ruspiro-arch-aarch64-0.1.5/src/register/macros.rs:118:17
[INFO] [stdout]     |
[INFO] [stdout] 118 |                   asm!(
[INFO] [stdout]     |                   ^^^
[INFO] [stdout]     |
[INFO] [stdout]    ::: /opt/rustwide/cargo-home/registry/src/github.com-1ecc6299db9ec823/ruspiro-arch-aarch64-0.1.5/src/register/el2/sctlr_el2.rs:21:1
[INFO] [stdout]     |
[INFO] [stdout] 21  | / define_aarch64_register! {
[INFO] [stdout] 22  | |     @sctlr_el2<u64> {
[INFO] [stdout] 23  | |         /// globally enable MMU
[INFO] [stdout] 24  | |         M   OFFSET(0) [
[INFO] [stdout] ...   |
[INFO] [stdout] 58  | |     }
[INFO] [stdout] 59  | | }
[INFO] [stdout]     | |_- in this macro invocation
[INFO] [stdout]     |
[INFO] [stdout]     = help: consider importing this macro:
[INFO] [stdout]             core::arch::asm
[INFO] [stdout]     = note: this error originates in the macro `define_aarch64_register` (in Nightly builds, run with -Z macro-backtrace for more info)
[INFO] [stdout] 
[INFO] [stdout] 
[INFO] [stdout] error: cannot find macro `asm` in this scope
[INFO] [stdout]    --> /opt/rustwide/cargo-home/registry/src/github.com-1ecc6299db9ec823/ruspiro-arch-aarch64-0.1.5/src/register/macros.rs:131:17
[INFO] [stdout]     |
[INFO] [stdout] 131 |                   asm!(
[INFO] [stdout]     |                   ^^^
[INFO] [stdout]     |
[INFO] [stdout]    ::: /opt/rustwide/cargo-home/registry/src/github.com-1ecc6299db9ec823/ruspiro-arch-aarch64-0.1.5/src/register/el2/mair_el2.rs:22:1
[INFO] [stdout]     |
[INFO] [stdout] 22  | / define_aarch64_register! {
[INFO] [stdout] 23  | |     @mair_el2<u64> {
[INFO] [stdout] 24  | |         MAIR0 OFFSET(0) BITS(8) [
[INFO] [stdout] 25  | |             NGNRNE = 0x00,
[INFO] [stdout] ...   |
[INFO] [stdout] 59  | |     }
[INFO] [stdout] 60  | | }
[INFO] [stdout]     | |_- in this macro invocation
[INFO] [stdout]     |
[INFO] [stdout]     = help: consider importing this macro:
[INFO] [stdout]             core::arch::asm
[INFO] [stdout]     = note: this error originates in the macro `define_aarch64_register` (in Nightly builds, run with -Z macro-backtrace for more info)
[INFO] [stdout] 
[INFO] [stdout] 
[INFO] [stdout] error: cannot find macro `asm` in this scope
[INFO] [stdout]    --> /opt/rustwide/cargo-home/registry/src/github.com-1ecc6299db9ec823/ruspiro-arch-aarch64-0.1.5/src/register/macros.rs:118:17
[INFO] [stdout]     |
[INFO] [stdout] 118 |                   asm!(
[INFO] [stdout]     |                   ^^^
[INFO] [stdout]     |
[INFO] [stdout]    ::: /opt/rustwide/cargo-home/registry/src/github.com-1ecc6299db9ec823/ruspiro-arch-aarch64-0.1.5/src/register/el2/mair_el2.rs:22:1
[INFO] [stdout]     |
[INFO] [stdout] 22  | / define_aarch64_register! {
[INFO] [stdout] 23  | |     @mair_el2<u64> {
[INFO] [stdout] 24  | |         MAIR0 OFFSET(0) BITS(8) [
[INFO] [stdout] 25  | |             NGNRNE = 0x00,
[INFO] [stdout] ...   |
[INFO] [stdout] 59  | |     }
[INFO] [stdout] 60  | | }
[INFO] [stdout]     | |_- in this macro invocation
[INFO] [stdout]     |
[INFO] [stdout]     = help: consider importing this macro:
[INFO] [stdout]             core::arch::asm
[INFO] [stdout]     = note: this error originates in the macro `define_aarch64_register` (in Nightly builds, run with -Z macro-backtrace for more info)
[INFO] [stdout] 
[INFO] [stdout] 
[INFO] [stdout] error: cannot find macro `asm` in this scope
[INFO] [stdout]    --> /opt/rustwide/cargo-home/registry/src/github.com-1ecc6299db9ec823/ruspiro-arch-aarch64-0.1.5/src/register/macros.rs:131:17
[INFO] [stdout]     |
[INFO] [stdout] 131 |                   asm!(
[INFO] [stdout]     |                   ^^^
[INFO] [stdout]     |
[INFO] [stdout]    ::: /opt/rustwide/cargo-home/registry/src/github.com-1ecc6299db9ec823/ruspiro-arch-aarch64-0.1.5/src/register/el2/hcr_el2.rs:22:1
[INFO] [stdout]     |
[INFO] [stdout] 22  | / define_aarch64_register! {
[INFO] [stdout] 23  | |     @hcr_el2<u64> {
[INFO] [stdout] 24  | |         /// enable second stage of translation
[INFO] [stdout] 25  | |         VM      OFFSET(0) [
[INFO] [stdout] ...   |
[INFO] [stdout] 160 | |     }
[INFO] [stdout] 161 | | }
[INFO] [stdout]     | |_- in this macro invocation
[INFO] [stdout]     |
[INFO] [stdout]     = help: consider importing this macro:
[INFO] [stdout]             core::arch::asm
[INFO] [stdout]     = note: this error originates in the macro `define_aarch64_register` (in Nightly builds, run with -Z macro-backtrace for more info)
[INFO] [stdout] 
[INFO] [stdout] 
[INFO] [stdout] error: cannot find macro `asm` in this scope
[INFO] [stdout]    --> /opt/rustwide/cargo-home/registry/src/github.com-1ecc6299db9ec823/ruspiro-arch-aarch64-0.1.5/src/register/macros.rs:118:17
[INFO] [stdout]     |
[INFO] [stdout] 118 |                   asm!(
[INFO] [stdout]     |                   ^^^
[INFO] [stdout]     |
[INFO] [stdout]    ::: /opt/rustwide/cargo-home/registry/src/github.com-1ecc6299db9ec823/ruspiro-arch-aarch64-0.1.5/src/register/el2/hcr_el2.rs:22:1
[INFO] [stdout]     |
[INFO] [stdout] 22  | / define_aarch64_register! {
[INFO] [stdout] 23  | |     @hcr_el2<u64> {
[INFO] [stdout] 24  | |         /// enable second stage of translation
[INFO] [stdout] 25  | |         VM      OFFSET(0) [
[INFO] [stdout] ...   |
[INFO] [stdout] 160 | |     }
[INFO] [stdout] 161 | | }
[INFO] [stdout]     | |_- in this macro invocation
[INFO] [stdout]     |
[INFO] [stdout]     = help: consider importing this macro:
[INFO] [stdout]             core::arch::asm
[INFO] [stdout]     = note: this error originates in the macro `define_aarch64_register` (in Nightly builds, run with -Z macro-backtrace for more info)
[INFO] [stdout] 
[INFO] [stdout] 
[INFO] [stdout] error: cannot find macro `asm` in this scope
[INFO] [stdout]    --> /opt/rustwide/cargo-home/registry/src/github.com-1ecc6299db9ec823/ruspiro-arch-aarch64-0.1.5/src/register/macros.rs:131:17
[INFO] [stdout]     |
[INFO] [stdout] 131 |                   asm!(
[INFO] [stdout]     |                   ^^^
[INFO] [stdout]     |
[INFO] [stdout]    ::: /opt/rustwide/cargo-home/registry/src/github.com-1ecc6299db9ec823/ruspiro-arch-aarch64-0.1.5/src/register/el2/esr_el2.rs:21:1
[INFO] [stdout]     |
[INFO] [stdout] 21  | / define_aarch64_register! {
[INFO] [stdout] 22  | |     @esr_el2<u32> {
[INFO] [stdout] 23  | |         /// Syndrome information
[INFO] [stdout] 24  | |         ISS OFFSET(0) BITS(24),
[INFO] [stdout] ...   |
[INFO] [stdout] 32  | |     }
[INFO] [stdout] 33  | | }
[INFO] [stdout]     | |_- in this macro invocation
[INFO] [stdout]     |
[INFO] [stdout]     = help: consider importing this macro:
[INFO] [stdout]             core::arch::asm
[INFO] [stdout]     = note: this error originates in the macro `define_aarch64_register` (in Nightly builds, run with -Z macro-backtrace for more info)
[INFO] [stdout] 
[INFO] [stdout] 
[INFO] [stdout] error: cannot find macro `asm` in this scope
[INFO] [stdout]    --> /opt/rustwide/cargo-home/registry/src/github.com-1ecc6299db9ec823/ruspiro-arch-aarch64-0.1.5/src/register/macros.rs:118:17
[INFO] [stdout]     |
[INFO] [stdout] 118 |                   asm!(
[INFO] [stdout]     |                   ^^^
[INFO] [stdout]     |
[INFO] [stdout]    ::: /opt/rustwide/cargo-home/registry/src/github.com-1ecc6299db9ec823/ruspiro-arch-aarch64-0.1.5/src/register/el2/esr_el2.rs:21:1
[INFO] [stdout]     |
[INFO] [stdout] 21  | / define_aarch64_register! {
[INFO] [stdout] 22  | |     @esr_el2<u32> {
[INFO] [stdout] 23  | |         /// Syndrome information
[INFO] [stdout] 24  | |         ISS OFFSET(0) BITS(24),
[INFO] [stdout] ...   |
[INFO] [stdout] 32  | |     }
[INFO] [stdout] 33  | | }
[INFO] [stdout]     | |_- in this macro invocation
[INFO] [stdout]     |
[INFO] [stdout]     = help: consider importing this macro:
[INFO] [stdout]             core::arch::asm
[INFO] [stdout]     = note: this error originates in the macro `define_aarch64_register` (in Nightly builds, run with -Z macro-backtrace for more info)
[INFO] [stdout] 
[INFO] [stdout] 
[INFO] [stdout] error: cannot find macro `asm` in this scope
[INFO] [stdout]    --> /opt/rustwide/cargo-home/registry/src/github.com-1ecc6299db9ec823/ruspiro-arch-aarch64-0.1.5/src/register/macros.rs:131:17
[INFO] [stdout]     |
[INFO] [stdout] 131 |                   asm!(
[INFO] [stdout]     |                   ^^^
[INFO] [stdout]     |
[INFO] [stdout]    ::: /opt/rustwide/cargo-home/registry/src/github.com-1ecc6299db9ec823/ruspiro-arch-aarch64-0.1.5/src/register/el2/actlr_el2.rs:21:1
[INFO] [stdout]     |
[INFO] [stdout] 21  | / define_aarch64_register! {
[INFO] [stdout] 22  | |     @actlr_el2<u32> {
[INFO] [stdout] 23  | |         /// Write access control to CPUACTLR_EL1
[INFO] [stdout] 24  | |         CPUACTLR_EL1 OFFSET(0) [
[INFO] [stdout] ...   |
[INFO] [stdout] 63  | |     }
[INFO] [stdout] 64  | | }
[INFO] [stdout]     | |_- in this macro invocation
[INFO] [stdout]     |
[INFO] [stdout]     = help: consider importing this macro:
[INFO] [stdout]             core::arch::asm
[INFO] [stdout]     = note: this error originates in the macro `define_aarch64_register` (in Nightly builds, run with -Z macro-backtrace for more info)
[INFO] [stdout] 
[INFO] [stdout] 
[INFO] [stdout] error: cannot find macro `asm` in this scope
[INFO] [stdout]    --> /opt/rustwide/cargo-home/registry/src/github.com-1ecc6299db9ec823/ruspiro-arch-aarch64-0.1.5/src/register/macros.rs:118:17
[INFO] [stdout]     |
[INFO] [stdout] 118 |                   asm!(
[INFO] [stdout]     |                   ^^^
[INFO] [stdout]     |
[INFO] [stdout]    ::: /opt/rustwide/cargo-home/registry/src/github.com-1ecc6299db9ec823/ruspiro-arch-aarch64-0.1.5/src/register/el2/actlr_el2.rs:21:1
[INFO] [stdout]     |
[INFO] [stdout] 21  | / define_aarch64_register! {
[INFO] [stdout] 22  | |     @actlr_el2<u32> {
[INFO] [stdout] 23  | |         /// Write access control to CPUACTLR_EL1
[INFO] [stdout] 24  | |         CPUACTLR_EL1 OFFSET(0) [
[INFO] [stdout] ...   |
[INFO] [stdout] 63  | |     }
[INFO] [stdout] 64  | | }
[INFO] [stdout]     | |_- in this macro invocation
[INFO] [stdout]     |
[INFO] [stdout]     = help: consider importing this macro:
[INFO] [stdout]             core::arch::asm
[INFO] [stdout]     = note: this error originates in the macro `define_aarch64_register` (in Nightly builds, run with -Z macro-backtrace for more info)
[INFO] [stdout] 
[INFO] [stdout] 
[INFO] [stdout] error: cannot find macro `asm` in this scope
[INFO] [stdout]    --> /opt/rustwide/cargo-home/registry/src/github.com-1ecc6299db9ec823/ruspiro-arch-aarch64-0.1.5/src/register/macros.rs:131:17
[INFO] [stdout]     |
[INFO] [stdout] 131 |                   asm!(
[INFO] [stdout]     |                   ^^^
[INFO] [stdout]     |
[INFO] [stdout]    ::: /opt/rustwide/cargo-home/registry/src/github.com-1ecc6299db9ec823/ruspiro-arch-aarch64-0.1.5/src/register/el1/vbar_el1.rs:21:1
[INFO] [stdout]     |
[INFO] [stdout] 21  | / define_aarch64_register! {
[INFO] [stdout] 22  | |     @vbar_el2<u64> {
[INFO] [stdout] 23  | |         /// Base address of the exception vectors for exceptions taken in this exception level
[INFO] [stdout] 24  | |         BADDR OFFSET(11) BITS(53)
[INFO] [stdout] 25  | |     }
[INFO] [stdout] 26  | | }
[INFO] [stdout]     | |_- in this macro invocation
[INFO] [stdout]     |
[INFO] [stdout]     = help: consider importing this macro:
[INFO] [stdout]             core::arch::asm
[INFO] [stdout]     = note: this error originates in the macro `define_aarch64_register` (in Nightly builds, run with -Z macro-backtrace for more info)
[INFO] [stdout] 
[INFO] [stdout] 
[INFO] [stdout] error: cannot find macro `asm` in this scope
[INFO] [stdout]    --> /opt/rustwide/cargo-home/registry/src/github.com-1ecc6299db9ec823/ruspiro-arch-aarch64-0.1.5/src/register/macros.rs:118:17
[INFO] [stdout]     |
[INFO] [stdout] 118 |                   asm!(
[INFO] [stdout]     |                   ^^^
[INFO] [stdout]     |
[INFO] [stdout]    ::: /opt/rustwide/cargo-home/registry/src/github.com-1ecc6299db9ec823/ruspiro-arch-aarch64-0.1.5/src/register/el1/vbar_el1.rs:21:1
[INFO] [stdout]     |
[INFO] [stdout] 21  | / define_aarch64_register! {
[INFO] [stdout] 22  | |     @vbar_el2<u64> {
[INFO] [stdout] 23  | |         /// Base address of the exception vectors for exceptions taken in this exception level
[INFO] [stdout] 24  | |         BADDR OFFSET(11) BITS(53)
[INFO] [stdout] 25  | |     }
[INFO] [stdout] 26  | | }
[INFO] [stdout]     | |_- in this macro invocation
[INFO] [stdout]     |
[INFO] [stdout]     = help: consider importing this macro:
[INFO] [stdout]             core::arch::asm
[INFO] [stdout]     = note: this error originates in the macro `define_aarch64_register` (in Nightly builds, run with -Z macro-backtrace for more info)
[INFO] [stdout] 
[INFO] [stdout] 
[INFO] [stdout] error: cannot find macro `asm` in this scope
[INFO] [stdout]    --> /opt/rustwide/cargo-home/registry/src/github.com-1ecc6299db9ec823/ruspiro-arch-aarch64-0.1.5/src/register/macros.rs:131:17
[INFO] [stdout]     |
[INFO] [stdout] 131 |                   asm!(
[INFO] [stdout]     |                   ^^^
[INFO] [stdout]     |
[INFO] [stdout]    ::: /opt/rustwide/cargo-home/registry/src/github.com-1ecc6299db9ec823/ruspiro-arch-aarch64-0.1.5/src/register/el1/ttbr1_el1.rs:22:1
[INFO] [stdout]     |
[INFO] [stdout] 22  | / define_aarch64_register! {
[INFO] [stdout] 23  | |     @ttbr1_el1<u64> {
[INFO] [stdout] 24  | |         /// Translation table base address bits\[47:x\]. **x** is based on the value of ``TCR_EL1::T0SZ``,
[INFO] [stdout] 25  | |         /// the stage of translation and the memory translation granule size
[INFO] [stdout] ...   |
[INFO] [stdout] 30  | |     }
[INFO] [stdout] 31  | | }
[INFO] [stdout]     | |_- in this macro invocation
[INFO] [stdout]     |
[INFO] [stdout]     = help: consider importing this macro:
[INFO] [stdout]             core::arch::asm
[INFO] [stdout]     = note: this error originates in the macro `define_aarch64_register` (in Nightly builds, run with -Z macro-backtrace for more info)
[INFO] [stdout] 
[INFO] [stdout] 
[INFO] [stdout] error: cannot find macro `asm` in this scope
[INFO] [stdout]    --> /opt/rustwide/cargo-home/registry/src/github.com-1ecc6299db9ec823/ruspiro-arch-aarch64-0.1.5/src/register/macros.rs:118:17
[INFO] [stdout]     |
[INFO] [stdout] 118 |                   asm!(
[INFO] [stdout]     |                   ^^^
[INFO] [stdout]     |
[INFO] [stdout]    ::: /opt/rustwide/cargo-home/registry/src/github.com-1ecc6299db9ec823/ruspiro-arch-aarch64-0.1.5/src/register/el1/ttbr1_el1.rs:22:1
[INFO] [stdout]     |
[INFO] [stdout] 22  | / define_aarch64_register! {
[INFO] [stdout] 23  | |     @ttbr1_el1<u64> {
[INFO] [stdout] 24  | |         /// Translation table base address bits\[47:x\]. **x** is based on the value of ``TCR_EL1::T0SZ``,
[INFO] [stdout] 25  | |         /// the stage of translation and the memory translation granule size
[INFO] [stdout] ...   |
[INFO] [stdout] 30  | |     }
[INFO] [stdout] 31  | | }
[INFO] [stdout]     | |_- in this macro invocation
[INFO] [stdout]     |
[INFO] [stdout]     = help: consider importing this macro:
[INFO] [stdout]             core::arch::asm
[INFO] [stdout]     = note: this error originates in the macro `define_aarch64_register` (in Nightly builds, run with -Z macro-backtrace for more info)
[INFO] [stdout] 
[INFO] [stdout] 
[INFO] [stdout] error: cannot find macro `asm` in this scope
[INFO] [stdout]    --> /opt/rustwide/cargo-home/registry/src/github.com-1ecc6299db9ec823/ruspiro-arch-aarch64-0.1.5/src/register/macros.rs:131:17
[INFO] [stdout]     |
[INFO] [stdout] 131 |                   asm!(
[INFO] [stdout]     |                   ^^^
[INFO] [stdout]     |
[INFO] [stdout]    ::: /opt/rustwide/cargo-home/registry/src/github.com-1ecc6299db9ec823/ruspiro-arch-aarch64-0.1.5/src/register/el1/ttbr0_el1.rs:23:1
[INFO] [stdout]     |
[INFO] [stdout] 23  | / define_aarch64_register! {
[INFO] [stdout] 24  | |     @ttbr0_el1<u64> {
[INFO] [stdout] 25  | |         /// Translation table base address bits\[47:x\]. **x** is based on the value of ``TCR_EL1::T0SZ``,
[INFO] [stdout] 26  | |         /// the stage of translation and the memory translation granule size
[INFO] [stdout] ...   |
[INFO] [stdout] 31  | |     }
[INFO] [stdout] 32  | | }
[INFO] [stdout]     | |_- in this macro invocation
[INFO] [stdout]     |
[INFO] [stdout]     = help: consider importing this macro:
[INFO] [stdout]             core::arch::asm
[INFO] [stdout]     = note: this error originates in the macro `define_aarch64_register` (in Nightly builds, run with -Z macro-backtrace for more info)
[INFO] [stdout] 
[INFO] [stdout] 
[INFO] [stdout] error: cannot find macro `asm` in this scope
[INFO] [stdout]    --> /opt/rustwide/cargo-home/registry/src/github.com-1ecc6299db9ec823/ruspiro-arch-aarch64-0.1.5/src/register/macros.rs:118:17
[INFO] [stdout]     |
[INFO] [stdout] 118 |                   asm!(
[INFO] [stdout]     |                   ^^^
[INFO] [stdout]     |
[INFO] [stdout]    ::: /opt/rustwide/cargo-home/registry/src/github.com-1ecc6299db9ec823/ruspiro-arch-aarch64-0.1.5/src/register/el1/ttbr0_el1.rs:23:1
[INFO] [stdout]     |
[INFO] [stdout] 23  | / define_aarch64_register! {
[INFO] [stdout] 24  | |     @ttbr0_el1<u64> {
[INFO] [stdout] 25  | |         /// Translation table base address bits\[47:x\]. **x** is based on the value of ``TCR_EL1::T0SZ``,
[INFO] [stdout] 26  | |         /// the stage of translation and the memory translation granule size
[INFO] [stdout] ...   |
[INFO] [stdout] 31  | |     }
[INFO] [stdout] 32  | | }
[INFO] [stdout]     | |_- in this macro invocation
[INFO] [stdout]     |
[INFO] [stdout]     = help: consider importing this macro:
[INFO] [stdout]             core::arch::asm
[INFO] [stdout]     = note: this error originates in the macro `define_aarch64_register` (in Nightly builds, run with -Z macro-backtrace for more info)
[INFO] [stdout] 
[INFO] [stdout] 
[INFO] [stdout] error: cannot find macro `asm` in this scope
[INFO] [stdout]    --> /opt/rustwide/cargo-home/registry/src/github.com-1ecc6299db9ec823/ruspiro-arch-aarch64-0.1.5/src/register/macros.rs:131:17
[INFO] [stdout]     |
[INFO] [stdout] 131 |                   asm!(
[INFO] [stdout]     |                   ^^^
[INFO] [stdout]     |
[INFO] [stdout]    ::: /opt/rustwide/cargo-home/registry/src/github.com-1ecc6299db9ec823/ruspiro-arch-aarch64-0.1.5/src/register/el1/tcr_el1.rs:23:1
[INFO] [stdout]     |
[INFO] [stdout] 23  | / define_aarch64_register! {
[INFO] [stdout] 24  | |     @tcr_el1<u32> {
[INFO] [stdout] 25  | |         /// Size offset of the memory reagion addressed by ttbr0_el1 (size = 2^(64-t0sz))
[INFO] [stdout] 26  | |         T0SZ    OFFSET(0) BITS(6),
[INFO] [stdout] ...   |
[INFO] [stdout] 144 | |     }
[INFO] [stdout] 145 | | }
[INFO] [stdout]     | |_- in this macro invocation
[INFO] [stdout]     |
[INFO] [stdout]     = help: consider importing this macro:
[INFO] [stdout]             core::arch::asm
[INFO] [stdout]     = note: this error originates in the macro `define_aarch64_register` (in Nightly builds, run with -Z macro-backtrace for more info)
[INFO] [stdout] 
[INFO] [stdout] 
[INFO] [stdout] error: cannot find macro `asm` in this scope
[INFO] [stdout]    --> /opt/rustwide/cargo-home/registry/src/github.com-1ecc6299db9ec823/ruspiro-arch-aarch64-0.1.5/src/register/macros.rs:118:17
[INFO] [stdout]     |
[INFO] [stdout] 118 |                   asm!(
[INFO] [stdout]     |                   ^^^
[INFO] [stdout]     |
[INFO] [stdout]    ::: /opt/rustwide/cargo-home/registry/src/github.com-1ecc6299db9ec823/ruspiro-arch-aarch64-0.1.5/src/register/el1/tcr_el1.rs:23:1
[INFO] [stdout]     |
[INFO] [stdout] 23  | / define_aarch64_register! {
[INFO] [stdout] 24  | |     @tcr_el1<u32> {
[INFO] [stdout] 25  | |         /// Size offset of the memory reagion addressed by ttbr0_el1 (size = 2^(64-t0sz))
[INFO] [stdout] 26  | |         T0SZ    OFFSET(0) BITS(6),
[INFO] [stdout] ...   |
[INFO] [stdout] 144 | |     }
[INFO] [stdout] 145 | | }
[INFO] [stdout]     | |_- in this macro invocation
[INFO] [stdout]     |
[INFO] [stdout]     = help: consider importing this macro:
[INFO] [stdout]             core::arch::asm
[INFO] [stdout]     = note: this error originates in the macro `define_aarch64_register` (in Nightly builds, run with -Z macro-backtrace for more info)
[INFO] [stdout] 
[INFO] [stdout] 
[INFO] [stdout] error: cannot find macro `asm` in this scope
[INFO] [stdout]    --> /opt/rustwide/cargo-home/registry/src/github.com-1ecc6299db9ec823/ruspiro-arch-aarch64-0.1.5/src/register/macros.rs:131:17
[INFO] [stdout]     |
[INFO] [stdout] 131 |                   asm!(
[INFO] [stdout]     |                   ^^^
[INFO] [stdout]     |
[INFO] [stdout]    ::: /opt/rustwide/cargo-home/registry/src/github.com-1ecc6299db9ec823/ruspiro-arch-aarch64-0.1.5/src/register/el1/sctlr_el1.rs:21:1
[INFO] [stdout]     |
[INFO] [stdout] 21  | / define_aarch64_register! {
[INFO] [stdout] 22  | |     @sctlr_el1<u64> {
[INFO] [stdout] 23  | |         /// globally enable MMU
[INFO] [stdout] 24  | |         M   OFFSET(0) [
[INFO] [stdout] ...   |
[INFO] [stdout] 120 | |     }
[INFO] [stdout] 121 | | }
[INFO] [stdout]     | |_- in this macro invocation
[INFO] [stdout]     |
[INFO] [stdout]     = help: consider importing this macro:
[INFO] [stdout]             core::arch::asm
[INFO] [stdout]     = note: this error originates in the macro `define_aarch64_register` (in Nightly builds, run with -Z macro-backtrace for more info)
[INFO] [stdout] 
[INFO] [stdout] 
[INFO] [stdout] error: cannot find macro `asm` in this scope
[INFO] [stdout]    --> /opt/rustwide/cargo-home/registry/src/github.com-1ecc6299db9ec823/ruspiro-arch-aarch64-0.1.5/src/register/macros.rs:118:17
[INFO] [stdout]     |
[INFO] [stdout] 118 |                   asm!(
[INFO] [stdout]     |                   ^^^
[INFO] [stdout]     |
[INFO] [stdout]    ::: /opt/rustwide/cargo-home/registry/src/github.com-1ecc6299db9ec823/ruspiro-arch-aarch64-0.1.5/src/register/el1/sctlr_el1.rs:21:1
[INFO] [stdout]     |
[INFO] [stdout] 21  | / define_aarch64_register! {
[INFO] [stdout] 22  | |     @sctlr_el1<u64> {
[INFO] [stdout] 23  | |         /// globally enable MMU
[INFO] [stdout] 24  | |         M   OFFSET(0) [
[INFO] [stdout] ...   |
[INFO] [stdout] 120 | |     }
[INFO] [stdout] 121 | | }
[INFO] [stdout]     | |_- in this macro invocation
[INFO] [stdout]     |
[INFO] [stdout]     = help: consider importing this macro:
[INFO] [stdout]             core::arch::asm
[INFO] [stdout]     = note: this error originates in the macro `define_aarch64_register` (in Nightly builds, run with -Z macro-backtrace for more info)
[INFO] [stdout] 
[INFO] [stdout] 
[INFO] [stdout] error: cannot find macro `asm` in this scope
[INFO] [stdout]    --> /opt/rustwide/cargo-home/registry/src/github.com-1ecc6299db9ec823/ruspiro-arch-aarch64-0.1.5/src/register/macros.rs:131:17
[INFO] [stdout]     |
[INFO] [stdout] 131 |                   asm!(
[INFO] [stdout]     |                   ^^^
[INFO] [stdout]     |
[INFO] [stdout]    ::: /opt/rustwide/cargo-home/registry/src/github.com-1ecc6299db9ec823/ruspiro-arch-aarch64-0.1.5/src/register/el1/mpidr_el1.rs:22:1
[INFO] [stdout]     |
[INFO] [stdout] 22  | / define_aarch64_register! {
[INFO] [stdout] 23  | |     @mpidr_el1<u64> {
[INFO] [stdout] 24  | |         /// Affinity level 0, indicates the core number in a processor
[INFO] [stdout] 25  | |         AFF0 OFFSET(0) BITS(8),
[INFO] [stdout] ...   |
[INFO] [stdout] 40  | |     }
[INFO] [stdout] 41  | | }
[INFO] [stdout]     | |_- in this macro invocation
[INFO] [stdout]     |
[INFO] [stdout]     = help: consider importing this macro:
[INFO] [stdout]             core::arch::asm
[INFO] [stdout]     = note: this error originates in the macro `define_aarch64_register` (in Nightly builds, run with -Z macro-backtrace for more info)
[INFO] [stdout] 
[INFO] [stdout] 
[INFO] [stdout] error: cannot find macro `asm` in this scope
[INFO] [stdout]    --> /opt/rustwide/cargo-home/registry/src/github.com-1ecc6299db9ec823/ruspiro-arch-aarch64-0.1.5/src/register/macros.rs:118:17
[INFO] [stdout]     |
[INFO] [stdout] 118 |                   asm!(
[INFO] [stdout]     |                   ^^^
[INFO] [stdout]     |
[INFO] [stdout]    ::: /opt/rustwide/cargo-home/registry/src/github.com-1ecc6299db9ec823/ruspiro-arch-aarch64-0.1.5/src/register/el1/mpidr_el1.rs:22:1
[INFO] [stdout]     |
[INFO] [stdout] 22  | / define_aarch64_register! {
[INFO] [stdout] 23  | |     @mpidr_el1<u64> {
[INFO] [stdout] 24  | |         /// Affinity level 0, indicates the core number in a processor
[INFO] [stdout] 25  | |         AFF0 OFFSET(0) BITS(8),
[INFO] [stdout] ...   |
[INFO] [stdout] 40  | |     }
[INFO] [stdout] 41  | | }
[INFO] [stdout]     | |_- in this macro invocation
[INFO] [stdout]     |
[INFO] [stdout]     = help: consider importing this macro:
[INFO] [stdout]             core::arch::asm
[INFO] [stdout]     = note: this error originates in the macro `define_aarch64_register` (in Nightly builds, run with -Z macro-backtrace for more info)
[INFO] [stdout] 
[INFO] [stdout] 
[INFO] [stdout] error: cannot find macro `asm` in this scope
[INFO] [stdout]    --> /opt/rustwide/cargo-home/registry/src/github.com-1ecc6299db9ec823/ruspiro-arch-aarch64-0.1.5/src/register/macros.rs:131:17
[INFO] [stdout]     |
[INFO] [stdout] 131 |                   asm!(
[INFO] [stdout]     |                   ^^^
[INFO] [stdout]     |
[INFO] [stdout]    ::: /opt/rustwide/cargo-home/registry/src/github.com-1ecc6299db9ec823/ruspiro-arch-aarch64-0.1.5/src/register/el1/mair_el1.rs:22:1
[INFO] [stdout]     |
[INFO] [stdout] 22  | / define_aarch64_register! {
[INFO] [stdout] 23  | |     @mair_el1<u64> {
[INFO] [stdout] 24  | |         MAIR0 OFFSET(0) BITS(8) [
[INFO] [stdout] 25  | |             /// Device Memory nGnRnE
[INFO] [stdout] ...   |
[INFO] [stdout] 184 | |     }
[INFO] [stdout] 185 | | }
[INFO] [stdout]     | |_- in this macro invocation
[INFO] [stdout]     |
[INFO] [stdout]     = help: consider importing this macro:
[INFO] [stdout]             core::arch::asm
[INFO] [stdout]     = note: this error originates in the macro `define_aarch64_register` (in Nightly builds, run with -Z macro-backtrace for more info)
[INFO] [stdout] 
[INFO] [stdout] 
[INFO] [stdout] error: cannot find macro `asm` in this scope
[INFO] [stdout]    --> /opt/rustwide/cargo-home/registry/src/github.com-1ecc6299db9ec823/ruspiro-arch-aarch64-0.1.5/src/register/macros.rs:118:17
[INFO] [stdout]     |
[INFO] [stdout] 118 |                   asm!(
[INFO] [stdout]     |                   ^^^
[INFO] [stdout]     |
[INFO] [stdout]    ::: /opt/rustwide/cargo-home/registry/src/github.com-1ecc6299db9ec823/ruspiro-arch-aarch64-0.1.5/src/register/el1/mair_el1.rs:22:1
[INFO] [stdout]     |
[INFO] [stdout] 22  | / define_aarch64_register! {
[INFO] [stdout] 23  | |     @mair_el1<u64> {
[INFO] [stdout] 24  | |         MAIR0 OFFSET(0) BITS(8) [
[INFO] [stdout] 25  | |             /// Device Memory nGnRnE
[INFO] [stdout] ...   |
[INFO] [stdout] 184 | |     }
[INFO] [stdout] 185 | | }
[INFO] [stdout]     | |_- in this macro invocation
[INFO] [stdout]     |
[INFO] [stdout]     = help: consider importing this macro:
[INFO] [stdout]             core::arch::asm
[INFO] [stdout]     = note: this error originates in the macro `define_aarch64_register` (in Nightly builds, run with -Z macro-backtrace for more info)
[INFO] [stdout] 
[INFO] [stdout] 
[INFO] [stdout] error: cannot find macro `asm` in this scope
[INFO] [stdout]    --> /opt/rustwide/cargo-home/registry/src/github.com-1ecc6299db9ec823/ruspiro-arch-aarch64-0.1.5/src/register/macros.rs:131:17
[INFO] [stdout]     |
[INFO] [stdout] 131 |                   asm!(
[INFO] [stdout]     |                   ^^^
[INFO] [stdout]     |
[INFO] [stdout]    ::: /opt/rustwide/cargo-home/registry/src/github.com-1ecc6299db9ec823/ruspiro-arch-aarch64-0.1.5/src/register/el1/esr_el1.rs:21:1
[INFO] [stdout]     |
[INFO] [stdout] 21  | / define_aarch64_register! {
[INFO] [stdout] 22  | |     @esr_el2<u32> {
[INFO] [stdout] 23  | |         /// Syndrome information
[INFO] [stdout] 24  | |         ISS OFFSET(0) BITS(24),
[INFO] [stdout] ...   |
[INFO] [stdout] 39  | |     }
[INFO] [stdout] 40  | | }
[INFO] [stdout]     | |_- in this macro invocation
[INFO] [stdout]     |
[INFO] [stdout]     = help: consider importing this macro:
[INFO] [stdout]             core::arch::asm
[INFO] [stdout]     = note: this error originates in the macro `define_aarch64_register` (in Nightly builds, run with -Z macro-backtrace for more info)
[INFO] [stdout] 
[INFO] [stdout] 
[INFO] [stdout] error: cannot find macro `asm` in this scope
[INFO] [stdout]    --> /opt/rustwide/cargo-home/registry/src/github.com-1ecc6299db9ec823/ruspiro-arch-aarch64-0.1.5/src/register/macros.rs:118:17
[INFO] [stdout]     |
[INFO] [stdout] 118 |                   asm!(
[INFO] [stdout]     |                   ^^^
[INFO] [stdout]     |
[INFO] [stdout]    ::: /opt/rustwide/cargo-home/registry/src/github.com-1ecc6299db9ec823/ruspiro-arch-aarch64-0.1.5/src/register/el1/esr_el1.rs:21:1
[INFO] [stdout]     |
[INFO] [stdout] 21  | / define_aarch64_register! {
[INFO] [stdout] 22  | |     @esr_el2<u32> {
[INFO] [stdout] 23  | |         /// Syndrome information
[INFO] [stdout] 24  | |         ISS OFFSET(0) BITS(24),
[INFO] [stdout] ...   |
[INFO] [stdout] 39  | |     }
[INFO] [stdout] 40  | | }
[INFO] [stdout]     | |_- in this macro invocation
[INFO] [stdout]     |
[INFO] [stdout]     = help: consider importing this macro:
[INFO] [stdout]             core::arch::asm
[INFO] [stdout]     = note: this error originates in the macro `define_aarch64_register` (in Nightly builds, run with -Z macro-backtrace for more info)
[INFO] [stdout] 
[INFO] [stdout] 
[INFO] [stdout] error: cannot find macro `asm` in this scope
[INFO] [stdout]    --> /opt/rustwide/cargo-home/registry/src/github.com-1ecc6299db9ec823/ruspiro-arch-aarch64-0.1.5/src/register/macros.rs:131:17
[INFO] [stdout]     |
[INFO] [stdout] 131 |                   asm!(
[INFO] [stdout]     |                   ^^^
[INFO] [stdout]     |
[INFO] [stdout]    ::: /opt/rustwide/cargo-home/registry/src/github.com-1ecc6299db9ec823/ruspiro-arch-aarch64-0.1.5/src/register/el1/csselr_el1.rs:21:1
[INFO] [stdout]     |
[INFO] [stdout] 21  | / define_aarch64_register! {
[INFO] [stdout] 22  | |     @csselr_el1<u64> {
[INFO] [stdout] 23  | |         /// Instruction not Data Bit
[INFO] [stdout] 24  | |         InD OFFSET(0) [
[INFO] [stdout] ...   |
[INFO] [stdout] 43  | |     }
[INFO] [stdout] 44  | | }
[INFO] [stdout]     | |_- in this macro invocation
[INFO] [stdout]     |
[INFO] [stdout]     = help: consider importing this macro:
[INFO] [stdout]             core::arch::asm
[INFO] [stdout]     = note: this error originates in the macro `define_aarch64_register` (in Nightly builds, run with -Z macro-backtrace for more info)
[INFO] [stdout] 
[INFO] [stdout] 
[INFO] [stdout] error: cannot find macro `asm` in this scope
[INFO] [stdout]    --> /opt/rustwide/cargo-home/registry/src/github.com-1ecc6299db9ec823/ruspiro-arch-aarch64-0.1.5/src/register/macros.rs:118:17
[INFO] [stdout]     |
[INFO] [stdout] 118 |                   asm!(
[INFO] [stdout]     |                   ^^^
[INFO] [stdout]     |
[INFO] [stdout]    ::: /opt/rustwide/cargo-home/registry/src/github.com-1ecc6299db9ec823/ruspiro-arch-aarch64-0.1.5/src/register/el1/csselr_el1.rs:21:1
[INFO] [stdout]     |
[INFO] [stdout] 21  | / define_aarch64_register! {
[INFO] [stdout] 22  | |     @csselr_el1<u64> {
[INFO] [stdout] 23  | |         /// Instruction not Data Bit
[INFO] [stdout] 24  | |         InD OFFSET(0) [
[INFO] [stdout] ...   |
[INFO] [stdout] 43  | |     }
[INFO] [stdout] 44  | | }
[INFO] [stdout]     | |_- in this macro invocation
[INFO] [stdout]     |
[INFO] [stdout]     = help: consider importing this macro:
[INFO] [stdout]             core::arch::asm
[INFO] [stdout]     = note: this error originates in the macro `define_aarch64_register` (in Nightly builds, run with -Z macro-backtrace for more info)
[INFO] [stdout] 
[INFO] [stdout] 
[INFO] [stdout] error: cannot find macro `asm` in this scope
[INFO] [stdout]    --> /opt/rustwide/cargo-home/registry/src/github.com-1ecc6299db9ec823/ruspiro-arch-aarch64-0.1.5/src/register/macros.rs:131:17
[INFO] [stdout]     |
[INFO] [stdout] 131 |                   asm!(
[INFO] [stdout]     |                   ^^^
[INFO] [stdout]     |
[INFO] [stdout]    ::: /opt/rustwide/cargo-home/registry/src/github.com-1ecc6299db9ec823/ruspiro-arch-aarch64-0.1.5/src/register/el1/cpacr_el1.rs:22:1
[INFO] [stdout]     |
[INFO] [stdout] 22  | / define_aarch64_register! {
[INFO] [stdout] 23  | |     @cpacr_el1<u64> {
[INFO] [stdout] 24  | |         // trap floating point instractions in EL0/1
[INFO] [stdout] 25  | |         FPEN OFFSET(20) BITS(2) [
[INFO] [stdout] ...   |
[INFO] [stdout] 36  | |     }
[INFO] [stdout] 37  | | }
[INFO] [stdout]     | |_- in this macro invocation
[INFO] [stdout]     |
[INFO] [stdout]     = help: consider importing this macro:
[INFO] [stdout]             core::arch::asm
[INFO] [stdout]     = note: this error originates in the macro `define_aarch64_register` (in Nightly builds, run with -Z macro-backtrace for more info)
[INFO] [stdout] 
[INFO] [stdout] 
[INFO] [stdout] error: cannot find macro `asm` in this scope
[INFO] [stdout]    --> /opt/rustwide/cargo-home/registry/src/github.com-1ecc6299db9ec823/ruspiro-arch-aarch64-0.1.5/src/register/macros.rs:118:17
[INFO] [stdout]     |
[INFO] [stdout] 118 |                   asm!(
[INFO] [stdout]     |                   ^^^
[INFO] [stdout]     |
[INFO] [stdout]    ::: /opt/rustwide/cargo-home/registry/src/github.com-1ecc6299db9ec823/ruspiro-arch-aarch64-0.1.5/src/register/el1/cpacr_el1.rs:22:1
[INFO] [stdout]     |
[INFO] [stdout] 22  | / define_aarch64_register! {
[INFO] [stdout] 23  | |     @cpacr_el1<u64> {
[INFO] [stdout] 24  | |         // trap floating point instractions in EL0/1
[INFO] [stdout] 25  | |         FPEN OFFSET(20) BITS(2) [
[INFO] [stdout] ...   |
[INFO] [stdout] 36  | |     }
[INFO] [stdout] 37  | | }
[INFO] [stdout]     | |_- in this macro invocation
[INFO] [stdout]     |
[INFO] [stdout]     = help: consider importing this macro:
[INFO] [stdout]             core::arch::asm
[INFO] [stdout]     = note: this error originates in the macro `define_aarch64_register` (in Nightly builds, run with -Z macro-backtrace for more info)
[INFO] [stdout] 
[INFO] [stdout] 
[INFO] [stdout] error: cannot find macro `asm` in this scope
[INFO] [stdout]    --> /opt/rustwide/cargo-home/registry/src/github.com-1ecc6299db9ec823/ruspiro-arch-aarch64-0.1.5/src/register/macros.rs:131:17
[INFO] [stdout]     |
[INFO] [stdout] 131 |                   asm!(
[INFO] [stdout]     |                   ^^^
[INFO] [stdout]     |
[INFO] [stdout]    ::: /opt/rustwide/cargo-home/registry/src/github.com-1ecc6299db9ec823/ruspiro-arch-aarch64-0.1.5/src/register/el1/clidr_el1.rs:21:1
[INFO] [stdout]     |
[INFO] [stdout] 21  | / define_aarch64_register! {
[INFO] [stdout] 22  | |     @clidr_el1<u64> {
[INFO] [stdout] 23  | |         /// Type of cache implemented at L1
[INFO] [stdout] 24  | |         CTYPE1 OFFSET(0) BITS(3) [
[INFO] [stdout] ...   |
[INFO] [stdout] 70  | |     }
[INFO] [stdout] 71  | | }
[INFO] [stdout]     | |_- in this macro invocation
[INFO] [stdout]     |
[INFO] [stdout]     = help: consider importing this macro:
[INFO] [stdout]             core::arch::asm
[INFO] [stdout]     = note: this error originates in the macro `define_aarch64_register` (in Nightly builds, run with -Z macro-backtrace for more info)
[INFO] [stdout] 
[INFO] [stdout] 
[INFO] [stdout] error: cannot find macro `asm` in this scope
[INFO] [stdout]    --> /opt/rustwide/cargo-home/registry/src/github.com-1ecc6299db9ec823/ruspiro-arch-aarch64-0.1.5/src/register/macros.rs:118:17
[INFO] [stdout]     |
[INFO] [stdout] 118 |                   asm!(
[INFO] [stdout]     |                   ^^^
[INFO] [stdout]     |
[INFO] [stdout]    ::: /opt/rustwide/cargo-home/registry/src/github.com-1ecc6299db9ec823/ruspiro-arch-aarch64-0.1.5/src/register/el1/clidr_el1.rs:21:1
[INFO] [stdout]     |
[INFO] [stdout] 21  | / define_aarch64_register! {
[INFO] [stdout] 22  | |     @clidr_el1<u64> {
[INFO] [stdout] 23  | |         /// Type of cache implemented at L1
[INFO] [stdout] 24  | |         CTYPE1 OFFSET(0) BITS(3) [
[INFO] [stdout] ...   |
[INFO] [stdout] 70  | |     }
[INFO] [stdout] 71  | | }
[INFO] [stdout]     | |_- in this macro invocation
[INFO] [stdout]     |
[INFO] [stdout]     = help: consider importing this macro:
[INFO] [stdout]             core::arch::asm
[INFO] [stdout]     = note: this error originates in the macro `define_aarch64_register` (in Nightly builds, run with -Z macro-backtrace for more info)
[INFO] [stdout] 
[INFO] [stdout] 
[INFO] [stdout] error: cannot find macro `asm` in this scope
[INFO] [stdout]    --> /opt/rustwide/cargo-home/registry/src/github.com-1ecc6299db9ec823/ruspiro-arch-aarch64-0.1.5/src/register/macros.rs:131:17
[INFO] [stdout]     |
[INFO] [stdout] 131 |                   asm!(
[INFO] [stdout]     |                   ^^^
[INFO] [stdout]     |
[INFO] [stdout]    ::: /opt/rustwide/cargo-home/registry/src/github.com-1ecc6299db9ec823/ruspiro-arch-aarch64-0.1.5/src/register/el1/ccsidr_el1.rs:21:1
[INFO] [stdout]     |
[INFO] [stdout] 21  | / define_aarch64_register! {
[INFO] [stdout] 22  | |     @ccsidr_el1<u64> {
[INFO] [stdout] 23  | |         /// Indicates the (log2(number of words in cache line)) - 2
[INFO] [stdout] 24  | |         LINESIZE OFFSET(0) BITS(3) [
[INFO] [stdout] ...   |
[INFO] [stdout] 62  | |     }
[INFO] [stdout] 63  | | }
[INFO] [stdout]     | |_- in this macro invocation
[INFO] [stdout]     |
[INFO] [stdout]     = help: consider importing this macro:
[INFO] [stdout]             core::arch::asm
[INFO] [stdout]     = note: this error originates in the macro `define_aarch64_register` (in Nightly builds, run with -Z macro-backtrace for more info)
[INFO] [stdout] 
[INFO] [stdout] 
[INFO] [stdout] error: cannot find macro `asm` in this scope
[INFO] [stdout]    --> /opt/rustwide/cargo-home/registry/src/github.com-1ecc6299db9ec823/ruspiro-arch-aarch64-0.1.5/src/register/macros.rs:118:17
[INFO] [stdout]     |
[INFO] [stdout] 118 |                   asm!(
[INFO] [stdout]     |                   ^^^
[INFO] [stdout]     |
[INFO] [stdout]    ::: /opt/rustwide/cargo-home/registry/src/github.com-1ecc6299db9ec823/ruspiro-arch-aarch64-0.1.5/src/register/el1/ccsidr_el1.rs:21:1
[INFO] [stdout]     |
[INFO] [stdout] 21  | / define_aarch64_register! {
[INFO] [stdout] 22  | |     @ccsidr_el1<u64> {
[INFO] [stdout] 23  | |         /// Indicates the (log2(number of words in cache line)) - 2
[INFO] [stdout] 24  | |         LINESIZE OFFSET(0) BITS(3) [
[INFO] [stdout] ...   |
[INFO] [stdout] 62  | |     }
[INFO] [stdout] 63  | | }
[INFO] [stdout]     | |_- in this macro invocation
[INFO] [stdout]     |
[INFO] [stdout]     = help: consider importing this macro:
[INFO] [stdout]             core::arch::asm
[INFO] [stdout]     = note: this error originates in the macro `define_aarch64_register` (in Nightly builds, run with -Z macro-backtrace for more info)
[INFO] [stdout] 
[INFO] [stdout] 
[INFO] [stdout] error: cannot find macro `asm` in this scope
[INFO] [stdout]    --> /opt/rustwide/cargo-home/registry/src/github.com-1ecc6299db9ec823/ruspiro-arch-aarch64-0.1.5/src/register/macros.rs:131:17
[INFO] [stdout]     |
[INFO] [stdout] 131 |                   asm!(
[INFO] [stdout]     |                   ^^^
[INFO] [stdout]     |
[INFO] [stdout]    ::: /opt/rustwide/cargo-home/registry/src/github.com-1ecc6299db9ec823/ruspiro-arch-aarch64-0.1.5/src/register/el0/ctr_el0.rs:23:1
[INFO] [stdout]     |
[INFO] [stdout] 23  | / define_aarch64_register! {
[INFO] [stdout] 24  | |     @ctr_el0<u64> {
[INFO] [stdout] 25  | |         /// Log2 of the number of words in the smallest cache line of all the instruction caches that are controlled by
[INFO] [stdout] 26  | |         /// the PE
[INFO] [stdout] ...   |
[INFO] [stdout] 51  | |     }
[INFO] [stdout] 52  | | }
[INFO] [stdout]     | |_- in this macro invocation
[INFO] [stdout]     |
[INFO] [stdout]     = help: consider importing this macro:
[INFO] [stdout]             core::arch::asm
[INFO] [stdout]     = note: this error originates in the macro `define_aarch64_register` (in Nightly builds, run with -Z macro-backtrace for more info)
[INFO] [stdout] 
[INFO] [stdout] 
[INFO] [stdout] error: cannot find macro `asm` in this scope
[INFO] [stdout]    --> /opt/rustwide/cargo-home/registry/src/github.com-1ecc6299db9ec823/ruspiro-arch-aarch64-0.1.5/src/register/macros.rs:118:17
[INFO] [stdout]     |
[INFO] [stdout] 118 |                   asm!(
[INFO] [stdout]     |                   ^^^
[INFO] [stdout]     |
[INFO] [stdout]    ::: /opt/rustwide/cargo-home/registry/src/github.com-1ecc6299db9ec823/ruspiro-arch-aarch64-0.1.5/src/register/el0/ctr_el0.rs:23:1
[INFO] [stdout]     |
[INFO] [stdout] 23  | / define_aarch64_register! {
[INFO] [stdout] 24  | |     @ctr_el0<u64> {
[INFO] [stdout] 25  | |         /// Log2 of the number of words in the smallest cache line of all the instruction caches that are controlled by
[INFO] [stdout] 26  | |         /// the PE
[INFO] [stdout] ...   |
[INFO] [stdout] 51  | |     }
[INFO] [stdout] 52  | | }
[INFO] [stdout]     | |_- in this macro invocation
[INFO] [stdout]     |
[INFO] [stdout]     = help: consider importing this macro:
[INFO] [stdout]             core::arch::asm
[INFO] [stdout]     = note: this error originates in the macro `define_aarch64_register` (in Nightly builds, run with -Z macro-backtrace for more info)
[INFO] [stdout] 
[INFO] [stdout] 
[INFO] [stdout] error: cannot find macro `asm` in this scope
[INFO] [stdout]    --> /opt/rustwide/cargo-home/registry/src/github.com-1ecc6299db9ec823/ruspiro-arch-aarch64-0.1.5/src/register/macros.rs:131:17
[INFO] [stdout]     |
[INFO] [stdout] 131 |                   asm!(
[INFO] [stdout]     |                   ^^^
[INFO] [stdout]     |
[INFO] [stdout]    ::: /opt/rustwide/cargo-home/registry/src/github.com-1ecc6299db9ec823/ruspiro-arch-aarch64-0.1.5/src/register/currentel.rs:27:1
[INFO] [stdout]     |
[INFO] [stdout] 27  | / define_aarch64_register! {
[INFO] [stdout] 28  | |     @currentEl<u64> {
[INFO] [stdout] 29  | |         /// The current exception level
[INFO] [stdout] 30  | |         EL OFFSET(2) BITS(2) [
[INFO] [stdout] ...   |
[INFO] [stdout] 36  | |     }
[INFO] [stdout] 37  | | }
[INFO] [stdout]     | |_- in this macro invocation
[INFO] [stdout]     |
[INFO] [stdout]     = help: consider importing this macro:
[INFO] [stdout]             core::arch::asm
[INFO] [stdout]     = note: this error originates in the macro `define_aarch64_register` (in Nightly builds, run with -Z macro-backtrace for more info)
[INFO] [stdout] 
[INFO] [stdout] 
[INFO] [stdout] error: cannot find macro `asm` in this scope
[INFO] [stdout]    --> /opt/rustwide/cargo-home/registry/src/github.com-1ecc6299db9ec823/ruspiro-arch-aarch64-0.1.5/src/register/macros.rs:118:17
[INFO] [stdout]     |
[INFO] [stdout] 118 |                   asm!(
[INFO] [stdout]     |                   ^^^
[INFO] [stdout]     |
[INFO] [stdout]    ::: /opt/rustwide/cargo-home/registry/src/github.com-1ecc6299db9ec823/ruspiro-arch-aarch64-0.1.5/src/register/currentel.rs:27:1
[INFO] [stdout]     |
[INFO] [stdout] 27  | / define_aarch64_register! {
[INFO] [stdout] 28  | |     @currentEl<u64> {
[INFO] [stdout] 29  | |         /// The current exception level
[INFO] [stdout] 30  | |         EL OFFSET(2) BITS(2) [
[INFO] [stdout] ...   |
[INFO] [stdout] 36  | |     }
[INFO] [stdout] 37  | | }
[INFO] [stdout]     | |_- in this macro invocation
[INFO] [stdout]     |
[INFO] [stdout]     = help: consider importing this macro:
[INFO] [stdout]             core::arch::asm
[INFO] [stdout]     = note: this error originates in the macro `define_aarch64_register` (in Nightly builds, run with -Z macro-backtrace for more info)
[INFO] [stdout] 
[INFO] [stdout] 
[INFO] [stdout] error[E0554]: `#![feature]` may not be used on the stable release channel
[INFO] [stdout]   --> /opt/rustwide/cargo-home/registry/src/github.com-1ecc6299db9ec823/ruspiro-arch-aarch64-0.1.5/src/lib.rs:11:12
[INFO] [stdout]    |
[INFO] [stdout] 11 | #![feature(asm)]
[INFO] [stdout]    |            ^^^
[INFO] [stdout] 
[INFO] [stdout] 
[INFO] [stdout] error: aborting due to 55 previous errors
[INFO] [stdout] 
[INFO] [stdout] 
[INFO] [stdout] For more information about this error, try `rustc --explain E0554`.
[INFO] [stdout] 
[INFO] [stderr] error: could not compile `ruspiro-arch-aarch64` due to 56 previous errors
[INFO] running `Command { std: "docker" "inspect" "cd9b4296a9362e177fb68814c9843dc7d87a8d9d7be20488070c21f7a0cb7fcf", kill_on_drop: false }`
[INFO] running `Command { std: "docker" "rm" "-f" "cd9b4296a9362e177fb68814c9843dc7d87a8d9d7be20488070c21f7a0cb7fcf", kill_on_drop: false }`
[INFO] [stdout] cd9b4296a9362e177fb68814c9843dc7d87a8d9d7be20488070c21f7a0cb7fcf
