[INFO] cloning repository https://github.com/RudolfVonKrugstein/streamdeck-controller-rs
[INFO] running `Command { std: "git" "-c" "credential.helper=" "-c" "credential.helper=/workspace/cargo-home/bin/git-credential-null" "clone" "--bare" "https://github.com/RudolfVonKrugstein/streamdeck-controller-rs" "/workspace/cache/git-repos/https%3A%2F%2Fgithub.com%2FRudolfVonKrugstein%2Fstreamdeck-controller-rs", kill_on_drop: false }`
[INFO] [stderr] Cloning into bare repository '/workspace/cache/git-repos/https%3A%2F%2Fgithub.com%2FRudolfVonKrugstein%2Fstreamdeck-controller-rs'...
[INFO] running `Command { std: "git" "rev-parse" "HEAD", kill_on_drop: false }`
[INFO] [stdout] ace8f4a68cc4860479a66dadcf137cf3f629ec34
[INFO] testing RudolfVonKrugstein/streamdeck-controller-rs against 1.69.0 for beta-1.70-1
[INFO] running `Command { std: "git" "clone" "/workspace/cache/git-repos/https%3A%2F%2Fgithub.com%2FRudolfVonKrugstein%2Fstreamdeck-controller-rs" "/workspace/builds/worker-0-tc1/source", kill_on_drop: false }`
[INFO] [stderr] Cloning into '/workspace/builds/worker-0-tc1/source'...
[INFO] [stderr] done.
[INFO] validating manifest of git repo https://github.com/RudolfVonKrugstein/streamdeck-controller-rs on toolchain 1.69.0
[INFO] running `Command { std: CARGO_HOME="/workspace/cargo-home" RUSTUP_HOME="/workspace/rustup-home" "/workspace/cargo-home/bin/cargo" "+1.69.0" "metadata" "--manifest-path" "Cargo.toml" "--no-deps", kill_on_drop: false }`
[INFO] started tweaking git repo https://github.com/RudolfVonKrugstein/streamdeck-controller-rs
[INFO] finished tweaking git repo https://github.com/RudolfVonKrugstein/streamdeck-controller-rs
[INFO] tweaked toml for git repo https://github.com/RudolfVonKrugstein/streamdeck-controller-rs written to /workspace/builds/worker-0-tc1/source/Cargo.toml
[INFO] crate git repo https://github.com/RudolfVonKrugstein/streamdeck-controller-rs already has a lockfile, it will not be regenerated
[INFO] running `Command { std: CARGO_HOME="/workspace/cargo-home" RUSTUP_HOME="/workspace/rustup-home" "/workspace/cargo-home/bin/cargo" "+1.69.0" "fetch" "--manifest-path" "Cargo.toml", kill_on_drop: false }`
[INFO] [stderr]     Updating git repository `https://github.com/image-rs/imageproc`
[INFO] [stderr]     Updating git repository `https://github.com/RudolfVonKrugstein/streamdeck-hid-rs`
[INFO] [stderr]  Downloading crates ...
[INFO] [stderr]   Downloaded mockall v0.11.3
[INFO] [stderr]   Downloaded mockall_derive v0.11.3
[INFO] [stderr]   Downloaded hidapi v2.1.2
[INFO] running `Command { std: "docker" "create" "-v" "/var/lib/crater-agent-workspace/builds/worker-0-tc1/target:/opt/rustwide/target:rw,Z" "-v" "/var/lib/crater-agent-workspace/builds/worker-0-tc1/source:/opt/rustwide/workdir:ro,Z" "-v" "/var/lib/crater-agent-workspace/cargo-home:/opt/rustwide/cargo-home:ro,Z" "-v" "/var/lib/crater-agent-workspace/rustup-home:/opt/rustwide/rustup-home:ro,Z" "-e" "SOURCE_DIR=/opt/rustwide/workdir" "-e" "CARGO_TARGET_DIR=/opt/rustwide/target" "-e" "CARGO_HOME=/opt/rustwide/cargo-home" "-e" "RUSTUP_HOME=/opt/rustwide/rustup-home" "-w" "/opt/rustwide/workdir" "-m" "1610612736" "--user" "0:0" "--network" "none" "ghcr.io/rust-lang/crates-build-env/linux@sha256:5ff2268d62e97bff2cde7d5815dd6ed5b47097566f13b8d0ca110b04b60e07ed" "/opt/rustwide/cargo-home/bin/cargo" "+1.69.0" "metadata" "--no-deps" "--format-version=1", kill_on_drop: false }`
[INFO] [stdout] d06183f92d15532a3fa5ca7c95dad7f272f78888d11c1c54d0b8c6dc0f47b4a7
[INFO] running `Command { std: "docker" "start" "-a" "d06183f92d15532a3fa5ca7c95dad7f272f78888d11c1c54d0b8c6dc0f47b4a7", kill_on_drop: false }`
[INFO] running `Command { std: "docker" "inspect" "d06183f92d15532a3fa5ca7c95dad7f272f78888d11c1c54d0b8c6dc0f47b4a7", kill_on_drop: false }`
[INFO] running `Command { std: "docker" "rm" "-f" "d06183f92d15532a3fa5ca7c95dad7f272f78888d11c1c54d0b8c6dc0f47b4a7", kill_on_drop: false }`
[INFO] [stdout] d06183f92d15532a3fa5ca7c95dad7f272f78888d11c1c54d0b8c6dc0f47b4a7
[INFO] running `Command { std: "docker" "create" "-v" "/var/lib/crater-agent-workspace/builds/worker-0-tc1/target:/opt/rustwide/target:rw,Z" "-v" "/var/lib/crater-agent-workspace/builds/worker-0-tc1/source:/opt/rustwide/workdir:ro,Z" "-v" "/var/lib/crater-agent-workspace/cargo-home:/opt/rustwide/cargo-home:ro,Z" "-v" "/var/lib/crater-agent-workspace/rustup-home:/opt/rustwide/rustup-home:ro,Z" "-e" "SOURCE_DIR=/opt/rustwide/workdir" "-e" "CARGO_TARGET_DIR=/opt/rustwide/target" "-e" "CARGO_INCREMENTAL=0" "-e" "RUST_BACKTRACE=full" "-e" "RUSTFLAGS=--cap-lints=warn" "-e" "RUSTDOCFLAGS=--cap-lints=warn" "-e" "CARGO_HOME=/opt/rustwide/cargo-home" "-e" "RUSTUP_HOME=/opt/rustwide/rustup-home" "-w" "/opt/rustwide/workdir" "-m" "1610612736" "--user" "0:0" "--network" "none" "ghcr.io/rust-lang/crates-build-env/linux@sha256:5ff2268d62e97bff2cde7d5815dd6ed5b47097566f13b8d0ca110b04b60e07ed" "/opt/rustwide/cargo-home/bin/cargo" "+1.69.0" "build" "--frozen" "--message-format=json", kill_on_drop: false }`
[INFO] [stdout] 9b6549d56a80a342b26580108888115a8dec1db846b4aa6c7333395e2ef202ea
[INFO] running `Command { std: "docker" "start" "-a" "9b6549d56a80a342b26580108888115a8dec1db846b4aa6c7333395e2ef202ea", kill_on_drop: false }`
[INFO] [stderr]    Compiling autocfg v1.1.0
[INFO] [stderr]    Compiling libc v0.2.139
[INFO] [stderr]    Compiling cfg-if v1.0.0
[INFO] [stderr]    Compiling proc-macro2 v1.0.50
[INFO] [stderr]    Compiling unicode-ident v1.0.6
[INFO] [stderr]    Compiling quote v1.0.23
[INFO] [stderr]    Compiling syn v1.0.107
[INFO] [stderr]    Compiling scopeguard v1.1.0
[INFO] [stderr]    Compiling crossbeam-utils v0.8.14
[INFO] [stderr]    Compiling target-lexicon v0.12.5
[INFO] [stderr]    Compiling either v1.8.1
[INFO] [stderr]    Compiling crc32fast v1.3.2
[INFO] [stderr]    Compiling once_cell v1.17.0
[INFO] [stderr]    Compiling rayon-core v1.10.2
[INFO] [stderr]    Compiling adler v1.0.2
[INFO] [stderr]    Compiling version_check v0.9.4
[INFO] [stderr]    Compiling futures-core v0.3.25
[INFO] [stderr]    Compiling getrandom v0.1.16
[INFO] [stderr]    Compiling miniz_oxide v0.6.2
[INFO] [stderr]    Compiling bytemuck v1.13.0
[INFO] [stderr]    Compiling memchr v2.5.0
[INFO] [stderr]    Compiling bitflags v1.3.2
[INFO] [stderr]    Compiling smallvec v1.10.0
[INFO] [stderr]    Compiling num-traits v0.2.15
[INFO] [stderr]    Compiling memoffset v0.7.1
[INFO] [stderr]    Compiling num-integer v0.1.45
[INFO] [stderr]    Compiling crossbeam-epoch v0.9.13
[INFO] [stderr]    Compiling lock_api v0.4.9
[INFO] [stderr]    Compiling num-bigint v0.4.3
[INFO] [stderr]    Compiling num-rational v0.4.1
[INFO] [stderr]    Compiling proc-macro-error-attr v1.0.4
[INFO] [stderr]    Compiling weezl v0.1.7
[INFO] [stderr]    Compiling paste v1.0.11
[INFO] [stderr]    Compiling futures-sink v0.3.25
[INFO] [stderr]    Compiling safe_arch v0.6.0
[INFO] [stderr]    Compiling proc-macro-error v1.0.4
[INFO] [stderr]    Compiling crossbeam-channel v0.5.6
[INFO] [stderr]    Compiling flate2 v1.0.25
[INFO] [stderr]    Compiling aho-corasick v0.7.20
[INFO] [stderr]    Compiling num-iter v0.1.43
[INFO] [stderr]    Compiling memoffset v0.6.5
[INFO] [stderr]    Compiling pyo3-build-config v0.16.6
[INFO] [stderr]    Compiling indexmap v1.9.2
[INFO] [stderr]    Compiling itertools v0.10.5
[INFO] [stderr]    Compiling crossbeam-deque v0.8.2
[INFO] [stderr]    Compiling spin v0.9.4
[INFO] [stderr]    Compiling log v0.4.17
[INFO] [stderr]    Compiling typenum v1.16.0
[INFO] [stderr]    Compiling lazy_static v1.4.0
[INFO] [stderr]    Compiling lebe v0.5.2
[INFO] [stderr]    Compiling parking_lot_core v0.9.6
[INFO] [stderr]    Compiling ppv-lite86 v0.2.17
[INFO] [stderr]    Compiling bit_field v0.10.1
[INFO] [stderr]    Compiling half v2.2.1
[INFO] [stderr]    Compiling regex-syntax v0.6.28
[INFO] [stderr]    Compiling cc v1.0.79
[INFO] [stderr]    Compiling color_quant v1.1.0
[INFO] [stderr]    Compiling num_cpus v1.15.0
[INFO] [stderr]    Compiling getrandom v0.2.8
[INFO] [stderr]    Compiling pkg-config v0.3.26
[INFO] [stderr]    Compiling predicates-core v1.0.5
[INFO] [stderr]    Compiling nanorand v0.7.0
[INFO] [stderr]    Compiling threadpool v1.8.1
[INFO] [stderr]    Compiling num-complex v0.4.3
[INFO] [stderr]    Compiling rand_core v0.5.1
[INFO] [stderr]    Compiling serde_derive v1.0.152
[INFO] [stderr]    Compiling rand_chacha v0.2.2
[INFO] [stderr]    Compiling approx v0.5.1
[INFO] [stderr]    Compiling float-cmp v0.9.0
[INFO] [stderr]    Compiling gif v0.11.4
[INFO] [stderr]    Compiling atty v0.2.14
[INFO] [stderr]    Compiling rayon v1.6.1
[INFO] [stderr]    Compiling png v0.17.7
[INFO] [stderr]    Compiling wide v0.7.5
[INFO] [stderr]    Compiling rawpointer v0.2.1
[INFO] [stderr]    Compiling serde v1.0.152
[INFO] [stderr]    Compiling hashbrown v0.12.3
[INFO] [stderr]    Compiling normalize-line-endings v0.3.0
[INFO] [stderr]    Compiling hidapi v2.1.2
[INFO] [stderr]    Compiling byteorder v1.4.3
[INFO] [stderr]    Compiling scoped_threadpool v0.1.9
[INFO] [stderr]    Compiling pyo3-ffi v0.16.6
[INFO] [stderr]    Compiling time-core v0.1.0
[INFO] [stderr]    Compiling ttf-parser v0.15.2
[INFO] [stderr]    Compiling termtree v0.4.0
[INFO] [stderr]    Compiling difflib v0.4.0
[INFO] [stderr]    Compiling regex v1.7.1
[INFO] [stderr]    Compiling time-macros v0.2.6
[INFO] [stderr]    Compiling predicates-tree v1.0.7
[INFO] [stderr]    Compiling pyo3 v0.16.6
[INFO] [stderr]    Compiling matrixmultiply v0.3.2
[INFO] [stderr]    Compiling rand v0.7.3
[INFO] [stderr]    Compiling downcast v0.11.0
[INFO] [stderr]    Compiling os_str_bytes v6.4.1
[INFO] [stderr]    Compiling custom_derive v0.1.7
[INFO] [stderr]    Compiling linked-hash-map v0.5.6
[INFO] [stderr]    Compiling itoa v1.0.5
[INFO] [stderr]    Compiling num_threads v0.1.6
[INFO] [stderr]    Compiling ab_glyph_rasterizer v0.1.8
[INFO] [stderr]    Compiling heck v0.4.0
[INFO] [stderr]    Compiling fragile v2.0.0
[INFO] [stderr]    Compiling jpeg-decoder v0.3.0
[INFO] [stderr]    Compiling simba v0.7.3
[INFO] [stderr]    Compiling pyo3-macros-backend v0.16.6
[INFO] [stderr]    Compiling yaml-rust v0.4.5
[INFO] [stderr]    Compiling conv v0.3.3
[INFO] [stderr]    Compiling parking_lot v0.12.1
[INFO] [stderr]    Compiling clap_lex v0.2.4
[INFO] [stderr]    Compiling predicates v2.1.5
[INFO] [stderr]    Compiling time v0.3.17
[INFO] [stderr]    Compiling rand_distr v0.2.2
[INFO] [stderr]    Compiling nix v0.22.3
[INFO] [stderr]    Compiling num v0.4.0
[INFO] [stderr]    Compiling colored v2.0.0
[INFO] [stderr]    Compiling gethostname v0.2.3
[INFO] [stderr]    Compiling tiff v0.8.1
[INFO] [stderr]    Compiling owned_ttf_parser v0.15.2
[INFO] [stderr]    Compiling ryu v1.0.12
[INFO] [stderr]    Compiling rusttype v0.9.3
[INFO] [stderr]    Compiling termcolor v1.2.0
[INFO] [stderr]    Compiling strsim v0.10.0
[INFO] [stderr]    Compiling unindent v0.1.11
[INFO] [stderr]    Compiling indoc v1.0.9
[INFO] [stderr]    Compiling textwrap v0.16.0
[INFO] [stderr]    Compiling simple_logger v2.3.0
[INFO] [stderr]    Compiling more-asserts v0.2.2
[INFO] [stderr]    Compiling pin-project-internal v1.0.12
[INFO] [stderr]    Compiling mockall_derive v0.11.3
[INFO] [stderr]    Compiling clap_derive v3.2.18
[INFO] [stderr]    Compiling pyo3-macros v0.16.6
[INFO] [stderr]    Compiling pin-project v1.0.12
[INFO] [stderr]    Compiling flume v0.10.14
[INFO] [stderr]    Compiling x11rb v0.9.0
[INFO] [stderr]    Compiling exr v1.5.2
[INFO] [stderr]    Compiling clap v3.2.23
[INFO] [stderr]    Compiling mockall v0.11.3
[INFO] [stderr]    Compiling nalgebra v0.30.1
[INFO] [stderr]    Compiling image v0.24.5
[INFO] [stderr]    Compiling serde_yaml v0.8.26
[INFO] [stderr]    Compiling streamdeck-hid-rs v0.2.0 (https://github.com/RudolfVonKrugstein/streamdeck-hid-rs#be635540)
[INFO] [stderr]    Compiling imageproc v0.23.0 (https://github.com/image-rs/imageproc#0929335c)
[INFO] [stderr]    Compiling streamdeck-controller-rs v0.1.0 (/opt/rustwide/workdir)
[INFO] [stdout] warning: unnecessary parentheses around index expression
[INFO] [stdout]    --> src/foreground_window/linux/foreground_window.rs:211:42
[INFO] [stdout]     |
[INFO] [stdout] 211 |         res = res * 256 + property.value[(property.value.len() - index - 1)] as u32;
[INFO] [stdout]     |                                          ^                                ^
[INFO] [stdout]     |
[INFO] [stdout]     = note: `#[warn(unused_parens)]` on by default
[INFO] [stdout] help: remove these parentheses
[INFO] [stdout]     |
[INFO] [stdout] 211 -         res = res * 256 + property.value[(property.value.len() - index - 1)] as u32;
[INFO] [stdout] 211 +         res = res * 256 + property.value[property.value.len() - index - 1] as u32;
[INFO] [stdout]     |
[INFO] [stdout] 
[INFO] [stdout] 
[INFO] [stdout] warning: unused import: `IntoPyDict`
[INFO] [stdout]  --> src/script_engine/python/engine.rs:5:19
[INFO] [stdout]   |
[INFO] [stdout] 5 | use pyo3::types::{IntoPyDict, PyDict};
[INFO] [stdout]   |                   ^^^^^^^^^^
[INFO] [stdout]   |
[INFO] [stdout]   = note: `#[warn(unused_imports)]` on by default
[INFO] [stdout] 
[INFO] [stdout] 
[INFO] [stdout] warning: unused import: `std::sync::Arc`
[INFO] [stdout]  --> src/state/button.rs:7:5
[INFO] [stdout]   |
[INFO] [stdout] 7 | use std::sync::Arc;
[INFO] [stdout]   |     ^^^^^^^^^^^^^^
[INFO] [stdout] 
[INFO] [stdout] 
[INFO] [stdout] warning: unused import: `streamdeck_hid_rs::StreamDeckType`
[INFO] [stdout]  --> src/state/button.rs:8:5
[INFO] [stdout]   |
[INFO] [stdout] 8 | use streamdeck_hid_rs::StreamDeckType;
[INFO] [stdout]   |     ^^^^^^^^^^^^^^^^^^^^^^^^^^^^^^^^^
[INFO] [stdout] 
[INFO] [stdout] 
[INFO] [stdout] warning: unused import: `std::sync::Arc`
[INFO] [stdout]  --> src/state/page/positioned_button_setup.rs:6:5
[INFO] [stdout]   |
[INFO] [stdout] 6 | use std::sync::Arc;
[INFO] [stdout]   |     ^^^^^^^^^^^^^^
[INFO] [stdout] 
[INFO] [stdout] 
[INFO] [stdout] warning: unused import: `log::warn`
[INFO] [stdout]  --> src/state/page/positioned_button_setup.rs:7:5
[INFO] [stdout]   |
[INFO] [stdout] 7 | use log::warn;
[INFO] [stdout]   |     ^^^^^^^^^
[INFO] [stdout] 
[INFO] [stdout] 
[INFO] [stdout] warning: unused import: `pyo3::number::pos`
[INFO] [stdout]  --> src/state/page/positioned_button_setup.rs:8:5
[INFO] [stdout]   |
[INFO] [stdout] 8 | use pyo3::number::pos;
[INFO] [stdout]   |     ^^^^^^^^^^^^^^^^^
[INFO] [stdout] 
[INFO] [stdout] 
[INFO] [stdout] warning: unused import: `std::sync::Arc`
[INFO] [stdout]   --> src/state/page/mod.rs:11:5
[INFO] [stdout]    |
[INFO] [stdout] 11 | use std::sync::Arc;
[INFO] [stdout]    |     ^^^^^^^^^^^^^^
[INFO] [stdout] 
[INFO] [stdout] 
[INFO] [stdout] warning: variable does not need to be mutable
[INFO] [stdout]    --> src/state/app_state.rs:227:13
[INFO] [stdout]     |
[INFO] [stdout] 227 |         for mut button in self.buttons.iter_mut() {
[INFO] [stdout]     |             ----^^^^^^
[INFO] [stdout]     |             |
[INFO] [stdout]     |             help: remove this `mut`
[INFO] [stdout]     |
[INFO] [stdout]     = note: `#[warn(unused_mut)]` on by default
[INFO] [stdout] 
[INFO] [stdout] 
[INFO] [stdout] warning: variable does not need to be mutable
[INFO] [stdout]   --> src/state/button_face.rs:90:38
[INFO] [stdout]    |
[INFO] [stdout] 90 |             self.label.as_mut().map(|mut l| l.update_values(label, labelcolor));
[INFO] [stdout]    |                                      ----^
[INFO] [stdout]    |                                      |
[INFO] [stdout]    |                                      help: remove this `mut`
[INFO] [stdout] 
[INFO] [stdout] 
[INFO] [stdout] warning: variable does not need to be mutable
[INFO] [stdout]   --> src/state/button_face.rs:93:38
[INFO] [stdout]    |
[INFO] [stdout] 93 |             self.label.as_mut().map(|mut l| l.update_values(sublabel, sublabelcolor));
[INFO] [stdout]    |                                      ----^
[INFO] [stdout]    |                                      |
[INFO] [stdout]    |                                      help: remove this `mut`
[INFO] [stdout] 
[INFO] [stdout] 
[INFO] [stdout] warning: variable does not need to be mutable
[INFO] [stdout]   --> src/state/button_face.rs:96:38
[INFO] [stdout]    |
[INFO] [stdout] 96 |             self.label.as_mut().map(|mut l| l.update_values(superlabel, superlabelcolor));
[INFO] [stdout]    |                                      ----^
[INFO] [stdout]    |                                      |
[INFO] [stdout]    |                                      help: remove this `mut`
[INFO] [stdout] 
[INFO] [stdout] 
[INFO] [stdout] warning: fields `instance` and `pid` are never read
[INFO] [stdout]   --> src/foreground_window/linux/foreground_window.rs:27:9
[INFO] [stdout]    |
[INFO] [stdout] 23 | struct WindowData {
[INFO] [stdout]    |        ---------- fields in this struct
[INFO] [stdout] ...
[INFO] [stdout] 27 |     pub instance: String,
[INFO] [stdout]    |         ^^^^^^^^
[INFO] [stdout] 28 |     pub pid: u32,
[INFO] [stdout]    |         ^^^
[INFO] [stdout]    |
[INFO] [stdout]    = note: `#[warn(dead_code)]` on by default
[INFO] [stdout] 
[INFO] [stdout] 
[INFO] [stdout] warning: variant `ReplyError` is never constructed
[INFO] [stdout]  --> src/foreground_window/error.rs:9:5
[INFO] [stdout]   |
[INFO] [stdout] 6 | pub enum X11Error {
[INFO] [stdout]   |          -------- variant in this enum
[INFO] [stdout] ...
[INFO] [stdout] 9 |     ReplyError(ReplyError),
[INFO] [stdout]   |     ^^^^^^^^^^
[INFO] [stdout]   |
[INFO] [stdout]   = note: `X11Error` has a derived impl for the trait `Debug`, but this is intentionally ignored during dead code analysis
[INFO] [stdout] 
[INFO] [stdout] 
[INFO] [stdout] warning: variant `AlreadyStarted` is never constructed
[INFO] [stdout]   --> src/foreground_window/error.rs:25:5
[INFO] [stdout]    |
[INFO] [stdout] 20 | pub enum Error {
[INFO] [stdout]    |          ----- variant in this enum
[INFO] [stdout] ...
[INFO] [stdout] 25 |     AlreadyStarted,
[INFO] [stdout]    |     ^^^^^^^^^^^^^^
[INFO] [stdout]    |
[INFO] [stdout]    = note: `Error` has a derived impl for the trait `Debug`, but this is intentionally ignored during dead code analysis
[INFO] [stdout] 
[INFO] [stdout] 
[INFO] [stdout] warning: associated function `new` is never used
[INFO] [stdout]    --> src/state/button.rs:120:12
[INFO] [stdout]     |
[INFO] [stdout] 120 |     pub fn new(button_name: String) -> ButtonState {
[INFO] [stdout]     |            ^^^
[INFO] [stdout] 
[INFO] [stdout] 
[INFO] [stdout] warning: unused `Result` that must be used
[INFO] [stdout]   --> src/script_engine/python/app_state.rs:27:9
[INFO] [stdout]    |
[INFO] [stdout] 27 | /         self.state.write().unwrap().set_named_button_up_face(
[INFO] [stdout] 28 | |             &button_name,
[INFO] [stdout] 29 | |             match properties.get("color") {
[INFO] [stdout] 30 | |                 None => None,
[INFO] [stdout] ...  |
[INFO] [stdout] 47 | |                 Some(c) => Some(hex_string_to_rgba_color(c).unwrap()),
[INFO] [stdout] 48 | |             });
[INFO] [stdout]    | |______________^
[INFO] [stdout]    |
[INFO] [stdout]    = note: this `Result` may be an `Err` variant, which should be handled
[INFO] [stdout]    = note: `#[warn(unused_must_use)]` on by default
[INFO] [stdout] 
[INFO] [stdout] 
[INFO] [stdout] warning: unused `Result` that must be used
[INFO] [stdout]   --> src/script_engine/python/engine.rs:17:13
[INFO] [stdout]    |
[INFO] [stdout] 17 |             locals.set_item("state", Py::new(py, super::app_state::AppState::new(app_state)).unwrap());
[INFO] [stdout]    |             ^^^^^^^^^^^^^^^^^^^^^^^^^^^^^^^^^^^^^^^^^^^^^^^^^^^^^^^^^^^^^^^^^^^^^^^^^^^^^^^^^^^^^^^^^^
[INFO] [stdout]    |
[INFO] [stdout]    = note: this `Result` may be an `Err` variant, which should be handled
[INFO] [stdout] 
[INFO] [stdout] 
[INFO] [stdout] warning: 18 warnings emitted
[INFO] [stdout] 
[INFO] [stdout] 
[INFO] [stderr]     Finished dev [unoptimized + debuginfo] target(s) in 42.54s
[INFO] running `Command { std: "docker" "inspect" "9b6549d56a80a342b26580108888115a8dec1db846b4aa6c7333395e2ef202ea", kill_on_drop: false }`
[INFO] running `Command { std: "docker" "rm" "-f" "9b6549d56a80a342b26580108888115a8dec1db846b4aa6c7333395e2ef202ea", kill_on_drop: false }`
[INFO] [stdout] 9b6549d56a80a342b26580108888115a8dec1db846b4aa6c7333395e2ef202ea
[INFO] running `Command { std: "docker" "create" "-v" "/var/lib/crater-agent-workspace/builds/worker-0-tc1/target:/opt/rustwide/target:rw,Z" "-v" "/var/lib/crater-agent-workspace/builds/worker-0-tc1/source:/opt/rustwide/workdir:ro,Z" "-v" "/var/lib/crater-agent-workspace/cargo-home:/opt/rustwide/cargo-home:ro,Z" "-v" "/var/lib/crater-agent-workspace/rustup-home:/opt/rustwide/rustup-home:ro,Z" "-e" "SOURCE_DIR=/opt/rustwide/workdir" "-e" "CARGO_TARGET_DIR=/opt/rustwide/target" "-e" "CARGO_INCREMENTAL=0" "-e" "RUST_BACKTRACE=full" "-e" "RUSTFLAGS=--cap-lints=warn" "-e" "RUSTDOCFLAGS=--cap-lints=warn" "-e" "CARGO_HOME=/opt/rustwide/cargo-home" "-e" "RUSTUP_HOME=/opt/rustwide/rustup-home" "-w" "/opt/rustwide/workdir" "-m" "1610612736" "--user" "0:0" "--network" "none" "ghcr.io/rust-lang/crates-build-env/linux@sha256:5ff2268d62e97bff2cde7d5815dd6ed5b47097566f13b8d0ca110b04b60e07ed" "/opt/rustwide/cargo-home/bin/cargo" "+1.69.0" "test" "--frozen" "--no-run" "--message-format=json", kill_on_drop: false }`
[INFO] [stdout] 9c13bd521948b6e85eaced2cb06a07cc79fa8162e81189056fcc5005920b5bd9
[INFO] running `Command { std: "docker" "start" "-a" "9c13bd521948b6e85eaced2cb06a07cc79fa8162e81189056fcc5005920b5bd9", kill_on_drop: false }`
[INFO] [stderr]    Compiling md5 v0.7.0
[INFO] [stderr]    Compiling streamdeck-controller-rs v0.1.0 (/opt/rustwide/workdir)
[INFO] [stdout] warning: unnecessary parentheses around index expression
[INFO] [stdout]    --> src/foreground_window/linux/foreground_window.rs:211:42
[INFO] [stdout]     |
[INFO] [stdout] 211 |         res = res * 256 + property.value[(property.value.len() - index - 1)] as u32;
[INFO] [stdout]     |                                          ^                                ^
[INFO] [stdout]     |
[INFO] [stdout]     = note: `#[warn(unused_parens)]` on by default
[INFO] [stdout] help: remove these parentheses
[INFO] [stdout]     |
[INFO] [stdout] 211 -         res = res * 256 + property.value[(property.value.len() - index - 1)] as u32;
[INFO] [stdout] 211 +         res = res * 256 + property.value[property.value.len() - index - 1] as u32;
[INFO] [stdout]     |
[INFO] [stdout] 
[INFO] [stdout] 
[INFO] [stdout] warning: unused import: `IntoPyDict`
[INFO] [stdout]  --> src/script_engine/python/engine.rs:5:19
[INFO] [stdout]   |
[INFO] [stdout] 5 | use pyo3::types::{IntoPyDict, PyDict};
[INFO] [stdout]   |                   ^^^^^^^^^^
[INFO] [stdout]   |
[INFO] [stdout]   = note: `#[warn(unused_imports)]` on by default
[INFO] [stdout] 
[INFO] [stdout] 
[INFO] [stdout] warning: unused import: `std::borrow::Borrow`
[INFO] [stdout]    --> src/state/app_state.rs:341:9
[INFO] [stdout]     |
[INFO] [stdout] 341 |     use std::borrow::Borrow;
[INFO] [stdout]     |         ^^^^^^^^^^^^^^^^^^^
[INFO] [stdout] 
[INFO] [stdout] 
[INFO] [stdout] warning: unused import: `streamdeck_hid_rs::StreamDeckType`
[INFO] [stdout]  --> src/state/button.rs:8:5
[INFO] [stdout]   |
[INFO] [stdout] 8 | use streamdeck_hid_rs::StreamDeckType;
[INFO] [stdout]   |     ^^^^^^^^^^^^^^^^^^^^^^^^^^^^^^^^^
[INFO] [stdout] 
[INFO] [stdout] 
[INFO] [stdout] warning: unused import: `crate::config::ButtonConfigOptionalName`
[INFO] [stdout]    --> src/state/button.rs:220:9
[INFO] [stdout]     |
[INFO] [stdout] 220 |     use crate::config::ButtonConfigOptionalName;
[INFO] [stdout]     |         ^^^^^^^^^^^^^^^^^^^^^^^^^^^^^^^^^^^^^^^
[INFO] [stdout] 
[INFO] [stdout] 
[INFO] [stdout] warning: unused import: `crate::InputEvent::ForegroundWindow`
[INFO] [stdout]   --> src/state/foreground_window_condition.rs:64:9
[INFO] [stdout]    |
[INFO] [stdout] 64 |     use crate::InputEvent::ForegroundWindow;
[INFO] [stdout]    |         ^^^^^^^^^^^^^^^^^^^^^^^^^^^^^^^^^^^
[INFO] [stdout] 
[INFO] [stdout] 
[INFO] [stdout] warning: unused import: `std::sync::Arc`
[INFO] [stdout]  --> src/state/page/positioned_button_setup.rs:6:5
[INFO] [stdout]   |
[INFO] [stdout] 6 | use std::sync::Arc;
[INFO] [stdout]   |     ^^^^^^^^^^^^^^
[INFO] [stdout] 
[INFO] [stdout] 
[INFO] [stdout] warning: unused import: `log::warn`
[INFO] [stdout]  --> src/state/page/positioned_button_setup.rs:7:5
[INFO] [stdout]   |
[INFO] [stdout] 7 | use log::warn;
[INFO] [stdout]   |     ^^^^^^^^^
[INFO] [stdout] 
[INFO] [stdout] 
[INFO] [stdout] warning: unused import: `pyo3::number::pos`
[INFO] [stdout]  --> src/state/page/positioned_button_setup.rs:8:5
[INFO] [stdout]   |
[INFO] [stdout] 8 | use pyo3::number::pos;
[INFO] [stdout]   |     ^^^^^^^^^^^^^^^^^
[INFO] [stdout] 
[INFO] [stdout] 
[INFO] [stdout] warning: unused import: `std::sync::Arc`
[INFO] [stdout]   --> src/state/page/mod.rs:11:5
[INFO] [stdout]    |
[INFO] [stdout] 11 | use std::sync::Arc;
[INFO] [stdout]    |     ^^^^^^^^^^^^^^
[INFO] [stdout] 
[INFO] [stdout] 
[INFO] [stdout] error[E0308]: mismatched types
[INFO] [stdout]    --> src/state/button.rs:247:45
[INFO] [stdout]     |
[INFO] [stdout] 247 |         let returned_face = state.get_setup(&named_buttons);
[INFO] [stdout]     |                                   --------- ^^^^^^^^^^^^^^ expected `&HashMap<String, ButtonSetup>`, found `&HashMap<String, Arc<ButtonSetup>>`
[INFO] [stdout]     |                                   |
[INFO] [stdout]     |                                   arguments to this method are incorrect
[INFO] [stdout]     |
[INFO] [stdout]     = note: expected reference `&std::collections::HashMap<std::string::String, state::button::ButtonSetup>`
[INFO] [stdout]                found reference `&std::collections::HashMap<std::string::String, std::sync::Arc<state::button::ButtonSetup>>`
[INFO] [stdout] note: method defined here
[INFO] [stdout]    --> src/state/button.rs:171:8
[INFO] [stdout]     |
[INFO] [stdout] 171 |     fn get_setup<'a>(
[INFO] [stdout]     |        ^^^^^^^^^
[INFO] [stdout] 172 |         &self,
[INFO] [stdout] 173 |         named_buttons: &'a HashMap<String, ButtonSetup>,
[INFO] [stdout]     |         -----------------------------------------------
[INFO] [stdout] 
[INFO] [stdout] 
[INFO] [stdout] error[E0308]: mismatched types
[INFO] [stdout]    --> src/state/button.rs:252:29
[INFO] [stdout]     |
[INFO] [stdout] 252 |         assert!(Arc::ptr_eq(&returned_face_unwrap, &setup));
[INFO] [stdout]     |                 ----------- ^^^^^^^^^^^^^^^^^^^^^ expected `&Arc<ButtonSetup>`, found `&&ButtonSetup`
[INFO] [stdout]     |                 |
[INFO] [stdout]     |                 arguments to this function are incorrect
[INFO] [stdout]     |
[INFO] [stdout]     = note: expected reference `&std::sync::Arc<state::button::ButtonSetup>`
[INFO] [stdout]                found reference `&&state::button::ButtonSetup`
[INFO] [stdout] note: associated function defined here
[INFO] [stdout]    --> /rustc/84c898d65adf2f39a5a98507f1fe0ce10a2b8dbc/library/alloc/src/sync.rs:1294:12
[INFO] [stdout] 
[INFO] [stdout] 
[INFO] [stdout] error[E0308]: mismatched types
[INFO] [stdout]    --> src/state/button.rs:271:55
[INFO] [stdout]     |
[INFO] [stdout] 271 |         state.set_rendered_and_get_face_for_rendering(&named_buttons);
[INFO] [stdout]     |               --------------------------------------- ^^^^^^^^^^^^^^ expected `&HashMap<String, ButtonSetup>`, found `&HashMap<String, Arc<ButtonSetup>>`
[INFO] [stdout]     |               |
[INFO] [stdout]     |               arguments to this method are incorrect
[INFO] [stdout]     |
[INFO] [stdout]     = note: expected reference `&std::collections::HashMap<std::string::String, state::button::ButtonSetup>`
[INFO] [stdout]                found reference `&std::collections::HashMap<std::string::String, std::sync::Arc<state::button::ButtonSetup>>`
[INFO] [stdout] note: method defined here
[INFO] [stdout]    --> src/state/button.rs:189:12
[INFO] [stdout]     |
[INFO] [stdout] 189 |     pub fn set_rendered_and_get_face_for_rendering<'a>(
[INFO] [stdout]     |            ^^^^^^^^^^^^^^^^^^^^^^^^^^^^^^^^^^^^^^^
[INFO] [stdout] 190 |         &mut self,
[INFO] [stdout] 191 |         named_buttons: &'a HashMap<String, ButtonSetup>,
[INFO] [stdout]     |         -----------------------------------------------
[INFO] [stdout] 
[INFO] [stdout] 
[INFO] [stdout] error[E0308]: mismatched types
[INFO] [stdout]    --> src/state/button.rs:293:55
[INFO] [stdout]     |
[INFO] [stdout] 293 |         state.set_rendered_and_get_face_for_rendering(&named_buttons);
[INFO] [stdout]     |               --------------------------------------- ^^^^^^^^^^^^^^ expected `&HashMap<String, ButtonSetup>`, found `&HashMap<String, Arc<ButtonSetup>>`
[INFO] [stdout]     |               |
[INFO] [stdout]     |               arguments to this method are incorrect
[INFO] [stdout]     |
[INFO] [stdout]     = note: expected reference `&std::collections::HashMap<std::string::String, state::button::ButtonSetup>`
[INFO] [stdout]                found reference `&std::collections::HashMap<std::string::String, std::sync::Arc<state::button::ButtonSetup>>`
[INFO] [stdout] note: method defined here
[INFO] [stdout]    --> src/state/button.rs:189:12
[INFO] [stdout]     |
[INFO] [stdout] 189 |     pub fn set_rendered_and_get_face_for_rendering<'a>(
[INFO] [stdout]     |            ^^^^^^^^^^^^^^^^^^^^^^^^^^^^^^^^^^^^^^^
[INFO] [stdout] 190 |         &mut self,
[INFO] [stdout] 191 |         named_buttons: &'a HashMap<String, ButtonSetup>,
[INFO] [stdout]     |         -----------------------------------------------
[INFO] [stdout] 
[INFO] [stdout] 
[INFO] [stdout] error[E0308]: mismatched types
[INFO] [stdout]    --> src/state/button.rs:294:27
[INFO] [stdout]     |
[INFO] [stdout] 294 |         state.set_pressed(&named_buttons);
[INFO] [stdout]     |               ----------- ^^^^^^^^^^^^^^ expected `&HashMap<String, ButtonSetup>`, found `&HashMap<String, Arc<ButtonSetup>>`
[INFO] [stdout]     |               |
[INFO] [stdout]     |               arguments to this method are incorrect
[INFO] [stdout]     |
[INFO] [stdout]     = note: expected reference `&std::collections::HashMap<std::string::String, state::button::ButtonSetup>`
[INFO] [stdout]                found reference `&std::collections::HashMap<std::string::String, std::sync::Arc<state::button::ButtonSetup>>`
[INFO] [stdout] note: method defined here
[INFO] [stdout]    --> src/state/button.rs:142:12
[INFO] [stdout]     |
[INFO] [stdout] 142 |     pub fn set_pressed<'a>(
[INFO] [stdout]     |            ^^^^^^^^^^^
[INFO] [stdout] 143 |         &mut self,
[INFO] [stdout] 144 |         named_buttons: &'a HashMap<String, ButtonSetup>,
[INFO] [stdout]     |         -----------------------------------------------
[INFO] [stdout] 
[INFO] [stdout] 
[INFO] [stdout] error[E0308]: mismatched types
[INFO] [stdout]    --> src/state/button.rs:316:27
[INFO] [stdout]     |
[INFO] [stdout] 316 |         state.set_pressed(&named_buttons);
[INFO] [stdout]     |               ----------- ^^^^^^^^^^^^^^ expected `&HashMap<String, ButtonSetup>`, found `&HashMap<String, Arc<ButtonSetup>>`
[INFO] [stdout]     |               |
[INFO] [stdout]     |               arguments to this method are incorrect
[INFO] [stdout]     |
[INFO] [stdout]     = note: expected reference `&std::collections::HashMap<std::string::String, state::button::ButtonSetup>`
[INFO] [stdout]                found reference `&std::collections::HashMap<std::string::String, std::sync::Arc<state::button::ButtonSetup>>`
[INFO] [stdout] note: method defined here
[INFO] [stdout]    --> src/state/button.rs:142:12
[INFO] [stdout]     |
[INFO] [stdout] 142 |     pub fn set_pressed<'a>(
[INFO] [stdout]     |            ^^^^^^^^^^^
[INFO] [stdout] 143 |         &mut self,
[INFO] [stdout] 144 |         named_buttons: &'a HashMap<String, ButtonSetup>,
[INFO] [stdout]     |         -----------------------------------------------
[INFO] [stdout] 
[INFO] [stdout] 
[INFO] [stdout] error[E0308]: mismatched types
[INFO] [stdout]    --> src/state/button.rs:317:55
[INFO] [stdout]     |
[INFO] [stdout] 317 |         state.set_rendered_and_get_face_for_rendering(&named_buttons);
[INFO] [stdout]     |               --------------------------------------- ^^^^^^^^^^^^^^ expected `&HashMap<String, ButtonSetup>`, found `&HashMap<String, Arc<ButtonSetup>>`
[INFO] [stdout]     |               |
[INFO] [stdout]     |               arguments to this method are incorrect
[INFO] [stdout]     |
[INFO] [stdout]     = note: expected reference `&std::collections::HashMap<std::string::String, state::button::ButtonSetup>`
[INFO] [stdout]                found reference `&std::collections::HashMap<std::string::String, std::sync::Arc<state::button::ButtonSetup>>`
[INFO] [stdout] note: method defined here
[INFO] [stdout]    --> src/state/button.rs:189:12
[INFO] [stdout]     |
[INFO] [stdout] 189 |     pub fn set_rendered_and_get_face_for_rendering<'a>(
[INFO] [stdout]     |            ^^^^^^^^^^^^^^^^^^^^^^^^^^^^^^^^^^^^^^^
[INFO] [stdout] 190 |         &mut self,
[INFO] [stdout] 191 |         named_buttons: &'a HashMap<String, ButtonSetup>,
[INFO] [stdout]     |         -----------------------------------------------
[INFO] [stdout] 
[INFO] [stdout] 
[INFO] [stdout] error[E0308]: mismatched types
[INFO] [stdout]    --> src/state/button.rs:318:28
[INFO] [stdout]     |
[INFO] [stdout] 318 |         state.set_released(&named_buttons);
[INFO] [stdout]     |               ------------ ^^^^^^^^^^^^^^ expected `&HashMap<String, ButtonSetup>`, found `&HashMap<String, Arc<ButtonSetup>>`
[INFO] [stdout]     |               |
[INFO] [stdout]     |               arguments to this method are incorrect
[INFO] [stdout]     |
[INFO] [stdout]     = note: expected reference `&std::collections::HashMap<std::string::String, state::button::ButtonSetup>`
[INFO] [stdout]                found reference `&std::collections::HashMap<std::string::String, std::sync::Arc<state::button::ButtonSetup>>`
[INFO] [stdout] note: method defined here
[INFO] [stdout]    --> src/state/button.rs:152:12
[INFO] [stdout]     |
[INFO] [stdout] 152 |     pub fn set_released<'a>(
[INFO] [stdout]     |            ^^^^^^^^^^^^
[INFO] [stdout] 153 |         &mut self,
[INFO] [stdout] 154 |         named_buttons: &'a HashMap<String, ButtonSetup>,
[INFO] [stdout]     |         -----------------------------------------------
[INFO] [stdout] 
[INFO] [stdout] 
[INFO] [stdout] error: aborting due to 8 previous errors; 10 warnings emitted
[INFO] [stdout] 
[INFO] [stdout] 
[INFO] [stdout] For more information about this error, try `rustc --explain E0308`.
[INFO] [stdout] 
[INFO] [stderr] error: could not compile `streamdeck-controller-rs` due to 9 previous errors; 10 warnings emitted
[INFO] running `Command { std: "docker" "inspect" "9c13bd521948b6e85eaced2cb06a07cc79fa8162e81189056fcc5005920b5bd9", kill_on_drop: false }`
[INFO] running `Command { std: "docker" "rm" "-f" "9c13bd521948b6e85eaced2cb06a07cc79fa8162e81189056fcc5005920b5bd9", kill_on_drop: false }`
[INFO] [stdout] 9c13bd521948b6e85eaced2cb06a07cc79fa8162e81189056fcc5005920b5bd9
