[INFO] cloning repository https://github.com/RonaldCrb/gpio-zero
[INFO] running `Command { std: "git" "-c" "credential.helper=" "-c" "credential.helper=/workspace/cargo-home/bin/git-credential-null" "clone" "--bare" "https://github.com/RonaldCrb/gpio-zero" "/workspace/cache/git-repos/https%3A%2F%2Fgithub.com%2FRonaldCrb%2Fgpio-zero", kill_on_drop: false }`
[INFO] [stderr] Cloning into bare repository '/workspace/cache/git-repos/https%3A%2F%2Fgithub.com%2FRonaldCrb%2Fgpio-zero'...
[INFO] running `Command { std: "git" "rev-parse" "HEAD", kill_on_drop: false }`
[INFO] [stdout] 033452cf29d4e2765e208ef25e718fafa7f1d023
[INFO] testing RonaldCrb/gpio-zero against 1.69.0 for beta-1.70-1
[INFO] running `Command { std: "git" "clone" "/workspace/cache/git-repos/https%3A%2F%2Fgithub.com%2FRonaldCrb%2Fgpio-zero" "/workspace/builds/worker-3-tc1/source", kill_on_drop: false }`
[INFO] [stderr] Cloning into '/workspace/builds/worker-3-tc1/source'...
[INFO] [stderr] done.
[INFO] validating manifest of git repo https://github.com/RonaldCrb/gpio-zero on toolchain 1.69.0
[INFO] running `Command { std: CARGO_HOME="/workspace/cargo-home" RUSTUP_HOME="/workspace/rustup-home" "/workspace/cargo-home/bin/cargo" "+1.69.0" "metadata" "--manifest-path" "Cargo.toml" "--no-deps", kill_on_drop: false }`
[INFO] started tweaking git repo https://github.com/RonaldCrb/gpio-zero
[INFO] finished tweaking git repo https://github.com/RonaldCrb/gpio-zero
[INFO] tweaked toml for git repo https://github.com/RonaldCrb/gpio-zero written to /workspace/builds/worker-3-tc1/source/Cargo.toml
[INFO] crate git repo https://github.com/RonaldCrb/gpio-zero already has a lockfile, it will not be regenerated
[INFO] running `Command { std: CARGO_HOME="/workspace/cargo-home" RUSTUP_HOME="/workspace/rustup-home" "/workspace/cargo-home/bin/cargo" "+1.69.0" "fetch" "--manifest-path" "Cargo.toml", kill_on_drop: false }`
[INFO] [stderr]  Downloading crates ...
[INFO] [stderr]   Downloaded rust_gpiozero v0.2.0
[INFO] running `Command { std: "docker" "create" "-v" "/var/lib/crater-agent-workspace/builds/worker-3-tc1/target:/opt/rustwide/target:rw,Z" "-v" "/var/lib/crater-agent-workspace/builds/worker-3-tc1/source:/opt/rustwide/workdir:ro,Z" "-v" "/var/lib/crater-agent-workspace/cargo-home:/opt/rustwide/cargo-home:ro,Z" "-v" "/var/lib/crater-agent-workspace/rustup-home:/opt/rustwide/rustup-home:ro,Z" "-e" "SOURCE_DIR=/opt/rustwide/workdir" "-e" "CARGO_TARGET_DIR=/opt/rustwide/target" "-e" "CARGO_HOME=/opt/rustwide/cargo-home" "-e" "RUSTUP_HOME=/opt/rustwide/rustup-home" "-w" "/opt/rustwide/workdir" "-m" "1610612736" "--user" "0:0" "--network" "none" "ghcr.io/rust-lang/crates-build-env/linux@sha256:5ff2268d62e97bff2cde7d5815dd6ed5b47097566f13b8d0ca110b04b60e07ed" "/opt/rustwide/cargo-home/bin/cargo" "+1.69.0" "metadata" "--no-deps" "--format-version=1", kill_on_drop: false }`
[INFO] [stdout] 83c2c5bc6185aa16a79fd970dc831cc4f0972aa952a48bb01e769e5ce4ed73af
[INFO] running `Command { std: "docker" "start" "-a" "83c2c5bc6185aa16a79fd970dc831cc4f0972aa952a48bb01e769e5ce4ed73af", kill_on_drop: false }`
[INFO] running `Command { std: "docker" "inspect" "83c2c5bc6185aa16a79fd970dc831cc4f0972aa952a48bb01e769e5ce4ed73af", kill_on_drop: false }`
[INFO] running `Command { std: "docker" "rm" "-f" "83c2c5bc6185aa16a79fd970dc831cc4f0972aa952a48bb01e769e5ce4ed73af", kill_on_drop: false }`
[INFO] [stdout] 83c2c5bc6185aa16a79fd970dc831cc4f0972aa952a48bb01e769e5ce4ed73af
[INFO] running `Command { std: "docker" "create" "-v" "/var/lib/crater-agent-workspace/builds/worker-3-tc1/target:/opt/rustwide/target:rw,Z" "-v" "/var/lib/crater-agent-workspace/builds/worker-3-tc1/source:/opt/rustwide/workdir:ro,Z" "-v" "/var/lib/crater-agent-workspace/cargo-home:/opt/rustwide/cargo-home:ro,Z" "-v" "/var/lib/crater-agent-workspace/rustup-home:/opt/rustwide/rustup-home:ro,Z" "-e" "SOURCE_DIR=/opt/rustwide/workdir" "-e" "CARGO_TARGET_DIR=/opt/rustwide/target" "-e" "CARGO_INCREMENTAL=0" "-e" "RUST_BACKTRACE=full" "-e" "RUSTFLAGS=--cap-lints=warn" "-e" "RUSTDOCFLAGS=--cap-lints=warn" "-e" "CARGO_HOME=/opt/rustwide/cargo-home" "-e" "RUSTUP_HOME=/opt/rustwide/rustup-home" "-w" "/opt/rustwide/workdir" "-m" "1610612736" "--user" "0:0" "--network" "none" "ghcr.io/rust-lang/crates-build-env/linux@sha256:5ff2268d62e97bff2cde7d5815dd6ed5b47097566f13b8d0ca110b04b60e07ed" "/opt/rustwide/cargo-home/bin/cargo" "+1.69.0" "build" "--frozen" "--message-format=json", kill_on_drop: false }`
[INFO] [stdout] 26f0d9e11b4c3bdeb7804604163697bacebb208e016e5deff9c3b00f7ee2d373
[INFO] running `Command { std: "docker" "start" "-a" "26f0d9e11b4c3bdeb7804604163697bacebb208e016e5deff9c3b00f7ee2d373", kill_on_drop: false }`
[INFO] [stderr]    Compiling proc-macro2 v1.0.26
[INFO] [stderr]    Compiling libc v0.2.93
[INFO] [stderr]    Compiling syn v1.0.69
[INFO] [stderr]    Compiling memchr v2.3.4
[INFO] [stderr]    Compiling proc-macro-hack v0.5.19
[INFO] [stderr]    Compiling futures-core v0.3.14
[INFO] [stderr]    Compiling futures-sink v0.3.14
[INFO] [stderr]    Compiling pin-project-lite v0.2.6
[INFO] [stderr]    Compiling proc-macro-nested v0.1.7
[INFO] [stderr]    Compiling futures-io v0.3.14
[INFO] [stderr]    Compiling futures-channel v0.3.14
[INFO] [stderr]    Compiling futures-task v0.3.14
[INFO] [stderr]    Compiling bytes v0.5.6
[INFO] [stderr]    Compiling pin-project-lite v0.1.12
[INFO] [stderr]    Compiling pin-project-internal v0.4.28
[INFO] [stderr]    Compiling instant v0.1.9
[INFO] [stderr]    Compiling lock_api v0.4.3
[INFO] [stderr]    Compiling getrandom v0.1.16
[INFO] [stderr]    Compiling quote v1.0.9
[INFO] [stderr]    Compiling convert_case v0.4.0
[INFO] [stderr]    Compiling tinyvec_macros v0.1.0
[INFO] [stderr]    Compiling percent-encoding v2.1.0
[INFO] [stderr]    Compiling net2 v0.2.37
[INFO] [stderr]    Compiling iovec v0.1.4
[INFO] [stderr]    Compiling signal-hook-registry v1.3.0
[INFO] [stderr]    Compiling num_cpus v1.13.0
[INFO] [stderr]    Compiling parking_lot_core v0.8.3
[INFO] [stderr]    Compiling mio v0.6.23
[INFO] [stderr]    Compiling threadpool v1.8.1
[INFO] [stderr]    Compiling tinyvec v1.2.0
[INFO] [stderr]    Compiling parking_lot v0.11.1
[INFO] [stderr]    Compiling standback v0.2.17
[INFO] [stderr]    Compiling serde_derive v1.0.125
[INFO] [stderr]    Compiling typenum v1.13.0
[INFO] [stderr]    Compiling mio-uds v0.6.8
[INFO] [stderr]    Compiling itoa v0.4.7
[INFO] [stderr]    Compiling copyless v0.1.5
[INFO] [stderr]    Compiling tokio v0.2.25
[INFO] [stderr]    Compiling rand_core v0.5.1
[INFO] [stderr]    Compiling unicode-normalization v0.1.17
[INFO] [stderr]    Compiling form_urlencoded v1.0.1
[INFO] [stderr]    Compiling unicode-bidi v0.3.5
[INFO] [stderr]    Compiling generic-array v0.14.4
[INFO] [stderr]    Compiling ppv-lite86 v0.2.10
[INFO] [stderr]    Compiling async-trait v0.1.48
[INFO] [stderr]    Compiling unicode-segmentation v1.7.1
[INFO] [stderr]    Compiling serde v1.0.125
[INFO] [stderr]    Compiling bytes v1.0.1
[INFO] [stderr]    Compiling idna v0.2.2
[INFO] [stderr]    Compiling heck v0.3.2
[INFO] [stderr]    Compiling rand_chacha v0.2.2
[INFO] [stderr]    Compiling fnv v1.0.7
[INFO] [stderr]    Compiling match_cfg v0.1.0
[INFO] [stderr]    Compiling const_fn v0.4.6
[INFO] [stderr]    Compiling cc v1.0.67
[INFO] [stderr]    Compiling hostname v0.3.1
[INFO] [stderr]    Compiling http v0.2.4
[INFO] [stderr]    Compiling url v2.2.1
[INFO] [stderr]    Compiling rand v0.7.3
[INFO] [stderr]    Compiling miniz_oxide v0.4.4
[INFO] [stderr]    Compiling indexmap v1.6.2
[INFO] [stderr]    Compiling time v0.2.26
[INFO] [stderr]    Compiling tracing-core v0.1.17
[INFO] [stderr]    Compiling linked-hash-map v0.5.4
[INFO] [stderr]    Compiling brotli-sys v0.3.2
[INFO] [stderr]    Compiling quick-error v1.2.3
[INFO] [stderr]    Compiling crc32fast v1.2.1
[INFO] [stderr]    Compiling tokio-util v0.3.1
[INFO] [stderr]    Compiling resolv-conf v0.7.0
[INFO] [stderr]    Compiling lru-cache v0.1.2
[INFO] [stderr]    Compiling tracing v0.1.25
[INFO] [stderr]    Compiling aho-corasick v0.7.15
[INFO] [stderr]    Compiling cookie v0.14.4
[INFO] [stderr]    Compiling encoding_rs v0.8.28
[INFO] [stderr]    Compiling httparse v1.3.6
[INFO] [stderr]    Compiling adler v1.0.2
[INFO] [stderr]    Compiling regex-syntax v0.6.23
[INFO] [stderr]    Compiling serde_json v1.0.64
[INFO] [stderr]    Compiling hashbrown v0.9.1
[INFO] [stderr]    Compiling block-buffer v0.9.0
[INFO] [stderr]    Compiling digest v0.9.0
[INFO] [stderr]    Compiling byteorder v1.4.3
[INFO] [stderr]    Compiling cpuid-bool v0.1.2
[INFO] [stderr]    Compiling opaque-debug v0.3.0
[INFO] [stderr]    Compiling fxhash v0.2.1
[INFO] [stderr]    Compiling flate2 v1.0.20
[INFO] [stderr]    Compiling sha-1 v0.9.4
[INFO] [stderr]    Compiling socket2 v0.3.19
[INFO] [stderr]    Compiling language-tags v0.2.2
[INFO] [stderr]    Compiling mime v0.3.16
[INFO] [stderr]    Compiling base64 v0.13.0
[INFO] [stderr]    Compiling futures-macro v0.3.14
[INFO] [stderr]    Compiling derive_more v0.99.13
[INFO] [stderr]    Compiling actix-macros v0.1.3
[INFO] [stderr]    Compiling thiserror-impl v1.0.24
[INFO] [stderr]    Compiling futures-util v0.3.14
[INFO] [stderr]    Compiling enum-as-inner v0.3.3
[INFO] [stderr]    Compiling pin-project v0.4.28
[INFO] [stderr]    Compiling actix-codec v0.3.0
[INFO] [stderr]    Compiling pin-project-internal v1.0.6
[INFO] [stderr]    Compiling time-macros-impl v0.1.1
[INFO] [stderr]    Compiling thiserror v1.0.24
[INFO] [stderr]    Compiling regex v1.4.5
[INFO] [stderr]    Compiling brotli2 v0.3.2
[INFO] [stderr]    Compiling bytestring v1.0.0
[INFO] [stderr]    Compiling actix-web-codegen v0.4.0
[INFO] [stderr]    Compiling time-macros v0.1.1
[INFO] [stderr]    Compiling rppal v0.11.3
[INFO] [stderr]    Compiling pin-project v1.0.6
[INFO] [stderr]    Compiling actix-service v1.0.6
[INFO] [stderr]    Compiling actix-threadpool v0.3.3
[INFO] [stderr]    Compiling actix-rt v1.1.1
[INFO] [stderr]    Compiling futures v0.3.14
[INFO] [stderr]    Compiling tracing-futures v0.2.5
[INFO] [stderr]    Compiling trust-dns-proto v0.19.7
[INFO] [stderr]    Compiling h2 v0.2.7
[INFO] [stderr]    Compiling actix-utils v2.0.0
[INFO] [stderr]    Compiling actix-server v1.0.4
[INFO] [stderr]    Compiling actix-tls v2.0.0
[INFO] [stderr]    Compiling trust-dns-resolver v0.19.7
[INFO] [stderr]    Compiling rust_gpiozero v0.2.0
[INFO] [stderr]    Compiling dotenv v0.15.0
[INFO] [stderr]    Compiling actix-testing v1.0.1
[INFO] [stderr]    Compiling actix-connect v2.0.0
[INFO] [stderr]    Compiling serde_urlencoded v0.7.0
[INFO] [stderr]    Compiling actix-router v0.2.7
[INFO] [stderr]    Compiling actix-http v2.2.0
[INFO] [stderr]    Compiling awc v2.0.3
[INFO] [stderr]    Compiling actix-web v3.3.2
[INFO] [stderr]    Compiling actix-api v0.1.0 (/opt/rustwide/workdir)
[INFO] [stdout] error[E0594]: cannot assign to `r.is_on`, which is behind a `&` reference
[INFO] [stdout]   --> src/relays/mod.rs:68:7
[INFO] [stdout]    |
[INFO] [stdout] 68 |       r.is_on = false;
[INFO] [stdout]    |       ^^^^^^^^^^^^^^^ `r` is a `&` reference, so the data it refers to cannot be written
[INFO] [stdout]    |
[INFO] [stdout] help: consider changing this to be a mutable reference
[INFO] [stdout]    |
[INFO] [stdout] 66 |     let mut r: &Relay = &mut RELAY_INTERFACE.interfaces[index];
[INFO] [stdout]    |                         ~~~~~~~~~~~~~~~~~~~~~~~~~~~~~~~~~~~~~~
[INFO] [stdout] 
[INFO] [stdout] 
[INFO] [stdout] error[E0596]: cannot borrow `r.relay` as mutable, as it is behind a `&` reference
[INFO] [stdout]   --> src/relays/mod.rs:69:7
[INFO] [stdout]    |
[INFO] [stdout] 69 |       r.relay.off();
[INFO] [stdout]    |       ^^^^^^^^^^^^^ `r` is a `&` reference, so the data it refers to cannot be borrowed as mutable
[INFO] [stdout]    |
[INFO] [stdout] help: consider changing this to be a mutable reference
[INFO] [stdout]    |
[INFO] [stdout] 66 |     let mut r: &Relay = &mut RELAY_INTERFACE.interfaces[index];
[INFO] [stdout]    |                         ~~~~~~~~~~~~~~~~~~~~~~~~~~~~~~~~~~~~~~
[INFO] [stdout] 
[INFO] [stdout] 
[INFO] [stdout] error[E0594]: cannot assign to `r.is_on`, which is behind a `&` reference
[INFO] [stdout]   --> src/relays/mod.rs:71:7
[INFO] [stdout]    |
[INFO] [stdout] 71 |       r.is_on = true;
[INFO] [stdout]    |       ^^^^^^^^^^^^^^ `r` is a `&` reference, so the data it refers to cannot be written
[INFO] [stdout]    |
[INFO] [stdout] help: consider changing this to be a mutable reference
[INFO] [stdout]    |
[INFO] [stdout] 66 |     let mut r: &Relay = &mut RELAY_INTERFACE.interfaces[index];
[INFO] [stdout]    |                         ~~~~~~~~~~~~~~~~~~~~~~~~~~~~~~~~~~~~~~
[INFO] [stdout] 
[INFO] [stdout] 
[INFO] [stdout] error[E0596]: cannot borrow `r.relay` as mutable, as it is behind a `&` reference
[INFO] [stdout]   --> src/relays/mod.rs:72:7
[INFO] [stdout]    |
[INFO] [stdout] 72 |       r.relay.on();
[INFO] [stdout]    |       ^^^^^^^^^^^^ `r` is a `&` reference, so the data it refers to cannot be borrowed as mutable
[INFO] [stdout]    |
[INFO] [stdout] help: consider changing this to be a mutable reference
[INFO] [stdout]    |
[INFO] [stdout] 66 |     let mut r: &Relay = &mut RELAY_INTERFACE.interfaces[index];
[INFO] [stdout]    |                         ~~~~~~~~~~~~~~~~~~~~~~~~~~~~~~~~~~~~~~
[INFO] [stdout] 
[INFO] [stdout] 
[INFO] [stdout] error: aborting due to 4 previous errors
[INFO] [stdout] 
[INFO] [stdout] 
[INFO] [stdout] Some errors have detailed explanations: E0594, E0596.
[INFO] [stdout] 
[INFO] [stdout] For more information about an error, try `rustc --explain E0594`.
[INFO] [stdout] 
[INFO] [stderr] error: could not compile `actix-api` due to 5 previous errors
[INFO] running `Command { std: "docker" "inspect" "26f0d9e11b4c3bdeb7804604163697bacebb208e016e5deff9c3b00f7ee2d373", kill_on_drop: false }`
[INFO] running `Command { std: "docker" "rm" "-f" "26f0d9e11b4c3bdeb7804604163697bacebb208e016e5deff9c3b00f7ee2d373", kill_on_drop: false }`
[INFO] [stdout] 26f0d9e11b4c3bdeb7804604163697bacebb208e016e5deff9c3b00f7ee2d373
