[INFO] cloning repository https://github.com/RohanKapurDEV/pda-anchor
[INFO] running `Command { std: "git" "-c" "credential.helper=" "-c" "credential.helper=/workspace/cargo-home/bin/git-credential-null" "clone" "--bare" "https://github.com/RohanKapurDEV/pda-anchor" "/workspace/cache/git-repos/https%3A%2F%2Fgithub.com%2FRohanKapurDEV%2Fpda-anchor", kill_on_drop: false }`
[INFO] [stderr] Cloning into bare repository '/workspace/cache/git-repos/https%3A%2F%2Fgithub.com%2FRohanKapurDEV%2Fpda-anchor'...
[INFO] [stderr] /workspace/cache/git-repos/https%3A%2F%2Fgithub.com%2FRohanKapurDEV%2Fpda-anchor/objects/pack: No space left on device
[WARN] Retrying crate fetch in 3 seconds (attempt 1)
[INFO] cloning repository https://github.com/RohanKapurDEV/pda-anchor
[INFO] running `Command { std: "git" "-c" "credential.helper=" "-c" "credential.helper=/workspace/cargo-home/bin/git-credential-null" "clone" "--bare" "https://github.com/RohanKapurDEV/pda-anchor" "/workspace/cache/git-repos/https%3A%2F%2Fgithub.com%2FRohanKapurDEV%2Fpda-anchor", kill_on_drop: false }`
[INFO] [stderr] Cloning into bare repository '/workspace/cache/git-repos/https%3A%2F%2Fgithub.com%2FRohanKapurDEV%2Fpda-anchor'...
[INFO] [stderr] /workspace/cache/git-repos/https%3A%2F%2Fgithub.com%2FRohanKapurDEV%2Fpda-anchor/objects/pack: No space left on device
[WARN] Retrying crate fetch in 3 seconds (attempt 2)
[INFO] cloning repository https://github.com/RohanKapurDEV/pda-anchor
[INFO] running `Command { std: "git" "-c" "credential.helper=" "-c" "credential.helper=/workspace/cargo-home/bin/git-credential-null" "clone" "--bare" "https://github.com/RohanKapurDEV/pda-anchor" "/workspace/cache/git-repos/https%3A%2F%2Fgithub.com%2FRohanKapurDEV%2Fpda-anchor", kill_on_drop: false }`
[INFO] [stderr] Cloning into bare repository '/workspace/cache/git-repos/https%3A%2F%2Fgithub.com%2FRohanKapurDEV%2Fpda-anchor'...
[INFO] running `Command { std: "git" "rev-parse" "HEAD", kill_on_drop: false }`
[INFO] [stdout] ce5ffeb195628d9bb3843501aa30ad571ee1c6c7
[INFO] testing RohanKapurDEV/pda-anchor against 1.69.0 for beta-1.70-1
[INFO] running `Command { std: "git" "clone" "/workspace/cache/git-repos/https%3A%2F%2Fgithub.com%2FRohanKapurDEV%2Fpda-anchor" "/workspace/builds/worker-3-tc1/source", kill_on_drop: false }`
[INFO] [stderr] Cloning into '/workspace/builds/worker-3-tc1/source'...
[INFO] [stderr] done.
[INFO] validating manifest of git repo https://github.com/RohanKapurDEV/pda-anchor on toolchain 1.69.0
[INFO] running `Command { std: CARGO_HOME="/workspace/cargo-home" RUSTUP_HOME="/workspace/rustup-home" "/workspace/cargo-home/bin/cargo" "+1.69.0" "metadata" "--manifest-path" "Cargo.toml" "--no-deps", kill_on_drop: false }`
[INFO] started tweaking git repo https://github.com/RohanKapurDEV/pda-anchor
[INFO] finished tweaking git repo https://github.com/RohanKapurDEV/pda-anchor
[INFO] tweaked toml for git repo https://github.com/RohanKapurDEV/pda-anchor written to /workspace/builds/worker-3-tc1/source/Cargo.toml
[INFO] crate git repo https://github.com/RohanKapurDEV/pda-anchor already has a lockfile, it will not be regenerated
[INFO] running `Command { std: CARGO_HOME="/workspace/cargo-home" RUSTUP_HOME="/workspace/rustup-home" "/workspace/cargo-home/bin/cargo" "+1.69.0" "fetch" "--manifest-path" "Cargo.toml", kill_on_drop: false }`
[INFO] [stderr]  Downloading crates ...
[INFO] [stderr]   Downloaded anchor-syn v0.12.0
[INFO] [stderr]   Downloaded anchor-derive-accounts v0.12.0
[INFO] [stderr]   Downloaded solana-sdk-macro v1.7.8
[INFO] [stderr]   Downloaded anchor-attribute-error v0.12.0
[INFO] [stderr]   Downloaded anchor-attribute-state v0.12.0
[INFO] [stderr]   Downloaded anchor-attribute-account v0.12.0
[INFO] [stderr]   Downloaded anchor-attribute-event v0.12.0
[INFO] [stderr]   Downloaded solana-frozen-abi-macro v1.7.8
[INFO] [stderr]   Downloaded anchor-attribute-program v0.12.0
[INFO] [stderr]   Downloaded solana-frozen-abi v1.7.8
[INFO] [stderr]   Downloaded anchor-lang v0.12.0
[INFO] [stderr]   Downloaded anchor-attribute-access-control v0.12.0
[INFO] [stderr]   Downloaded anchor-attribute-interface v0.12.0
[INFO] [stderr]   Downloaded solana-logger v1.7.8
[INFO] [stderr]   Downloaded solana-program v1.7.8
[INFO] running `Command { std: "docker" "create" "-v" "/var/lib/crater-agent-workspace/builds/worker-3-tc1/target:/opt/rustwide/target:rw,Z" "-v" "/var/lib/crater-agent-workspace/builds/worker-3-tc1/source:/opt/rustwide/workdir:ro,Z" "-v" "/var/lib/crater-agent-workspace/cargo-home:/opt/rustwide/cargo-home:ro,Z" "-v" "/var/lib/crater-agent-workspace/rustup-home:/opt/rustwide/rustup-home:ro,Z" "-e" "SOURCE_DIR=/opt/rustwide/workdir" "-e" "CARGO_TARGET_DIR=/opt/rustwide/target" "-e" "CARGO_HOME=/opt/rustwide/cargo-home" "-e" "RUSTUP_HOME=/opt/rustwide/rustup-home" "-w" "/opt/rustwide/workdir" "-m" "1610612736" "--user" "0:0" "--network" "none" "ghcr.io/rust-lang/crates-build-env/linux@sha256:97d61d7686bf65f8ecb15491ab51835e82dc9176a96a831f143a431b191fc501" "/opt/rustwide/cargo-home/bin/cargo" "+1.69.0" "metadata" "--no-deps" "--format-version=1", kill_on_drop: false }`
[INFO] [stdout] d7b334af171d51f82d8bb44fa3cc1cc2c1708bafd81c6ea8724989cb00064723
[INFO] running `Command { std: "docker" "start" "-a" "d7b334af171d51f82d8bb44fa3cc1cc2c1708bafd81c6ea8724989cb00064723", kill_on_drop: false }`
[INFO] running `Command { std: "docker" "inspect" "d7b334af171d51f82d8bb44fa3cc1cc2c1708bafd81c6ea8724989cb00064723", kill_on_drop: false }`
[INFO] running `Command { std: "docker" "rm" "-f" "d7b334af171d51f82d8bb44fa3cc1cc2c1708bafd81c6ea8724989cb00064723", kill_on_drop: false }`
[INFO] [stdout] d7b334af171d51f82d8bb44fa3cc1cc2c1708bafd81c6ea8724989cb00064723
[INFO] running `Command { std: "docker" "create" "-v" "/var/lib/crater-agent-workspace/builds/worker-3-tc1/target:/opt/rustwide/target:rw,Z" "-v" "/var/lib/crater-agent-workspace/builds/worker-3-tc1/source:/opt/rustwide/workdir:ro,Z" "-v" "/var/lib/crater-agent-workspace/cargo-home:/opt/rustwide/cargo-home:ro,Z" "-v" "/var/lib/crater-agent-workspace/rustup-home:/opt/rustwide/rustup-home:ro,Z" "-e" "SOURCE_DIR=/opt/rustwide/workdir" "-e" "CARGO_TARGET_DIR=/opt/rustwide/target" "-e" "CARGO_INCREMENTAL=0" "-e" "RUST_BACKTRACE=full" "-e" "RUSTFLAGS=--cap-lints=warn" "-e" "RUSTDOCFLAGS=--cap-lints=warn" "-e" "CARGO_HOME=/opt/rustwide/cargo-home" "-e" "RUSTUP_HOME=/opt/rustwide/rustup-home" "-w" "/opt/rustwide/workdir" "-m" "1610612736" "--user" "0:0" "--network" "none" "ghcr.io/rust-lang/crates-build-env/linux@sha256:97d61d7686bf65f8ecb15491ab51835e82dc9176a96a831f143a431b191fc501" "/opt/rustwide/cargo-home/bin/cargo" "+1.69.0" "build" "--frozen" "--message-format=json", kill_on_drop: false }`
[INFO] [stdout] 8bdacd70b4fb2368705cd0d3fd3c4ee61273c35ee4552545345f73863d742308
[INFO] running `Command { std: "docker" "start" "-a" "8bdacd70b4fb2368705cd0d3fd3c4ee61273c35ee4552545345f73863d742308", kill_on_drop: false }`
[INFO] [stderr]    Compiling proc-macro2 v1.0.28
[INFO] [stderr]    Compiling unicode-xid v0.2.2
[INFO] [stderr]    Compiling syn v1.0.74
[INFO] [stderr]    Compiling serde_derive v1.0.127
[INFO] [stderr]    Compiling serde v1.0.127
[INFO] [stderr]    Compiling version_check v0.9.3
[INFO] [stderr]    Compiling typenum v1.13.0
[INFO] [stderr]    Compiling block-padding v0.2.1
[INFO] [stderr]    Compiling opaque-debug v0.3.0
[INFO] [stderr]    Compiling libc v0.2.98
[INFO] [stderr]    Compiling cpufeatures v0.1.5
[INFO] [stderr]    Compiling bs58 v0.3.1
[INFO] [stderr]    Compiling subtle v2.4.1
[INFO] [stderr]    Compiling ryu v1.0.5
[INFO] [stderr]    Compiling serde_json v1.0.66
[INFO] [stderr]    Compiling semver-parser v0.7.0
[INFO] [stderr]    Compiling anyhow v1.0.42
[INFO] [stderr]    Compiling itoa v0.4.7
[INFO] [stderr]    Compiling unicode-segmentation v1.8.0
[INFO] [stderr]    Compiling yansi v0.5.0
[INFO] [stderr]    Compiling memchr v2.4.0
[INFO] [stderr]    Compiling semver v0.9.0
[INFO] [stderr]    Compiling crunchy v0.2.2
[INFO] [stderr]    Compiling getrandom v0.1.16
[INFO] [stderr]    Compiling generic-array v0.14.4
[INFO] [stderr]    Compiling proc-macro2-diagnostics v0.9.1
[INFO] [stderr]    Compiling log v0.4.14
[INFO] [stderr]    Compiling regex-syntax v0.6.25
[INFO] [stderr]    Compiling feature-probe v0.1.1
[INFO] [stderr]    Compiling termcolor v1.1.2
[INFO] [stderr]    Compiling rustc_version v0.2.3
[INFO] [stderr]    Compiling heck v0.3.3
[INFO] [stderr]    Compiling bv v0.11.1
[INFO] [stderr]    Compiling rustversion v1.0.5
[INFO] [stderr]    Compiling cc v1.0.69
[INFO] [stderr]    Compiling humantime v2.1.0
[INFO] [stderr]    Compiling num-traits v0.2.14
[INFO] [stderr]    Compiling ahash v0.4.7
[INFO] [stderr]    Compiling arrayref v0.3.6
[INFO] [stderr]    Compiling solana-frozen-abi-macro v1.7.8
[INFO] [stderr]    Compiling quote v1.0.9
[INFO] [stderr]    Compiling solana-frozen-abi v1.7.8
[INFO] [stderr]    Compiling lazy_static v1.4.0
[INFO] [stderr]    Compiling hashbrown v0.9.1
[INFO] [stderr]    Compiling solana-program v1.7.8
[INFO] [stderr]    Compiling zeroize v1.3.0
[INFO] [stderr]    Compiling either v1.6.1
[INFO] [stderr]    Compiling atty v0.2.14
[INFO] [stderr]    Compiling aho-corasick v0.7.18
[INFO] [stderr]    Compiling memmap2 v0.1.0
[INFO] [stderr]    Compiling cfg-if v0.1.10
[INFO] [stderr]    Compiling rand_core v0.5.1
[INFO] [stderr]    Compiling base64 v0.12.3
[INFO] [stderr]    Compiling byteorder v1.4.3
[INFO] [stderr]    Compiling arrayvec v0.5.2
[INFO] [stderr]    Compiling keccak v0.1.0
[INFO] [stderr]    Compiling constant_time_eq v0.1.5
[INFO] [stderr]    Compiling rand_chacha v0.2.2
[INFO] [stderr]    Compiling generic-array v0.12.4
[INFO] [stderr]    Compiling itertools v0.9.0
[INFO] [stderr]    Compiling hex v0.4.3
[INFO] [stderr]    Compiling base64 v0.13.0
[INFO] [stderr]    Compiling bytemuck v1.7.2
[INFO] [stderr]    Compiling rand v0.7.3
[INFO] [stderr]    Compiling blake3 v0.3.8
[INFO] [stderr]    Compiling digest v0.8.1
[INFO] [stderr]    Compiling curve25519-dalek v2.1.3
[INFO] [stdout] error: linking with `cc` failed: exit status: 1
[INFO] [stdout]   |
[INFO] [stdout]   = note: LC_ALL="C" PATH="/opt/rustwide/rustup-home/toolchains/1.69.0-x86_64-unknown-linux-gnu/lib/rustlib/x86_64-unknown-linux-gnu/bin:/opt/rustwide/cargo-home/bin:/usr/local/sbin:/usr/local/bin:/usr/sbin:/usr/bin:/sbin:/bin" VSLANG="1033" "cc" "-m64" "/tmp/rustcJsVRrR/symbols.o" "/opt/rustwide/target/debug/build/blake3-05c89c127ef22c70/build_script_build-05c89c127ef22c70.build_script_build.a0b25a31-cgu.0.rcgu.o" "/opt/rustwide/target/debug/build/blake3-05c89c127ef22c70/build_script_build-05c89c127ef22c70.build_script_build.a0b25a31-cgu.1.rcgu.o" "/opt/rustwide/target/debug/build/blake3-05c89c127ef22c70/build_script_build-05c89c127ef22c70.build_script_build.a0b25a31-cgu.10.rcgu.o" "/opt/rustwide/target/debug/build/blake3-05c89c127ef22c70/build_script_build-05c89c127ef22c70.build_script_build.a0b25a31-cgu.11.rcgu.o" "/opt/rustwide/target/debug/build/blake3-05c89c127ef22c70/build_script_build-05c89c127ef22c70.build_script_build.a0b25a31-cgu.12.rcgu.o" "/opt/rustwide/target/debug/build/blake3-05c89c127ef22c70/build_script_build-05c89c127ef22c70.build_script_build.a0b25a31-cgu.13.rcgu.o" "/opt/rustwide/target/debug/build/blake3-05c89c127ef22c70/build_script_build-05c89c127ef22c70.build_script_build.a0b25a31-cgu.14.rcgu.o" "/opt/rustwide/target/debug/build/blake3-05c89c127ef22c70/build_script_build-05c89c127ef22c70.build_script_build.a0b25a31-cgu.15.rcgu.o" "/opt/rustwide/target/debug/build/blake3-05c89c127ef22c70/build_script_build-05c89c127ef22c70.build_script_build.a0b25a31-cgu.2.rcgu.o" "/opt/rustwide/target/debug/build/blake3-05c89c127ef22c70/build_script_build-05c89c127ef22c70.build_script_build.a0b25a31-cgu.3.rcgu.o" "/opt/rustwide/target/debug/build/blake3-05c89c127ef22c70/build_script_build-05c89c127ef22c70.build_script_build.a0b25a31-cgu.4.rcgu.o" "/opt/rustwide/target/debug/build/blake3-05c89c127ef22c70/build_script_build-05c89c127ef22c70.build_script_build.a0b25a31-cgu.5.rcgu.o" "/opt/rustwide/target/debug/build/blake3-05c89c127ef22c70/build_script_build-05c89c127ef22c70.build_script_build.a0b25a31-cgu.6.rcgu.o" "/opt/rustwide/target/debug/build/blake3-05c89c127ef22c70/build_script_build-05c89c127ef22c70.build_script_build.a0b25a31-cgu.7.rcgu.o" "/opt/rustwide/target/debug/build/blake3-05c89c127ef22c70/build_script_build-05c89c127ef22c70.build_script_build.a0b25a31-cgu.8.rcgu.o" "/opt/rustwide/target/debug/build/blake3-05c89c127ef22c70/build_script_build-05c89c127ef22c70.build_script_build.a0b25a31-cgu.9.rcgu.o" "/opt/rustwide/target/debug/build/blake3-05c89c127ef22c70/build_script_build-05c89c127ef22c70.o6voclh1ph0dvv3.rcgu.o" "-Wl,--as-needed" "-L" "/opt/rustwide/target/debug/deps" "-L" "/opt/rustwide/rustup-home/toolchains/1.69.0-x86_64-unknown-linux-gnu/lib/rustlib/x86_64-unknown-linux-gnu/lib" "-Wl,-Bstatic" "/opt/rustwide/target/debug/deps/libcc-df7e53e7ff3e681b.rlib" "/opt/rustwide/rustup-home/toolchains/1.69.0-x86_64-unknown-linux-gnu/lib/rustlib/x86_64-unknown-linux-gnu/lib/libstd-89bc084783fdc439.rlib" "/opt/rustwide/rustup-home/toolchains/1.69.0-x86_64-unknown-linux-gnu/lib/rustlib/x86_64-unknown-linux-gnu/lib/libpanic_unwind-8bee4b287d4367c1.rlib" "/opt/rustwide/rustup-home/toolchains/1.69.0-x86_64-unknown-linux-gnu/lib/rustlib/x86_64-unknown-linux-gnu/lib/libobject-d61707aed80694c0.rlib" "/opt/rustwide/rustup-home/toolchains/1.69.0-x86_64-unknown-linux-gnu/lib/rustlib/x86_64-unknown-linux-gnu/lib/libmemchr-d85366256f22345b.rlib" "/opt/rustwide/rustup-home/toolchains/1.69.0-x86_64-unknown-linux-gnu/lib/rustlib/x86_64-unknown-linux-gnu/lib/libaddr2line-96069b86b8a8cae9.rlib" "/opt/rustwide/rustup-home/toolchains/1.69.0-x86_64-unknown-linux-gnu/lib/rustlib/x86_64-unknown-linux-gnu/lib/libgimli-d19d53abf68dfa6c.rlib" "/opt/rustwide/rustup-home/toolchains/1.69.0-x86_64-unknown-linux-gnu/lib/rustlib/x86_64-unknown-linux-gnu/lib/librustc_demangle-787cbccd19d64ac6.rlib" "/opt/rustwide/rustup-home/toolchains/1.69.0-x86_64-unknown-linux-gnu/lib/rustlib/x86_64-unknown-linux-gnu/lib/libstd_detect-b3837a36b830e0d0.rlib" "/opt/rustwide/rustup-home/toolchains/1.69.0-x86_64-unknown-linux-gnu/lib/rustlib/x86_64-unknown-linux-gnu/lib/libhashbrown-e3deb0e7e3f04966.rlib" "/opt/rustwide/rustup-home/toolchains/1.69.0-x86_64-unknown-linux-gnu/lib/rustlib/x86_64-unknown-linux-gnu/lib/libminiz_oxide-dabbb79c9815def4.rlib" "/opt/rustwide/rustup-home/toolchains/1.69.0-x86_64-unknown-linux-gnu/lib/rustlib/x86_64-unknown-linux-gnu/lib/libadler-305b01f34c9409f2.rlib" "/opt/rustwide/rustup-home/toolchains/1.69.0-x86_64-unknown-linux-gnu/lib/rustlib/x86_64-unknown-linux-gnu/lib/librustc_std_workspace_alloc-f833521df6074e73.rlib" "/opt/rustwide/rustup-home/toolchains/1.69.0-x86_64-unknown-linux-gnu/lib/rustlib/x86_64-unknown-linux-gnu/lib/libunwind-9ac333113350d171.rlib" "/opt/rustwide/rustup-home/toolchains/1.69.0-x86_64-unknown-linux-gnu/lib/rustlib/x86_64-unknown-linux-gnu/lib/libcfg_if-1c126114322d0eee.rlib" "/opt/rustwide/rustup-home/toolchains/1.69.0-x86_64-unknown-linux-gnu/lib/rustlib/x86_64-unknown-linux-gnu/lib/liblibc-bad9164fdeeecf92.rlib" "/opt/rustwide/rustup-home/toolchains/1.69.0-x86_64-unknown-linux-gnu/lib/rustlib/x86_64-unknown-linux-gnu/lib/liballoc-f9374b1e480fa681.rlib" "/opt/rustwide/rustup-home/toolchains/1.69.0-x86_64-unknown-linux-gnu/lib/rustlib/x86_64-unknown-linux-gnu/lib/librustc_std_workspace_core-207f06e41d9603af.rlib" "/opt/rustwide/rustup-home/toolchains/1.69.0-x86_64-unknown-linux-gnu/lib/rustlib/x86_64-unknown-linux-gnu/lib/libcore-7e2768e66e984e85.rlib" "/opt/rustwide/rustup-home/toolchains/1.69.0-x86_64-unknown-linux-gnu/lib/rustlib/x86_64-unknown-linux-gnu/lib/libcompiler_builtins-957b4aff41f8cd46.rlib" "-Wl,-Bdynamic" "-lgcc_s" "-lutil" "-lrt" "-lpthread" "-lm" "-ldl" "-lc" "-Wl,--eh-frame-hdr" "-Wl,-z,noexecstack" "-L" "/opt/rustwide/rustup-home/toolchains/1.69.0-x86_64-unknown-linux-gnu/lib/rustlib/x86_64-unknown-linux-gnu/lib" "-o" "/opt/rustwide/target/debug/build/blake3-05c89c127ef22c70/build_script_build-05c89c127ef22c70" "-Wl,--gc-sections" "-pie" "-Wl,-z,relro,-z,now" "-nodefaultlibs"
[INFO] [stdout]   = note: /usr/bin/ld: final link failed: No space left on device
[INFO] [stdout]           collect2: error: ld returned 1 exit status
[INFO] [stdout]           
[INFO] [stdout] 
[INFO] [stdout] 
[INFO] [stdout] error: aborting due to previous error
[INFO] [stdout] 
[INFO] [stdout] 
[INFO] [stderr] error: could not compile `blake3` due to 2 previous errors
[INFO] [stderr] warning: build failed, waiting for other jobs to finish...
[INFO] [stderr] LLVM ERROR: IO failure on output stream: No space left on device
[INFO] [stderr] error: could not compile `aho-corasick`
[INFO] [stderr] LLVM ERROR: IO failure on output stream: No space left on device
[INFO] [stderr] thread 'rustc' panicked at 'assertion failed: pos.get() <= self.position()', compiler/rustc_metadata/src/rmeta/encoder.rs:435:9
[INFO] [stderr] thread 'rustc' panicked at 'assertion failed: pos.get() <= self.position()', compiler/rustc_metadata/src/rmeta/encoder.rs:435:9
[INFO] [stderr] error: could not compile `num-traits`
[INFO] [stderr] error: could not compile `itertools`
[INFO] [stderr] error: could not compile `regex-syntax`
[INFO] [stderr] LLVM ERROR: IO failure on output stream: No space left on device
[INFO] [stderr] LLVM ERROR: IO failure on output stream: No space left on device
[INFO] [stderr] error: could not compile `curve25519-dalek`
[INFO] [stderr] error: could not compile `rand`
[INFO] [stderr] thread 'rustc' panicked at 'assertion failed: pos.get() <= self.position()', compiler/rustc_metadata/src/rmeta/encoder.rs:435:9
[INFO] [stderr] error: could not compile `syn`
[INFO] running `Command { std: "docker" "inspect" "8bdacd70b4fb2368705cd0d3fd3c4ee61273c35ee4552545345f73863d742308", kill_on_drop: false }`
[INFO] running `Command { std: "docker" "rm" "-f" "8bdacd70b4fb2368705cd0d3fd3c4ee61273c35ee4552545345f73863d742308", kill_on_drop: false }`
[INFO] [stdout] 8bdacd70b4fb2368705cd0d3fd3c4ee61273c35ee4552545345f73863d742308
