[INFO] cloning repository https://github.com/RikusWiehahn/internet-computer-web-2-bridge
[INFO] running `Command { std: "git" "-c" "credential.helper=" "-c" "credential.helper=/workspace/cargo-home/bin/git-credential-null" "clone" "--bare" "https://github.com/RikusWiehahn/internet-computer-web-2-bridge" "/workspace/cache/git-repos/https%3A%2F%2Fgithub.com%2FRikusWiehahn%2Finternet-computer-web-2-bridge", kill_on_drop: false }`
[INFO] [stderr] Cloning into bare repository '/workspace/cache/git-repos/https%3A%2F%2Fgithub.com%2FRikusWiehahn%2Finternet-computer-web-2-bridge'...
[INFO] running `Command { std: "git" "rev-parse" "HEAD", kill_on_drop: false }`
[INFO] [stdout] 49c40253af66ab729bb08d0dce85f5441e45b9ae
[INFO] testing RikusWiehahn/internet-computer-web-2-bridge against beta-2023-04-20 for beta-1.70-1
[INFO] running `Command { std: "git" "clone" "/workspace/cache/git-repos/https%3A%2F%2Fgithub.com%2FRikusWiehahn%2Finternet-computer-web-2-bridge" "/workspace/builds/worker-3-tc2/source", kill_on_drop: false }`
[INFO] [stderr] Cloning into '/workspace/builds/worker-3-tc2/source'...
[INFO] [stderr] done.
[INFO] validating manifest of git repo https://github.com/RikusWiehahn/internet-computer-web-2-bridge on toolchain beta-2023-04-20
[INFO] running `Command { std: CARGO_HOME="/workspace/cargo-home" RUSTUP_HOME="/workspace/rustup-home" "/workspace/cargo-home/bin/cargo" "+beta-2023-04-20" "metadata" "--manifest-path" "Cargo.toml" "--no-deps", kill_on_drop: false }`
[INFO] started tweaking git repo https://github.com/RikusWiehahn/internet-computer-web-2-bridge
[INFO] finished tweaking git repo https://github.com/RikusWiehahn/internet-computer-web-2-bridge
[INFO] tweaked toml for git repo https://github.com/RikusWiehahn/internet-computer-web-2-bridge written to /workspace/builds/worker-3-tc2/source/Cargo.toml
[INFO] crate git repo https://github.com/RikusWiehahn/internet-computer-web-2-bridge already has a lockfile, it will not be regenerated
[INFO] running `Command { std: CARGO_HOME="/workspace/cargo-home" RUSTUP_HOME="/workspace/rustup-home" "/workspace/cargo-home/bin/cargo" "+beta-2023-04-20" "fetch" "--manifest-path" "Cargo.toml", kill_on_drop: false }`
[INFO] [stderr]     Updating crates.io index
[INFO] [stderr]     Blocking waiting for file lock on package cache
[INFO] [stderr]  Downloading crates ...
[INFO] [stderr]   Downloaded serde_tokenstream v0.1.3
[INFO] [stderr]   Downloaded lalrpop-util v0.19.7
[INFO] [stderr]   Downloaded ic-types v0.3.0
[INFO] [stderr]   Downloaded candid_derive v0.4.5
[INFO] [stderr]   Downloaded binread v2.2.0
[INFO] [stderr]   Downloaded binread_derive v2.1.0
[INFO] [stderr]   Downloaded ic-cdk v0.3.3
[INFO] [stderr]   Downloaded ic-cdk-macros v0.3.3
[INFO] [stderr]   Downloaded lalrpop v0.19.7
[INFO] [stderr]   Downloaded candid v0.7.10
[INFO] running `Command { std: "docker" "create" "-v" "/var/lib/crater-agent-workspace/builds/worker-3-tc2/target:/opt/rustwide/target:rw,Z" "-v" "/var/lib/crater-agent-workspace/builds/worker-3-tc2/source:/opt/rustwide/workdir:ro,Z" "-v" "/var/lib/crater-agent-workspace/cargo-home:/opt/rustwide/cargo-home:ro,Z" "-v" "/var/lib/crater-agent-workspace/rustup-home:/opt/rustwide/rustup-home:ro,Z" "-e" "SOURCE_DIR=/opt/rustwide/workdir" "-e" "CARGO_TARGET_DIR=/opt/rustwide/target" "-e" "CARGO_HOME=/opt/rustwide/cargo-home" "-e" "RUSTUP_HOME=/opt/rustwide/rustup-home" "-w" "/opt/rustwide/workdir" "-m" "1610612736" "--user" "0:0" "--network" "none" "ghcr.io/rust-lang/crates-build-env/linux@sha256:5ff2268d62e97bff2cde7d5815dd6ed5b47097566f13b8d0ca110b04b60e07ed" "/opt/rustwide/cargo-home/bin/cargo" "+beta-2023-04-20" "metadata" "--no-deps" "--format-version=1", kill_on_drop: false }`
[INFO] [stdout] 1be37c4f038aab5e8504d00a0ee11f055d5226b1c48b20dd1e87a430b84b94fe
[INFO] running `Command { std: "docker" "start" "-a" "1be37c4f038aab5e8504d00a0ee11f055d5226b1c48b20dd1e87a430b84b94fe", kill_on_drop: false }`
[INFO] running `Command { std: "docker" "inspect" "1be37c4f038aab5e8504d00a0ee11f055d5226b1c48b20dd1e87a430b84b94fe", kill_on_drop: false }`
[INFO] running `Command { std: "docker" "rm" "-f" "1be37c4f038aab5e8504d00a0ee11f055d5226b1c48b20dd1e87a430b84b94fe", kill_on_drop: false }`
[INFO] [stdout] 1be37c4f038aab5e8504d00a0ee11f055d5226b1c48b20dd1e87a430b84b94fe
[INFO] running `Command { std: "docker" "create" "-v" "/var/lib/crater-agent-workspace/builds/worker-3-tc2/target:/opt/rustwide/target:rw,Z" "-v" "/var/lib/crater-agent-workspace/builds/worker-3-tc2/source:/opt/rustwide/workdir:ro,Z" "-v" "/var/lib/crater-agent-workspace/cargo-home:/opt/rustwide/cargo-home:ro,Z" "-v" "/var/lib/crater-agent-workspace/rustup-home:/opt/rustwide/rustup-home:ro,Z" "-e" "SOURCE_DIR=/opt/rustwide/workdir" "-e" "CARGO_TARGET_DIR=/opt/rustwide/target" "-e" "CARGO_INCREMENTAL=0" "-e" "RUST_BACKTRACE=full" "-e" "RUSTFLAGS=--cap-lints=warn" "-e" "RUSTDOCFLAGS=--cap-lints=warn" "-e" "CARGO_HOME=/opt/rustwide/cargo-home" "-e" "RUSTUP_HOME=/opt/rustwide/rustup-home" "-w" "/opt/rustwide/workdir" "-m" "1610612736" "--user" "0:0" "--network" "none" "ghcr.io/rust-lang/crates-build-env/linux@sha256:5ff2268d62e97bff2cde7d5815dd6ed5b47097566f13b8d0ca110b04b60e07ed" "/opt/rustwide/cargo-home/bin/cargo" "+beta-2023-04-20" "build" "--frozen" "--message-format=json", kill_on_drop: false }`
[INFO] [stdout] e8c7a9ad52ec2740d278a2ace3442482b92d23bb120afed836ad483dada3a1e8
[INFO] running `Command { std: "docker" "start" "-a" "e8c7a9ad52ec2740d278a2ace3442482b92d23bb120afed836ad483dada3a1e8", kill_on_drop: false }`
[INFO] [stderr]    Compiling syn v1.0.86
[INFO] [stderr]    Compiling libc v0.2.117
[INFO] [stderr]    Compiling regex-syntax v0.6.25
[INFO] [stderr]    Compiling typenum v1.15.0
[INFO] [stderr]    Compiling version_check v0.9.4
[INFO] [stderr]    Compiling parking_lot_core v0.8.5
[INFO] [stderr]    Compiling crunchy v0.2.2
[INFO] [stderr]    Compiling smallvec v1.8.0
[INFO] [stderr]    Compiling log v0.4.14
[INFO] [stderr]    Compiling indexmap v1.8.0
[INFO] [stderr]    Compiling instant v0.1.12
[INFO] [stderr]    Compiling either v1.6.1
[INFO] [stderr]    Compiling scopeguard v1.1.0
[INFO] [stderr]    Compiling tiny-keccak v2.0.2
[INFO] [stderr]    Compiling quote v1.0.15
[INFO] [stderr]    Compiling aho-corasick v0.7.18
[INFO] [stderr]    Compiling lock_api v0.4.6
[INFO] [stderr]    Compiling siphasher v0.3.9
[INFO] [stderr]    Compiling hashbrown v0.11.2
[INFO] [stderr]    Compiling num-traits v0.2.14
[INFO] [stderr]    Compiling fixedbitset v0.2.0
[INFO] [stderr]    Compiling phf_shared v0.10.0
[INFO] [stderr]    Compiling new_debug_unreachable v1.0.4
[INFO] [stderr]    Compiling bit-vec v0.6.3
[INFO] [stderr]    Compiling precomputed-hash v0.1.1
[INFO] [stderr]    Compiling generic-array v0.14.5
[INFO] [stderr]    Compiling itertools v0.10.3
[INFO] [stderr]    Compiling num-integer v0.1.44
[INFO] [stderr]    Compiling ena v0.14.0
[INFO] [stderr]    Compiling pico-args v0.4.2
[INFO] [stderr]    Compiling bit-set v0.5.2
[INFO] [stderr]    Compiling diff v0.1.12
[INFO] [stderr]    Compiling crc32fast v1.3.2
[INFO] [stderr]    Compiling rustversion v1.0.6
[INFO] [stderr]    Compiling num-bigint v0.4.3
[INFO] [stderr]    Compiling cpufeatures v0.2.1
[INFO] [stderr]    Compiling anyhow v1.0.53
[INFO] [stderr]    Compiling beef v0.5.1
[INFO] [stderr]    Compiling fnv v1.0.7
[INFO] [stderr]    Compiling utf8-ranges v1.0.4
[INFO] [stderr]    Compiling base32 v0.4.0
[INFO] [stderr]    Compiling unicode-width v0.1.9
[INFO] [stderr]    Compiling dirs-sys-next v0.1.2
[INFO] [stderr]    Compiling atty v0.2.14
[INFO] [stderr]    Compiling petgraph v0.5.1
[INFO] [stderr]    Compiling dirs-next v2.0.0
[INFO] [stderr]    Compiling typed-arena v2.0.1
[INFO] [stderr]    Compiling hex v0.4.3
[INFO] [stderr]    Compiling term v0.7.0
[INFO] [stderr]    Compiling parking_lot v0.11.2
[INFO] [stderr]    Compiling arrayvec v0.5.2
[INFO] [stderr]    Compiling codespan-reporting v0.11.1
[INFO] [stderr]    Compiling leb128 v0.2.5
[INFO] [stderr]    Compiling serde_json v1.0.78
[INFO] [stderr]    Compiling string_cache v0.8.3
[INFO] [stderr]    Compiling pretty v0.10.0
[INFO] [stderr]    Compiling getrandom v0.2.4
[INFO] [stderr]    Compiling digest v0.9.0
[INFO] [stderr]    Compiling ascii-canvas v3.0.0
[INFO] [stderr]    Compiling block-buffer v0.9.0
[INFO] [stderr]    Compiling sha2 v0.9.9
[INFO] [stderr]    Compiling regex v1.5.4
[INFO] [stderr]    Compiling lalrpop-util v0.19.7
[INFO] [stderr]    Compiling lalrpop v0.19.7
[INFO] [stderr]    Compiling serde_derive v1.0.136
[INFO] [stderr]    Compiling thiserror-impl v1.0.30
[INFO] [stderr]    Compiling logos-derive v0.12.0
[INFO] [stderr]    Compiling binread_derive v2.1.0
[INFO] [stderr]    Compiling candid_derive v0.4.5
[INFO] [stderr]    Compiling thiserror v1.0.30
[INFO] [stderr]    Compiling binread v2.2.0
[INFO] [stderr]    Compiling logos v0.12.0
[INFO] [stderr]    Compiling serde v1.0.136
[INFO] [stderr]    Compiling toml v0.5.8
[INFO] [stderr]    Compiling serde_bytes v0.11.5
[INFO] [stderr]    Compiling serde_tokenstream v0.1.3
[INFO] [stderr]    Compiling uuid v0.8.2
[INFO] [stderr]    Compiling ic-types v0.3.0
[INFO] [stderr]    Compiling candid v0.7.10
[INFO] [stderr]    Compiling proc-macro-crate v1.1.0
[INFO] [stderr]    Compiling num_enum_derive v0.5.6
[INFO] [stderr]    Compiling num_enum v0.5.6
[INFO] [stderr]    Compiling ic-cdk v0.3.3
[INFO] [stderr]    Compiling ic-cdk-macros v0.3.3
[INFO] [stderr]    Compiling bridge v0.1.0 (/opt/rustwide/workdir/src/bridge)
[INFO] [stderr]    Compiling demo v0.1.0 (/opt/rustwide/workdir/src/demo)
[INFO] [stdout] error[E0583]: file not found for module `keys`
[INFO] [stdout]  --> src/demo/lib.rs:4:1
[INFO] [stdout]   |
[INFO] [stdout] 4 | mod keys;
[INFO] [stdout]   | ^^^^^^^^^
[INFO] [stdout]   |
[INFO] [stdout]   = help: to create the module `keys`, create file "src/demo/keys.rs" or "src/demo/keys/mod.rs"
[INFO] [stdout] 
[INFO] [stdout] 
[INFO] [stdout] error[E0583]: file not found for module `keys`
[INFO] [stdout]  --> src/bridge/lib.rs:7:1
[INFO] [stdout]   |
[INFO] [stdout] 7 | mod keys;
[INFO] [stdout]   | ^^^^^^^^^
[INFO] [stdout]   |
[INFO] [stdout]   = help: to create the module `keys`, create file "src/bridge/keys.rs" or "src/bridge/keys/mod.rs"
[INFO] [stdout] 
[INFO] [stdout] 
[INFO] [stdout] error[E0425]: cannot find value `DEV_DEMO_CANISTER_ID` in this scope
[INFO] [stdout]   --> src/demo/main.rs:10:28
[INFO] [stdout]    |
[INFO] [stdout] 10 |     if id().to_string() == DEV_DEMO_CANISTER_ID {
[INFO] [stdout]    |                            ^^^^^^^^^^^^^^^^^^^^ not found in this scope
[INFO] [stdout] 
[INFO] [stdout] 
[INFO] [stdout] error[E0425]: cannot find value `DEV_BRIDGE_CANISTER_ID` in this scope
[INFO] [stdout]   --> src/demo/main.rs:11:9
[INFO] [stdout]    |
[INFO] [stdout] 11 |         DEV_BRIDGE_CANISTER_ID.to_string()
[INFO] [stdout]    |         ^^^^^^^^^^^^^^^^^^^^^^ not found in this scope
[INFO] [stdout] 
[INFO] [stdout] 
[INFO] [stdout] error[E0425]: cannot find value `PROD_DEMO_CANISTER_ID` in this scope
[INFO] [stdout]   --> src/demo/main.rs:12:35
[INFO] [stdout]    |
[INFO] [stdout] 12 |     } else if id().to_string() == PROD_DEMO_CANISTER_ID {
[INFO] [stdout]    |                                   ^^^^^^^^^^^^^^^^^^^^^ not found in this scope
[INFO] [stdout] 
[INFO] [stdout] 
[INFO] [stdout] error[E0425]: cannot find value `PROD_BRIDGE_CANISTER_ID` in this scope
[INFO] [stdout]   --> src/demo/main.rs:13:9
[INFO] [stdout]    |
[INFO] [stdout] 13 |         PROD_BRIDGE_CANISTER_ID.to_string()
[INFO] [stdout]    |         ^^^^^^^^^^^^^^^^^^^^^^^ not found in this scope
[INFO] [stdout] 
[INFO] [stdout] 
[INFO] [stdout] error[E0425]: cannot find value `BRIDGE_ACCESS_CODE` in this scope
[INFO] [stdout]   --> src/demo/main.rs:52:52
[INFO] [stdout]    |
[INFO] [stdout] 52 |         call::call(principal, "push_web_request", (BRIDGE_ACCESS_CODE, req)).await;
[INFO] [stdout]    |                                                    ^^^^^^^^^^^^^^^^^^ not found in this scope
[INFO] [stdout] 
[INFO] [stdout] 
[INFO] [stdout] error[E0425]: cannot find value `BRIDGE_ACCESS_CODE` in this scope
[INFO] [stdout]   --> src/demo/main.rs:78:18
[INFO] [stdout]    |
[INFO] [stdout] 78 |                 (BRIDGE_ACCESS_CODE, req_id.clone()),
[INFO] [stdout]    |                  ^^^^^^^^^^^^^^^^^^ not found in this scope
[INFO] [stdout] 
[INFO] [stdout] 
[INFO] [stdout] warning: found module declaration for main.rs
[INFO] [stdout]  --> src/demo/lib.rs:1:1
[INFO] [stdout]   |
[INFO] [stdout] 1 | mod main;
[INFO] [stdout]   | ^^^^^^^^^
[INFO] [stdout]   |
[INFO] [stdout]   = note: a binary crate cannot be used as library
[INFO] [stdout]   = note: `#[warn(special_module_name)]` on by default
[INFO] [stdout] 
[INFO] [stdout] 
[INFO] [stdout] warning: unused import: `crate::keys::*`
[INFO] [stdout]  --> src/demo/main.rs:1:5
[INFO] [stdout]   |
[INFO] [stdout] 1 | use crate::keys::*;
[INFO] [stdout]   |     ^^^^^^^^^^^^^^
[INFO] [stdout]   |
[INFO] [stdout]   = note: `#[warn(unused_imports)]` on by default
[INFO] [stdout] 
[INFO] [stdout] 
[INFO] [stdout] error[E0432]: unresolved import `crate::keys::BRIDGE_ACCESS_CODE`
[INFO] [stdout]  --> src/bridge/utils.rs:4:5
[INFO] [stdout]   |
[INFO] [stdout] 4 | use crate::keys::BRIDGE_ACCESS_CODE;
[INFO] [stdout]   |     ^^^^^^^^^^^^^^^^^^^^^^^^^^^^^^^ no `BRIDGE_ACCESS_CODE` in `keys`
[INFO] [stdout] 
[INFO] [stdout] 
[INFO] [stdout] warning: found module declaration for main.rs
[INFO] [stdout]  --> src/bridge/lib.rs:1:1
[INFO] [stdout]   |
[INFO] [stdout] 1 | mod main;
[INFO] [stdout]   | ^^^^^^^^^
[INFO] [stdout]   |
[INFO] [stdout]   = note: a binary crate cannot be used as library
[INFO] [stdout]   = note: `#[warn(special_module_name)]` on by default
[INFO] [stdout] 
[INFO] [stdout] 
[INFO] [stdout] error: aborting due to 7 previous errors; 2 warnings emitted
[INFO] [stdout] 
[INFO] [stdout] 
[INFO] [stdout] Some errors have detailed explanations: E0425, E0583.
[INFO] [stdout] 
[INFO] [stdout] For more information about an error, try `rustc --explain E0425`.
[INFO] [stdout] 
[INFO] [stderr] error: could not compile `demo` (lib) due to 8 previous errors; 2 warnings emitted
[INFO] [stderr] warning: build failed, waiting for other jobs to finish...
[INFO] [stdout] error: aborting due to 2 previous errors; 1 warning emitted
[INFO] [stdout] 
[INFO] [stdout] 
[INFO] [stdout] Some errors have detailed explanations: E0432, E0583.
[INFO] [stdout] 
[INFO] [stdout] For more information about an error, try `rustc --explain E0432`.
[INFO] [stdout] 
[INFO] [stderr] error: could not compile `bridge` (lib) due to 3 previous errors; 1 warning emitted
[INFO] running `Command { std: "docker" "inspect" "e8c7a9ad52ec2740d278a2ace3442482b92d23bb120afed836ad483dada3a1e8", kill_on_drop: false }`
[INFO] running `Command { std: "docker" "rm" "-f" "e8c7a9ad52ec2740d278a2ace3442482b92d23bb120afed836ad483dada3a1e8", kill_on_drop: false }`
[INFO] [stdout] e8c7a9ad52ec2740d278a2ace3442482b92d23bb120afed836ad483dada3a1e8
